200141127218.user.veloxzone.com.br - - [26/May/2004:00:29:20 +0800] "GET /~sunyuan/images/nemo.gif HTTP/1.1" 200 98407 "http://www.cinemaemcena.com.br/cinemacena/forum/forum_posts.asp?TID=3835&PN=1" "Mozilla/4.0 (compatible; MSIE 6.0; Windows NT 5.1)" -
c41861b.dro.bostream.se - - [26/May/2004:00:29:21 +0800] "GET /~ngchinho/1.10Maphack/ HTTP/1.1" 200 2801 "http://www.google.se/search?q=maphack&hl=sv&lr=&ie=UTF-8&start=10&sa=N" "Mozilla/4.0 (compatible; MSIE 6.0; Windows NT 5.1; .NET CLR 1.1.4322)" -
194.236.217.111 - - [26/May/2004:00:29:22 +0800] "GET /icons/blank.gif HTTP/1.1" 200 148 "http://www.comp.nus.edu.sg/~ngchinho/1.10Maphack/" "Mozilla/4.0 (compatible; MSIE 6.0; Windows NT 5.1; .NET CLR 1.1.4322)" -
c41861b.dro.bostream.se - - [26/May/2004:00:29:22 +0800] "GET /icons/back.gif HTTP/1.1" 200 216 "http://www.comp.nus.edu.sg/~ngchinho/1.10Maphack/" "Mozilla/4.0 (compatible; MSIE 6.0; Windows NT 5.1; .NET CLR 1.1.4322)" -
194.236.217.111 - - [26/May/2004:00:29:22 +0800] "GET /icons/image2.gif HTTP/1.1" 200 309 "http://www.comp.nus.edu.sg/~ngchinho/1.10Maphack/" "Mozilla/4.0 (compatible; MSIE 6.0; Windows NT 5.1; .NET CLR 1.1.4322)" -
c41861b.dro.bostream.se - - [26/May/2004:00:29:22 +0800] "GET /icons/unknown.gif HTTP/1.1" 200 245 "http://www.comp.nus.edu.sg/~ngchinho/1.10Maphack/" "Mozilla/4.0 (compatible; MSIE 6.0; Windows NT 5.1; .NET CLR 1.1.4322)" -
user-1052.l2.c1.dsl.pol.co.uk - - [26/May/2004:00:29:22 +0800] "GET /~wongwf/ring3.html HTTP/1.1" 200 196 "http://www.comp.nus.edu.sg/~wongwf/ring2.html" "Mozilla/4.0 (compatible; MSIE 6.0; Windows NT 5.1; FunWebProducts; .NET CLR 1.1.4322)" -
194.236.217.111 - - [26/May/2004:00:29:23 +0800] "GET /icons/binary.gif HTTP/1.1" 200 246 "http://www.comp.nus.edu.sg/~ngchinho/1.10Maphack/" "Mozilla/4.0 (compatible; MSIE 6.0; Windows NT 5.1; .NET CLR 1.1.4322)" -
h19n1fls23o1064.bredband.comhem.se - - [26/May/2004:00:29:23 +0800] "GET /~ngchinho/1.10Maphack/ HTTP/1.1" 200 2801 "http://www.google.se/search?q=maphack&hl=sv&lr=&ie=UTF-8&start=10&sa=N" "Mozilla/4.0 (compatible; MSIE 6.0; Windows NT 5.1; .NET CLR 1.1.4322)" -
217.211.156.19 - - [26/May/2004:00:29:24 +0800] "GET /icons/blank.gif HTTP/1.1" 304 - "http://www.comp.nus.edu.sg/~ngchinho/1.10Maphack/" "Mozilla/4.0 (compatible; MSIE 6.0; Windows NT 5.1; .NET CLR 1.1.4322)" -
h19n1fls23o1064.bredband.comhem.se - - [26/May/2004:00:29:24 +0800] "GET /icons/back.gif HTTP/1.1" 304 - "http://www.comp.nus.edu.sg/~ngchinho/1.10Maphack/" "Mozilla/4.0 (compatible; MSIE 6.0; Windows NT 5.1; .NET CLR 1.1.4322)" -
217.211.156.19 - - [26/May/2004:00:29:24 +0800] "GET /icons/image2.gif HTTP/1.1" 304 - "http://www.comp.nus.edu.sg/~ngchinho/1.10Maphack/" "Mozilla/4.0 (compatible; MSIE 6.0; Windows NT 5.1; .NET CLR 1.1.4322)" -
h19n1fls23o1064.bredband.comhem.se - - [26/May/2004:00:29:24 +0800] "GET /icons/unknown.gif HTTP/1.1" 304 - "http://www.comp.nus.edu.sg/~ngchinho/1.10Maphack/" "Mozilla/4.0 (compatible; MSIE 6.0; Windows NT 5.1; .NET CLR 1.1.4322)" -
155.136.80.23 - - [26/May/2004:00:29:24 +0800] "GET /~keexuyua/pictures/skillz.gif HTTP/1.0" 304 - "http://www.koptalk.org/forums/showflat.php/Cat/0/Number/274120/page/0/view/collapsed/sb/5/o/all/fpart/1" "Mozilla/4.0 (compatible; MSIE 6.0; Windows NT 4.0; v1.0 C1; v4.0 C3; v2.0 C1; v5 C5)" -
217.211.156.19 - - [26/May/2004:00:29:24 +0800] "GET /icons/binary.gif HTTP/1.1" 304 - "http://www.comp.nus.edu.sg/~ngchinho/1.10Maphack/" "Mozilla/4.0 (compatible; MSIE 6.0; Windows NT 5.1; .NET CLR 1.1.4322)" -
ip503de5cf.speed.planet.nl - - [26/May/2004:00:29:24 +0800] "GET /~sunyuan/images/nemo.gif HTTP/1.1" 200 98407 "http://harryweb.proboards21.com/index.cgi?board=harryjudd&num=1085181459&action=display&start=30" "Mozilla/4.0 (compatible; MSIE 6.0; Windows NT 5.1; FunWebProducts; Hotbar 4.4.6.0)" -
24.51.132.200 - - [26/May/2004:00:29:24 +0800] "GET /~sunyuan/ HTTP/1.0" 200 3140 "http://images.google.com/imgres?imgurl=www.comp.nus.edu.sg/~sunyuan/images/nemo.gif&imgrefurl=http://www.comp.nus.edu.sg/~sunyuan/&h=248&w=275&sz=97&tbnid=2kEH2rEHlHsJ:&tbnh=98&tbnw=108&start=8&prev=/images%3Fq%3Dnemo%26hl%3Den%26lr%3D%26ie%3DUTF-8" "Mozilla/4.0 (compatible; MSIE 5.5; Windows 98; FunWebProducts)" 10.60.10.112
user-1052.l2.c1.dsl.pol.co.uk - - [26/May/2004:00:29:24 +0800] "GET /~wongwf/ring3.jpg HTTP/1.1" 200 19371 "http://www.comp.nus.edu.sg/~wongwf/ring3.html" "Mozilla/4.0 (compatible; MSIE 6.0; Windows NT 5.1; FunWebProducts; .NET CLR 1.1.4322)" -
201-14.priv.nus.edu.sg - - [26/May/2004:00:29:25 +0800] "GET /~phanthan HTTP/1.1" 301 329 "-" "Mozilla/4.0 (compatible; MSIE 6.0; Windows NT 5.1; (R1 1.3))" -
62.68.228.155 - - [26/May/2004:00:29:25 +0800] "GET /~cs2102/slides/calculus.pdf HTTP/1.1" 206 130355 "-" "Mozilla/4.0 (compatible; MSIE 5.5; Windows 98; Win 9x 4.90)" -
201-14.priv.nus.edu.sg - - [26/May/2004:00:29:25 +0800] "GET /~phanthan/ HTTP/1.1" 200 1380 "-" "Mozilla/4.0 (compatible; MSIE 6.0; Windows NT 5.1; (R1 1.3))" -
24.51.132.200 - - [26/May/2004:00:29:25 +0800] "GET /~sunyuan/images/index_r1_c1.gif HTTP/1.0" 200 1887 "http://www.comp.nus.edu.sg/~sunyuan/" "Mozilla/4.0 (compatible; MSIE 5.5; Windows 98; FunWebProducts)" 10.60.10.112
24.51.132.200 - - [26/May/2004:00:29:25 +0800] "GET /~sunyuan/images/index_r3_c2.gif HTTP/1.0" 200 8177 "http://www.comp.nus.edu.sg/~sunyuan/" "Mozilla/4.0 (compatible; MSIE 5.5; Windows 98; FunWebProducts)" 10.60.10.112
202.156.2.8 - - [26/May/2004:00:29:25 +0800] "GET /~xiaoyao/pictures/angel.gif HTTP/1.1" 404 309 "-" "Mozilla/4.0 (compatible; MSIE 6.0; Windows NT 5.0)" 218.186.182.117
202.156.2.8 - - [26/May/2004:00:29:25 +0800] "GET /~xiaoyao/pictures/angel-back.gif HTTP/1.1" 404 314 "-" "Mozilla/4.0 (compatible; MSIE 6.0; Windows NT 5.0)" 218.186.182.117
201-14.priv.nus.edu.sg - - [26/May/2004:00:29:25 +0800] "GET /icons/blank.gif HTTP/1.1" 304 - "http://www.comp.nus.edu.sg/~phanthan/" "Mozilla/4.0 (compatible; MSIE 6.0; Windows NT 5.1; (R1 1.3))" -
201-14.priv.nus.edu.sg - - [26/May/2004:00:29:25 +0800] "GET /icons/back.gif HTTP/1.1" 304 - "http://www.comp.nus.edu.sg/~phanthan/" "Mozilla/4.0 (compatible; MSIE 6.0; Windows NT 5.1; (R1 1.3))" -
201-14.priv.nus.edu.sg - - [26/May/2004:00:29:26 +0800] "GET /icons/folder.gif HTTP/1.1" 304 - "http://www.comp.nus.edu.sg/~phanthan/" "Mozilla/4.0 (compatible; MSIE 6.0; Windows NT 5.1; (R1 1.3))" -
202.156.2.8 - - [26/May/2004:00:29:26 +0800] "GET /~xiaoyao/pictures/xlover.jpg HTTP/1.1" 404 310 "-" "Mozilla/4.0 (compatible; MSIE 6.0; Windows NT 5.0)" 218.186.182.117
202.156.2.8 - - [26/May/2004:00:29:26 +0800] "GET /~xiaoyao/music/Angel.mp3 HTTP/1.1" 404 306 "-" "Mozilla/4.0 (compatible; MSIE 6.0; Windows NT 5.0)" 218.186.182.117
nsw-dial-006-053.dialup.nsw.csiro.au - - [26/May/2004:00:29:26 +0800] "GET /~mmm/index_files/image002.gif HTTP/1.1" 200 145 "http://www.comp.nus.edu.sg/~mmm/" "Mozilla/4.0 (compatible; MSIE 5.23; Mac_PowerPC)" -
24.51.132.200 - - [26/May/2004:00:29:26 +0800] "GET /~sunyuan/images/index_r2_c3.gif HTTP/1.0" 200 11308 "http://www.comp.nus.edu.sg/~sunyuan/" "Mozilla/4.0 (compatible; MSIE 5.5; Windows 98; FunWebProducts)" 10.60.10.112
nsw-dial-006-053.dialup.nsw.csiro.au - - [26/May/2004:00:29:27 +0800] "GET /~mmm/index_files/image006.gif HTTP/1.1" 200 74 "http://www.comp.nus.edu.sg/~mmm/" "Mozilla/4.0 (compatible; MSIE 5.23; Mac_PowerPC)" -
221.124.103.50 - - [26/May/2004:00:29:27 +0800] "GET /favicon.ico HTTP/1.1" 404 293 "-" "Mozilla/5.0 (Windows; U; Windows NT 5.0; en-US; rv:1.4) Gecko/20030624 Netscape/7.1 (ax)" -
nsw-dial-006-053.dialup.nsw.csiro.au - - [26/May/2004:00:29:27 +0800] "GET /~mmm/index_files/image004.jpg HTTP/1.1" 200 8091 "http://www.comp.nus.edu.sg/~mmm/" "Mozilla/4.0 (compatible; MSIE 5.23; Mac_PowerPC)" -
nsw-dial-006-053.dialup.nsw.csiro.au - - [26/May/2004:00:29:27 +0800] "GET /~mmm/index_files/image005.gif HTTP/1.1" 200 326 "http://www.comp.nus.edu.sg/~mmm/" "Mozilla/4.0 (compatible; MSIE 5.23; Mac_PowerPC)" -
221.124.103.50 - - [26/May/2004:00:29:27 +0800] "GET /~nghoongk/lyrics/m.gif HTTP/1.1" 200 872 "http://www.comp.nus.edu.sg/~nghoongk/lyrics/singer260-1.html" "Mozilla/5.0 (Windows; U; Windows NT 5.0; en-US; rv:1.4) Gecko/20030624 Netscape/7.1 (ax)" -
221.124.103.50 - - [26/May/2004:00:29:27 +0800] "GET /~nghoongk/lyrics/singer260-1.html HTTP/1.1" 200 11280 "http://www.google.com.hk/search?hl=zh-TW&ie=UTF-8&q=%E9%99%B3%E6%98%87+and+%E7%B5%A6%E6%88%91&btnG=%E6%90%9C%E5%B0%8B&meta=" "Mozilla/5.0 (Windows; U; Windows NT 5.0; en-US; rv:1.4) Gecko/20030624 Netscape/7.1 (ax)" -
ip51cc7b3a.adsl-surfen.hetnet.nl - - [26/May/2004:00:29:28 +0800] "GET /~sunyuan/ HTTP/1.1" 200 3152 "http://images.google.com/imgres?imgurl=www.comp.nus.edu.sg/~sunyuan/images/nemo.gif&imgrefurl=http://www.comp.nus.edu.sg/~sunyuan/&h=248&w=275&sz=97&tbnid=2kEH2rEHlHsJ:&tbnh=98&tbnw=108&start=8&prev=/images%3Fq%3Dnemo%26hl%3Den%26lr%3D%26ie%3DUTF-8" "Mozilla/4.0 (compatible; MSIE 6.0; Windows 98; FunWebProducts)" -
64.94.14.87 - - [26/May/2004:00:29:29 +0800] "GET /~phanthan HTTP/1.0" 301 317 "-" "Mozilla/4.0 (compatible; MSIE 6.0; Windows NT 5.0)" -
24.51.132.200 - - [26/May/2004:00:29:29 +0800] "GET /~sunyuan/images/nemo.gif HTTP/1.0" 200 0 "http://www.comp.nus.edu.sg/~sunyuan/" "Mozilla/4.0 (compatible; MSIE 5.5; Windows 98; FunWebProducts)" 10.60.10.112
user-1052.l2.c1.dsl.pol.co.uk - - [26/May/2004:00:29:29 +0800] "GET /~wongwf/ring4.html HTTP/1.1" 200 196 "http://www.comp.nus.edu.sg/~wongwf/ring3.html" "Mozilla/4.0 (compatible; MSIE 6.0; Windows NT 5.1; FunWebProducts; .NET CLR 1.1.4322)" -
user-1052.l2.c1.dsl.pol.co.uk - - [26/May/2004:00:29:30 +0800] "GET /~wongwf/ring4.jpg HTTP/1.1" 200 13953 "http://www.comp.nus.edu.sg/~wongwf/ring4.html" "Mozilla/4.0 (compatible; MSIE 6.0; Windows NT 5.1; FunWebProducts; .NET CLR 1.1.4322)" -
64.94.14.87 - - [26/May/2004:00:29:30 +0800] "GET /~phanthan/ HTTP/1.0" 200 1368 "-" "Mozilla/4.0 (compatible; MSIE 6.0; Windows NT 5.0)" -
cache-1.gvsu.edu - - [26/May/2004:00:29:30 +0800] "GET /~ipng/mecon.htm HTTP/1.0" 200 10711 "-" "Mozilla/3.01 (compatible;)" -
yahoobb219035154097.bbtec.net - - [26/May/2004:00:29:31 +0800] "GET /~nghoongk/lyrics/singer540-1.html HTTP/1.1" 200 2950 "http://tw.search.yahoo.com/search/kimo?p=k+one" "Mozilla/4.0 (compatible; MSIE 6.0; Windows NT 5.1)" -
adsl90.dyn207.pacific.net.sg - - [26/May/2004:00:29:31 +0800] "GET /~limsiock/cs3266_limsiock HTTP/1.1" 404 307 "-" "Mozilla/4.0 (compatible; MSIE 6.0; Windows NT 5.1; .NET CLR 1.1.4322)" -
nsw-dial-006-053.dialup.nsw.csiro.au - - [26/May/2004:00:29:31 +0800] "GET /~mmm/ HTTP/1.1" 200 69313 "http://www.google.com.au/search?q=multimedia+modeling+Australia&ie=ISO-8859-1&hl=en&meta=" "Mozilla/4.0 (compatible; MSIE 5.23; Mac_PowerPC)" -
yahoobb219035154097.bbtec.net - - [26/May/2004:00:29:32 +0800] "GET /~nghoongk/lyrics/m.gif HTTP/1.1" 200 872 "http://www.comp.nus.edu.sg/~nghoongk/lyrics/singer540-1.html" "Mozilla/4.0 (compatible; MSIE 6.0; Windows NT 5.1)" -
64.114.134.52 - - [26/May/2004:00:29:33 +0800] "GET /~zhuxingl/angel.mp3 HTTP/1.1" 200 3737665 "http://www.yourblog.org/Blogger/20044/CKXP_10716.html" "Mozilla/4.0 (compatible; MSIE 6.0; Windows NT 5.0; .NET CLR 1.1.4322)" -
66.196.90.58 - - [26/May/2004:00:29:33 +0800] "GET /~alim/teaching/Slide2/tsld011.htm HTTP/1.0" 404 303 "-" "Mozilla/5.0 (compatible; Yahoo! Slurp; http://help.yahoo.com/help/us/ysearch/slurp)" -
adsl-155-179-113.bct.bellsouth.net - - [26/May/2004:00:29:34 +0800] "GET /~cs3103/tutorials HTTP/1.1" 301 337 "-" "Mozilla/4.0 (compatible; MSIE 6.0; Windows NT 5.0; .NET CLR 1.0.3705; .NET CLR 1.1.4322)" -
adsl-155-179-113.bct.bellsouth.net - - [26/May/2004:00:29:34 +0800] "GET /~cs3103/tutorials/ HTTP/1.1" 403 513 "-" "Mozilla/4.0 (compatible; MSIE 6.0; Windows NT 5.0; .NET CLR 1.0.3705; .NET CLR 1.1.4322)" -
adsl90.dyn207.pacific.net.sg - - [26/May/2004:00:29:35 +0800] "GET /~limsiock/ HTTP/1.1" 403 513 "-" "Mozilla/4.0 (compatible; MSIE 6.0; Windows NT 5.1; .NET CLR 1.1.4322)" -
user-1052.l2.c1.dsl.pol.co.uk - - [26/May/2004:00:29:37 +0800] "GET /~wongwf/ring5.html HTTP/1.1" 200 185 "http://www.comp.nus.edu.sg/~wongwf/ring4.html" "Mozilla/4.0 (compatible; MSIE 6.0; Windows NT 5.1; FunWebProducts; .NET CLR 1.1.4322)" -
user-1052.l2.c1.dsl.pol.co.uk - - [26/May/2004:00:29:38 +0800] "GET /~wongwf/ring5.jpg HTTP/1.1" 200 10002 "http://www.comp.nus.edu.sg/~wongwf/ring5.html" "Mozilla/4.0 (compatible; MSIE 6.0; Windows NT 5.1; FunWebProducts; .NET CLR 1.1.4322)" -
218.88.34.55 - - [26/May/2004:00:29:39 +0800] "GET /~liuzhich/text.css HTTP/1.1" 304 - "http://www.comp.nus.edu.sg/~liuzhich/Music/Sarah/voice.html" "Mozilla/4.0 (compatible; MSIE 6.0; Windows 98; Alexa Toolbar)" -
62.41.64.150 - - [26/May/2004:00:29:41 +0800] "GET /~kzhu HTTP/1.1" 301 325 "http://guava.comp.nus.edu.sg/~kzhu/presentation/rvrp.htm" "Mozilla/4.0 (compatible; MSIE 6.0; Windows NT 5.1; .NET CLR 1.1.4322)" -
218.88.34.55 - - [26/May/2004:00:29:44 +0800] "GET /~liuzhich/Music/Sarah/sb7.jpg HTTP/1.1" 304 - "http://www.comp.nus.edu.sg/~liuzhich/Music/Sarah/voice.html" "Mozilla/4.0 (compatible; MSIE 6.0; Windows 98; Alexa Toolbar)" -
205-206.priv20.nus.edu.sg - - [26/May/2004:00:29:44 +0800] "GET /~zhangda/ HTTP/1.1" 200 5012 "-" "Mozilla/4.0 (compatible; MSIE 6.0; Windows NT 5.1; Q312461; .NET CLR 1.1.4322)" -
218.88.34.55 - - [26/May/2004:00:29:44 +0800] "GET /~liuzhich/Music/Sarah/sarahbr.jpg HTTP/1.1" 304 - "http://www.comp.nus.edu.sg/~liuzhich/Music/Sarah/voice.html" "Mozilla/4.0 (compatible; MSIE 6.0; Windows 98; Alexa Toolbar)" -
lj1231.inktomisearch.com - - [26/May/2004:00:29:44 +0800] "GET /~cs2104s/01-02-2/Quiz/quiz03sessions/U008379Y13-14100748-3.html HTTP/1.0" 200 14201 "-" "Mozilla/5.0 (compatible; Yahoo! Slurp; http://help.yahoo.com/help/us/ysearch/slurp)" -
205-206.priv20.nus.edu.sg - - [26/May/2004:00:29:44 +0800] "GET /~zhangda/I.jpg HTTP/1.1" 200 8391 "http://www.comp.nus.edu.sg/~zhangda/" "Mozilla/4.0 (compatible; MSIE 6.0; Windows NT 5.1; Q312461; .NET CLR 1.1.4322)" -
205-206.priv20.nus.edu.sg - - [26/May/2004:00:29:45 +0800] "GET /~zhangda/bg.jpg HTTP/1.1" 200 216299 "http://www.comp.nus.edu.sg/~zhangda/" "Mozilla/4.0 (compatible; MSIE 6.0; Windows NT 5.1; Q312461; .NET CLR 1.1.4322)" -
205-206.priv20.nus.edu.sg - - [26/May/2004:00:29:45 +0800] "GET /~zhangda/msg.gif HTTP/1.1" 200 6155 "http://www.comp.nus.edu.sg/~zhangda/" "Mozilla/4.0 (compatible; MSIE 6.0; Windows NT 5.1; Q312461; .NET CLR 1.1.4322)" -
cache218.156ce.maxonline.com.sg - - [26/May/2004:00:29:45 +0800] "GET /~nghoongk/lyrics/singer49-1.html HTTP/1.1" 200 17665 "http://www.comp.nus.edu.sg/~nghoongk/lyrics/" "Mozilla/4.0 (compatible; MSIE 6.0; Windows NT 5.1)" 218.186.195.52
d5e06d86.kabel.telenet.be - - [26/May/2004:00:29:47 +0800] "GET /~sunyuan/ HTTP/1.1" 200 3152 "http://images.google.be/imgres?imgurl=www.comp.nus.edu.sg/~sunyuan/images/nemo.gif&imgrefurl=http://www.comp.nus.edu.sg/~sunyuan/&h=248&w=275&sz=97&tbnid=2kEH2rEHlHsJ:&tbnh=98&tbnw=108&start=8&prev=/images%3Fq%3Dnemo%26hl%3Dnl%26lr%3D%26ie%3DUTF-8" "Mozilla/4.0 (compatible; MSIE 5.01; Windows 98)" -
yahoobb219035154097.bbtec.net - - [26/May/2004:00:29:47 +0800] "GET /~nghoongk/lyrics/c.gif HTTP/1.1" 200 870 "http://www.comp.nus.edu.sg/~nghoongk/lyrics/index.html" "Mozilla/4.0 (compatible; MSIE 6.0; Windows NT 5.1)" -
yahoobb219035154097.bbtec.net - - [26/May/2004:00:29:47 +0800] "GET /~nghoongk/lyrics/o.gif HTTP/1.1" 200 907 "http://www.comp.nus.edu.sg/~nghoongk/lyrics/index.html" "Mozilla/4.0 (compatible; MSIE 6.0; Windows NT 5.1)" -
adsl90.dyn207.pacific.net.sg - - [26/May/2004:00:29:47 +0800] "GET /~tanxueli HTTP/1.1" 404 291 "-" "Mozilla/4.0 (compatible; MSIE 6.0; Windows NT 5.1; .NET CLR 1.1.4322)" -
yahoobb219035154097.bbtec.net - - [26/May/2004:00:29:48 +0800] "GET /~nghoongk/lyrics/index.html HTTP/1.1" 200 59710 "http://www.comp.nus.edu.sg/~nghoongk/lyrics/singer540-1.html" "Mozilla/4.0 (compatible; MSIE 6.0; Windows NT 5.1)" -
d5e06d86.kabel.telenet.be - - [26/May/2004:00:29:48 +0800] "GET /~sunyuan/images/index_r1_c1.gif HTTP/1.1" 200 1887 "http://www.comp.nus.edu.sg/~sunyuan/" "Mozilla/4.0 (compatible; MSIE 5.01; Windows 98)" -
yahoobb219035154097.bbtec.net - - [26/May/2004:00:29:48 +0800] "GET /~nghoongk/lyrics/million.gif HTTP/1.1" 200 1162 "http://www.comp.nus.edu.sg/~nghoongk/lyrics/index.html" "Mozilla/4.0 (compatible; MSIE 6.0; Windows NT 5.1)" -
218.88.34.55 - - [26/May/2004:00:29:48 +0800] "GET /~liuzhich/Music/Sarah/sb0.jpg HTTP/1.1" 304 - "http://www.comp.nus.edu.sg/~liuzhich/Music/Sarah/voice.html" "Mozilla/4.0 (compatible; MSIE 6.0; Windows 98; Alexa Toolbar)" -
62.41.64.150 - - [26/May/2004:00:29:48 +0800] "GET /~kzhu/ HTTP/1.1" 200 9541 "http://guava.comp.nus.edu.sg/~kzhu/presentation/rvrp.htm" "Mozilla/4.0 (compatible; MSIE 6.0; Windows NT 5.1; .NET CLR 1.1.4322)" -
218.88.34.55 - - [26/May/2004:00:29:49 +0800] "GET /~liuzhich/Music/Sarah/sb3.jpg HTTP/1.1" 304 - "http://www.comp.nus.edu.sg/~liuzhich/Music/Sarah/voice.html" "Mozilla/4.0 (compatible; MSIE 6.0; Windows 98; Alexa Toolbar)" -
d5e06d86.kabel.telenet.be - - [26/May/2004:00:29:49 +0800] "GET /~sunyuan/images/index_r2_c1.gif HTTP/1.1" 200 12459 "http://www.comp.nus.edu.sg/~sunyuan/" "Mozilla/4.0 (compatible; MSIE 5.01; Windows 98)" -
d5e06d86.kabel.telenet.be - - [26/May/2004:00:29:50 +0800] "GET /~sunyuan/images/index_r2_c3.gif HTTP/1.1" 200 11308 "http://www.comp.nus.edu.sg/~sunyuan/" "Mozilla/4.0 (compatible; MSIE 5.01; Windows 98)" -
061093136062.ctinets.com - - [26/May/2004:00:29:50 +0800] "GET /~nghoongk/lyrics/singer103-1.html HTTP/1.1" 200 3543 "http://search.hk.yahoo.com/yc/hk?p=%a8%e2%a8k%a4@%a4k(%baq%b5%fc)&u=B" "Mozilla/4.0 (compatible; MSIE 6.0; Windows NT 5.1)" -
d5e06d86.kabel.telenet.be - - [26/May/2004:00:29:50 +0800] "GET /~sunyuan/images/index_r3_c2.gif HTTP/1.1" 200 8177 "http://www.comp.nus.edu.sg/~sunyuan/" "Mozilla/4.0 (compatible; MSIE 5.01; Windows 98)" -
061093136062.ctinets.com - - [26/May/2004:00:29:51 +0800] "GET /~nghoongk/lyrics/m.gif HTTP/1.1" 200 872 "http://www.comp.nus.edu.sg/~nghoongk/lyrics/singer103-1.html" "Mozilla/4.0 (compatible; MSIE 6.0; Windows NT 5.1)" -
061093136062.ctinets.com - - [26/May/2004:00:29:51 +0800] "GET /~nghoongk/lyrics/c.gif HTTP/1.1" 200 870 "http://www.comp.nus.edu.sg/~nghoongk/lyrics/singer103-1.html" "Mozilla/4.0 (compatible; MSIE 6.0; Windows NT 5.1)" -
d5e06d86.kabel.telenet.be - - [26/May/2004:00:29:52 +0800] "GET /~sunyuan/images/nemo.gif HTTP/1.1" 200 98407 "http://www.comp.nus.edu.sg/~sunyuan/" "Mozilla/4.0 (compatible; MSIE 5.01; Windows 98)" -
203-135.priv20.nus.edu.sg - - [26/May/2004:00:29:52 +0800] "GET /~huynhgia/download/signature.gif HTTP/1.1" 200 68966 "http://forum.vncnus.net/viewtopic.php?t=8081" "Mozilla/4.0 (compatible; MSIE 6.0; Windows NT 5.1; {44E023CA-DCE4-4433-AB54-CE9A74D99313}; .NET CLR 1.1.4322)" -
218.88.34.55 - - [26/May/2004:00:29:53 +0800] "GET /~liuzhich/Music/Sarah/fly_lge.jpg HTTP/1.1" 304 - "http://www.comp.nus.edu.sg/~liuzhich/Music/Sarah/voice.html" "Mozilla/4.0 (compatible; MSIE 6.0; Windows 98; Alexa Toolbar)" -
218.88.34.55 - - [26/May/2004:00:29:53 +0800] "GET /~liuzhich/Music/Sarah/sb4.jpg HTTP/1.1" 304 - "http://www.comp.nus.edu.sg/~liuzhich/Music/Sarah/voice.html" "Mozilla/4.0 (compatible; MSIE 6.0; Windows 98; Alexa Toolbar)" -
218.88.34.55 - - [26/May/2004:00:29:54 +0800] "GET /~liuzhich/Music/Sarah/sb5.jpg HTTP/1.1" 304 - "http://www.comp.nus.edu.sg/~liuzhich/Music/Sarah/voice.html" "Mozilla/4.0 (compatible; MSIE 6.0; Windows 98; Alexa Toolbar)" -
218.88.34.55 - - [26/May/2004:00:29:54 +0800] "GET /~liuzhich/Music/Sarah/voice.html HTTP/1.1" 200 48528 "http://cn.websearch.yahoo.com/search/web_cn?stype=&p=Sarah+Brightman&scch=on" "Mozilla/4.0 (compatible; MSIE 6.0; Windows 98; Alexa Toolbar)" -
218.88.34.55 - - [26/May/2004:00:29:54 +0800] "GET /~liuzhich/Music/Sarah/sb8.jpg HTTP/1.1" 304 - "http://www.comp.nus.edu.sg/~liuzhich/Music/Sarah/voice.html" "Mozilla/4.0 (compatible; MSIE 6.0; Windows 98; Alexa Toolbar)" -
c41861b.dro.bostream.se - - [26/May/2004:00:29:54 +0800] "GET /~ngchinho/1.10Maphack/d2maphack.dll HTTP/1.1" 200 33792 "http://www.comp.nus.edu.sg/~ngchinho/1.10Maphack/" "Mozilla/4.0 (compatible; MSIE 6.0; Windows NT 5.1; .NET CLR 1.1.4322)" -
218.88.34.55 - - [26/May/2004:00:29:55 +0800] "GET /~liuzhich/Music/Sarah/sb9.jpg HTTP/1.1" 304 - "http://www.comp.nus.edu.sg/~liuzhich/Music/Sarah/voice.html" "Mozilla/4.0 (compatible; MSIE 6.0; Windows 98; Alexa Toolbar)" -
62.68.228.155 - - [26/May/2004:00:29:55 +0800] "GET /~cs2102/tutorials/lab1.htm HTTP/1.1" 200 6276 "-" "Mozilla/4.0 (compatible; MSIE 5.5; Windows 98; Win 9x 4.90)" -
d5e06d86.kabel.telenet.be - - [26/May/2004:00:29:56 +0800] "GET /~sunyuan/images/index_r2_c2_f2.gif HTTP/1.1" 200 23678 "http://www.comp.nus.edu.sg/~sunyuan/" "Mozilla/4.0 (compatible; MSIE 5.01; Windows 98)" -
64.94.14.87 - - [26/May/2004:00:29:56 +0800] "GET /~phanthan/project/ HTTP/1.0" 200 1767 "http://www.comp.nus.edu.sg/~phanthan/" "Mozilla/4.0 (compatible; MSIE 6.0; Windows NT 5.0)" -
62.41.64.150 - - [26/May/2004:00:29:57 +0800] "GET /~kzhu/images/ken_walnutcreek.jpg HTTP/1.1" 200 10829 "http://www.comp.nus.edu.sg/~kzhu/" "Mozilla/4.0 (compatible; MSIE 6.0; Windows NT 5.1; .NET CLR 1.1.4322)" -
218.88.34.55 - - [26/May/2004:00:29:57 +0800] "GET /~liuzhich/Music/Sarah/sb10.jpg HTTP/1.1" 304 - "http://www.comp.nus.edu.sg/~liuzhich/Music/Sarah/voice.html" "Mozilla/4.0 (compatible; MSIE 6.0; Windows 98; Alexa Toolbar)" -
218.88.34.55 - - [26/May/2004:00:29:58 +0800] "GET /~liuzhich/Music/Sarah/sb11.jpg HTTP/1.1" 304 - "http://www.comp.nus.edu.sg/~liuzhich/Music/Sarah/voice.html" "Mozilla/4.0 (compatible; MSIE 6.0; Windows 98; Alexa Toolbar)" -
beta.e2020.com - - [26/May/2004:00:29:58 +0800] "GET /~nguyen10/Kangulai-2.swf HTTP/1.0" 200 825885 "http://ttvnol.com/f_96/337273/trang-2.ttvn" "Mozilla/4.0 (compatible; MSIE 6.0; Windows NT 5.1; .NET CLR 1.0.3705)" -
218.88.34.55 - - [26/May/2004:00:29:58 +0800] "GET /~liuzhich/Music/Sarah/sb12.jpg HTTP/1.1" 304 - "http://www.comp.nus.edu.sg/~liuzhich/Music/Sarah/voice.html" "Mozilla/4.0 (compatible; MSIE 6.0; Windows 98; Alexa Toolbar)" -
199.184.247.102 - - [26/May/2004:00:30:00 +0800] "GET /~sunyuan/images/nemo.gif HTTP/1.1" 304 - "-" "Mozilla/4.0 (compatible; MSIE 5.5; Windows 98)" -
199.184.247.102 - - [26/May/2004:00:30:00 +0800] "GET /~sunyuan/images/nemo.gif HTTP/1.1" 304 - "-" "Mozilla/4.0 (compatible; MSIE 5.5; Windows 98)" -
172.20.203.135 - - [26/May/2004:00:30:01 +0800] "GET /~hongocth/double_egle.jpg HTTP/1.1" 304 - "http://forum.vncnus.net/viewtopic.php?t=8078" "Mozilla/4.0 (compatible; MSIE 6.0; Windows NT 5.1; {44E023CA-DCE4-4433-AB54-CE9A74D99313}; .NET CLR 1.1.4322)" -
203-135.priv20.nus.edu.sg - - [26/May/2004:00:30:01 +0800] "GET /~hongocth/avartar.jpg HTTP/1.1" 304 - "http://forum.vncnus.net/viewtopic.php?t=8078" "Mozilla/4.0 (compatible; MSIE 6.0; Windows NT 5.1; {44E023CA-DCE4-4433-AB54-CE9A74D99313}; .NET CLR 1.1.4322)" -
wabod01s03.t-mobile.com - - [26/May/2004:00:30:01 +0800] "GET /~cs3281/2001f/08-Awk/img7.htm HTTP/1.1" 200 124 "http://www.comp.nus.edu.sg/~cs3281/2001f/08-Awk/08-Awk.htm" "Mozilla/4.0 (compatible; MSIE 5.5; Windows NT 5.0)" -
wabod01s03.t-mobile.com - - [26/May/2004:00:30:01 +0800] "GET /~cs3281/2001f/08-Awk/navbar2.htm HTTP/1.1" 200 415 "http://www.comp.nus.edu.sg/~cs3281/2001f/08-Awk/08-Awk.htm" "Mozilla/4.0 (compatible; MSIE 5.5; Windows NT 5.0)" -
wabod01s03.t-mobile.com - - [26/May/2004:00:30:02 +0800] "GET /~cs3281/2001f/08-Awk/last0.gif HTTP/1.1" 200 1233 "http://www.comp.nus.edu.sg/~cs3281/2001f/08-Awk/navbar2.htm" "Mozilla/4.0 (compatible; MSIE 5.5; Windows NT 5.0)" -
wabod01s03.t-mobile.com - - [26/May/2004:00:30:02 +0800] "GET /~cs3281/2001f/08-Awk/next0.gif HTTP/1.1" 200 1162 "http://www.comp.nus.edu.sg/~cs3281/2001f/08-Awk/navbar2.htm" "Mozilla/4.0 (compatible; MSIE 5.5; Windows NT 5.0)" -
64.94.14.87 - - [26/May/2004:00:30:02 +0800] "GET /~phanthan/BH3101/ HTTP/1.0" 200 2336 "http://www.comp.nus.edu.sg/~phanthan/" "Mozilla/4.0 (compatible; MSIE 6.0; Windows NT 5.0)" -
cache218.156ce.maxonline.com.sg - - [26/May/2004:00:30:03 +0800] "GET /~nghoongk/lyrics/singer49-2.html HTTP/1.1" 200 6798 "http://www.comp.nus.edu.sg/~nghoongk/lyrics/singer49-1.html" "Mozilla/4.0 (compatible; MSIE 6.0; Windows NT 5.1)" 218.186.195.52
wabod01s03.t-mobile.com - - [26/May/2004:00:30:04 +0800] "GET /~cs3281/2001f/08-Awk/img7.jpg HTTP/1.1" 200 62670 "http://www.comp.nus.edu.sg/~cs3281/2001f/08-Awk/img7.htm" "Mozilla/4.0 (compatible; MSIE 5.5; Windows NT 5.0)" -
219.93.174.101 - - [26/May/2004:00:30:04 +0800] "GET /favicon.ico HTTP/1.1" 404 293 "-" "Avant Browser (http://www.avantbrowser.com)" -
62.41.64.150 - - [26/May/2004:00:30:04 +0800] "GET /~kzhu/images/new.gif HTTP/1.1" 200 147 "http://www.comp.nus.edu.sg/~kzhu/" "Mozilla/4.0 (compatible; MSIE 6.0; Windows NT 5.1; .NET CLR 1.1.4322)" -
199.184.247.102 - - [26/May/2004:00:30:08 +0800] "GET /~sunyuan/images/nemo.gif HTTP/1.1" 304 - "-" "Mozilla/4.0 (compatible; MSIE 5.5; Windows 98)" -
199.184.247.102 - - [26/May/2004:00:30:08 +0800] "GET /~sunyuan/images/nemo.gif HTTP/1.1" 304 - "-" "Mozilla/4.0 (compatible; MSIE 5.5; Windows 98)" -
64.94.14.87 - - [26/May/2004:00:30:08 +0800] "GET /~phanthan/CS2103/ HTTP/1.0" 200 1295 "http://www.comp.nus.edu.sg/~phanthan/" "Mozilla/4.0 (compatible; MSIE 6.0; Windows NT 5.0)" -
219.93.174.101 - - [26/May/2004:00:30:10 +0800] "GET /~liub/dm2.html HTTP/1.1" 200 12625 "http://www.google.com.my/search?q=proposal+survey+objectives&hl=en&lr=&ie=UTF-8&as_qdr=all&start=60&sa=N" "Mozilla/4.0 (compatible; MSIE 6.0; Windows NT 5.1; .NET CLR 1.1.4322)" -
61.53.134.183 - - [26/May/2004:00:30:10 +0800] "GET /~tanhw/chinese/song/individual/dang-ni-gu-dan-ni-hui-xiang-qi-shui.hz HTTP/1.1" 200 5308 "http://nmsearch.3721.com/right.htm?coagent=msn_sa&type=z&act=info&name=%b5%b1%c4%e3%b9%c2%b5%a5%c4%e3%cb%ad%cf%eb%c6%f0%cb%ad" "Mozilla/4.0 (compatible; MSIE 6.0; Windows 98)" -
203.162.142.56 - - [26/May/2004:00:30:11 +0800] "GET /~cs1101c/Lectures/chap3.ppt HTTP/1.1" 200 884736 "-" "Mozilla/4.0 (compatible; MSIE 6.0; Windows NT 5.1)" -
cache-rr04.proxy.aol.com - - [26/May/2004:00:30:12 +0800] "GET /~xuemingq/style/cartoon.gif HTTP/1.0" 200 1489 "http://members.migente.com/dymekisses/" "Mozilla/4.0 (compatible; MSIE 6.0; AOL 9.0; Windows NT 5.1; FunWebProducts; .NET CLR 1.1.4322)" -
yahoobb219035154097.bbtec.net - - [26/May/2004:00:30:14 +0800] "GET /~nghoongk/lyrics/singer8-1.html HTTP/1.1" 200 6499 "http://www.comp.nus.edu.sg/~nghoongk/lyrics/index.html" "Mozilla/4.0 (compatible; MSIE 6.0; Windows NT 5.1)" -
201-95.priv.nus.edu.sg - - [26/May/2004:00:30:14 +0800] "GET /~nguyentr/Gar2.gif HTTP/1.1" 304 - "http://forum.vncnus.net/viewtopic.php?t=8082&highlight=" "Mozilla/4.0 (compatible; MSIE 6.0; Windows NT 5.1)" -
201-95.priv.nus.edu.sg - - [26/May/2004:00:30:14 +0800] "GET /~nguyentu/nhactac/mp3ss1d.swf HTTP/1.1" 304 - "-" "Mozilla/4.0 (compatible; MSIE 6.0; Windows NT 5.1)" -
201-95.priv.nus.edu.sg - - [26/May/2004:00:30:14 +0800] "GET /~nguyentu/nhactac/mp3ss2d.swf HTTP/1.1" 304 - "-" "Mozilla/4.0 (compatible; MSIE 6.0; Windows NT 5.1)" -
201-95.priv.nus.edu.sg - - [26/May/2004:00:30:14 +0800] "GET /~nguyentu/nhactac/mp3ss3d.swf HTTP/1.1" 304 - "-" "Mozilla/4.0 (compatible; MSIE 6.0; Windows NT 5.1)" -
201-95.priv.nus.edu.sg - - [26/May/2004:00:30:14 +0800] "GET /~nguyentu/nhactac/mp3ss4d.swf HTTP/1.1" 304 - "-" "Mozilla/4.0 (compatible; MSIE 6.0; Windows NT 5.1)" -
201-95.priv.nus.edu.sg - - [26/May/2004:00:30:14 +0800] "GET /~lengocsa/kirimaru-s2.jpg HTTP/1.1" 200 3268 "http://forum.vncnus.net/viewtopic.php?t=8082&highlight=" "Mozilla/4.0 (compatible; MSIE 6.0; Windows NT 5.1)" -
64.94.14.87 - - [26/May/2004:00:30:14 +0800] "GET /~phanthan/CS2103/Booking%20success/ HTTP/1.0" 200 1100 "http://www.comp.nus.edu.sg/~phanthan/CS2103/" "Mozilla/4.0 (compatible; MSIE 6.0; Windows NT 5.0)" -
64.94.14.87 - - [26/May/2004:00:30:20 +0800] "GET /~phanthan/PHP/ HTTP/1.0" 200 2921 "http://www.comp.nus.edu.sg/~phanthan/" "Mozilla/4.0 (compatible; MSIE 6.0; Windows NT 5.0)" -
203.131.146.227 - - [26/May/2004:00:30:21 +0800] "GET /~sunyuan/images/nemo.gif HTTP/1.1" 200 98407 "http://www.myspace.com/index.cfm?fuseaction=user.viewProfile&friendID=948598&Mytoken=20040525092823" "Mozilla/4.0 (compatible; MSIE 5.0; Windows 98; DigExt)" -
218.186.233.129 - - [26/May/2004:00:30:21 +0800] "GET / HTTP/1.1" 200 8789 "-" "Mozilla/4.0 (compatible; MSIE 6.0; Windows NT 5.1; FunWebProducts; .NET CLR 1.1.4322)" -
218.186.233.129 - - [26/May/2004:00:30:21 +0800] "GET /nusstyles.css HTTP/1.1" 304 - "http://www.comp.nus.edu.sg/" "Mozilla/4.0 (compatible; MSIE 6.0; Windows NT 5.1; FunWebProducts; .NET CLR 1.1.4322)" -
yahoobb219035154097.bbtec.net - - [26/May/2004:00:30:26 +0800] "GET /~nghoongk/lyrics/singer8-1.html HTTP/1.1" 200 6499 "http://www.comp.nus.edu.sg/~nghoongk/lyrics/index.html" "Mozilla/4.0 (compatible; MSIE 6.0; Windows NT 5.1)" -
200.167.197.10 - - [26/May/2004:00:30:27 +0800] "GET /~sunyuan/images/nemo.gif HTTP/1.1" 200 98407 "http://www.cinemaemcena.com.br/cinemacena/forum/forum_posts.asp?TID=3145&TPN=5" "Mozilla/4.0 (compatible; MSIE 6.0; Windows NT 5.0; .NET CLR 1.1.4322)" -
c41861b.dro.bostream.se - - [26/May/2004:00:30:29 +0800] "GET /~ngchinho/1.10Maphack/d2maphack.exe HTTP/1.1" 200 16896 "http://www.comp.nus.edu.sg/~ngchinho/1.10Maphack/" "Mozilla/4.0 (compatible; MSIE 6.0; Windows NT 5.1; .NET CLR 1.1.4322)" -
62.68.228.155 - - [26/May/2004:00:30:31 +0800] "GET /~cs2102/tutorials/mid-sol.pdf HTTP/1.1" 200 0 "-" "Mozilla/4.0 (compatible; MSIE 5.5; Windows 98; Win 9x 4.90)" -
62.68.228.155 - - [26/May/2004:00:30:32 +0800] "GET /~cs2102/tutorials/mid-sol.pdf HTTP/1.1" 206 0 "-" "contype" -
d5153c27c.kabel.telenet.be - - [26/May/2004:00:30:33 +0800] "GET /~sunyuan/ HTTP/1.1" 200 3152 "-" "Mozilla/4.0 (compatible; MSIE 6.0; Windows NT 5.1; Hotbar 4.4.2.0; .NET CLR 1.1.4322)" -
201-14.priv.nus.edu.sg - - [26/May/2004:00:30:34 +0800] "GET /~levinhda/matlab/Dave%2520R.%2520Axe%2520kick%2520copy.jpg HTTP/1.1" 304 - "http://forum.vncnus.net/viewtopic.php?t=8026" "Mozilla/4.0 (compatible; MSIE 6.0; Windows NT 5.1; (R1 1.3))" -
d5153c27c.kabel.telenet.be - - [26/May/2004:00:30:35 +0800] "GET /~sunyuan/images/index_r1_c1.gif HTTP/1.1" 200 1887 "-" "Mozilla/4.0 (compatible; MSIE 6.0; Windows NT 5.1; Hotbar 4.4.2.0; .NET CLR 1.1.4322)" -
201-14.priv.nus.edu.sg - - [26/May/2004:00:30:35 +0800] "GET /~levinhda/matlab/Danaxe%2520TOUR.gif HTTP/1.1" 304 - "http://forum.vncnus.net/viewtopic.php?t=8026" "Mozilla/4.0 (compatible; MSIE 6.0; Windows NT 5.1; (R1 1.3))" -
201-14.priv.nus.edu.sg - - [26/May/2004:00:30:35 +0800] "GET /~nguyenso/newavatar.jpg HTTP/1.1" 304 - "http://forum.vncnus.net/viewtopic.php?t=8026" "Mozilla/4.0 (compatible; MSIE 6.0; Windows NT 5.1; (R1 1.3))" -
172.18.197.30 - - [26/May/2004:00:30:35 +0800] "GET /favicon.ico HTTP/1.1" 404 293 "-" "Mozilla/4.0 (compatible; MSIE 6.0; Windows NT 5.1)" -
201-14.priv.nus.edu.sg - - [26/May/2004:00:30:35 +0800] "GET /~nguyentu/nhactac/mp3ss1d.swf HTTP/1.1" 304 - "-" "Mozilla/4.0 (compatible; MSIE 6.0; Windows NT 5.1; (R1 1.3))" -
201-14.priv.nus.edu.sg - - [26/May/2004:00:30:35 +0800] "GET /~nguyentu/nhactac/mp3ss2d.swf HTTP/1.1" 304 - "-" "Mozilla/4.0 (compatible; MSIE 6.0; Windows NT 5.1; (R1 1.3))" -
201-14.priv.nus.edu.sg - - [26/May/2004:00:30:35 +0800] "GET /~nguyentu/nhactac/mp3ss3d.swf HTTP/1.1" 304 - "-" "Mozilla/4.0 (compatible; MSIE 6.0; Windows NT 5.1; (R1 1.3))" -
201-14.priv.nus.edu.sg - - [26/May/2004:00:30:35 +0800] "GET /~nguyentu/nhactac/mp3ss4d.swf HTTP/1.1" 304 - "-" "Mozilla/4.0 (compatible; MSIE 6.0; Windows NT 5.1; (R1 1.3))" -
62.68.228.155 - - [26/May/2004:00:30:35 +0800] "GET /~cs2102/tutorials/mid-sol.pdf HTTP/1.1" 206 0 "-" "Mozilla/4.0 (compatible; MSIE 5.5; Windows 98; Win 9x 4.90)" -
203-135.priv20.nus.edu.sg - - [26/May/2004:00:30:35 +0800] "GET /~nguyenso/newavatar.jpg HTTP/1.1" 304 - "http://forum.vncnus.net/viewtopic.php?t=8059" "Mozilla/4.0 (compatible; MSIE 6.0; Windows NT 5.1; {44E023CA-DCE4-4433-AB54-CE9A74D99313}; .NET CLR 1.1.4322)" -
d5153c27c.kabel.telenet.be - - [26/May/2004:00:30:35 +0800] "GET /~sunyuan/images/index_r2_c3.gif HTTP/1.1" 200 11308 "-" "Mozilla/4.0 (compatible; MSIE 6.0; Windows NT 5.1; Hotbar 4.4.2.0; .NET CLR 1.1.4322)" -
201-14.priv.nus.edu.sg - - [26/May/2004:00:30:35 +0800] "GET /~nguyentr/Gar2.gif HTTP/1.1" 304 - "http://forum.vncnus.net/viewtopic.php?t=8026" "Mozilla/4.0 (compatible; MSIE 6.0; Windows NT 5.1; (R1 1.3))" -
c41861b.dro.bostream.se - - [26/May/2004:00:30:35 +0800] "GET /~ngchinho/1.10Maphack/d2maphack.dll HTTP/1.1" 200 33792 "http://www.comp.nus.edu.sg/~ngchinho/1.10Maphack/" "Mozilla/4.0 (compatible; MSIE 6.0; Windows NT 5.1; .NET CLR 1.1.4322)" -
203-135.priv20.nus.edu.sg - - [26/May/2004:00:30:36 +0800] "GET /~levinhda/matlab/Dave%2520R.%2520Axe%2520kick%2520copy.jpg HTTP/1.1" 304 - "http://forum.vncnus.net/viewtopic.php?t=8059" "Mozilla/4.0 (compatible; MSIE 6.0; Windows NT 5.1; {44E023CA-DCE4-4433-AB54-CE9A74D99313}; .NET CLR 1.1.4322)" -
203-135.priv20.nus.edu.sg - - [26/May/2004:00:30:36 +0800] "GET /~levinhda/matlab/Danaxe%2520TOUR.gif HTTP/1.1" 304 - "http://forum.vncnus.net/viewtopic.php?t=8059" "Mozilla/4.0 (compatible; MSIE 6.0; Windows NT 5.1; {44E023CA-DCE4-4433-AB54-CE9A74D99313}; .NET CLR 1.1.4322)" -
166.66.202.70 - - [26/May/2004:00:30:36 +0800] "GET /~dcheong/ HTTP/1.0" 404 279 "http://images.google.com/imgres?imgurl=www.comp.nus.edu.sg/~dcheong/ghost.jpg&imgrefurl=http://www.comp.nus.edu.sg/~dcheong/&h=600&w=800&sz=74&tbnid=EqAVt3UWRtMJ:&tbnh=106&tbnw=141&start=2&prev=/images%3Fq%3Dghost%2Bimages%26hl%3Den%26lr%3D%26ie%3DUTF-8" "Mozilla/4.0 (compatible; MSIE 6.0; Windows NT 5.0)" -
yahoobb219035154097.bbtec.net - - [26/May/2004:00:30:36 +0800] "GET /~nghoongk/lyrics/singer495-1.html HTTP/1.1" 200 5892 "http://www.comp.nus.edu.sg/~nghoongk/lyrics/index.html" "Mozilla/4.0 (compatible; MSIE 6.0; Windows NT 5.1)" -
d5153c27c.kabel.telenet.be - - [26/May/2004:00:30:36 +0800] "GET /~sunyuan/images/index_r3_c2.gif HTTP/1.1" 200 8177 "-" "Mozilla/4.0 (compatible; MSIE 6.0; Windows NT 5.1; Hotbar 4.4.2.0; .NET CLR 1.1.4322)" -
d5153c27c.kabel.telenet.be - - [26/May/2004:00:30:37 +0800] "GET /~sunyuan/images/index_r2_c1.gif HTTP/1.1" 200 12459 "-" "Mozilla/4.0 (compatible; MSIE 6.0; Windows NT 5.1; Hotbar 4.4.2.0; .NET CLR 1.1.4322)" -
166.66.202.70 - - [26/May/2004:00:30:37 +0800] "GET /~dcheong/ghost.jpg HTTP/1.0" 404 288 "http://images.google.com/imgres?imgurl=www.comp.nus.edu.sg/~dcheong/ghost.jpg&imgrefurl=http://www.comp.nus.edu.sg/~dcheong/&h=600&w=800&sz=74&tbnid=EqAVt3UWRtMJ:&tbnh=106&tbnw=141&prev=/images%3Fq%3Dghost%2Bimages%26hl%3Den%26lr%3D%26ie%3DUTF-8&frame=small" "Mozilla/4.0 (compatible; MSIE 6.0; Windows NT 5.0)" -
d5153c27c.kabel.telenet.be - - [26/May/2004:00:30:38 +0800] "GET /~sunyuan/images/nemo.gif HTTP/1.1" 206 89965 "-" "Mozilla/4.0 (compatible; MSIE 6.0; Windows NT 5.1; Hotbar 4.4.2.0; .NET CLR 1.1.4322)" -
d5153c27c.kabel.telenet.be - - [26/May/2004:00:30:38 +0800] "GET /~sunyuan/images/nemo.gif HTTP/1.1" 200 0 "-" "Mozilla/4.0 (compatible; MSIE 6.0; Windows NT 5.1; Hotbar 4.4.2.0; .NET CLR 1.1.4322)" -
166.66.202.70 - - [26/May/2004:00:30:39 +0800] "GET /~dcheong/ HTTP/1.0" 404 279 "http://images.google.com/imgres?imgurl=www.comp.nus.edu.sg/~dcheong/ghost.jpg&imgrefurl=http://www.comp.nus.edu.sg/~dcheong/&h=600&w=800&sz=74&tbnid=EqAVt3UWRtMJ:&tbnh=106&tbnw=141&start=2&prev=/images%3Fq%3Dghost%2Bimages%26hl%3Den%26lr%3D%26ie%3DUTF-8" "Mozilla/4.0 (compatible; MSIE 6.0; Windows NT 5.0)" -
d5153c27c.kabel.telenet.be - - [26/May/2004:00:30:39 +0800] "GET /~sunyuan/images/index_r2_c2_f2.gif HTTP/1.1" 200 23678 "-" "Mozilla/4.0 (compatible; MSIE 6.0; Windows NT 5.1; Hotbar 4.4.2.0; .NET CLR 1.1.4322)" -
bc672.b.pppool.de - - [26/May/2004:00:30:41 +0800] "GET /~kennyyu/nero/recode-dvd.png HTTP/1.1" 200 8109 "-" "Mozilla/4.0 (compatible; MSIE 6.0; Windows NT 5.1; .NET CLR 1.0.3705)" -
cache202.156ce.maxonline.com.sg - - [26/May/2004:00:30:42 +0800] "GET /~limzhish/Malaysia%20trip.htm HTTP/1.1" 200 20319 "http://sg.search.yahoo.com/search/sg?p=coaches+to+KL&ei=UTF-8&y=Singapore" "Mozilla/4.0 (compatible; MSIE 6.0; Windows NT 5.1)" 218.212.51.154
197-30.priv.nus.edu.sg - - [26/May/2004:00:30:42 +0800] "GET /~gheorghe HTTP/1.1" 301 329 "http://www.comp.nus.edu.sg/~kzhu/" "Mozilla/4.0 (compatible; MSIE 6.0; Windows NT 5.1)" -
197-30.priv.nus.edu.sg - - [26/May/2004:00:30:42 +0800] "GET /~gheorghe/images/naSmall.jpg HTTP/1.1" 200 1023 "http://www.comp.nus.edu.sg/~gheorghe/" "Mozilla/4.0 (compatible; MSIE 6.0; Windows NT 5.1)" -
197-30.priv.nus.edu.sg - - [26/May/2004:00:30:42 +0800] "GET /~gheorghe/images/fond009.jpg HTTP/1.1" 200 2747 "http://www.comp.nus.edu.sg/~gheorghe/" "Mozilla/4.0 (compatible; MSIE 6.0; Windows NT 5.1)" -
cache202.156ce.maxonline.com.sg - - [26/May/2004:00:30:42 +0800] "GET /~limzhish/Malaysia%20trip_files/image002.jpg HTTP/1.1" 200 6528 "http://www.comp.nus.edu.sg/~limzhish/Malaysia%20trip.htm" "Mozilla/4.0 (compatible; MSIE 6.0; Windows NT 5.1)" 218.212.51.154
197-30.priv.nus.edu.sg - - [26/May/2004:00:30:42 +0800] "GET /~gheorghe/images/nus.gif HTTP/1.1" 200 3584 "http://www.comp.nus.edu.sg/~gheorghe/" "Mozilla/4.0 (compatible; MSIE 6.0; Windows NT 5.1)" -
cache202.156ce.maxonline.com.sg - - [26/May/2004:00:30:42 +0800] "GET /~limzhish/Malaysia%20trip_files/image004.jpg HTTP/1.1" 200 5157 "http://www.comp.nus.edu.sg/~limzhish/Malaysia%20trip.htm" "Mozilla/4.0 (compatible; MSIE 6.0; Windows NT 5.1)" 218.212.51.154
197-30.priv.nus.edu.sg - - [26/May/2004:00:30:42 +0800] "GET /~gheorghe/images/nusSoc.gif HTTP/1.1" 200 2468 "http://www.comp.nus.edu.sg/~gheorghe/" "Mozilla/4.0 (compatible; MSIE 6.0; Windows NT 5.1)" -
197-30.priv.nus.edu.sg - - [26/May/2004:00:30:42 +0800] "GET /~gheorghe/images/stef009.jpg HTTP/1.1" 200 4814 "http://www.comp.nus.edu.sg/~gheorghe/" "Mozilla/4.0 (compatible; MSIE 6.0; Windows NT 5.1)" -
197-30.priv.nus.edu.sg - - [26/May/2004:00:30:42 +0800] "GET /~gheorghe/ HTTP/1.1" 200 10450 "http://www.comp.nus.edu.sg/~kzhu/" "Mozilla/4.0 (compatible; MSIE 6.0; Windows NT 5.1)" -
197-30.priv.nus.edu.sg - - [26/May/2004:00:30:42 +0800] "GET /~gheorghe/images/crini.jpg HTTP/1.1" 200 4745 "http://www.comp.nus.edu.sg/~gheorghe/" "Mozilla/4.0 (compatible; MSIE 6.0; Windows NT 5.1)" -
cache202.156ce.maxonline.com.sg - - [26/May/2004:00:30:42 +0800] "GET /~limzhish/Malaysia%20trip_files/image006.jpg HTTP/1.1" 200 6001 "http://www.comp.nus.edu.sg/~limzhish/Malaysia%20trip.htm" "Mozilla/4.0 (compatible; MSIE 6.0; Windows NT 5.1)" 218.212.51.154
197-30.priv.nus.edu.sg - - [26/May/2004:00:30:42 +0800] "GET /~gheorghe/images/dogL.gif HTTP/1.1" 200 665 "http://www.comp.nus.edu.sg/~gheorghe/" "Mozilla/4.0 (compatible; MSIE 6.0; Windows NT 5.1)" -
cache202.156ce.maxonline.com.sg - - [26/May/2004:00:30:42 +0800] "GET /~limzhish/Malaysia%20trip_files/image008.jpg HTTP/1.1" 200 6792 "http://www.comp.nus.edu.sg/~limzhish/Malaysia%20trip.htm" "Mozilla/4.0 (compatible; MSIE 6.0; Windows NT 5.1)" 218.212.51.154
197-30.priv.nus.edu.sg - - [26/May/2004:00:30:42 +0800] "GET /~gheorghe/images/dogR.gif HTTP/1.1" 200 663 "http://www.comp.nus.edu.sg/~gheorghe/" "Mozilla/4.0 (compatible; MSIE 6.0; Windows NT 5.1)" -
cache202.156ce.maxonline.com.sg - - [26/May/2004:00:30:42 +0800] "GET /~limzhish/Malaysia%20trip_files/image010.jpg HTTP/1.1" 200 6230 "http://www.comp.nus.edu.sg/~limzhish/Malaysia%20trip.htm" "Mozilla/4.0 (compatible; MSIE 6.0; Windows NT 5.1)" 218.212.51.154
cache202.156ce.maxonline.com.sg - - [26/May/2004:00:30:42 +0800] "GET /~limzhish/Malaysia%20trip_files/image012.jpg HTTP/1.1" 200 8738 "http://www.comp.nus.edu.sg/~limzhish/Malaysia%20trip.htm" "Mozilla/4.0 (compatible; MSIE 6.0; Windows NT 5.1)" 218.212.51.154
cache202.156ce.maxonline.com.sg - - [26/May/2004:00:30:43 +0800] "GET /~limzhish/Malaysia%20trip_files/image014.jpg HTTP/1.1" 200 7723 "http://www.comp.nus.edu.sg/~limzhish/Malaysia%20trip.htm" "Mozilla/4.0 (compatible; MSIE 6.0; Windows NT 5.1)" 218.212.51.154
cache202.156ce.maxonline.com.sg - - [26/May/2004:00:30:43 +0800] "GET /~limzhish/Malaysia%20trip_files/image016.jpg HTTP/1.1" 200 7701 "http://www.comp.nus.edu.sg/~limzhish/Malaysia%20trip.htm" "Mozilla/4.0 (compatible; MSIE 6.0; Windows NT 5.1)" 218.212.51.154
201.128.88.193 - - [26/May/2004:00:30:45 +0800] "GET /~ante/index_files/image1659.jpg HTTP/1.1" 304 - "-" "Mozilla/4.0 (compatible; MSIE 6.0; Windows 98; Win 9x 4.90)" -
wabod01s03.t-mobile.com - - [26/May/2004:00:30:45 +0800] "GET /~cs3281/2001f/08-Awk/navbar1.htm HTTP/1.1" 200 509 "http://www.comp.nus.edu.sg/~cs3281/2001f/08-Awk/08-Awk.htm" "Mozilla/4.0 (compatible; MSIE 5.5; Windows NT 5.0)" -
wabod01s03.t-mobile.com - - [26/May/2004:00:30:45 +0800] "GET /~cs3281/2001f/08-Awk/img6.htm HTTP/1.1" 200 124 "http://www.comp.nus.edu.sg/~cs3281/2001f/08-Awk/08-Awk.htm" "Mozilla/4.0 (compatible; MSIE 5.5; Windows NT 5.0)" -
wabod01s03.t-mobile.com - - [26/May/2004:00:30:45 +0800] "GET /~cs3281/2001f/08-Awk/last1.gif HTTP/1.1" 304 - "http://www.comp.nus.edu.sg/~cs3281/2001f/08-Awk/navbar1.htm" "Mozilla/4.0 (compatible; MSIE 5.5; Windows NT 5.0)" -
wabod01s03.t-mobile.com - - [26/May/2004:00:30:45 +0800] "GET /~cs3281/2001f/08-Awk/next1.gif HTTP/1.1" 304 - "http://www.comp.nus.edu.sg/~cs3281/2001f/08-Awk/navbar1.htm" "Mozilla/4.0 (compatible; MSIE 5.5; Windows NT 5.0)" -
yahoobb219035154097.bbtec.net - - [26/May/2004:00:30:46 +0800] "GET /~nghoongk/lyrics/singer470-1.html HTTP/1.1" 200 4977 "http://www.comp.nus.edu.sg/~nghoongk/lyrics/index.html" "Mozilla/4.0 (compatible; MSIE 6.0; Windows NT 5.1)" -
wabod01s03.t-mobile.com - - [26/May/2004:00:30:47 +0800] "GET /~cs3281/2001f/08-Awk/img6.jpg HTTP/1.1" 200 64150 "http://www.comp.nus.edu.sg/~cs3281/2001f/08-Awk/img6.htm" "Mozilla/4.0 (compatible; MSIE 5.5; Windows NT 5.0)" -
201.128.88.193 - - [26/May/2004:00:30:47 +0800] "GET /~ante/index_files/Page384.htm HTTP/1.1" 200 176614 "-" "Mozilla/4.0 (compatible; MSIE 6.0; Windows 98; Win 9x 4.90)" -
63.146.93.5 - - [26/May/2004:00:30:49 +0800] "GET /~ooibc/courses/sql/plsql.htm HTTP/1.1" 200 16616 "http://www.google.com/search?sourceid=navclient&ie=UTF-8&oe=UTF-8&q=pl%2Fsql+VARRAY+functions" "Mozilla/4.0 (compatible; MSIE 6.0; Windows NT 5.1)" -
63.146.93.5 - - [26/May/2004:00:30:50 +0800] "GET /~ooibc/courses/sql/image014.gif HTTP/1.1" 304 - "http://www.comp.nus.edu.sg/~ooibc/courses/sql/plsql.htm" "Mozilla/4.0 (compatible; MSIE 6.0; Windows NT 5.1)" -
197-30.priv.nus.edu.sg - - [26/May/2004:00:30:50 +0800] "GET /~gheorghe HTTP/1.1" 301 329 "http://www.comp.nus.edu.sg/~gheorghe/" "Mozilla/4.0 (compatible; MSIE 6.0; Windows NT 5.1)" -
197-30.priv.nus.edu.sg - - [26/May/2004:00:30:50 +0800] "GET /~gheorghe/ HTTP/1.1" 200 10450 "http://www.comp.nus.edu.sg/~gheorghe/" "Mozilla/4.0 (compatible; MSIE 6.0; Windows NT 5.1)" -
h213-217-177-161.mi2.albacom.net - - [26/May/2004:00:30:51 +0800] "GET /~sunyuan/images/nemo.gif HTTP/1.1" 304 - "http://gt4oc.unstable.org.uk/viewtopic.php?t=9357" "Mozilla/4.0 (compatible; MSIE 5.01; Windows NT 5.0)" -
crawl22-public.alexa.com - - [26/May/2004:00:30:51 +0800] "GET /~teoym/cs6205/9900/L1/img010.GIF HTTP/1.0" 200 5411 "-" "ia_archiver" -
140.128.196.97 - - [26/May/2004:00:30:54 +0800] "GET /~nghoongk/lyrics/m.gif HTTP/1.1" 200 872 "http://www.comp.nus.edu.sg/~nghoongk/lyrics/singer286-1.html" "Mozilla/4.0 (compatible; MSIE 6.0; Windows NT 5.1)" -
140.128.196.97 - - [26/May/2004:00:30:54 +0800] "GET /~nghoongk/lyrics/singer286-1.html HTTP/1.1" 200 13708 "http://tw.search.yahoo.com/search/kimo?p=%B3%B3%A6N%A6N%A8F%C5y&ykd=1" "Mozilla/4.0 (compatible; MSIE 6.0; Windows NT 5.1)" -
66.196.90.53 - - [26/May/2004:00:30:54 +0800] "GET /~henz/talks/kolloq/sld036.htm HTTP/1.0" 403 501 "-" "Mozilla/5.0 (compatible; Yahoo! Slurp; http://help.yahoo.com/help/us/ysearch/slurp)" -
202.156.2.8 - - [26/May/2004:00:30:55 +0800] "GET /corpcomm/studentplacement/joblist.html HTTP/1.1" 200 88763 "-" "Mozilla/4.0 (compatible; MSIE 6.0; Windows NT 5.1; .NET CLR 1.1.4322)" 218.186.176.197
202.156.2.8 - - [26/May/2004:00:30:55 +0800] "GET /corpcomm/studentplacement/joblist_files/header.js HTTP/1.1" 304 - "http://www.comp.nus.edu.sg/corpcomm/studentplacement/joblist.html" "Mozilla/4.0 (compatible; MSIE 6.0; Windows NT 5.1; .NET CLR 1.1.4322)" 218.186.176.197
202.156.2.8 - - [26/May/2004:00:30:56 +0800] "GET /corpcomm/images/greytop.jpg HTTP/1.1" 304 - "http://www.comp.nus.edu.sg/corpcomm/studentplacement/joblist.html" "Mozilla/4.0 (compatible; MSIE 6.0; Windows NT 5.1; .NET CLR 1.1.4322)" 218.186.176.197
202.156.2.8 - - [26/May/2004:00:30:56 +0800] "GET /corpcomm/images/nuslogo.jpg HTTP/1.1" 304 - "http://www.comp.nus.edu.sg/corpcomm/studentplacement/joblist.html" "Mozilla/4.0 (compatible; MSIE 6.0; Windows NT 5.1; .NET CLR 1.1.4322)" 218.186.176.197
202.156.2.8 - - [26/May/2004:00:30:56 +0800] "GET /corpcomm/images/orangetop.jpg HTTP/1.1" 304 - "http://www.comp.nus.edu.sg/corpcomm/studentplacement/joblist.html" "Mozilla/4.0 (compatible; MSIE 6.0; Windows NT 5.1; .NET CLR 1.1.4322)" 218.186.176.197
202.156.2.8 - - [26/May/2004:00:30:56 +0800] "GET /corpcomm/images/orange.jpg HTTP/1.1" 304 - "http://www.comp.nus.edu.sg/corpcomm/studentplacement/joblist.html" "Mozilla/4.0 (compatible; MSIE 6.0; Windows NT 5.1; .NET CLR 1.1.4322)" 218.186.176.197
202.156.2.8 - - [26/May/2004:00:30:56 +0800] "GET /corpcomm/images/aboutSCC1.jpg HTTP/1.1" 304 - "http://www.comp.nus.edu.sg/corpcomm/studentplacement/joblist.html" "Mozilla/4.0 (compatible; MSIE 6.0; Windows NT 5.1; .NET CLR 1.1.4322)" 218.186.176.197
202.156.2.8 - - [26/May/2004:00:30:56 +0800] "GET /corpcomm/images/events1.jpg HTTP/1.1" 304 - "http://www.comp.nus.edu.sg/corpcomm/studentplacement/joblist.html" "Mozilla/4.0 (compatible; MSIE 6.0; Windows NT 5.1; .NET CLR 1.1.4322)" 218.186.176.197
202.156.2.8 - - [26/May/2004:00:30:56 +0800] "GET /corpcomm/images/people1.jpg HTTP/1.1" 304 - "http://www.comp.nus.edu.sg/corpcomm/studentplacement/joblist.html" "Mozilla/4.0 (compatible; MSIE 6.0; Windows NT 5.1; .NET CLR 1.1.4322)" 218.186.176.197
202.156.2.8 - - [26/May/2004:00:30:56 +0800] "GET /corpcomm/images/intranet1.jpg HTTP/1.1" 304 - "http://www.comp.nus.edu.sg/corpcomm/studentplacement/joblist.html" "Mozilla/4.0 (compatible; MSIE 6.0; Windows NT 5.1; .NET CLR 1.1.4322)" 218.186.176.197
202.156.2.8 - - [26/May/2004:00:30:57 +0800] "GET /corpcomm/images/contact1.jpg HTTP/1.1" 304 - "http://www.comp.nus.edu.sg/corpcomm/studentplacement/joblist.html" "Mozilla/4.0 (compatible; MSIE 6.0; Windows NT 5.1; .NET CLR 1.1.4322)" 218.186.176.197
197-30.priv.nus.edu.sg - - [26/May/2004:00:30:57 +0800] "GET /~gheorghe/stefBriefCV.html HTTP/1.1" 200 25293 "http://www.comp.nus.edu.sg/~gheorghe/stefBriefCV.html" "Mozilla/4.0 (compatible; MSIE 6.0; Windows NT 5.1)" -
197-30.priv.nus.edu.sg - - [26/May/2004:00:30:57 +0800] "GET /~gheorghe/stefBriefCV.html HTTP/1.1" 200 25293 "http://www.comp.nus.edu.sg/~gheorghe/" "Mozilla/4.0 (compatible; MSIE 6.0; Windows NT 5.1)" -
197-30.priv.nus.edu.sg - - [26/May/2004:00:30:57 +0800] "GET /~gheorghe/images/fond008.jpg HTTP/1.1" 200 2747 "http://www.comp.nus.edu.sg/~gheorghe/stefBriefCV.html" "Mozilla/4.0 (compatible; MSIE 6.0; Windows NT 5.1)" -
197-30.priv.nus.edu.sg - - [26/May/2004:00:30:57 +0800] "GET /~gheorghe/images/41.gif HTTP/1.1" 200 11667 "http://www.comp.nus.edu.sg/~gheorghe/stefBriefCV.html" "Mozilla/4.0 (compatible; MSIE 6.0; Windows NT 5.1)" -
197-32.priv.nus.edu.sg - - [26/May/2004:00:30:57 +0800] "GET /~nguyentr/Gar2.gif HTTP/1.1" 304 - "http://forum.vncnus.net/viewtopic.php?t=8082" "Mozilla/4.0 (compatible; MSIE 6.0; Windows NT 5.1)" -
197-30.priv.nus.edu.sg - - [26/May/2004:00:30:57 +0800] "GET /~gheorghe/images/stef003.gif HTTP/1.1" 200 3473 "http://www.comp.nus.edu.sg/~gheorghe/stefBriefCV.html" "Mozilla/4.0 (compatible; MSIE 6.0; Windows NT 5.1)" -
197-32.priv.nus.edu.sg - - [26/May/2004:00:30:57 +0800] "GET /~lengocsa/kirimaru-s2.jpg HTTP/1.1" 304 - "http://forum.vncnus.net/viewtopic.php?t=8082" "Mozilla/4.0 (compatible; MSIE 6.0; Windows NT 5.1)" -
202.156.2.8 - - [26/May/2004:00:30:57 +0800] "GET /corpcomm/images/corpaffiliates1.jpg HTTP/1.1" 304 - "http://www.comp.nus.edu.sg/corpcomm/studentplacement/joblist.html" "Mozilla/4.0 (compatible; MSIE 6.0; Windows NT 5.1; .NET CLR 1.1.4322)" 218.186.176.197
202.156.2.8 - - [26/May/2004:00:30:58 +0800] "GET /corpcomm/images/bookprizes1.jpg HTTP/1.1" 304 - "http://www.comp.nus.edu.sg/corpcomm/studentplacement/joblist.html" "Mozilla/4.0 (compatible; MSIE 6.0; Windows NT 5.1; .NET CLR 1.1.4322)" 218.186.176.197
202.156.2.8 - - [26/May/2004:00:30:59 +0800] "GET /corpcomm/images/IA1.jpg HTTP/1.1" 304 - "http://www.comp.nus.edu.sg/corpcomm/studentplacement/joblist.html" "Mozilla/4.0 (compatible; MSIE 6.0; Windows NT 5.1; .NET CLR 1.1.4322)" 218.186.176.197
202.156.2.8 - - [26/May/2004:00:30:59 +0800] "GET /corpcomm/images/studentplacement1.jpg HTTP/1.1" 304 - "http://www.comp.nus.edu.sg/corpcomm/studentplacement/joblist.html" "Mozilla/4.0 (compatible; MSIE 6.0; Windows NT 5.1; .NET CLR 1.1.4322)" 218.186.176.197
202.156.2.8 - - [26/May/2004:00:30:59 +0800] "GET /corpcomm/studentplacement/joblist_files/border_left.jpg HTTP/1.1" 304 - "http://www.comp.nus.edu.sg/corpcomm/studentplacement/joblist.html" "Mozilla/4.0 (compatible; MSIE 6.0; Windows NT 5.1; .NET CLR 1.1.4322)" 218.186.176.197
202.156.2.8 - - [26/May/2004:00:30:59 +0800] "GET /corpcomm/studentplacement/joblist_files/border_top.jpg HTTP/1.1" 304 - "http://www.comp.nus.edu.sg/corpcomm/studentplacement/joblist.html" "Mozilla/4.0 (compatible; MSIE 6.0; Windows NT 5.1; .NET CLR 1.1.4322)" 218.186.176.197
202.156.2.8 - - [26/May/2004:00:30:59 +0800] "GET /corpcomm/studentplacement/joblist_files/header_studentplacement.jpg HTTP/1.1" 304 - "http://www.comp.nus.edu.sg/corpcomm/studentplacement/joblist.html" "Mozilla/4.0 (compatible; MSIE 6.0; Windows NT 5.1; .NET CLR 1.1.4322)" 218.186.176.197
