lj1082.inktomisearch.com - - [26/May/2004:00:42:28 +0800] "GET /~leonghw/Admin/TDP/ HTTP/1.0" 200 7461 "-" "Mozilla/5.0 (compatible; Yahoo! Slurp; http://help.yahoo.com/help/us/ysearch/slurp)" -
sth-10-nat-212.116.78.2-cust-brffarmen-cpe.globecom.net - - [26/May/2004:00:42:28 +0800] "GET /~sunyuan/ HTTP/1.1" 200 3152 "-" "Mozilla/4.0 (compatible; MSIE 6.0; Windows NT 5.1; .NET CLR 1.1.4322)" -
80.247.142.97 - - [26/May/2004:00:42:31 +0800] "GET /~ipng/black.htm HTTP/1.1" 200 1889 "http://www.comp.nus.edu.sg/~ipng/mecon.htm" "Mozilla/4.0 (compatible; MSIE 6.0; Windows NT 5.0)" -
sth-10-nat-212.116.78.2-cust-brffarmen-cpe.globecom.net - - [26/May/2004:00:42:32 +0800] "GET /~sunyuan/images/nemo.gif HTTP/1.1" 200 98407 "-" "Mozilla/4.0 (compatible; MSIE 6.0; Windows NT 5.1; .NET CLR 1.1.4322)" -
80.143.85.186 - - [26/May/2004:00:42:33 +0800] "GET /~dcheong/ghost.jpg HTTP/1.1" 404 300 "-" "Mozilla/4.0 (compatible; MSIE 6.0; Windows NT 5.1)" -
sth-10-nat-212.116.78.2-cust-brffarmen-cpe.globecom.net - - [26/May/2004:00:42:35 +0800] "GET /~sunyuan/ HTTP/1.1" 200 3152 "-" "Mozilla/4.0 (compatible; MSIE 6.0; Windows NT 5.1; .NET CLR 1.1.4322)" -
sth-10-nat-212.116.78.2-cust-brffarmen-cpe.globecom.net - - [26/May/2004:00:42:35 +0800] "GET /~sunyuan/images/index_r1_c1.gif HTTP/1.1" 200 1887 "-" "Mozilla/4.0 (compatible; MSIE 6.0; Windows NT 5.1; .NET CLR 1.1.4322)" -
gateway.unab.cl - - [26/May/2004:00:42:35 +0800] "GET /~sunyuan/ HTTP/1.1" 200 3152 "http://images.google.cl/imgres?imgurl=www.comp.nus.edu.sg/~sunyuan/images/nemo.gif&imgrefurl=http://www.comp.nus.edu.sg/~sunyuan/&h=248&w=275&sz=97&tbnid=2kEH2rEHlHsJ:&tbnh=98&tbnw=108&start=8&prev=/images%3Fq%3Dnemo%26hl%3Des%26lr%3D%26ie%3DUTF-8%26sa%3DG" "Mozilla/4.0 (compatible; MSIE 6.0; Windows NT 5.0)" -
80.143.85.186 - - [26/May/2004:00:42:36 +0800] "GET / HTTP/1.1" 200 8789 "-" "Mozilla/4.0 (compatible; MSIE 6.0; Windows NT 5.1)" -
lj1126.inktomisearch.com - - [26/May/2004:00:42:36 +0800] "GET /~fangll/jdk1.2.2/docs/api/javax/swing/text/AbstractDocument.html HTTP/1.0" 404 334 "-" "Mozilla/5.0 (compatible; Yahoo! Slurp; http://help.yahoo.com/help/us/ysearch/slurp)" -
57.red-217-127-2.pooles.rima-tde.net - - [26/May/2004:00:42:37 +0800] "GET /~sunyuan/images/nemo.gif HTTP/1.1" 200 98407 "http://images.google.es/imgres?imgurl=www.comp.nus.edu.sg/~sunyuan/images/nemo.gif&imgrefurl=http://www.comp.nus.edu.sg/~sunyuan/&h=248&w=275&sz=97&tbnid=2kEH2rEHlHsJ:&tbnh=98&tbnw=108&prev=/images%3Fq%3Dnemo%26hl%3Des%26lr%3D%26ie%3DUTF-8%26sa%3DN&frame=small" "Mozilla/4.0 (compatible; MSIE 6.0; Windows NT 5.1)" -
80.143.85.186 - - [26/May/2004:00:42:37 +0800] "GET /images/nussocbanner.gif HTTP/1.1" 200 2693 "-" "Mozilla/4.0 (compatible; MSIE 6.0; Windows NT 5.1)" -
80.143.85.186 - - [26/May/2004:00:42:37 +0800] "GET /nusstyles.css HTTP/1.1" 200 804 "-" "Mozilla/4.0 (compatible; MSIE 6.0; Windows NT 5.1)" -
80.143.85.186 - - [26/May/2004:00:42:38 +0800] "GET /images/facenghd.gif HTTP/1.1" 200 1130 "-" "Mozilla/4.0 (compatible; MSIE 6.0; Windows NT 5.1)" -
80.143.85.186 - - [26/May/2004:00:42:38 +0800] "GET /images/socmain_r3_c6.jpg HTTP/1.1" 200 1575 "-" "Mozilla/4.0 (compatible; MSIE 6.0; Windows NT 5.1)" -
80.143.85.186 - - [26/May/2004:00:42:38 +0800] "GET /images/socmain_r3_c8.jpg HTTP/1.1" 200 1624 "-" "Mozilla/4.0 (compatible; MSIE 6.0; Windows NT 5.1)" -
kla-c-15024.adsl.wanadoo.nl - - [26/May/2004:00:42:39 +0800] "GET /~sunyuan/images/nemo.gif HTTP/1.1" 200 98407 "http://www.look2me.nl/profiel_show.php?user=*KuSzJe*AnNeT*" "Mozilla/4.0 (compatible; MSIE 5.0; Windows 98; DigExt)" -
80.143.85.186 - - [26/May/2004:00:42:39 +0800] "GET /images/socmain_r3_c10.jpg HTTP/1.1" 200 1244 "-" "Mozilla/4.0 (compatible; MSIE 6.0; Windows NT 5.1)" -
pcproxy2.singnet.com.sg - - [26/May/2004:00:42:39 +0800] "GET /~vision/ipal/people.html HTTP/1.1" 200 5372 "http://sg.search.yahoo.com/search/sg?p=Jian+Kang+Wu&ei=UTF-8&y=sg&dx=1&b=21" "Mozilla/4.0 (compatible; MSIE 6.0; Windows NT 5.1)" 165.21.203.53
80.143.85.186 - - [26/May/2004:00:42:39 +0800] "GET /images/socmain_r3_c11.jpg HTTP/1.1" 200 1265 "-" "Mozilla/4.0 (compatible; MSIE 6.0; Windows NT 5.1)" -
lj1016.inktomisearch.com - - [26/May/2004:00:42:39 +0800] "GET /~leonghw/Personal/ACMMM-2003 HTTP/1.0" 401 473 "-" "Mozilla/5.0 (compatible; Yahoo! Slurp; http://help.yahoo.com/help/us/ysearch/slurp)" -
80.143.85.186 - - [26/May/2004:00:42:39 +0800] "GET /images/socmain_r3_c13.jpg HTTP/1.1" 200 7938 "-" "Mozilla/4.0 (compatible; MSIE 6.0; Windows NT 5.1)" -
80.143.85.186 - - [26/May/2004:00:42:40 +0800] "GET /images/recruitment.jpg HTTP/1.1" 200 11411 "-" "Mozilla/4.0 (compatible; MSIE 6.0; Windows NT 5.1)" -
80.143.85.186 - - [26/May/2004:00:42:40 +0800] "GET /images/socmain_r3_c15.jpg HTTP/1.1" 200 1177 "-" "Mozilla/4.0 (compatible; MSIE 6.0; Windows NT 5.1)" -
pcproxy2.singnet.com.sg - - [26/May/2004:00:42:40 +0800] "GET /~vision/ipal/images/ipal.gif HTTP/1.1" 200 3895 "http://www.comp.nus.edu.sg/~vision/ipal/people.html" "Mozilla/4.0 (compatible; MSIE 6.0; Windows NT 5.1)" 165.21.203.53
80.143.85.186 - - [26/May/2004:00:42:40 +0800] "GET /images/socmain_r5_c12.jpg HTTP/1.1" 200 12013 "-" "Mozilla/4.0 (compatible; MSIE 6.0; Windows NT 5.1)" -
pcproxy2.singnet.com.sg - - [26/May/2004:00:42:40 +0800] "GET /~vision/ipal/images/nuslogo.gif HTTP/1.1" 200 3068 "http://www.comp.nus.edu.sg/~vision/ipal/people.html" "Mozilla/4.0 (compatible; MSIE 6.0; Windows NT 5.1)" 165.21.203.53
pcproxy2.singnet.com.sg - - [26/May/2004:00:42:40 +0800] "GET /~vision/ipal/images/cnrslogo.gif HTTP/1.1" 200 2314 "http://www.comp.nus.edu.sg/~vision/ipal/people.html" "Mozilla/4.0 (compatible; MSIE 6.0; Windows NT 5.1)" 165.21.203.53
pcproxy2.singnet.com.sg - - [26/May/2004:00:42:41 +0800] "GET /~vision/ipal/images/krdllogo.gif HTTP/1.1" 200 1865 "http://www.comp.nus.edu.sg/~vision/ipal/people.html" "Mozilla/4.0 (compatible; MSIE 6.0; Windows NT 5.1)" 165.21.203.53
80.143.85.186 - - [26/May/2004:00:42:41 +0800] "GET /images/socmain_r3_c16.jpg HTTP/1.1" 200 1437 "-" "Mozilla/4.0 (compatible; MSIE 6.0; Windows NT 5.1)" -
80.143.85.186 - - [26/May/2004:00:42:41 +0800] "GET /images/socmain_r5_c13.jpg HTTP/1.1" 200 11451 "-" "Mozilla/4.0 (compatible; MSIE 6.0; Windows NT 5.1)" -
pcproxy2.singnet.com.sg - - [26/May/2004:00:42:41 +0800] "GET /~vision/ipal/images/france.gif HTTP/1.1" 200 905 "http://www.comp.nus.edu.sg/~vision/ipal/people.html" "Mozilla/4.0 (compatible; MSIE 6.0; Windows NT 5.1)" 165.21.203.53
80.143.85.186 - - [26/May/2004:00:42:41 +0800] "GET /images/socmain_r5_c14.jpg HTTP/1.1" 200 4432 "-" "Mozilla/4.0 (compatible; MSIE 6.0; Windows NT 5.1)" -
sth-10-nat-212.116.78.2-cust-brffarmen-cpe.globecom.net - - [26/May/2004:00:42:42 +0800] "GET /~sunyuan/images/index_r2_c2_f2.gif HTTP/1.1" 200 23678 "-" "Mozilla/4.0 (compatible; MSIE 6.0; Windows NT 5.1; .NET CLR 1.1.4322)" -
80.143.85.186 - - [26/May/2004:00:42:42 +0800] "GET /images/trans.gif HTTP/1.1" 200 64 "-" "Mozilla/4.0 (compatible; MSIE 6.0; Windows NT 5.1)" -
80.143.85.186 - - [26/May/2004:00:42:42 +0800] "GET /images/sip.gif HTTP/1.1" 200 791 "-" "Mozilla/4.0 (compatible; MSIE 6.0; Windows NT 5.1)" -
pcproxy2.singnet.com.sg - - [26/May/2004:00:42:42 +0800] "GET /~vision/ipal/images/aboutus-button.gif HTTP/1.1" 200 1640 "http://www.comp.nus.edu.sg/~vision/ipal/people.html" "Mozilla/4.0 (compatible; MSIE 6.0; Windows NT 5.1)" 165.21.203.53
80.143.85.186 - - [26/May/2004:00:42:42 +0800] "GET /images/sem-events.gif HTTP/1.1" 200 692 "-" "Mozilla/4.0 (compatible; MSIE 6.0; Windows NT 5.1)" -
80.143.85.186 - - [26/May/2004:00:42:43 +0800] "GET /images/socimage.jpg HTTP/1.1" 200 41463 "-" "Mozilla/4.0 (compatible; MSIE 6.0; Windows NT 5.1)" -
pcproxy2.singnet.com.sg - - [26/May/2004:00:42:43 +0800] "GET /~vision/ipal/images/people-button.gif HTTP/1.1" 200 1561 "http://www.comp.nus.edu.sg/~vision/ipal/people.html" "Mozilla/4.0 (compatible; MSIE 6.0; Windows NT 5.1)" 165.21.203.53
80.143.85.186 - - [26/May/2004:00:42:43 +0800] "GET /images/socmain_r7_c1.jpg HTTP/1.1" 200 1253 "-" "Mozilla/4.0 (compatible; MSIE 6.0; Windows NT 5.1)" -
80.143.85.186 - - [26/May/2004:00:42:43 +0800] "GET /images/socmain_r7_c2.jpg HTTP/1.1" 200 1164 "-" "Mozilla/4.0 (compatible; MSIE 6.0; Windows NT 5.1)" -
80.143.85.186 - - [26/May/2004:00:42:44 +0800] "GET /images/socmain_r7_c4.jpg HTTP/1.1" 200 804 "-" "Mozilla/4.0 (compatible; MSIE 6.0; Windows NT 5.1)" -
80.143.85.186 - - [26/May/2004:00:42:44 +0800] "GET /images/socmain_r7_c5.jpg HTTP/1.1" 200 882 "-" "Mozilla/4.0 (compatible; MSIE 6.0; Windows NT 5.1)" -
pcproxy2.singnet.com.sg - - [26/May/2004:00:42:44 +0800] "GET /~vision/ipal/images/research-button.gif HTTP/1.1" 200 1665 "http://www.comp.nus.edu.sg/~vision/ipal/people.html" "Mozilla/4.0 (compatible; MSIE 6.0; Windows NT 5.1)" 165.21.203.53
80.143.85.186 - - [26/May/2004:00:42:44 +0800] "GET /images/socmain_r7_c7.jpg HTTP/1.1" 200 1020 "-" "Mozilla/4.0 (compatible; MSIE 6.0; Windows NT 5.1)" -
pcproxy2.singnet.com.sg - - [26/May/2004:00:42:45 +0800] "GET /~vision/ipal/images/people.gif HTTP/1.1" 200 1625 "http://www.comp.nus.edu.sg/~vision/ipal/people.html" "Mozilla/4.0 (compatible; MSIE 6.0; Windows NT 5.1)" 165.21.203.53
80.143.85.186 - - [26/May/2004:00:42:45 +0800] "GET /images/socmain_r7_c9f.jpg HTTP/1.1" 200 816 "-" "Mozilla/4.0 (compatible; MSIE 6.0; Windows NT 5.1)" -
80.143.85.186 - - [26/May/2004:00:42:45 +0800] "GET /images/grey.gif HTTP/1.1" 200 133 "-" "Mozilla/4.0 (compatible; MSIE 6.0; Windows NT 5.1)" -
soctf-hon3-003.ddns.comp.nus.edu.sg - - [26/May/2004:00:42:45 +0800] "GET /~nguyentu/nhactac/mp3ss1d.swf HTTP/1.1" 304 - "-" "Mozilla/4.0 (compatible; MSIE 6.0; Windows NT 5.1; Q312461; .NET CLR 1.0.3705; .NET CLR 1.1.4322)" -
soctf-hon3-003.ddns.comp.nus.edu.sg - - [26/May/2004:00:42:45 +0800] "GET /~nguyentu/nhactac/mp3ss3d.swf HTTP/1.1" 304 - "-" "Mozilla/4.0 (compatible; MSIE 6.0; Windows NT 5.1; Q312461; .NET CLR 1.0.3705; .NET CLR 1.1.4322)" -
soctf-hon3-003.ddns.comp.nus.edu.sg - - [26/May/2004:00:42:45 +0800] "GET /~nguyentu/nhactac/mp3ss4d.swf HTTP/1.1" 304 - "-" "Mozilla/4.0 (compatible; MSIE 6.0; Windows NT 5.1; Q312461; .NET CLR 1.0.3705; .NET CLR 1.1.4322)" -
soctf-hon3-003.ddns.comp.nus.edu.sg - - [26/May/2004:00:42:45 +0800] "GET /~nguyentu/nhactac/mp3ss2d.swf HTTP/1.1" 304 - "-" "Mozilla/4.0 (compatible; MSIE 6.0; Windows NT 5.1; Q312461; .NET CLR 1.0.3705; .NET CLR 1.1.4322)" -
220.175.74.60 - - [26/May/2004:00:42:47 +0800] "GET /~renyuan/emotion/ajgd.htm HTTP/1.1" 200 13503 "http://www.google.com/search?hl=zh-CN&ie=UTF-8&q=%E6%97%A7%E6%88%BF%E6%94%B9%E9%80%A0%E8%AE%BA%E6%96%87&lr=lang_zh-CN" "Mozilla/4.0 (compatible; MSIE 6.0; Windows NT 5.0)" -
aneuilly-110-1-3-174.w81-51.abo.wanadoo.fr - - [26/May/2004:00:42:47 +0800] "GET /~sunyuan/ HTTP/1.1" 200 3152 "http://images.google.fr/imgres?imgurl=www.comp.nus.edu.sg/~sunyuan/images/nemo.gif&imgrefurl=http://www.comp.nus.edu.sg/~sunyuan/&h=248&w=275&sz=97&tbnid=2kEH2rEHlHsJ:&tbnh=98&tbnw=108&start=8&prev=/images%3Fq%3Dnemo%26hl%3Dfr%26lr%3D%26ie%3DUTF-8%26sa%3DG" "Mozilla/4.0 (compatible; MSIE 6.0; Windows NT 5.1)" -
kanetti2848.kanetti.com - - [26/May/2004:00:42:47 +0800] "GET /~sunyuan/images/nemo.gif HTTP/1.1" 200 98407 "http://images.google.fi/imgres?imgurl=www.comp.nus.edu.sg/~sunyuan/images/nemo.gif&imgrefurl=http://www.comp.nus.edu.sg/~sunyuan/&h=248&w=275&sz=97&tbnid=2kEH2rEHlHsJ:&tbnh=98&tbnw=108&prev=/images%3Fq%3DNemo%26hl%3Dfi%26lr%3D%26ie%3DUTF-8&frame=small" "Mozilla/4.0 (compatible; MSIE 6.0; Windows 98; .NET CLR 1.1.4322)" -
80.143.85.186 - - [26/May/2004:00:42:48 +0800] "GET /~dcheong/ HTTP/1.1" 404 291 "-" "Mozilla/4.0 (compatible; MSIE 6.0; Windows NT 5.1)" -
57.red-217-127-2.pooles.rima-tde.net - - [26/May/2004:00:42:49 +0800] "GET /~sunyuan/ HTTP/1.1" 200 3152 "http://images.google.es/imgres?imgurl=www.comp.nus.edu.sg/~sunyuan/images/nemo.gif&imgrefurl=http://www.comp.nus.edu.sg/~sunyuan/&h=248&w=275&sz=97&tbnid=2kEH2rEHlHsJ:&tbnh=98&tbnw=108&start=8&prev=/images%3Fq%3Dnemo%26hl%3Des%26lr%3D%26ie%3DUTF-8%26sa%3DN" "Mozilla/4.0 (compatible; MSIE 6.0; Windows NT 5.1)" -
200.74.219.54 - - [26/May/2004:00:42:52 +0800] "GET /~dcheong/ghost.jpg HTTP/1.0" 404 288 "http://images.google.co.ve/imgres?imgurl=www.comp.nus.edu.sg/~dcheong/ghost.jpg&imgrefurl=http://www.comp.nus.edu.sg/~dcheong/&h=600&w=800&sz=74&tbnid=EqAVt3UWRtMJ:&tbnh=106&tbnw=141&prev=/images%3Fq%3Dghost%26hl%3Des%26lr%3D%26ie%3DUTF-8&frame=small" "Mozilla/4.0 (compatible; MSIE 6.0; Windows NT 5.1; .NET CLR 1.1.4322)" -
200.74.219.54 - - [26/May/2004:00:42:52 +0800] "GET /~dcheong/ HTTP/1.0" 404 279 "http://images.google.co.ve/imgres?imgurl=www.comp.nus.edu.sg/~dcheong/ghost.jpg&imgrefurl=http://www.comp.nus.edu.sg/~dcheong/&h=600&w=800&sz=74&tbnid=EqAVt3UWRtMJ:&tbnh=106&tbnw=141&start=3&prev=/images%3Fq%3Dghost%26hl%3Des%26lr%3D%26ie%3DUTF-8" "Mozilla/4.0 (compatible; MSIE 6.0; Windows NT 5.1; .NET CLR 1.1.4322)" -
220.175.74.60 - - [26/May/2004:00:42:52 +0800] "GET /~renyuan/emotion/image/ht1.jpg HTTP/1.1" 200 3696 "http://www.comp.nus.edu.sg/~renyuan/emotion/ajgd.htm" "Mozilla/4.0 (compatible; MSIE 6.0; Windows NT 5.0)" -
kanetti2848.kanetti.com - - [26/May/2004:00:42:53 +0800] "GET /~sunyuan/ HTTP/1.1" 200 3152 "http://images.google.fi/imgres?imgurl=www.comp.nus.edu.sg/~sunyuan/images/nemo.gif&imgrefurl=http://www.comp.nus.edu.sg/~sunyuan/&h=248&w=275&sz=97&tbnid=2kEH2rEHlHsJ:&tbnh=98&tbnw=108&start=8&prev=/images%3Fq%3DNemo%26hl%3Dfi%26lr%3D%26ie%3DUTF-8" "Mozilla/4.0 (compatible; MSIE 6.0; Windows 98; .NET CLR 1.1.4322)" -
62.114.99.227 - - [26/May/2004:00:42:53 +0800] "GET /~cs2102/slides/cs2102-decomp.pdf HTTP/1.1" 206 132506 "-" "Mozilla/4.0 (compatible; MSIE 5.5; Windows 98; Win 9x 4.90)" -
220.175.74.60 - - [26/May/2004:00:42:53 +0800] "GET /~renyuan/emotion/image/ht2.jpg HTTP/1.1" 200 3843 "http://www.comp.nus.edu.sg/~renyuan/emotion/ajgd.htm" "Mozilla/4.0 (compatible; MSIE 6.0; Windows NT 5.0)" -
kanetti2848.kanetti.com - - [26/May/2004:00:42:53 +0800] "GET /~sunyuan/images/index_r1_c1.gif HTTP/1.1" 200 1887 "http://www.comp.nus.edu.sg/~sunyuan/" "Mozilla/4.0 (compatible; MSIE 6.0; Windows 98; .NET CLR 1.1.4322)" -
kanetti2848.kanetti.com - - [26/May/2004:00:42:53 +0800] "GET /~sunyuan/images/index_r2_c3.gif HTTP/1.1" 200 11308 "http://www.comp.nus.edu.sg/~sunyuan/" "Mozilla/4.0 (compatible; MSIE 6.0; Windows 98; .NET CLR 1.1.4322)" -
lj1225.inktomisearch.com - - [26/May/2004:00:42:53 +0800] "GET /~fangll/jdk1.2.2/docs/api/java/rmi/dgc/class-use/Lease.html HTTP/1.0" 404 329 "-" "Mozilla/5.0 (compatible; Yahoo! Slurp; http://help.yahoo.com/help/us/ysearch/slurp)" -
220.175.74.60 - - [26/May/2004:00:42:54 +0800] "GET /~renyuan/emotion/image/ht12.jpg HTTP/1.1" 200 3647 "http://www.comp.nus.edu.sg/~renyuan/emotion/ajgd.htm" "Mozilla/4.0 (compatible; MSIE 6.0; Windows NT 5.0)" -
200.74.219.54 - - [26/May/2004:00:42:54 +0800] "GET /~dcheong/ HTTP/1.0" 404 279 "http://images.google.co.ve/imgres?imgurl=www.comp.nus.edu.sg/~dcheong/ghost.jpg&imgrefurl=http://www.comp.nus.edu.sg/~dcheong/&h=600&w=800&sz=74&tbnid=EqAVt3UWRtMJ:&tbnh=106&tbnw=141&start=3&prev=/images%3Fq%3Dghost%26hl%3Des%26lr%3D%26ie%3DUTF-8" "Mozilla/4.0 (compatible; MSIE 6.0; Windows NT 5.1; .NET CLR 1.1.4322)" -
kanetti2848.kanetti.com - - [26/May/2004:00:42:54 +0800] "GET /~sunyuan/images/index_r3_c2.gif HTTP/1.1" 200 8177 "http://www.comp.nus.edu.sg/~sunyuan/" "Mozilla/4.0 (compatible; MSIE 6.0; Windows 98; .NET CLR 1.1.4322)" -
kanetti2848.kanetti.com - - [26/May/2004:00:42:55 +0800] "GET /~sunyuan/images/index_r2_c1.gif HTTP/1.1" 200 12459 "http://www.comp.nus.edu.sg/~sunyuan/" "Mozilla/4.0 (compatible; MSIE 6.0; Windows 98; .NET CLR 1.1.4322)" -
kanetti2848.kanetti.com - - [26/May/2004:00:42:56 +0800] "GET /~sunyuan/images/index_r2_c2_f2.gif HTTP/1.1" 200 23678 "http://www.comp.nus.edu.sg/~sunyuan/" "Mozilla/4.0 (compatible; MSIE 6.0; Windows 98; .NET CLR 1.1.4322)" -
61.183.177.171 - - [26/May/2004:00:42:56 +0800] "GET /~nghoongk/lyrics/singer239-1.html HTTP/1.1" 200 15934 "http://www.google.com/search?hl=zh-CN&inlang=zh-CN&ie=GB2312&q=%C4%AA%CE%C4%CE%B5+%B2%BB%D2%AA%D4%D9%CF%EB%C6%F0&lr=" "Mozilla/4.0 (compatible; MSIE 5.01; Windows NT 5.0)" -
adsl20.dyn239.pacific.net.sg - - [26/May/2004:00:42:56 +0800] "GET /~ngziming/P1010040.JPG HTTP/1.1" 404 304 "-" "Mozilla/4.0 (compatible; MSIE 6.0; Windows NT 5.1)" -
220.175.74.60 - - [26/May/2004:00:42:57 +0800] "GET /~renyuan/emotion/image/ht11.jpg HTTP/1.1" 200 8136 "http://www.comp.nus.edu.sg/~renyuan/emotion/ajgd.htm" "Mozilla/4.0 (compatible; MSIE 6.0; Windows NT 5.0)" -
197-132.priv.nus.edu.sg - - [26/May/2004:00:42:58 +0800] "GET /~nguyenhu/MOM/avatar.jpg HTTP/1.1" 200 34601 "http://www.vncnus.net/forum/viewtopic.php?t=7993" "Mozilla/4.0 (compatible; MSIE 6.0; Windows NT 5.1; .NET CLR 1.0.3705)" -
pcproxy2.singnet.com.sg - - [26/May/2004:00:42:58 +0800] "GET /~vision/ipal/research.html HTTP/1.1" 200 5496 "http://www.comp.nus.edu.sg/~vision/ipal/people.html" "Mozilla/4.0 (compatible; MSIE 6.0; Windows NT 5.1)" 165.21.203.53
pcproxy2.singnet.com.sg - - [26/May/2004:00:42:59 +0800] "GET /~vision/ipal/images/research.gif HTTP/1.1" 200 1809 "http://www.comp.nus.edu.sg/~vision/ipal/research.html" "Mozilla/4.0 (compatible; MSIE 6.0; Windows NT 5.1)" 165.21.203.53
adsl20.dyn239.pacific.net.sg - - [26/May/2004:00:43:01 +0800] "GET /~ngziming/P1010038.JPG HTTP/1.1" 404 304 "-" "Mozilla/4.0 (compatible; MSIE 6.0; Windows NT 5.1)" -
fcomet.singnet.com.sg - - [26/May/2004:00:43:01 +0800] "GET /~lijia1/goodies/content/botanic_garden_2002/108-0815_img.htm HTTP/1.1" 200 1381 "http://sg.search.yahoo.com/search/sg?p=%22botanic+garden%22&ei=UTF-8&y=Singapore" "Mozilla/4.0 (compatible; MSIE 6.0; Windows NT 5.0)" 165.21.190.160
220.175.74.60 - - [26/May/2004:00:43:01 +0800] "GET /~renyuan/emotion/image/ht6.jpg HTTP/1.1" 200 3985 "http://www.comp.nus.edu.sg/~renyuan/emotion/ajgd.htm" "Mozilla/4.0 (compatible; MSIE 6.0; Windows NT 5.0)" -
rupee.cc.strath.ac.uk - - [26/May/2004:00:43:02 +0800] "GET /~sunyuan/images/nemo.gif HTTP/1.0" 304 - "http://gt4oc.unstable.org.uk/viewtopic.php?p=94341&sid=ff09ebc03790d5398ec78510f774962e" "Mozilla/4.0 (compatible; MSIE 6.0; Windows NT 5.0)" 130.159.84.221
140.112.5.250 - - [26/May/2004:00:43:02 +0800] "GET /contactus.html HTTP/1.0" 200 12211 "-" "Mozilla/3.01 (compatible;)" -
220.175.74.60 - - [26/May/2004:00:43:03 +0800] "GET /~renyuan/emotion/image/sm_hutong02.jpg HTTP/1.1" 200 3481 "http://www.comp.nus.edu.sg/~renyuan/emotion/ajgd.htm" "Mozilla/4.0 (compatible; MSIE 6.0; Windows NT 5.0)" -
adsl20.dyn239.pacific.net.sg - - [26/May/2004:00:43:05 +0800] "GET /~ngziming/P1010030.JPG HTTP/1.1" 404 304 "-" "Mozilla/4.0 (compatible; MSIE 6.0; Windows NT 5.1)" -
ppp-203.144.143.250.revip.asianet.co.th - - [26/May/2004:00:43:05 +0800] "GET /~ooibc/courses/sql/plsql.htm HTTP/1.0" 200 16572 "http://www.google.com/search?sourceid=navclient&q=after+insert+return+num+row+pl%2Fsql" "Mozilla/4.0 (compatible; MSIE 6.0; Windows NT 5.0; Q312461; .NET CLR 1.0.3705)" 202.133.172.56
202.83.96.6 - - [26/May/2004:00:43:06 +0800] "GET /~it1002/about.html HTTP/1.1" 200 1904 "-" "Mozilla/4.0 (compatible;)" -
62.114.99.227 - - [26/May/2004:00:43:07 +0800] "GET /~cs2102/slides/CS2102-3NF.pdf HTTP/1.1" 200 0 "-" "Mozilla/4.0 (compatible; MSIE 5.5; Windows 98; Win 9x 4.90)" -
ppp-203.144.143.250.revip.asianet.co.th - - [26/May/2004:00:43:08 +0800] "GET /~ooibc/courses/sql/image014.gif HTTP/1.0" 200 3138 "http://www.comp.nus.edu.sg/~ooibc/courses/sql/plsql.htm" "Mozilla/4.0 (compatible; MSIE 6.0; Windows NT 5.0; Q312461; .NET CLR 1.0.3705)" 202.133.172.56
r9.mk.cnb.yahoo.com - - [26/May/2004:00:43:09 +0800] "GET /%7Exuedamin/funny/0036.gif HTTP/1.0" 200 4226 "-" "Openfind data gatherer, Openbot/3.0+(robot-response@openfind.com.tw;+http://www.openfind.com.tw/robot.html)" -
62.114.99.227 - - [26/May/2004:00:43:10 +0800] "GET /~cs2102/slides/CS2102-3NF.pdf HTTP/1.1" 206 0 "-" "contype" -
bbcache-16.singnet.com.sg - - [26/May/2004:00:43:10 +0800] "GET /~yuxiaoxu/Photos/Singapore/singapore.htm HTTP/1.1" 200 5812 "-" "Mozilla/4.0 (compatible;)" 165.21.154.159
u23-176.u203-187.giga.net.tw - - [26/May/2004:00:43:11 +0800] "GET /~nghoongk/lyrics/singer280-2.html HTTP/1.1" 200 17115 "-" "Mozilla/4.0 (compatible; MSIE 6.0; Windows NT 5.1)" -
u23-176.u203-187.giga.net.tw - - [26/May/2004:00:43:11 +0800] "GET /~nghoongk/lyrics/m.gif HTTP/1.1" 304 - "-" "Mozilla/4.0 (compatible; MSIE 6.0; Windows NT 5.1)" -
62.114.99.227 - - [26/May/2004:00:43:11 +0800] "GET /~cs2102/slides/CS2102-3NF.pdf HTTP/1.1" 206 0 "-" "Mozilla/4.0 (compatible; MSIE 5.5; Windows 98; Win 9x 4.90)" -
u23-176.u203-187.giga.net.tw - - [26/May/2004:00:43:11 +0800] "GET /~nghoongk/lyrics/c.gif HTTP/1.1" 304 - "-" "Mozilla/4.0 (compatible; MSIE 6.0; Windows NT 5.1)" -
adsl20.dyn239.pacific.net.sg - - [26/May/2004:00:43:12 +0800] "GET /~ngziming/P1010028.JPG HTTP/1.1" 304 - "-" "Mozilla/4.0 (compatible; MSIE 6.0; Windows NT 5.1)" -
u23-176.u203-187.giga.net.tw - - [26/May/2004:00:43:12 +0800] "GET /~nghoongk/lyrics/o.gif HTTP/1.1" 200 907 "-" "Mozilla/4.0 (compatible; MSIE 6.0; Windows NT 5.1)" -
linux134.macs.hw.ac.uk - - [26/May/2004:00:43:12 +0800] "GET /~sunyuan/images/nemo.gif HTTP/1.1" 200 98407 "http://gt4oc.unstable.org.uk/viewtopic.php?p=94341" "Opera/6.11 (Linux 2.4.20-27.8 i686; U)  [en]" -
ip503de5cf.speed.planet.nl - - [26/May/2004:00:43:12 +0800] "GET /~sunyuan/images/nemo.gif HTTP/1.1" 200 98407 "http://harryweb.proboards21.com/index.cgi?board=general&action=display&num=1083701067&start=15" "Mozilla/4.0 (compatible; MSIE 6.0; Windows NT 5.1; FunWebProducts; Hotbar 4.4.6.0)" -
adsl91.dyn205.pacific.net.sg - - [26/May/2004:00:43:13 +0800] "GET /~ngziming/P1010028.jpg HTTP/1.1" 404 304 "-" "Mozilla/4.0 (compatible; MSIE 6.0; Windows NT 5.1)" -
ip51cdf10b.adsl-surfen.hetnet.nl - - [26/May/2004:00:43:13 +0800] "GET /~sunyuan/images/nemo.gif HTTP/1.1" 200 98407 "-" "Mozilla/4.0 (compatible; MSIE 6.0; Windows NT 5.1; FunWebProducts)" -
65.54.164.110 - - [26/May/2004:00:43:14 +0800] "GET /corpcomm/orgchart.htm HTTP/1.0" 200 2381 "-" "msnbot/0.11 (+http://search.msn.com/msnbot.htm)" -
218.244.107.5 - - [26/May/2004:00:43:16 +0800] "GET /~nghoongk/lyrics/c.gif HTTP/1.1" 200 870 "http://www.comp.nus.edu.sg/~nghoongk/lyrics/singer218-3.html" "Mozilla/4.0 (compatible; MSIE 6.0; Windows NT 5.1)" -
218.244.107.5 - - [26/May/2004:00:43:16 +0800] "GET /~nghoongk/lyrics/m.gif HTTP/1.1" 200 872 "http://www.comp.nus.edu.sg/~nghoongk/lyrics/singer218-3.html" "Mozilla/4.0 (compatible; MSIE 6.0; Windows NT 5.1)" -
220.175.74.60 - - [26/May/2004:00:43:17 +0800] "GET /~renyuan/emotion/image/bgtxt.jpg HTTP/1.1" 200 28536 "http://www.comp.nus.edu.sg/~renyuan/emotion/ajgd.htm" "Mozilla/4.0 (compatible; MSIE 6.0; Windows NT 5.0)" -
193-12.priv.nus.edu.sg - - [26/May/2004:00:43:17 +0800] "GET /~huynhgia/download/signature.gif HTTP/1.1" 200 68966 "http://forum.vncnus.net/viewtopic.php?t=8081&highlight=" "Mozilla/4.0 (compatible; MSIE 6.0; Windows NT 5.1)" -
anancy-110-1-26-78.w81-248.abo.wanadoo.fr - - [26/May/2004:00:43:17 +0800] "GET /~sunyuan/ HTTP/1.1" 200 3152 "http://images.google.fr/imgres?imgurl=www.comp.nus.edu.sg/~sunyuan/images/nemo.gif&imgrefurl=http://www.comp.nus.edu.sg/~sunyuan/&h=248&w=275&sz=97&tbnid=2kEH2rEHlHsJ:&tbnh=98&tbnw=108&start=3&prev=/images%3Fq%3Dn%25C3%25A9mo%26hl%3Dfr%26lr%3D%26ie%3DUTF-8%26sa%3DN" "Mozilla/4.0 (compatible; MSIE 6.0; Windows NT 5.1; Wanadoo 6.0; .NET CLR 1.1.4322)" -
fcomet.singnet.com.sg - - [26/May/2004:00:43:17 +0800] "GET /~lijia1/goodies/content/botanic_garden_2002/108-0815_img_std.jpg HTTP/1.1" 200 127737 "http://www.comp.nus.edu.sg/~lijia1/goodies/content/botanic_garden_2002/108-0815_img.htm" "Mozilla/4.0 (compatible; MSIE 6.0; Windows NT 5.0)" 165.21.190.160
anancy-110-1-26-78.w81-248.abo.wanadoo.fr - - [26/May/2004:00:43:18 +0800] "GET /~sunyuan/images/index_r2_c1.gif HTTP/1.1" 200 12459 "http://www.comp.nus.edu.sg/~sunyuan/" "Mozilla/4.0 (compatible; MSIE 6.0; Windows NT 5.1; Wanadoo 6.0; .NET CLR 1.1.4322)" -
anancy-110-1-26-78.w81-248.abo.wanadoo.fr - - [26/May/2004:00:43:18 +0800] "GET /~sunyuan/images/index_r1_c1.gif HTTP/1.1" 200 1887 "http://www.comp.nus.edu.sg/~sunyuan/" "Mozilla/4.0 (compatible; MSIE 6.0; Windows NT 5.1; Wanadoo 6.0; .NET CLR 1.1.4322)" -
218.244.107.5 - - [26/May/2004:00:43:19 +0800] "GET /~nghoongk/lyrics/singer218-3.html HTTP/1.1" 200 14629 "http://www.google.com/search?hl=zh-CN&ie=UTF-8&q=%E6%88%91%E5%BE%80%E9%82%A3%E9%87%8C%E6%89%BE+%E6%AD%8C%E8%AF%8D&btnG=%E6%90%9C%E7%B4%A2&lr=" "Mozilla/4.0 (compatible; MSIE 6.0; Windows NT 5.1)" -
anancy-110-1-26-78.w81-248.abo.wanadoo.fr - - [26/May/2004:00:43:19 +0800] "GET /~sunyuan/images/index_r2_c2_f2.gif HTTP/1.1" 200 0 "http://www.comp.nus.edu.sg/~sunyuan/" "Mozilla/4.0 (compatible; MSIE 6.0; Windows NT 5.1; Wanadoo 6.0; .NET CLR 1.1.4322)" -
c-24-9-25-253.client.comcast.net - - [26/May/2004:00:43:20 +0800] "GET /~sunyuan/ HTTP/1.1" 200 3152 "http://images.google.com/imgres?imgurl=www.comp.nus.edu.sg/~sunyuan/images/nemo.gif&imgrefurl=http://www.comp.nus.edu.sg/~sunyuan/&h=248&w=275&sz=97&tbnid=2kEH2rEHlHsJ:&tbnh=98&tbnw=108&start=9&prev=/images%3Fq%3DNEmo%26hl%3Den%26lr%3D%26ie%3DUTF-8%26sa%3DN" "Mozilla/4.0 (compatible; MSIE 6.0; Windows 98)" -
c-24-9-25-253.client.comcast.net - - [26/May/2004:00:43:21 +0800] "GET /~sunyuan/images/index_r1_c1.gif HTTP/1.1" 200 1887 "http://www.comp.nus.edu.sg/~sunyuan/" "Mozilla/4.0 (compatible; MSIE 6.0; Windows 98)" -
anancy-110-1-26-78.w81-248.abo.wanadoo.fr - - [26/May/2004:00:43:22 +0800] "GET /~sunyuan/images/nemo.gif HTTP/1.1" 200 98407 "http://images.google.fr/imgres?imgurl=www.comp.nus.edu.sg/~sunyuan/images/nemo.gif&imgrefurl=http://www.comp.nus.edu.sg/~sunyuan/&h=248&w=275&sz=97&tbnid=2kEH2rEHlHsJ:&tbnh=98&tbnw=108&prev=/images%3Fq%3Dn%25C3%25A9mo%26hl%3Dfr%26lr%3D%26ie%3DUTF-8%26sa%3DN&frame=small" "Mozilla/4.0 (compatible; MSIE 6.0; Windows NT 5.1; Wanadoo 6.0; .NET CLR 1.1.4322)" -
c-24-9-25-253.client.comcast.net - - [26/May/2004:00:43:22 +0800] "GET /~sunyuan/images/index_r2_c1.gif HTTP/1.1" 200 12459 "http://www.comp.nus.edu.sg/~sunyuan/" "Mozilla/4.0 (compatible; MSIE 6.0; Windows 98)" -
c-24-9-25-253.client.comcast.net - - [26/May/2004:00:43:22 +0800] "GET /~sunyuan/images/index_r2_c3.gif HTTP/1.1" 200 11308 "http://www.comp.nus.edu.sg/~sunyuan/" "Mozilla/4.0 (compatible; MSIE 6.0; Windows 98)" -
anancy-110-1-26-78.w81-248.abo.wanadoo.fr - - [26/May/2004:00:43:23 +0800] "GET /~sunyuan/ HTTP/1.1" 200 3152 "http://images.google.fr/imgres?imgurl=www.comp.nus.edu.sg/~sunyuan/images/nemo.gif&imgrefurl=http://www.comp.nus.edu.sg/~sunyuan/&h=248&w=275&sz=97&tbnid=2kEH2rEHlHsJ:&tbnh=98&tbnw=108&start=3&prev=/images%3Fq%3Dn%25C3%25A9mo%26hl%3Dfr%26lr%3D%26ie%3DUTF-8%26sa%3DN" "Mozilla/4.0 (compatible; MSIE 6.0; Windows NT 5.1; Wanadoo 6.0; .NET CLR 1.1.4322)" -
76-28.priv.nus.edu.sg - - [26/May/2004:00:43:24 +0800] "GET /~cs1105 HTTP/1.1" 301 327 "http://www.comp.nus.edu.sg/~cmcurric/AY2003_4/cfm_2003_4_sem2.htm" "Mozilla/4.0 (compatible; MSIE 6.0; Windows NT 5.1; .NET CLR 1.1.4322)" -
76-28.priv.nus.edu.sg - - [26/May/2004:00:43:25 +0800] "GET /~cs1105/ HTTP/1.1" 200 180 "http://www.comp.nus.edu.sg/~cmcurric/AY2003_4/cfm_2003_4_sem2.htm" "Mozilla/4.0 (compatible; MSIE 6.0; Windows NT 5.1; .NET CLR 1.1.4322)" -
66.196.90.28 - - [26/May/2004:00:43:25 +0800] "GET /robots.txt HTTP/1.0" 404 280 "-" "Mozilla/5.0 (compatible; Yahoo! Slurp; http://help.yahoo.com/help/us/ysearch/slurp)" -
62.114.99.227 - - [26/May/2004:00:43:27 +0800] "GET /~cs2102/slides/CS2102-3NF.pdf HTTP/1.1" 206 86924 "-" "Mozilla/4.0 (compatible; MSIE 5.5; Windows 98; Win 9x 4.90)" -
ip503de5cf.speed.planet.nl - - [26/May/2004:00:43:29 +0800] "GET /~sunyuan/images/nemo.gif HTTP/1.1" 200 98407 "http://harryweb.proboards21.com/index.cgi?board=harryjudd&action=display&num=1085181459" "Mozilla/4.0 (compatible; MSIE 6.0; Windows NT 5.1; FunWebProducts; Hotbar 4.4.6.0)" -
218.19.68.95 - - [26/May/2004:00:43:29 +0800] "GET /~nghoongk/lyrics/singer335-1.html HTTP/1.1" 200 2469 "-" "Mozilla/4.0 (compatible; MSIE 6.0; Windows NT 5.1)" -
c-24-9-25-253.client.comcast.net - - [26/May/2004:00:43:30 +0800] "GET /~sunyuan/images/nemo.gif HTTP/1.1" 200 65536 "http://www.comp.nus.edu.sg/~sunyuan/" "Mozilla/4.0 (compatible; MSIE 6.0; Windows 98)" -
218.19.68.95 - - [26/May/2004:00:43:30 +0800] "GET /~nghoongk/lyrics/c.gif HTTP/1.1" 304 - "-" "Mozilla/4.0 (compatible; MSIE 6.0; Windows NT 5.1)" -
c-24-9-25-253.client.comcast.net - - [26/May/2004:00:43:30 +0800] "GET /~sunyuan/images/index_r3_c2.gif HTTP/1.1" 200 8177 "http://www.comp.nus.edu.sg/~sunyuan/" "Mozilla/4.0 (compatible; MSIE 6.0; Windows 98)" -
165.21.154.14 - - [26/May/2004:00:43:32 +0800] "GET /students/students.htm HTTP/1.1" 200 8101 "-" "Mozilla/4.0 (compatible; MSIE 6.0; Windows NT 5.1; Q312461; i-NavFourF)" 220.255.116.97, 165.21.154.144
toronto-hse-ppp3885508.sympatico.ca - - [26/May/2004:00:43:32 +0800] "GET /~ankush/cs1104/jan02/5_MSI_chips.ppt HTTP/1.1" 200 890368 "http://www.google.ca/search?q=74138+pin+configuration&ie=UTF-8&hl=en&meta=" "Mozilla/4.0 (compatible; MSIE 6.0; Windows NT 5.1)" -
165.21.154.14 - - [26/May/2004:00:43:32 +0800] "GET /images/nussocbanner.gif HTTP/1.1" 304 - "-" "Mozilla/3.01 (compatible;)" 165.21.154.151
165.21.154.9 - - [26/May/2004:00:43:32 +0800] "GET /images/socmain_r3_c6.jpg HTTP/1.1" 304 - "-" "Mozilla/3.01 (compatible;)" 165.21.154.152
165.21.154.14 - - [26/May/2004:00:43:33 +0800] "GET /images/recruitment.jpg HTTP/1.1" 304 - "-" "Mozilla/3.01 (compatible;)" 165.21.154.131
165.21.154.14 - - [26/May/2004:00:43:33 +0800] "GET /images/socmain_r7_c1.jpg HTTP/1.1" 304 - "-" "Mozilla/3.01 (compatible;)" 165.21.154.144
165.21.154.9 - - [26/May/2004:00:43:33 +0800] "GET /images/socmain_r7_c2.jpg HTTP/1.1" 304 - "-" "Mozilla/3.01 (compatible;)" 165.21.154.148
165.21.154.14 - - [26/May/2004:00:43:33 +0800] "GET /images/socmain_r7_c4.jpg HTTP/1.1" 304 - "-" "Mozilla/3.01 (compatible;)" 165.21.154.150
165.21.154.14 - - [26/May/2004:00:43:33 +0800] "GET /images/socmain_r7_c5.jpg HTTP/1.1" 304 - "-" "Mozilla/3.01 (compatible;)" 165.21.154.151
165.21.154.9 - - [26/May/2004:00:43:33 +0800] "GET /images/socmain_r7_c9f.jpg HTTP/1.1" 304 - "-" "Mozilla/3.01 (compatible;)" 165.21.154.138
na508.online-age.net - - [26/May/2004:00:43:36 +0800] "GET /~ooibc/courses/cs5226week0.ppt HTTP/1.0" 200 70144 "http://www.google.com/search?hl=en&ie=UTF-8&q=What+is+mean+by+Database+Tuning&btnG=Google+Search" "Mozilla/4.0 (compatible; MSIE 6.0; Windows NT 5.0)" -
adsl91.dyn205.pacific.net.sg - - [26/May/2004:00:43:37 +0800] "GET /~ngziming/P1010028.JPG HTTP/1.1" 200 849925 "-" "Mozilla/4.0 (compatible; MSIE 6.0; Windows NT 5.1)" -
gallina.lixto.tuwien.ac.at - - [26/May/2004:00:43:38 +0800] "GET /%7Enght/ HTTP/1.1" 200 4545 "-" "Mozilla/4.77 [en]" -
65.246.232.101 - - [26/May/2004:00:43:40 +0800] "GET /~sunyuan/images/nemo.gif HTTP/1.0" 200 98407 "http://members.migente.com/Mg_New_GraphicZ/" "Mozilla/4.0 (compatible; MSIE 5.01; Windows NT 5.0)" -
62.114.99.227 - - [26/May/2004:00:43:40 +0800] "GET /~cs2102/tutorials/cs2102-tut-normal.pdf HTTP/1.1" 200 16137 "-" "Mozilla/4.0 (compatible; MSIE 5.5; Windows 98; Win 9x 4.90)" -
80.143.85.186 - - [26/May/2004:00:43:43 +0800] "GET /~dcheong/ HTTP/1.1" 404 291 "-" "Mozilla/4.0 (compatible; MSIE 6.0; Windows NT 5.1)" -
bbcache-9.singnet.com.sg - - [26/May/2004:00:43:44 +0800] "GET /~compclub/adrenalin HTTP/1.1" 301 339 "-" "Mozilla/4.0 (compatible; MSIE 6.0; Windows NT 5.1) Opera 7.20  [en]" 203.125.48.167, 165.21.154.159
131.204.162.208 - - [26/May/2004:00:43:44 +0800] "GET /~cheeys/Publications/1997/ICCE1997Chee.pdf HTTP/1.1" 206 0 "-" "Mozilla/4.0 (compatible; MSIE 6.0; Windows NT 5.1; .NET CLR 1.1.4322)" -
crawl22-public.alexa.com - - [26/May/2004:00:43:44 +0800] "GET /~zuoli/me/SingleEyeDragon.JPG HTTP/1.0" 200 327253 "-" "ia_archiver" -
62.114.99.227 - - [26/May/2004:00:43:44 +0800] "GET /~cs2102/tutorials/cs2102-tut-normal.pdf HTTP/1.1" 206 0 "-" "contype" -
131.204.162.208 - - [26/May/2004:00:43:45 +0800] "GET /~cheeys/Publications/1997/ICCE1997Chee.pdf HTTP/1.1" 200 0 "-" "Mozilla/4.0 (compatible; MSIE 6.0; Windows NT 5.1; .NET CLR 1.1.4322)" -
80.143.85.186 - - [26/May/2004:00:43:45 +0800] "GET /~dcheong/ HTTP/1.1" 404 291 "-" "Mozilla/4.0 (compatible; MSIE 6.0; Windows NT 5.1)" -
cache218.156ce.maxonline.com.sg - - [26/May/2004:00:43:46 +0800] "GET /~online/course_list/courses_special.html HTTP/1.1" 200 9193 "http://www.comp.nus.edu.sg/~online/course_list/courses.html" "Mozilla/4.0 (compatible; MSIE 6.0; Windows NT 5.1; .NET CLR 1.1.4322)" 218.212.206.120
211.22.33.18 - - [26/May/2004:00:43:46 +0800] "GET /~nghoongk/lyrics/singer45-1.html HTTP/1.0" 200 2786 "-" "Mozilla/3.01 (compatible;)" -
131.204.162.208 - - [26/May/2004:00:43:46 +0800] "GET /~cheeys/Publications/1997/ICCE1997Chee.pdf HTTP/1.1" 206 65536 "-" "Mozilla/4.0 (compatible; MSIE 6.0; Windows NT 5.1; .NET CLR 1.1.4322)" -
bbcache-9.singnet.com.sg - - [26/May/2004:00:43:47 +0800] "GET /~compclub/adrenalin/ HTTP/1.1" 200 119 "-" "Mozilla/4.0 (compatible; MSIE 6.0; Windows NT 5.1) Opera 7.20  [en]" 203.125.48.167, 165.21.154.140
131.204.162.208 - - [26/May/2004:00:43:47 +0800] "GET /~cheeys/Publications/1997/ICCE1997Chee.pdf HTTP/1.1" 206 0 "-" "Mozilla/4.0 (compatible; MSIE 6.0; Windows NT 5.1; .NET CLR 1.1.4322)" -
131.204.162.208 - - [26/May/2004:00:43:48 +0800] "GET /~cheeys/Publications/1997/ICCE1997Chee.pdf HTTP/1.1" 206 0 "-" "Mozilla/4.0 (compatible; MSIE 6.0; Windows NT 5.1; .NET CLR 1.1.4322)" -
62.114.99.227 - - [26/May/2004:00:43:48 +0800] "GET /~cs2102/tutorials/cs2102-tut-normal.pdf HTTP/1.1" 206 14316 "-" "Mozilla/4.0 (compatible; MSIE 5.5; Windows 98; Win 9x 4.90)" -
adsl91.dyn205.pacific.net.sg - - [26/May/2004:00:43:48 +0800] "GET /~ngziming/P1010039.jpg HTTP/1.1" 404 304 "-" "Mozilla/4.0 (compatible; MSIE 6.0; Windows NT 5.1)" -
lj1168.inktomisearch.com - - [26/May/2004:00:43:48 +0800] "GET /~tantc/prep/slides/trans6/sld001.htm HTTP/1.0" 200 1210 "-" "Mozilla/5.0 (compatible; Yahoo! Slurp; http://help.yahoo.com/help/us/ysearch/slurp)" -
131.204.162.208 - - [26/May/2004:00:43:49 +0800] "GET /~cheeys/Publications/1997/ICCE1997Chee.pdf HTTP/1.1" 206 0 "-" "Mozilla/4.0 (compatible; MSIE 6.0; Windows NT 5.1; .NET CLR 1.1.4322)" -
131.204.162.208 - - [26/May/2004:00:43:49 +0800] "GET /~cheeys/Publications/1997/ICCE1997Chee.pdf HTTP/1.1" 206 0 "-" "Mozilla/4.0 (compatible; MSIE 6.0; Windows NT 5.1; .NET CLR 1.1.4322)" -
131.204.162.208 - - [26/May/2004:00:43:50 +0800] "GET /~cheeys/Publications/1997/ICCE1997Chee.pdf HTTP/1.1" 206 0 "-" "Mozilla/4.0 (compatible; MSIE 6.0; Windows NT 5.1; .NET CLR 1.1.4322)" -
131.204.162.208 - - [26/May/2004:00:43:50 +0800] "GET /~cheeys/Publications/1997/ICCE1997Chee.pdf HTTP/1.1" 206 0 "-" "Mozilla/4.0 (compatible; MSIE 6.0; Windows NT 5.1; .NET CLR 1.1.4322)" -
lj1179.inktomisearch.com - - [26/May/2004:00:43:51 +0800] "GET /~cs2104s/01-02-2/ProgAssgn/Phase1Submission/U008529N/parser_out.18 HTTP/1.0" 404 336 "-" "Mozilla/5.0 (compatible; Yahoo! Slurp; http://help.yahoo.com/help/us/ysearch/slurp)" -
202.131.117.76 - - [26/May/2004:00:43:56 +0800] "GET /~sourabhs/4274/final.ppt HTTP/1.0" 200 402944 "http://www.google.co.in/search?hl=en&ie=UTF-8&q=vertical+handoff+in+heterogeneous+4g+networks&spell=1" "Mozilla/5.0 (X11; U; Linux i686; en-US; rv:1.0.1) Gecko/20020830" 192.168.1.12
201.129.93.98 - - [26/May/2004:00:43:57 +0800] "GET /~sunyuan/ HTTP/1.1" 200 3152 "http://images.google.com.mx/imgres?imgurl=www.comp.nus.edu.sg/~sunyuan/images/nemo.gif&imgrefurl=http://www.comp.nus.edu.sg/~sunyuan/&h=248&w=275&sz=97&tbnid=2kEH2rEHlHsJ:&tbnh=98&tbnw=108&start=8&prev=/images%3Fq%3Dnemo%26hl%3Des%26lr%3D%26ie%3DUTF-8" "Mozilla/4.0 (compatible; MSIE 5.5; Windows 98; Win 9x 4.90; FunWebProducts; Hotbar 4.4.5.0)" -
201.129.93.98 - - [26/May/2004:00:43:58 +0800] "GET /~sunyuan/images/index_r1_c1.gif HTTP/1.1" 200 1887 "http://www.comp.nus.edu.sg/~sunyuan/" "Mozilla/4.0 (compatible; MSIE 5.5; Windows 98; Win 9x 4.90; FunWebProducts; Hotbar 4.4.5.0)" -
gallina.lixto.tuwien.ac.at - - [26/May/2004:00:43:58 +0800] "GET /%7Ehenz/ HTTP/1.1" 200 19706 "-" "Mozilla/4.77 [en]" -
142.227.235.130 - - [26/May/2004:00:43:59 +0800] "GET /~sunyuan/ HTTP/1.0" 200 3140 "http://images.google.ca/imgres?imgurl=www.comp.nus.edu.sg/~sunyuan/images/nemo.gif&imgrefurl=http://www.comp.nus.edu.sg/~sunyuan/&h=248&w=275&sz=97&tbnid=2kEH2rEHlHsJ:&tbnh=98&tbnw=108&start=8&prev=/images%3Fq%3DNemo%26hl%3Den%26lr%3D%26ie%3DUTF-8" "Mozilla/4.0 (compatible; MSIE 6.0; Windows 98)" 10.0.0.98
201.129.93.98 - - [26/May/2004:00:43:59 +0800] "GET /~sunyuan/images/index_r2_c1.gif HTTP/1.1" 200 12459 "http://www.comp.nus.edu.sg/~sunyuan/" "Mozilla/4.0 (compatible; MSIE 5.5; Windows 98; Win 9x 4.90; FunWebProducts; Hotbar 4.4.5.0)" -
201.129.93.98 - - [26/May/2004:00:44:00 +0800] "GET /~sunyuan/images/index_r2_c3.gif HTTP/1.1" 200 11308 "http://www.comp.nus.edu.sg/~sunyuan/" "Mozilla/4.0 (compatible; MSIE 5.5; Windows 98; Win 9x 4.90; FunWebProducts; Hotbar 4.4.5.0)" -
201.129.93.98 - - [26/May/2004:00:44:00 +0800] "GET /~sunyuan/images/nemo.gif HTTP/1.1" 200 98407 "http://www.comp.nus.edu.sg/~sunyuan/" "Mozilla/4.0 (compatible; MSIE 5.5; Windows 98; Win 9x 4.90; FunWebProducts; Hotbar 4.4.5.0)" -
80.247.142.97 - - [26/May/2004:00:44:00 +0800] "GET /~ipng/mecon.htm HTTP/1.1" 200 10739 "http://www.comp.nus.edu.sg/~ipng/black.htm" "Mozilla/4.0 (compatible; MSIE 6.0; Windows NT 5.0)" -
201.129.93.98 - - [26/May/2004:00:44:01 +0800] "GET /~sunyuan/images/index_r3_c2.gif HTTP/1.1" 200 8177 "http://www.comp.nus.edu.sg/~sunyuan/" "Mozilla/4.0 (compatible; MSIE 5.5; Windows 98; Win 9x 4.90; FunWebProducts; Hotbar 4.4.5.0)" -
62.114.99.227 - - [26/May/2004:00:44:01 +0800] "GET /~cs2102/tutorials/cs2102-tut-FD.pdf HTTP/1.1" 200 0 "-" "Mozilla/4.0 (compatible; MSIE 5.5; Windows 98; Win 9x 4.90)" -
cache218.156ce.maxonline.com.sg - - [26/May/2004:00:44:01 +0800] "GET /~online/course_list/courses.html HTTP/1.1" 200 61637 "http://www.comp.nus.edu.sg/students/students.htm" "Mozilla/4.0 (compatible; MSIE 6.0; Windows NT 5.1; .NET CLR 1.1.4322)" 218.212.206.120
201.129.93.98 - - [26/May/2004:00:44:01 +0800] "GET /~sunyuan/images/index_r2_c2_f2.gif HTTP/1.1" 200 23678 "http://www.comp.nus.edu.sg/~sunyuan/" "Mozilla/4.0 (compatible; MSIE 5.5; Windows 98; Win 9x 4.90; FunWebProducts; Hotbar 4.4.5.0)" -
218.94.100.200 - - [26/May/2004:00:44:02 +0800] "GET /~xuemingq/myInterests/lord.html HTTP/1.0" 200 323 "http://search.sina.com.cn/cgi-bin/search/search.cgi?_searchkey=%D6%B8%BB%B7%CD%F5%BA%A3%B1%A8&_lk=%D6%B8%BB%B7%CD%F5&_andor=and&_ss=avcn&_search=+%CB%D1+%CB%F7+&lr=cn" "Mozilla/4.0 (compatible; MSIE 6.0; Windows NT 5.0; MyIE2)" -
62.114.99.227 - - [26/May/2004:00:44:04 +0800] "GET /~cs2102/tutorials/cs2102-tut-FD.pdf HTTP/1.1" 206 0 "-" "contype" -
62.114.99.227 - - [26/May/2004:00:44:05 +0800] "GET /~cs2102/tutorials/cs2102-tut-FD.pdf HTTP/1.1" 206 0 "-" "Mozilla/4.0 (compatible; MSIE 5.5; Windows 98; Win 9x 4.90)" -
202.156.2.218 - - [26/May/2004:00:44:06 +0800] "GET /students/students.htm HTTP/1.1" 200 8101 "http://www.comp.nus.edu.sg/" "Mozilla/4.0 (compatible; MSIE 6.0; Windows NT 5.1; .NET CLR 1.1.4322)" 218.212.206.120
adsl91.dyn205.pacific.net.sg - - [26/May/2004:00:44:08 +0800] "GET /~ngziming/P1010039.JPG HTTP/1.1" 200 738063 "-" "Mozilla/4.0 (compatible; MSIE 6.0; Windows NT 5.1)" -
adsl20.dyn239.pacific.net.sg - - [26/May/2004:00:44:11 +0800] "GET /~ngziming/P1010029.JPG HTTP/1.1" 404 304 "-" "Mozilla/4.0 (compatible; MSIE 6.0; Windows NT 5.1)" -
62.114.99.227 - - [26/May/2004:00:44:11 +0800] "GET /~cs2102/tutorials/cs2102-tut-FD.pdf HTTP/1.1" 206 38707 "-" "Mozilla/4.0 (compatible; MSIE 5.5; Windows 98; Win 9x 4.90)" -
128.131.111.181 - - [26/May/2004:00:44:13 +0800] "GET /%7Engyk/ HTTP/1.1" 404 288 "-" "Mozilla/4.77 [en]" -
62.114.99.227 - - [26/May/2004:00:44:17 +0800] "GET /~cs2102/tutorials/cs2102-assign.pdf HTTP/1.1" 200 0 "-" "Mozilla/4.0 (compatible; MSIE 5.5; Windows 98; Win 9x 4.90)" -
adsl20.dyn239.pacific.net.sg - - [26/May/2004:00:44:17 +0800] "GET /~ngziming/P1010030.JPG HTTP/1.1" 404 304 "-" "Mozilla/4.0 (compatible; MSIE 6.0; Windows NT 5.1)" -
62.114.99.227 - - [26/May/2004:00:44:20 +0800] "GET /~cs2102/tutorials/cs2102-assign.pdf HTTP/1.1" 206 0 "-" "contype" -
201.129.93.98 - - [26/May/2004:00:44:20 +0800] "GET /~sunyuan/images/nemo.gif HTTP/1.1" 304 - "http://images.google.com.mx/imgres?imgurl=www.comp.nus.edu.sg/~sunyuan/images/nemo.gif&imgrefurl=http://www.comp.nus.edu.sg/~sunyuan/&h=248&w=275&sz=97&tbnid=2kEH2rEHlHsJ:&tbnh=98&tbnw=108&prev=/images%3Fq%3Dnemo%26hl%3Des%26lr%3D%26ie%3DUTF-8&frame=small" "Mozilla/4.0 (compatible; MSIE 5.5; Windows 98; Win 9x 4.90; FunWebProducts; Hotbar 4.4.5.0)" -
adsl91.dyn205.pacific.net.sg - - [26/May/2004:00:44:21 +0800] "GET /~ngziming/P1010033.jpg HTTP/1.1" 404 304 "-" "Mozilla/4.0 (compatible; MSIE 6.0; Windows NT 5.1)" -
220.234.60.26 - - [26/May/2004:00:44:22 +0800] "GET /~liuzhouj/Thailand_II/TN_35.JPG HTTP/1.1" 304 - "http://www.blogcn.com/blog/cool/main.asp?uid=piggerlele" "Mozilla/4.0 (compatible; MSIE 6.0; Windows NT 5.0)" -
62.114.99.227 - - [26/May/2004:00:44:22 +0800] "GET /~cs2102/tutorials/cs2102-assign.pdf HTTP/1.1" 206 0 "-" "Mozilla/4.0 (compatible; MSIE 5.5; Windows 98; Win 9x 4.90)" -
172.18.181.25 - - [26/May/2004:00:44:25 +0800] "GET / HTTP/1.1" 200 8789 "-" "Mozilla/4.0 (compatible; MSIE 6.0; Windows NT 5.1; Q312461; .NET CLR 1.0.3705)" -
172.18.181.25 - - [26/May/2004:00:44:26 +0800] "GET /nusstyles.css HTTP/1.1" 304 - "http://www.comp.nus.edu.sg/" "Mozilla/4.0 (compatible; MSIE 6.0; Windows NT 5.1; Q312461; .NET CLR 1.0.3705)" -
172.18.181.25 - - [26/May/2004:00:44:26 +0800] "GET /images/nussocbanner.gif HTTP/1.1" 304 - "http://www.comp.nus.edu.sg/" "Mozilla/4.0 (compatible; MSIE 6.0; Windows NT 5.1; Q312461; .NET CLR 1.0.3705)" -
172.18.181.25 - - [26/May/2004:00:44:26 +0800] "GET /images/facenghd.gif HTTP/1.1" 304 - "http://www.comp.nus.edu.sg/" "Mozilla/4.0 (compatible; MSIE 6.0; Windows NT 5.1; Q312461; .NET CLR 1.0.3705)" -
172.18.181.25 - - [26/May/2004:00:44:26 +0800] "GET /images/socmain_r3_c6.jpg HTTP/1.1" 304 - "http://www.comp.nus.edu.sg/" "Mozilla/4.0 (compatible; MSIE 6.0; Windows NT 5.1; Q312461; .NET CLR 1.0.3705)" -
172.18.181.25 - - [26/May/2004:00:44:26 +0800] "GET /images/socmain_r3_c8.jpg HTTP/1.1" 304 - "http://www.comp.nus.edu.sg/" "Mozilla/4.0 (compatible; MSIE 6.0; Windows NT 5.1; Q312461; .NET CLR 1.0.3705)" -
172.18.181.25 - - [26/May/2004:00:44:26 +0800] "GET /images/socmain_r3_c10.jpg HTTP/1.1" 304 - "http://www.comp.nus.edu.sg/" "Mozilla/4.0 (compatible; MSIE 6.0; Windows NT 5.1; Q312461; .NET CLR 1.0.3705)" -
172.18.181.25 - - [26/May/2004:00:44:26 +0800] "GET /images/socmain_r3_c11.jpg HTTP/1.1" 304 - "http://www.comp.nus.edu.sg/" "Mozilla/4.0 (compatible; MSIE 6.0; Windows NT 5.1; Q312461; .NET CLR 1.0.3705)" -
172.18.181.25 - - [26/May/2004:00:44:26 +0800] "GET /images/socmain_r3_c13.jpg HTTP/1.1" 304 - "http://www.comp.nus.edu.sg/" "Mozilla/4.0 (compatible; MSIE 6.0; Windows NT 5.1; Q312461; .NET CLR 1.0.3705)" -
172.18.181.25 - - [26/May/2004:00:44:26 +0800] "GET /images/recruitment.jpg HTTP/1.1" 304 - "http://www.comp.nus.edu.sg/" "Mozilla/4.0 (compatible; MSIE 6.0; Windows NT 5.1; Q312461; .NET CLR 1.0.3705)" -
172.18.181.25 - - [26/May/2004:00:44:26 +0800] "GET /images/socmain_r3_c15.jpg HTTP/1.1" 304 - "http://www.comp.nus.edu.sg/" "Mozilla/4.0 (compatible; MSIE 6.0; Windows NT 5.1; Q312461; .NET CLR 1.0.3705)" -
172.18.181.25 - - [26/May/2004:00:44:26 +0800] "GET /images/socmain_r3_c16.jpg HTTP/1.1" 304 - "http://www.comp.nus.edu.sg/" "Mozilla/4.0 (compatible; MSIE 6.0; Windows NT 5.1; Q312461; .NET CLR 1.0.3705)" -
172.18.181.25 - - [26/May/2004:00:44:26 +0800] "GET /images/socmain_r5_c12.jpg HTTP/1.1" 304 - "http://www.comp.nus.edu.sg/" "Mozilla/4.0 (compatible; MSIE 6.0; Windows NT 5.1; Q312461; .NET CLR 1.0.3705)" -
172.18.181.25 - - [26/May/2004:00:44:26 +0800] "GET /images/socmain_r5_c13.jpg HTTP/1.1" 304 - "http://www.comp.nus.edu.sg/" "Mozilla/4.0 (compatible; MSIE 6.0; Windows NT 5.1; Q312461; .NET CLR 1.0.3705)" -
172.18.181.25 - - [26/May/2004:00:44:26 +0800] "GET /images/socmain_r5_c14.jpg HTTP/1.1" 304 - "http://www.comp.nus.edu.sg/" "Mozilla/4.0 (compatible; MSIE 6.0; Windows NT 5.1; Q312461; .NET CLR 1.0.3705)" -
172.18.181.25 - - [26/May/2004:00:44:26 +0800] "GET /images/trans.gif HTTP/1.1" 304 - "http://www.comp.nus.edu.sg/" "Mozilla/4.0 (compatible; MSIE 6.0; Windows NT 5.1; Q312461; .NET CLR 1.0.3705)" -
172.18.181.25 - - [26/May/2004:00:44:26 +0800] "GET /images/sip.gif HTTP/1.1" 304 - "http://www.comp.nus.edu.sg/" "Mozilla/4.0 (compatible; MSIE 6.0; Windows NT 5.1; Q312461; .NET CLR 1.0.3705)" -
172.18.181.25 - - [26/May/2004:00:44:26 +0800] "GET /images/sem-events.gif HTTP/1.1" 304 - "http://www.comp.nus.edu.sg/" "Mozilla/4.0 (compatible; MSIE 6.0; Windows NT 5.1; Q312461; .NET CLR 1.0.3705)" -
172.18.181.25 - - [26/May/2004:00:44:26 +0800] "GET /images/socimage.jpg HTTP/1.1" 304 - "http://www.comp.nus.edu.sg/" "Mozilla/4.0 (compatible; MSIE 6.0; Windows NT 5.1; Q312461; .NET CLR 1.0.3705)" -
172.18.181.25 - - [26/May/2004:00:44:26 +0800] "GET /images/socmain_r7_c2.jpg HTTP/1.1" 304 - "http://www.comp.nus.edu.sg/" "Mozilla/4.0 (compatible; MSIE 6.0; Windows NT 5.1; Q312461; .NET CLR 1.0.3705)" -
172.18.181.25 - - [26/May/2004:00:44:26 +0800] "GET /images/socmain_r7_c1.jpg HTTP/1.1" 304 - "http://www.comp.nus.edu.sg/" "Mozilla/4.0 (compatible; MSIE 6.0; Windows NT 5.1; Q312461; .NET CLR 1.0.3705)" -
172.18.181.25 - - [26/May/2004:00:44:26 +0800] "GET /images/socmain_r7_c4.jpg HTTP/1.1" 304 - "http://www.comp.nus.edu.sg/" "Mozilla/4.0 (compatible; MSIE 6.0; Windows NT 5.1; Q312461; .NET CLR 1.0.3705)" -
172.18.181.25 - - [26/May/2004:00:44:26 +0800] "GET /images/socmain_r7_c5.jpg HTTP/1.1" 304 - "http://www.comp.nus.edu.sg/" "Mozilla/4.0 (compatible; MSIE 6.0; Windows NT 5.1; Q312461; .NET CLR 1.0.3705)" -
adsl91.dyn205.pacific.net.sg - - [26/May/2004:00:44:26 +0800] "GET /~ngziming/P1010033.JPG HTTP/1.1" 304 - "-" "Mozilla/4.0 (compatible; MSIE 6.0; Windows NT 5.1)" -
172.18.181.25 - - [26/May/2004:00:44:26 +0800] "GET /images/socmain_r7_c7.jpg HTTP/1.1" 304 - "http://www.comp.nus.edu.sg/" "Mozilla/4.0 (compatible; MSIE 6.0; Windows NT 5.1; Q312461; .NET CLR 1.0.3705)" -
172.18.181.25 - - [26/May/2004:00:44:26 +0800] "GET /images/socmain_r7_c9f.jpg HTTP/1.1" 304 - "http://www.comp.nus.edu.sg/" "Mozilla/4.0 (compatible; MSIE 6.0; Windows NT 5.1; Q312461; .NET CLR 1.0.3705)" -
172.18.181.25 - - [26/May/2004:00:44:26 +0800] "GET /images/grey.gif HTTP/1.1" 200 133 "http://www.comp.nus.edu.sg/" "Mozilla/4.0 (compatible; MSIE 6.0; Windows NT 5.1; Q312461; .NET CLR 1.0.3705)" -
pali.nus.edu.sg - - [26/May/2004:00:44:28 +0800] "GET /~jameshin/j1/friendship.php HTTP/1.1" 200 5849 "-" "Mozilla/4.0 (compatible; MSIE 6.0; Windows NT 5.1; Q312461; Hotbar 4.4.5.0; i-NavFourF; .NET CLR 1.0.3705)" 172.20.204.236
trance.gfed.net - - [26/May/2004:00:44:28 +0800] "GET /~huyu HTTP/1.1" 301 325 "-" "Mozilla/4.0 (compatible; MSIE 6.0; Windows NT 5.1; .NET CLR 1.1.4322)" -
trance.gfed.net - - [26/May/2004:00:44:28 +0800] "GET /~huyu/ HTTP/1.1" 200 506 "-" "Mozilla/4.0 (compatible; MSIE 6.0; Windows NT 5.1; .NET CLR 1.1.4322)" -
pali.nus.edu.sg - - [26/May/2004:00:44:28 +0800] "GET /~jameshin/j1/img/stars.gif HTTP/1.1" 200 10191 "http://www.comp.nus.edu.sg/~jameshin/j1/friendship.php" "Mozilla/4.0 (compatible; MSIE 6.0; Windows NT 5.1; Q312461; Hotbar 4.4.5.0; i-NavFourF; .NET CLR 1.0.3705)" 172.20.204.236
pali.nus.edu.sg - - [26/May/2004:00:44:28 +0800] "GET /~jameshin/j1/img/pooh01.gif HTTP/1.1" 200 11373 "http://www.comp.nus.edu.sg/~jameshin/j1/friendship.php" "Mozilla/4.0 (compatible; MSIE 6.0; Windows NT 5.1; Q312461; Hotbar 4.4.5.0; i-NavFourF; .NET CLR 1.0.3705)" 172.20.204.236
pali.nus.edu.sg - - [26/May/2004:00:44:28 +0800] "GET /~jameshin/j1/img/pooh02.gif HTTP/1.1" 200 16365 "http://www.comp.nus.edu.sg/~jameshin/j1/friendship.php" "Mozilla/4.0 (compatible; MSIE 6.0; Windows NT 5.1; Q312461; Hotbar 4.4.5.0; i-NavFourF; .NET CLR 1.0.3705)" 172.20.204.236
pali.nus.edu.sg - - [26/May/2004:00:44:28 +0800] "GET /~jameshin/j1/img/background.jpg HTTP/1.1" 200 62985 "http://www.comp.nus.edu.sg/~jameshin/j1/friendship.php" "Mozilla/4.0 (compatible; MSIE 6.0; Windows NT 5.1; Q312461; Hotbar 4.4.5.0; i-NavFourF; .NET CLR 1.0.3705)" 172.20.204.236
trance.gfed.net - - [26/May/2004:00:44:29 +0800] "GET /~huyu/content.htm HTTP/1.1" 200 2420 "http://www.comp.nus.edu.sg/~huyu/" "Mozilla/4.0 (compatible; MSIE 6.0; Windows NT 5.1; .NET CLR 1.1.4322)" -
pali.nus.edu.sg - - [26/May/2004:00:44:29 +0800] "GET /~jameshin/j1/swear-it-again.mid HTTP/1.1" 200 26230 "http://www.comp.nus.edu.sg/~jameshin/j1/friendship.php" "Mozilla/4.0 (compatible; MSIE 6.0; Windows NT 5.1; Q312461; Hotbar 4.4.5.0; i-NavFourF; .NET CLR 1.0.3705)" 172.20.204.236
trance.gfed.net - - [26/May/2004:00:44:29 +0800] "GET /~huyu/intro.htm HTTP/1.1" 200 2426 "http://www.comp.nus.edu.sg/~huyu/" "Mozilla/4.0 (compatible; MSIE 6.0; Windows NT 5.1; .NET CLR 1.1.4322)" -
trance.gfed.net - - [26/May/2004:00:44:29 +0800] "GET /~huyu/new2.jpg HTTP/1.1" 200 31449 "http://www.comp.nus.edu.sg/~huyu/intro.htm" "Mozilla/4.0 (compatible; MSIE 6.0; Windows NT 5.1; .NET CLR 1.1.4322)" -
62.114.99.227 - - [26/May/2004:00:44:30 +0800] "GET /~cs2102/tutorials/cs2102-assign.pdf HTTP/1.1" 206 38601 "-" "Mozilla/4.0 (compatible; MSIE 5.5; Windows 98; Win 9x 4.90)" -
cache162.156ce.maxonline.com.sg - - [26/May/2004:00:44:30 +0800] "GET /~nghoongk/lyrics/ HTTP/1.1" 200 59710 "-" "Mozilla/4.0 (compatible; MSIE 6.0; Windows NT 5.1; .NET CLR 1.1.4322)" 202.156.13.112
cache162.156ce.maxonline.com.sg - - [26/May/2004:00:44:30 +0800] "GET /~nghoongk/lyrics/m.gif HTTP/1.1" 304 - "-" "Mozilla/4.0 (compatible; MSIE 6.0; Windows NT 5.1; .NET CLR 1.1.4322)" 202.156.13.112
