172.18.76.28 - - [26/May/2004:00:39:16 +0800] "GET /undergradprog/images/nussocbanner.gif HTTP/1.1" 304 - "http://www.comp.nus.edu.sg/undergradprog/CFM.htm" "Mozilla/4.0 (compatible; MSIE 6.0; Windows NT 5.1; .NET CLR 1.1.4322)" -
ec2182.engga.uwo.ca - - [26/May/2004:00:39:16 +0800] "GET /~pris/FuzzyLogic/SourceCodeDetailed1.html HTTP/1.1" 200 15717 "-" "Mozilla/4.0 (compatible; MSIE 6.0; Windows NT 5.0; .NET CLR 1.0.3705; .NET CLR 1.1.4322)" -
172.18.76.28 - - [26/May/2004:00:39:16 +0800] "GET /undergradprog/images/facenghd.gif HTTP/1.1" 304 - "http://www.comp.nus.edu.sg/undergradprog/CFM.htm" "Mozilla/4.0 (compatible; MSIE 6.0; Windows NT 5.1; .NET CLR 1.1.4322)" -
211.22.33.2 - - [26/May/2004:00:39:16 +0800] "GET /~nghoongk/lyrics/singer249-1.html HTTP/1.0" 200 14247 "-" "Mozilla/3.01 (compatible;)" -
172.18.76.28 - - [26/May/2004:00:39:16 +0800] "GET /undergradprog/images/socmain_r3_c6.jpg HTTP/1.1" 304 - "http://www.comp.nus.edu.sg/undergradprog/CFM.htm" "Mozilla/4.0 (compatible; MSIE 6.0; Windows NT 5.1; .NET CLR 1.1.4322)" -
172.18.76.28 - - [26/May/2004:00:39:16 +0800] "GET /undergradprog/images/socmain_r3_c11.jpg HTTP/1.1" 304 - "http://www.comp.nus.edu.sg/undergradprog/CFM.htm" "Mozilla/4.0 (compatible; MSIE 6.0; Windows NT 5.1; .NET CLR 1.1.4322)" -
172.18.76.28 - - [26/May/2004:00:39:17 +0800] "GET /undergradprog/images/socmain_r3_c10.jpg HTTP/1.1" 304 - "http://www.comp.nus.edu.sg/undergradprog/CFM.htm" "Mozilla/4.0 (compatible; MSIE 6.0; Windows NT 5.1; .NET CLR 1.1.4322)" -
ec2182.engga.uwo.ca - - [26/May/2004:00:39:17 +0800] "GET /~pris/Buttons/PreviousButton.gif HTTP/1.1" 200 1500 "http://www.comp.nus.edu.sg/~pris/FuzzyLogic/SourceCodeDetailed1.html" "Mozilla/4.0 (compatible; MSIE 6.0; Windows NT 5.0; .NET CLR 1.0.3705; .NET CLR 1.1.4322)" -
172.18.76.28 - - [26/May/2004:00:39:17 +0800] "GET /undergradprog/images/socmain_r3_c8.jpg HTTP/1.1" 304 - "http://www.comp.nus.edu.sg/undergradprog/CFM.htm" "Mozilla/4.0 (compatible; MSIE 6.0; Windows NT 5.1; .NET CLR 1.1.4322)" -
172.18.76.28 - - [26/May/2004:00:39:17 +0800] "GET /undergradprog/images/socmain_r3_c13.jpg HTTP/1.1" 304 - "http://www.comp.nus.edu.sg/undergradprog/CFM.htm" "Mozilla/4.0 (compatible; MSIE 6.0; Windows NT 5.1; .NET CLR 1.1.4322)" -
ec2182.engga.uwo.ca - - [26/May/2004:00:39:17 +0800] "GET /~pris/Buttons/TopButton.jpg HTTP/1.1" 200 7867 "http://www.comp.nus.edu.sg/~pris/FuzzyLogic/SourceCodeDetailed1.html" "Mozilla/4.0 (compatible; MSIE 6.0; Windows NT 5.0; .NET CLR 1.0.3705; .NET CLR 1.1.4322)" -
ec2182.engga.uwo.ca - - [26/May/2004:00:39:17 +0800] "GET /~pris/Buttons/NextButton.gif HTTP/1.1" 200 1498 "http://www.comp.nus.edu.sg/~pris/FuzzyLogic/SourceCodeDetailed1.html" "Mozilla/4.0 (compatible; MSIE 6.0; Windows NT 5.0; .NET CLR 1.0.3705; .NET CLR 1.1.4322)" -
201.128.88.193 - - [26/May/2004:00:39:17 +0800] "GET /~cheeys/DrChee.JPG HTTP/1.1" 200 26106 "http://www.comp.nus.edu.sg/~cheeys/" "Mozilla/4.0 (compatible; MSIE 6.0; Windows 98; Win 9x 4.90)" -
172.18.76.28 - - [26/May/2004:00:39:17 +0800] "GET /undergradprog/images/socmain_r3_c15.jpg HTTP/1.1" 304 - "http://www.comp.nus.edu.sg/undergradprog/CFM.htm" "Mozilla/4.0 (compatible; MSIE 6.0; Windows NT 5.1; .NET CLR 1.1.4322)" -
172.18.76.28 - - [26/May/2004:00:39:17 +0800] "GET /undergradprog/images/socmain_r3_c16.jpg HTTP/1.1" 304 - "http://www.comp.nus.edu.sg/undergradprog/CFM.htm" "Mozilla/4.0 (compatible; MSIE 6.0; Windows NT 5.1; .NET CLR 1.1.4322)" -
ec2182.engga.uwo.ca - - [26/May/2004:00:39:17 +0800] "GET /~pris/Buttons/ZoomOutButton.gif HTTP/1.1" 200 243 "http://www.comp.nus.edu.sg/~pris/FuzzyLogic/SourceCodeDetailed1.html" "Mozilla/4.0 (compatible; MSIE 6.0; Windows NT 5.0; .NET CLR 1.0.3705; .NET CLR 1.1.4322)" -
172.18.76.28 - - [26/May/2004:00:39:17 +0800] "GET /undergradprog/images/socmain_r5_c12.jpg HTTP/1.1" 304 - "http://www.comp.nus.edu.sg/undergradprog/CFM.htm" "Mozilla/4.0 (compatible; MSIE 6.0; Windows NT 5.1; .NET CLR 1.1.4322)" -
172.18.76.28 - - [26/May/2004:00:39:17 +0800] "GET /undergradprog/images/socmain_r5_c14.jpg HTTP/1.1" 304 - "http://www.comp.nus.edu.sg/undergradprog/CFM.htm" "Mozilla/4.0 (compatible; MSIE 6.0; Windows NT 5.1; .NET CLR 1.1.4322)" -
172.18.76.28 - - [26/May/2004:00:39:17 +0800] "GET /undergradprog/images/socmain_r7_c1.jpg HTTP/1.1" 304 - "http://www.comp.nus.edu.sg/undergradprog/CFM.htm" "Mozilla/4.0 (compatible; MSIE 6.0; Windows NT 5.1; .NET CLR 1.1.4322)" -
172.18.76.28 - - [26/May/2004:00:39:18 +0800] "GET /undergradprog/images/socmain_r7_c2.jpg HTTP/1.1" 304 - "http://www.comp.nus.edu.sg/undergradprog/CFM.htm" "Mozilla/4.0 (compatible; MSIE 6.0; Windows NT 5.1; .NET CLR 1.1.4322)" -
172.18.76.28 - - [26/May/2004:00:39:18 +0800] "GET /undergradprog/images/socmain_r7_c4.jpg HTTP/1.1" 304 - "http://www.comp.nus.edu.sg/undergradprog/CFM.htm" "Mozilla/4.0 (compatible; MSIE 6.0; Windows NT 5.1; .NET CLR 1.1.4322)" -
172.18.76.28 - - [26/May/2004:00:39:18 +0800] "GET /undergradprog/images/socmain_r7_c5.jpg HTTP/1.1" 304 - "http://www.comp.nus.edu.sg/undergradprog/CFM.htm" "Mozilla/4.0 (compatible; MSIE 6.0; Windows NT 5.1; .NET CLR 1.1.4322)" -
197-132.priv.nus.edu.sg - - [26/May/2004:00:39:18 +0800] "GET /~levinhda/matlab/Dave%2520R.%2520Axe%2520kick%2520copy.jpg HTTP/1.1" 200 12229 "http://www.vncnus.net/forum/viewtopic.php?t=8067" "Mozilla/4.0 (compatible; MSIE 6.0; Windows NT 5.1; .NET CLR 1.0.3705)" -
172.18.76.28 - - [26/May/2004:00:39:18 +0800] "GET /undergradprog/images/socmain_r7_c7.jpg HTTP/1.1" 304 - "http://www.comp.nus.edu.sg/undergradprog/CFM.htm" "Mozilla/4.0 (compatible; MSIE 6.0; Windows NT 5.1; .NET CLR 1.1.4322)" -
172.18.76.28 - - [26/May/2004:00:39:18 +0800] "GET /undergradprog/images/socmain_r7_c9.jpg HTTP/1.1" 304 - "http://www.comp.nus.edu.sg/undergradprog/CFM.htm" "Mozilla/4.0 (compatible; MSIE 6.0; Windows NT 5.1; .NET CLR 1.1.4322)" -
172.18.76.28 - - [26/May/2004:00:39:18 +0800] "GET /undergradprog/images/socmain_r7_c10.jpg HTTP/1.1" 304 - "http://www.comp.nus.edu.sg/undergradprog/CFM.htm" "Mozilla/4.0 (compatible; MSIE 6.0; Windows NT 5.1; .NET CLR 1.1.4322)" -
172.18.76.28 - - [26/May/2004:00:39:18 +0800] "GET /undergradprog/images/socmain_r7_c17.jpg HTTP/1.1" 304 - "http://www.comp.nus.edu.sg/undergradprog/CFM.htm" "Mozilla/4.0 (compatible; MSIE 6.0; Windows NT 5.1; .NET CLR 1.1.4322)" -
cache-frr-ae13.proxy.aol.com - - [26/May/2004:00:39:21 +0800] "GET /~sunyuan/ HTTP/1.1" 200 3152 "http://images.google.de/imgres?imgurl=www.comp.nus.edu.sg/~sunyuan/images/nemo.gif&imgrefurl=http://www.comp.nus.edu.sg/~sunyuan/&h=248&w=275&sz=97&tbnid=2kEH2rEHlHsJ:&tbnh=98&tbnw=108&start=8&prev=/images%3Fq%3Dnemo%26hl%3Dde%26lr%3D%26ie%3DUTF-8%26sa%3DG" "Mozilla/4.0 (compatible; MSIE 6.0; AOL 7.0; Windows NT 5.1; Q312461)" -
201.128.88.193 - - [26/May/2004:00:39:21 +0800] "GET /~hcheng HTTP/1.1" 301 327 "http://www.comp.nus.edu./cs/acad_staff.html" "Mozilla/4.0 (compatible; MSIE 6.0; Windows 98; Win 9x 4.90)" -
201.128.88.193 - - [26/May/2004:00:39:21 +0800] "GET /~hcheng/ HTTP/1.1" 200 12649 "http://www.comp.nus.edu./cs/acad_staff.html" "Mozilla/4.0 (compatible; MSIE 6.0; Windows 98; Win 9x 4.90)" -
220.255.49.18 - - [26/May/2004:00:39:22 +0800] "GET /favicon.ico HTTP/1.1" 404 293 "-" "Avant Browser (http://www.avantbrowser.com)" -
cache162.156ce.maxonline.com.sg - - [26/May/2004:00:39:22 +0800] "GET /~angpheng/who.html HTTP/1.1" 200 3180 "http://www.comp.nus.edu.sg/~angpheng/benefits.html" "Mozilla/4.0 (compatible; MSIE 6.0; Windows NT 5.1; .NET CLR 1.1.4322)" 202.156.215.250
cache162.156ce.maxonline.com.sg - - [26/May/2004:00:39:22 +0800] "GET /~angpheng/nusmcstyle.css HTTP/1.1" 200 153 "http://www.comp.nus.edu.sg/~angpheng/who.html" "Mozilla/4.0 (compatible; MSIE 6.0; Windows NT 5.1; .NET CLR 1.1.4322)" 202.156.215.250
cache162.156ce.maxonline.com.sg - - [26/May/2004:00:39:22 +0800] "GET /~angpheng/who/nusmc.gif HTTP/1.1" 200 1439 "http://www.comp.nus.edu.sg/~angpheng/who.html" "Mozilla/4.0 (compatible; MSIE 6.0; Windows NT 5.1; .NET CLR 1.1.4322)" 202.156.215.250
bb220-255-49-18.singnet.com.sg - - [26/May/2004:00:39:22 +0800] "GET /~leejiahu/ HTTP/1.1" 200 12924 "-" "Mozilla/4.0 (compatible; MSIE 6.0; Windows NT 5.1; .NET CLR 1.1.4322)" -
cache162.156ce.maxonline.com.sg - - [26/May/2004:00:39:22 +0800] "GET /~angpheng/who/sectionwho.gif HTTP/1.1" 200 756 "http://www.comp.nus.edu.sg/~angpheng/who.html" "Mozilla/4.0 (compatible; MSIE 6.0; Windows NT 5.1; .NET CLR 1.1.4322)" 202.156.215.250
cache162.156ce.maxonline.com.sg - - [26/May/2004:00:39:22 +0800] "GET /~angpheng/who/profile.gif HTTP/1.1" 200 647 "http://www.comp.nus.edu.sg/~angpheng/who.html" "Mozilla/4.0 (compatible; MSIE 6.0; Windows NT 5.1; .NET CLR 1.1.4322)" 202.156.215.250
ec2182.engga.uwo.ca - - [26/May/2004:00:39:22 +0800] "GET /~pris/FuzzyLogic/DemoAppletDetailed2.html HTTP/1.1" 200 4810 "http://www.comp.nus.edu.sg/~pris/FuzzyLogic/SourceCodeDetailed1.html" "Mozilla/4.0 (compatible; MSIE 6.0; Windows NT 5.0; .NET CLR 1.0.3705; .NET CLR 1.1.4322)" -
cache-frr-ad07.proxy.aol.com - - [26/May/2004:00:39:23 +0800] "GET /~sunyuan/images/nemo.gif HTTP/1.1" 304 - "http://www.comp.nus.edu.sg/~sunyuan/" "Mozilla/4.0 (compatible; MSIE 6.0; AOL 7.0; Windows NT 5.1; Q312461)" -
ip503de5cf.speed.planet.nl - - [26/May/2004:00:39:23 +0800] "GET /~sunyuan/images/nemo.gif HTTP/1.1" 200 32768 "http://harryweb.proboards21.com/index.cgi?board=general&action=display&num=1083701067" "Mozilla/4.0 (compatible; MSIE 6.0; Windows NT 5.1; FunWebProducts; Hotbar 4.4.6.0)" -
cache-frr-aa06.proxy.aol.com - - [26/May/2004:00:39:24 +0800] "GET /~sunyuan/images/index_r2_c3.gif HTTP/1.1" 304 - "http://www.comp.nus.edu.sg/~sunyuan/" "Mozilla/4.0 (compatible; MSIE 6.0; AOL 7.0; Windows NT 5.1; Q312461)" -
cache-frr-aa06.proxy.aol.com - - [26/May/2004:00:39:24 +0800] "GET /~sunyuan/images/index_r3_c2.gif HTTP/1.1" 304 - "http://www.comp.nus.edu.sg/~sunyuan/" "Mozilla/4.0 (compatible; MSIE 6.0; AOL 7.0; Windows NT 5.1; Q312461)" -
201.128.88.193 - - [26/May/2004:00:39:24 +0800] "GET /~hcheng/1personCrop.gif HTTP/1.1" 200 79250 "http://www.comp.nus.edu.sg/~hcheng/" "Mozilla/4.0 (compatible; MSIE 6.0; Windows 98; Win 9x 4.90)" -
201.128.88.193 - - [26/May/2004:00:39:24 +0800] "GET /~hcheng/pdbds.small.gif HTTP/1.1" 200 1354 "http://www.comp.nus.edu.sg/~hcheng/" "Mozilla/4.0 (compatible; MSIE 6.0; Windows 98; Win 9x 4.90)" -
svl-ext-proxy02.amd.com - - [26/May/2004:00:39:24 +0800] "GET /~nghoongk/lyrics/singer229-2.html HTTP/1.0" 200 16121 "http://www.comp.nus.edu.sg/~nghoongk/lyrics/singer229-1.html" "Mozilla/4.0 (compatible; MSIE 5.5; Windows NT 5.0)" -
201.128.88.193 - - [26/May/2004:00:39:25 +0800] "GET /~hcheng/mole.small.jpg HTTP/1.1" 200 5329 "http://www.comp.nus.edu.sg/~hcheng/" "Mozilla/4.0 (compatible; MSIE 6.0; Windows 98; Win 9x 4.90)" -
ec2182.engga.uwo.ca - - [26/May/2004:00:39:25 +0800] "GET /~pris/FuzzyLogic/Images/DemoFig2-Fuzzification.JPG HTTP/1.1" 200 176237 "http://www.comp.nus.edu.sg/~pris/FuzzyLogic/DemoAppletDetailed2.html" "Mozilla/4.0 (compatible; MSIE 6.0; Windows NT 5.0; .NET CLR 1.0.3705; .NET CLR 1.1.4322)" -
62.114.99.227 - - [26/May/2004:00:39:25 +0800] "GET /~cs2102/slides/calculusII.pdf HTTP/1.1" 206 50833 "-" "Mozilla/4.0 (compatible; MSIE 5.5; Windows 98; Win 9x 4.90)" -
64.203.2.89 - - [26/May/2004:00:39:25 +0800] "GET /favicon.ico HTTP/1.1" 404 293 "-" "Mozilla/5.0 (Windows; U; Windows NT 5.1; en-US; rv:1.6) Gecko/20040206 Firefox/0.8" -
user-10cm0ip.cable.mindspring.com - - [26/May/2004:00:39:25 +0800] "GET /~changec/publications/P0861.pdf HTTP/1.1" 200 0 "http://www.google.com/search?q=SVD+assumption&sourceid=mozilla-search&start=0&start=0&ie=utf-8&oe=utf-8" "Mozilla/5.0 (Windows; U; Windows NT 5.1; en-US; rv:1.6) Gecko/20040206 Firefox/0.8" -
ec2182.engga.uwo.ca - - [26/May/2004:00:39:26 +0800] "GET /~pris/FuzzyLogic/Images/DemoFig1-Questionnaire.JPG HTTP/1.1" 200 229376 "http://www.comp.nus.edu.sg/~pris/FuzzyLogic/DemoAppletDetailed2.html" "Mozilla/4.0 (compatible; MSIE 6.0; Windows NT 5.0; .NET CLR 1.0.3705; .NET CLR 1.1.4322)" -
ec2182.engga.uwo.ca - - [26/May/2004:00:39:26 +0800] "GET /~pris/FuzzyLogic/Images/DemoFig3-InferDefFuzz.JPG HTTP/1.1" 200 65536 "http://www.comp.nus.edu.sg/~pris/FuzzyLogic/DemoAppletDetailed2.html" "Mozilla/4.0 (compatible; MSIE 6.0; Windows NT 5.0; .NET CLR 1.0.3705; .NET CLR 1.1.4322)" -
ec2182.engga.uwo.ca - - [26/May/2004:00:39:26 +0800] "GET /~pris/FuzzyLogic/DemoAppletDetailed1.html HTTP/1.1" 200 3351 "http://www.comp.nus.edu.sg/~pris/FuzzyLogic/DemoAppletDetailed2.html" "Mozilla/4.0 (compatible; MSIE 6.0; Windows NT 5.0; .NET CLR 1.0.3705; .NET CLR 1.1.4322)" -
cache162.156ce.maxonline.com.sg - - [26/May/2004:00:39:27 +0800] "GET /%7Eangpheng/rhwebsite/revhardmain.html HTTP/1.1" 200 5975 "http://www.comp.nus.edu.sg/~angpheng/who.html" "Mozilla/4.0 (compatible; MSIE 6.0; Windows NT 5.1; .NET CLR 1.1.4322)" 202.156.215.250
cache162.156ce.maxonline.com.sg - - [26/May/2004:00:39:27 +0800] "GET /%7Eangpheng/rhwebsite/rev%20hard%20title%20alt%202.jpg HTTP/1.1" 200 52723 "http://www.comp.nus.edu.sg/%7Eangpheng/rhwebsite/revhardmain.html" "Mozilla/4.0 (compatible; MSIE 6.0; Windows NT 5.1; .NET CLR 1.1.4322)" 202.156.215.250
cache162.156ce.maxonline.com.sg - - [26/May/2004:00:39:27 +0800] "GET /%7Eangpheng/rhwebsite/trial/maserati%20main%20page%20trial%201.jpg HTTP/1.1" 200 33134 "http://www.comp.nus.edu.sg/%7Eangpheng/rhwebsite/revhardmain.html" "Mozilla/4.0 (compatible; MSIE 6.0; Windows NT 5.1; .NET CLR 1.1.4322)" 202.156.215.250
cache162.156ce.maxonline.com.sg - - [26/May/2004:00:39:28 +0800] "GET /%7Eangpheng/rhwebsite/trial/campus%20cruiser%202%20trial1.jpg HTTP/1.1" 200 34793 "http://www.comp.nus.edu.sg/%7Eangpheng/rhwebsite/revhardmain.html" "Mozilla/4.0 (compatible; MSIE 6.0; Windows NT 5.1; .NET CLR 1.1.4322)" 202.156.215.250
cache162.156ce.maxonline.com.sg - - [26/May/2004:00:39:28 +0800] "GET /%7Eangpheng/rhwebsite/trial/honda%20city%20main%20pagetrial%201.jpg HTTP/1.1" 200 39506 "http://www.comp.nus.edu.sg/%7Eangpheng/rhwebsite/revhardmain.html" "Mozilla/4.0 (compatible; MSIE 6.0; Windows NT 5.1; .NET CLR 1.1.4322)" 202.156.215.250
80.58.5.109 - - [26/May/2004:00:39:28 +0800] "GET /~sunyuan/ HTTP/1.0" 200 3140 "http://images.google.com/imgres?imgurl=www.comp.nus.edu.sg/~sunyuan/images/nemo.gif&imgrefurl=http://www.comp.nus.edu.sg/~sunyuan/&h=248&w=275&sz=97&tbnid=2kEH2rEHlHsJ:&tbnh=98&tbnw=108&start=8&prev=/images%3Fq%3Dnemo%26hl%3Den%26lr%3D%26ie%3DUTF-8" "Mozilla/4.0 (compatible; MSIE 6.0; Windows NT 5.1; .NET CLR 1.1.4322)" 83.34.210.208
cache162.156ce.maxonline.com.sg - - [26/May/2004:00:39:28 +0800] "GET /%7Eangpheng/rhwebsite/trial/evo%20main%20page%20pic%20tial1.jpg HTTP/1.1" 200 35463 "http://www.comp.nus.edu.sg/%7Eangpheng/rhwebsite/revhardmain.html" "Mozilla/4.0 (compatible; MSIE 6.0; Windows NT 5.1; .NET CLR 1.1.4322)" 202.156.215.250
cache162.156ce.maxonline.com.sg - - [26/May/2004:00:39:28 +0800] "GET /%7Eangpheng/rhwebsite/trial/mb%20museum%20trial%201.jpg HTTP/1.1" 200 34049 "http://www.comp.nus.edu.sg/%7Eangpheng/rhwebsite/revhardmain.html" "Mozilla/4.0 (compatible; MSIE 6.0; Windows NT 5.1; .NET CLR 1.1.4322)" 202.156.215.250
193-31.priv.nus.edu.sg - - [26/May/2004:00:39:28 +0800] "GET /~huynhthi/chickendance.gif HTTP/1.1" 200 16781 "http://forum.vncnus.net/viewtopic.php?t=7939" "Mozilla/4.0 (compatible; MSIE 6.0; Windows NT 5.1)" -
cache162.156ce.maxonline.com.sg - - [26/May/2004:00:39:28 +0800] "GET /%7Eangpheng/rhwebsite/trial/da%20wastegate%20logo%20trial1.jpg HTTP/1.1" 200 30868 "http://www.comp.nus.edu.sg/%7Eangpheng/rhwebsite/revhardmain.html" "Mozilla/4.0 (compatible; MSIE 6.0; Windows NT 5.1; .NET CLR 1.1.4322)" 202.156.215.250
cache162.156ce.maxonline.com.sg - - [26/May/2004:00:39:28 +0800] "GET /%7Eangpheng/rhwebsite/trial/tech%20talk%20trial%201.jpg HTTP/1.1" 200 24672 "http://www.comp.nus.edu.sg/%7Eangpheng/rhwebsite/revhardmain.html" "Mozilla/4.0 (compatible; MSIE 6.0; Windows NT 5.1; .NET CLR 1.1.4322)" 202.156.215.250
cache162.156ce.maxonline.com.sg - - [26/May/2004:00:39:29 +0800] "GET /%7Eangpheng/rhwebsite/trial/more%20than%20just%20a%20pretty%20face%20trial%201.jpg HTTP/1.1" 200 29789 "http://www.comp.nus.edu.sg/%7Eangpheng/rhwebsite/revhardmain.html" "Mozilla/4.0 (compatible; MSIE 6.0; Windows NT 5.1; .NET CLR 1.1.4322)" 202.156.215.250
cache162.156ce.maxonline.com.sg - - [26/May/2004:00:39:29 +0800] "GET /%7Eangpheng/rhwebsite/trial/events%20main%20page%202%20trial%201.jpg HTTP/1.1" 200 23689 "http://www.comp.nus.edu.sg/%7Eangpheng/rhwebsite/revhardmain.html" "Mozilla/4.0 (compatible; MSIE 6.0; Windows NT 5.1; .NET CLR 1.1.4322)" 202.156.215.250
cache162.156ce.maxonline.com.sg - - [26/May/2004:00:39:29 +0800] "GET /%7Eangpheng/rhwebsite/trial/q&q%20trial%201.jpg HTTP/1.1" 200 14535 "http://www.comp.nus.edu.sg/%7Eangpheng/rhwebsite/revhardmain.html" "Mozilla/4.0 (compatible; MSIE 6.0; Windows NT 5.1; .NET CLR 1.1.4322)" 202.156.215.250
cache162.156ce.maxonline.com.sg - - [26/May/2004:00:39:29 +0800] "GET /%7Eangpheng/rhwebsite/trial/cars%20for%202004%20trial%201.jpg HTTP/1.1" 200 14986 "http://www.comp.nus.edu.sg/%7Eangpheng/rhwebsite/revhardmain.html" "Mozilla/4.0 (compatible; MSIE 6.0; Windows NT 5.1; .NET CLR 1.1.4322)" 202.156.215.250
80.58.5.109 - - [26/May/2004:00:39:29 +0800] "GET /~sunyuan/images/index_r1_c1.gif HTTP/1.1" 304 - "http://www.comp.nus.edu.sg/~sunyuan/" "Mozilla/4.0 (compatible; MSIE 6.0; Windows NT 5.1; .NET CLR 1.1.4322)" 83.34.210.208
cm203-168-222-34.hkcable.com.hk - - [26/May/2004:00:39:29 +0800] "GET /~nghoongk/lyrics/singer242-3.html HTTP/1.1" 200 13724 "-" "Mozilla/4.0 (compatible; MSIE 6.0; Windows NT 5.1)" 61.10.56.174
80.58.5.109 - - [26/May/2004:00:39:30 +0800] "GET /~sunyuan/images/index_r2_c1.gif HTTP/1.1" 200 12459 "http://www.comp.nus.edu.sg/~sunyuan/" "Mozilla/4.0 (compatible; MSIE 6.0; Windows NT 5.1; .NET CLR 1.1.4322)" 83.34.210.208
ec2182.engga.uwo.ca - - [26/May/2004:00:39:30 +0800] "GET /~pris/FuzzyLogic/FuzzyLogicContent.html HTTP/1.1" 200 9240 "http://www.comp.nus.edu.sg/~pris/FuzzyLogic/DemoAppletDetailed1.html" "Mozilla/4.0 (compatible; MSIE 6.0; Windows NT 5.0; .NET CLR 1.0.3705; .NET CLR 1.1.4322)" -
80.247.142.97 - - [26/May/2004:00:39:30 +0800] "GET /~ipng/ HTTP/1.1" 200 4822 "http://www.comp.nus.edu.sg/~ipng/mecon.htm" "Mozilla/4.0 (compatible; MSIE 6.0; Windows NT 5.0)" -
ec2182.engga.uwo.ca - - [26/May/2004:00:39:31 +0800] "GET /~pris/Buttons/ZoomInButton.gif HTTP/1.1" 200 249 "http://www.comp.nus.edu.sg/~pris/FuzzyLogic/FuzzyLogicContent.html" "Mozilla/4.0 (compatible; MSIE 6.0; Windows NT 5.0; .NET CLR 1.0.3705; .NET CLR 1.1.4322)" -
80.58.5.109 - - [26/May/2004:00:39:31 +0800] "GET /~sunyuan/images/index_r2_c3.gif HTTP/1.1" 200 11308 "http://www.comp.nus.edu.sg/~sunyuan/" "Mozilla/4.0 (compatible; MSIE 6.0; Windows NT 5.1; .NET CLR 1.1.4322)" 83.34.210.208
193-31.priv.nus.edu.sg - - [26/May/2004:00:39:32 +0800] "GET /~lengocsa/kirimaru-s2.jpg HTTP/1.1" 200 3268 "http://forum.vncnus.net/viewtopic.php?t=7939" "Mozilla/4.0 (compatible; MSIE 6.0; Windows NT 5.1)" -
ec2182.engga.uwo.ca - - [26/May/2004:00:39:32 +0800] "GET /~pris/FuzzyLogic/Images/ModelFig1-FESModel.JPG HTTP/1.1" 200 39107 "http://www.comp.nus.edu.sg/~pris/FuzzyLogic/FuzzyLogicContent.html" "Mozilla/4.0 (compatible; MSIE 6.0; Windows NT 5.0; .NET CLR 1.0.3705; .NET CLR 1.1.4322)" -
ec2182.engga.uwo.ca - - [26/May/2004:00:39:32 +0800] "GET /~pris/plume.gif HTTP/1.1" 200 20400 "http://www.comp.nus.edu.sg/~pris/FuzzyLogic/FuzzyLogicContent.html" "Mozilla/4.0 (compatible; MSIE 6.0; Windows NT 5.0; .NET CLR 1.0.3705; .NET CLR 1.1.4322)" -
80.58.5.109 - - [26/May/2004:00:39:32 +0800] "GET /~sunyuan/images/index_r3_c2.gif HTTP/1.1" 200 8177 "http://www.comp.nus.edu.sg/~sunyuan/" "Mozilla/4.0 (compatible; MSIE 6.0; Windows NT 5.1; .NET CLR 1.1.4322)" 83.34.210.208
ip503de5cf.speed.planet.nl - - [26/May/2004:00:39:33 +0800] "GET /~sunyuan/images/nemo.gif HTTP/1.1" 200 98407 "http://harryweb.proboards21.com/index.cgi?board=general&num=1083701067&action=display&start=15" "Mozilla/4.0 (compatible; MSIE 6.0; Windows NT 5.1; FunWebProducts; Hotbar 4.4.6.0)" -
user-10cm0ip.cable.mindspring.com - - [26/May/2004:00:39:33 +0800] "GET /~changec/publications/P0861.pdf HTTP/1.1" 206 8378 "-" "Mozilla/5.0 (Windows; U; Windows NT 5.1; en-US; rv:1.6) Gecko/20040206 Firefox/0.8" -
213.231.81.95 - - [26/May/2004:00:39:34 +0800] "GET /~cmcurric/AY2003_4/soc34chap4_description.pdf HTTP/1.1" 206 287294 "-" "Mozilla/4.0 (compatible; MSIE 6.0; Windows NT 5.1)" -
76-28.priv.nus.edu.sg - - [26/May/2004:00:39:34 +0800] "GET /~cmcurric/AY2003_4/cfm_2003_4_sem2.htm HTTP/1.1" 200 189716 "http://www.comp.nus.edu.sg/undergradprog/CFM.htm" "Mozilla/4.0 (compatible; MSIE 6.0; Windows NT 5.1; .NET CLR 1.1.4322)" -
80.247.142.97 - - [26/May/2004:00:39:36 +0800] "GET /~ipng/ipngOK.gif HTTP/1.1" 200 28387 "http://www.comp.nus.edu.sg/~ipng/" "Mozilla/4.0 (compatible; MSIE 6.0; Windows NT 5.0)" -
195.93.32.14 - - [26/May/2004:00:39:37 +0800] "GET /~dcheong/ghost.jpg HTTP/1.1" 404 300 "http://aolsearch.aol.co.uk/image_browse?query=ghost%20pictures&first=1&last=12&imgurl=http://www.comp.nus.edu.sg/~dcheong/ghost.jpg&refurl=http%3A%2F%2Fwww.comp.nus.edu.sg%2F%7Edcheong%2F&width=800&height=600&rank=2&encquery=ghost+pictures" "Mozilla/4.0 (compatible; MSIE 6.0; AOL 9.0; Windows NT 5.1)" -
cache162.156ce.maxonline.com.sg - - [26/May/2004:00:39:38 +0800] "GET /~angpheng/benefits.html HTTP/1.1" 200 9679 "http://www.comp.nus.edu.sg/~angpheng/who.html" "Mozilla/4.0 (compatible; MSIE 6.0; Windows NT 5.1; .NET CLR 1.1.4322)" 202.156.215.250
d577409f.kabel.telenet.be - - [26/May/2004:00:39:38 +0800] "GET /~cs4231/cs4231-lec11.pdf HTTP/1.1" 200 25940 "http://www.google.be/search?q=PETERSON+n+process+algorithm&hl=nl&lr=&ie=UTF-8&start=10&sa=N" "Mozilla/5.0 (Windows; U; Windows NT 5.1; en-US; rv:1.6) Gecko/20040206 Firefox/0.8" -
svl-ext-proxy02.amd.com - - [26/May/2004:00:39:38 +0800] "GET /~nghoongk/lyrics/singer229-3.html HTTP/1.0" 200 15030 "http://www.comp.nus.edu.sg/~nghoongk/lyrics/singer229-2.html" "Mozilla/4.0 (compatible; MSIE 5.5; Windows NT 5.0)" -
80.58.5.109 - - [26/May/2004:00:39:39 +0800] "GET /~sunyuan/images/index_r2_c2_f2.gif HTTP/1.1" 200 23678 "http://www.comp.nus.edu.sg/~sunyuan/" "Mozilla/4.0 (compatible; MSIE 6.0; Windows NT 5.1; .NET CLR 1.1.4322)" 83.34.210.208
cache-frr-ac09.proxy.aol.com - - [26/May/2004:00:39:40 +0800] "GET /~sunyuan/main.html HTTP/1.0" 200 8192 "http://www.comp.nus.edu.sg/~sunyuan/" "Mozilla/4.0 (compatible; MSIE 6.0; AOL 7.0; Windows NT 5.1; Q312461)" -
crawl22-public.alexa.com - - [26/May/2004:00:39:40 +0800] "GET /~teoym/cs6205/9900/L1/img012.GIF HTTP/1.0" 200 10185 "-" "ia_archiver" -
197-132.priv.nus.edu.sg - - [26/May/2004:00:39:42 +0800] "GET /~nguyenna/avatar2.gif HTTP/1.1" 200 13097 "http://www.vncnus.net/forum/viewtopic.php?t=8062" "Mozilla/4.0 (compatible; MSIE 6.0; Windows NT 5.1; .NET CLR 1.0.3705)" -
172.18.197.30 - - [26/May/2004:00:39:43 +0800] "GET /is/images/button_intranet1.jpg HTTP/1.1" 304 - "http://www.comp.nus.edu.sg/is/" "Mozilla/4.0 (compatible; MSIE 6.0; Windows NT 5.1)" -
172.18.197.30 - - [26/May/2004:00:39:43 +0800] "GET /is/images/button_intranet2.jpg HTTP/1.1" 304 - "http://www.comp.nus.edu.sg/is/" "Mozilla/4.0 (compatible; MSIE 6.0; Windows NT 5.1)" -
172.18.197.30 - - [26/May/2004:00:39:43 +0800] "GET /is/images/button_visitors1.jpg HTTP/1.1" 304 - "http://www.comp.nus.edu.sg/is/" "Mozilla/4.0 (compatible; MSIE 6.0; Windows NT 5.1)" -
172.18.197.30 - - [26/May/2004:00:39:43 +0800] "GET /is/images/button_visitors2.jpg HTTP/1.1" 304 - "http://www.comp.nus.edu.sg/is/" "Mozilla/4.0 (compatible; MSIE 6.0; Windows NT 5.1)" -
172.18.197.30 - - [26/May/2004:00:39:43 +0800] "GET /is/images/button_recruitment1.jpg HTTP/1.1" 304 - "http://www.comp.nus.edu.sg/is/" "Mozilla/4.0 (compatible; MSIE 6.0; Windows NT 5.1)" -
62.114.99.227 - - [26/May/2004:00:39:43 +0800] "GET /~cs2102/slides/calculusII.pdf HTTP/1.1" 206 65779 "-" "Mozilla/4.0 (compatible; MSIE 5.5; Windows 98; Win 9x 4.90)" -
172.18.197.30 - - [26/May/2004:00:39:43 +0800] "GET /is/images/button_recruitment2.jpg HTTP/1.1" 304 - "http://www.comp.nus.edu.sg/is/" "Mozilla/4.0 (compatible; MSIE 6.0; Windows NT 5.1)" -
ec2182.engga.uwo.ca - - [26/May/2004:00:39:44 +0800] "GET /~pris/FuzzyLogic/ModelDetailed1.html HTTP/1.1" 200 5956 "http://www.comp.nus.edu.sg/~pris/FuzzyLogic/FuzzyLogicContent.html" "Mozilla/4.0 (compatible; MSIE 6.0; Windows NT 5.0; .NET CLR 1.0.3705; .NET CLR 1.1.4322)" -
81.58.49.130 - - [26/May/2004:00:39:45 +0800] "GET / HTTP/1.0" 200 8763 "-" "Mozilla/4.0 (compatible; MSIE 6.0; Windows 98)" -
81.58.49.130 - - [26/May/2004:00:39:45 +0800] "GET /~ctank/pubs.htm HTTP/1.0" 200 2452 "-" "Mozilla/4.0 (compatible; MSIE 6.0; Windows 98)" -
ec2182.engga.uwo.ca - - [26/May/2004:00:39:45 +0800] "GET /~pris/FuzzyLogic/Images/ModelFig2-Fuzzification.JPG HTTP/1.1" 200 44392 "http://www.comp.nus.edu.sg/~pris/FuzzyLogic/ModelDetailed1.html" "Mozilla/4.0 (compatible; MSIE 6.0; Windows NT 5.0; .NET CLR 1.0.3705; .NET CLR 1.1.4322)" -
d577409f.kabel.telenet.be - - [26/May/2004:00:39:46 +0800] "GET /favicon.ico HTTP/1.1" 404 293 "-" "Mozilla/5.0 (Windows; U; Windows NT 5.1; en-US; rv:1.6) Gecko/20040206 Firefox/0.8" -
172.18.197.30 - - [26/May/2004:00:39:46 +0800] "GET /is/images/button_research1.jpg HTTP/1.1" 304 - "http://www.comp.nus.edu.sg/is/" "Mozilla/4.0 (compatible; MSIE 6.0; Windows NT 5.1)" -
81.58.49.130 - - [26/May/2004:00:39:46 +0800] "GET /~cs1101c HTTP/1.0" 301 316 "-" "Mozilla/4.0 (compatible; MSIE 6.0; Windows 98)" -
172.18.197.30 - - [26/May/2004:00:39:46 +0800] "GET /is/images/button_research2.jpg HTTP/1.1" 304 - "http://www.comp.nus.edu.sg/is/" "Mozilla/4.0 (compatible; MSIE 6.0; Windows NT 5.1)" -
81.58.49.130 - - [26/May/2004:00:39:47 +0800] "GET /~ctank/notes.html HTTP/1.0" 200 882 "-" "Mozilla/4.0 (compatible; MSIE 6.0; Windows 98)" -
81.58.49.130 - - [26/May/2004:00:39:47 +0800] "GET /~cs1101c/ HTTP/1.0" 200 552 "-" "Mozilla/4.0 (compatible; MSIE 6.0; Windows 98)" -
81.58.49.130 - - [26/May/2004:00:39:47 +0800] "GET /~ctank/wedding HTTP/1.0" 301 322 "-" "Mozilla/4.0 (compatible; MSIE 6.0; Windows 98)" -
172.18.197.30 - - [26/May/2004:00:39:47 +0800] "GET / HTTP/1.1" 200 8789 "http://www.comp.nus.edu.sg/is/" "Mozilla/4.0 (compatible; MSIE 6.0; Windows NT 5.1)" -
172.18.193.83 - - [26/May/2004:00:39:47 +0800] "GET / HTTP/1.1" 200 8789 "-" "Mozilla/4.0 (compatible; MSIE 6.0; Windows NT 5.1; .NET CLR 1.1.4322)" -
172.18.197.30 - - [26/May/2004:00:39:47 +0800] "GET /nusstyles.css HTTP/1.1" 304 - "http://www.comp.nus.edu.sg/" "Mozilla/4.0 (compatible; MSIE 6.0; Windows NT 5.1)" -
172.18.197.30 - - [26/May/2004:00:39:47 +0800] "GET /images/socmain_r3_c6.jpg HTTP/1.1" 304 - "http://www.comp.nus.edu.sg/" "Mozilla/4.0 (compatible; MSIE 6.0; Windows NT 5.1)" -
172.18.197.30 - - [26/May/2004:00:39:48 +0800] "GET /images/nussocbanner.gif HTTP/1.1" 304 - "http://www.comp.nus.edu.sg/" "Mozilla/4.0 (compatible; MSIE 6.0; Windows NT 5.1)" -
172.18.197.30 - - [26/May/2004:00:39:48 +0800] "GET /images/facenghd.gif HTTP/1.1" 304 - "http://www.comp.nus.edu.sg/" "Mozilla/4.0 (compatible; MSIE 6.0; Windows NT 5.1)" -
172.18.197.30 - - [26/May/2004:00:39:48 +0800] "GET /images/socmain_r3_c8.jpg HTTP/1.1" 304 - "http://www.comp.nus.edu.sg/" "Mozilla/4.0 (compatible; MSIE 6.0; Windows NT 5.1)" -
172.18.197.30 - - [26/May/2004:00:39:48 +0800] "GET /images/socmain_r3_c13.jpg HTTP/1.1" 304 - "http://www.comp.nus.edu.sg/" "Mozilla/4.0 (compatible; MSIE 6.0; Windows NT 5.1)" -
172.18.197.30 - - [26/May/2004:00:39:48 +0800] "GET /images/socmain_r3_c11.jpg HTTP/1.1" 304 - "http://www.comp.nus.edu.sg/" "Mozilla/4.0 (compatible; MSIE 6.0; Windows NT 5.1)" -
172.18.197.30 - - [26/May/2004:00:39:48 +0800] "GET /images/socmain_r3_c10.jpg HTTP/1.1" 304 - "http://www.comp.nus.edu.sg/" "Mozilla/4.0 (compatible; MSIE 6.0; Windows NT 5.1)" -
172.18.197.30 - - [26/May/2004:00:39:48 +0800] "GET /images/recruitment.jpg HTTP/1.1" 304 - "http://www.comp.nus.edu.sg/" "Mozilla/4.0 (compatible; MSIE 6.0; Windows NT 5.1)" -
172.18.197.30 - - [26/May/2004:00:39:48 +0800] "GET /images/socmain_r3_c16.jpg HTTP/1.1" 304 - "http://www.comp.nus.edu.sg/" "Mozilla/4.0 (compatible; MSIE 6.0; Windows NT 5.1)" -
172.18.197.30 - - [26/May/2004:00:39:48 +0800] "GET /images/socmain_r5_c12.jpg HTTP/1.1" 304 - "http://www.comp.nus.edu.sg/" "Mozilla/4.0 (compatible; MSIE 6.0; Windows NT 5.1)" -
172.18.197.30 - - [26/May/2004:00:39:48 +0800] "GET /images/socmain_r3_c15.jpg HTTP/1.1" 304 - "http://www.comp.nus.edu.sg/" "Mozilla/4.0 (compatible; MSIE 6.0; Windows NT 5.1)" -
172.18.197.30 - - [26/May/2004:00:39:48 +0800] "GET /images/socmain_r5_c13.jpg HTTP/1.1" 304 - "http://www.comp.nus.edu.sg/" "Mozilla/4.0 (compatible; MSIE 6.0; Windows NT 5.1)" -
172.18.197.30 - - [26/May/2004:00:39:48 +0800] "GET /images/socmain_r5_c14.jpg HTTP/1.1" 304 - "http://www.comp.nus.edu.sg/" "Mozilla/4.0 (compatible; MSIE 6.0; Windows NT 5.1)" -
172.18.197.30 - - [26/May/2004:00:39:48 +0800] "GET /images/trans.gif HTTP/1.1" 200 64 "http://www.comp.nus.edu.sg/" "Mozilla/4.0 (compatible; MSIE 6.0; Windows NT 5.1)" -
172.18.197.30 - - [26/May/2004:00:39:48 +0800] "GET /images/sem-events.gif HTTP/1.1" 200 692 "http://www.comp.nus.edu.sg/" "Mozilla/4.0 (compatible; MSIE 6.0; Windows NT 5.1)" -
172.18.197.30 - - [26/May/2004:00:39:48 +0800] "GET /images/sip.gif HTTP/1.1" 200 791 "http://www.comp.nus.edu.sg/" "Mozilla/4.0 (compatible; MSIE 6.0; Windows NT 5.1)" -
172.18.197.30 - - [26/May/2004:00:39:48 +0800] "GET /images/socmain_r7_c1.jpg HTTP/1.1" 304 - "http://www.comp.nus.edu.sg/" "Mozilla/4.0 (compatible; MSIE 6.0; Windows NT 5.1)" -
172.18.197.30 - - [26/May/2004:00:39:48 +0800] "GET /images/socmain_r7_c2.jpg HTTP/1.1" 304 - "http://www.comp.nus.edu.sg/" "Mozilla/4.0 (compatible; MSIE 6.0; Windows NT 5.1)" -
172.18.197.30 - - [26/May/2004:00:39:48 +0800] "GET /images/socmain_r7_c4.jpg HTTP/1.1" 304 - "http://www.comp.nus.edu.sg/" "Mozilla/4.0 (compatible; MSIE 6.0; Windows NT 5.1)" -
172.18.197.30 - - [26/May/2004:00:39:48 +0800] "GET /images/socmain_r7_c5.jpg HTTP/1.1" 304 - "http://www.comp.nus.edu.sg/" "Mozilla/4.0 (compatible; MSIE 6.0; Windows NT 5.1)" -
172.18.197.30 - - [26/May/2004:00:39:48 +0800] "GET /images/socmain_r7_c7.jpg HTTP/1.1" 304 - "http://www.comp.nus.edu.sg/" "Mozilla/4.0 (compatible; MSIE 6.0; Windows NT 5.1)" -
172.18.197.30 - - [26/May/2004:00:39:48 +0800] "GET /images/socmain_r7_c9f.jpg HTTP/1.1" 304 - "http://www.comp.nus.edu.sg/" "Mozilla/4.0 (compatible; MSIE 6.0; Windows NT 5.1)" -
172.18.197.30 - - [26/May/2004:00:39:48 +0800] "GET /images/grey.gif HTTP/1.1" 304 - "http://www.comp.nus.edu.sg/" "Mozilla/4.0 (compatible; MSIE 6.0; Windows NT 5.1)" -
172.18.197.30 - - [26/May/2004:00:39:48 +0800] "GET /images/socimage.jpg HTTP/1.1" 200 41463 "http://www.comp.nus.edu.sg/" "Mozilla/4.0 (compatible; MSIE 6.0; Windows NT 5.1)" -
81.58.49.130 - - [26/May/2004:00:39:48 +0800] "GET /~ctank/wedding/ HTTP/1.0" 200 1018 "-" "Mozilla/4.0 (compatible; MSIE 6.0; Windows 98)" -
cache90.156ce.maxonline.com.sg - - [26/May/2004:00:39:48 +0800] "GET /~liub/Teach/cs6203/group2_slide.ppt HTTP/1.1" 200 447488 "http://www.google.com/u/nusall?q=salary+scale&hl=en&lr=&ie=UTF-8&domains=nus.edu.sg&sitesearch=nus.edu.sg&start=10&sa=N" "Mozilla/5.0 (Macintosh; U; PPC Mac OS X; en) AppleWebKit/125.2 (KHTML, like Gecko) Safari/125.7" 218.186.226.186
80.58.43.235 - - [26/May/2004:00:39:48 +0800] "GET /~lowsokhu/images/lalaland/bachelor/contestant5/Mitsui%20Hisashi2.gif HTTP/1.1" 304 - "http://208.185.149.72/webx?7@49.kWeYaAe7vxm.6@.f016fbc/931" "Mozilla/4.0 (compatible; MSIE 5.0; Windows 98; DigExt)" 80.24.21.121
80.58.43.235 - - [26/May/2004:00:39:48 +0800] "GET /~lowsokhu/images/lalaland/bachelor/contestant5/Mitsui%20Hisashi1.jpg HTTP/1.1" 304 - "http://208.185.149.72/webx?7@49.kWeYaAe7vxm.6@.f016fbc/931" "Mozilla/4.0 (compatible; MSIE 5.0; Windows 98; DigExt)" 80.24.21.121
cache162.156ce.maxonline.com.sg - - [26/May/2004:00:39:48 +0800] "GET /~angpheng/links.html HTTP/1.1" 200 7753 "http://www.comp.nus.edu.sg/~angpheng/benefits.html" "Mozilla/4.0 (compatible; MSIE 6.0; Windows NT 5.1; .NET CLR 1.1.4322)" 202.156.215.250
cache162.156ce.maxonline.com.sg - - [26/May/2004:00:39:49 +0800] "GET /~angpheng/links/nusmc.gif HTTP/1.1" 200 1439 "http://www.comp.nus.edu.sg/~angpheng/links.html" "Mozilla/4.0 (compatible; MSIE 6.0; Windows NT 5.1; .NET CLR 1.1.4322)" 202.156.215.250
cache162.156ce.maxonline.com.sg - - [26/May/2004:00:39:49 +0800] "GET /~angpheng/links/sectionlinks.gif HTTP/1.1" 200 455 "http://www.comp.nus.edu.sg/~angpheng/links.html" "Mozilla/4.0 (compatible; MSIE 6.0; Windows NT 5.1; .NET CLR 1.1.4322)" 202.156.215.250
204-106.priv.nus.edu.sg - - [26/May/2004:00:39:49 +0800] "GET /~cs2281 HTTP/1.1" 301 327 "-" "Mozilla/4.0 (compatible; MSIE 6.0; Windows NT 5.1)" -
cache162.156ce.maxonline.com.sg - - [26/May/2004:00:39:49 +0800] "GET /~angpheng/links/links.gif HTTP/1.1" 200 676 "http://www.comp.nus.edu.sg/~angpheng/links.html" "Mozilla/4.0 (compatible; MSIE 6.0; Windows NT 5.1; .NET CLR 1.1.4322)" 202.156.215.250
81.58.49.130 - - [26/May/2004:00:39:49 +0800] "GET /~ctank/recipes.htm HTTP/1.0" 200 3675 "-" "Mozilla/4.0 (compatible; MSIE 6.0; Windows 98)" -
204-106.priv.nus.edu.sg - - [26/May/2004:00:39:49 +0800] "GET /~cs2281/ HTTP/1.1" 200 7217 "-" "Mozilla/4.0 (compatible; MSIE 6.0; Windows NT 5.1)" -
81.58.49.130 - - [26/May/2004:00:39:49 +0800] "GET /~ctank/gallery.html HTTP/1.0" 200 11241 "-" "Mozilla/4.0 (compatible; MSIE 6.0; Windows 98)" -
172.18.193.83 - - [26/May/2004:00:39:49 +0800] "GET /images/socmain_r3_c6.jpg HTTP/1.1" 304 - "http://www.comp.nus.edu.sg/" "Mozilla/4.0 (compatible; MSIE 6.0; Windows NT 5.1; .NET CLR 1.1.4322)" -
204-106.priv.nus.edu.sg - - [26/May/2004:00:39:49 +0800] "GET /~cs2281/cs2281.css HTTP/1.1" 304 - "http://www.comp.nus.edu.sg/~cs2281/" "Mozilla/4.0 (compatible; MSIE 6.0; Windows NT 5.1)" -
80.58.43.235 - - [26/May/2004:00:39:49 +0800] "GET /~lowsokhu/images/lalaland/bachelor/contestant5/Mitsui%20Hisashi5.jpg HTTP/1.1" 304 - "http://208.185.149.72/webx?7@49.kWeYaAe7vxm.6@.f016fbc/931" "Mozilla/4.0 (compatible; MSIE 5.0; Windows 98; DigExt)" 80.24.21.121
81.58.49.130 - - [26/May/2004:00:39:50 +0800] "GET /~ctank/pix.html HTTP/1.0" 200 4190 "-" "Mozilla/4.0 (compatible; MSIE 6.0; Windows 98)" -
www.paulsboro.k12.nj.us - - [26/May/2004:00:39:50 +0800] "GET /~sunyuan/images/index_r1_c1.gif HTTP/1.0" 206 743 "http://www.comp.nus.edu.sg/~sunyuan/" "Mozilla/4.0 (compatible; MSIE 6.0; Windows NT 5.0; .NET CLR 1.0.3705; .NET CLR 1.1.4322)" -
www.paulsboro.k12.nj.us - - [26/May/2004:00:39:50 +0800] "GET /~sunyuan/images/index_r2_c3.gif HTTP/1.0" 200 11308 "http://www.comp.nus.edu.sg/~sunyuan/" "Mozilla/4.0 (compatible; MSIE 6.0; Windows NT 5.0; .NET CLR 1.0.3705; .NET CLR 1.1.4322)" -
www.paulsboro.k12.nj.us - - [26/May/2004:00:39:51 +0800] "GET /~sunyuan/images/index_r2_c1.gif HTTP/1.0" 206 0 "http://www.comp.nus.edu.sg/~sunyuan/" "Mozilla/4.0 (compatible; MSIE 6.0; Windows NT 5.0; .NET CLR 1.0.3705; .NET CLR 1.1.4322)" -
www.paulsboro.k12.nj.us - - [26/May/2004:00:39:51 +0800] "GET /~sunyuan/images/index_r3_c2.gif HTTP/1.0" 206 7034 "http://www.comp.nus.edu.sg/~sunyuan/" "Mozilla/4.0 (compatible; MSIE 6.0; Windows NT 5.0; .NET CLR 1.0.3705; .NET CLR 1.1.4322)" -
bb220-255-54-56.singnet.com.sg - - [26/May/2004:00:39:54 +0800] "GET /~limjunch/ohman/mypics/tkh.bmp HTTP/1.1" 200 14478 "http://junchen.blogspot.com/" "Mozilla/4.0 (compatible; MSIE 6.0; Windows NT 5.1; .NET CLR 1.1.4322)" -
172.18.197.30 - - [26/May/2004:00:39:54 +0800] "GET /corpcomm/cap/ HTTP/1.1" 200 7381 "http://www.comp.nus.edu.sg/" "Mozilla/4.0 (compatible; MSIE 6.0; Windows NT 5.1)" -
172.18.197.30 - - [26/May/2004:00:39:54 +0800] "GET /corpcomm/cap/header.js HTTP/1.1" 200 7194 "http://www.comp.nus.edu.sg/corpcomm/cap/" "Mozilla/4.0 (compatible; MSIE 6.0; Windows NT 5.1)" -
218.65.61.98 - - [26/May/2004:00:39:54 +0800] "GET /~sunzhenx/yuzhou/yxgyjxdtp.htm HTTP/1.1" 200 2746 "http://nmsearch.3721.com/right.htm?argse=new3721&ft3721=9&p=%BD%F0%D0%C7%CD%BC%C6%AC&lang=" "Mozilla/4.0 (compatible; MSIE 6.0; Windows NT 5.1)" -
172.18.197.30 - - [26/May/2004:00:39:54 +0800] "GET /corpcomm/images/nuslogo.jpg HTTP/1.1" 200 13054 "http://www.comp.nus.edu.sg/corpcomm/cap/" "Mozilla/4.0 (compatible; MSIE 6.0; Windows NT 5.1)" -
172.18.197.30 - - [26/May/2004:00:39:54 +0800] "GET /corpcomm/images/orangetop.jpg HTTP/1.1" 200 11858 "http://www.comp.nus.edu.sg/corpcomm/cap/" "Mozilla/4.0 (compatible; MSIE 6.0; Windows NT 5.1)" -
172.18.197.30 - - [26/May/2004:00:39:54 +0800] "GET /corpcomm/images/greytop.jpg HTTP/1.1" 200 10742 "http://www.comp.nus.edu.sg/corpcomm/cap/" "Mozilla/4.0 (compatible; MSIE 6.0; Windows NT 5.1)" -
172.18.197.30 - - [26/May/2004:00:39:55 +0800] "GET /corpcomm/images/orange.jpg HTTP/1.1" 200 2387 "http://www.comp.nus.edu.sg/corpcomm/cap/" "Mozilla/4.0 (compatible; MSIE 6.0; Windows NT 5.1)" -
172.18.197.30 - - [26/May/2004:00:39:55 +0800] "GET /corpcomm/images/events1.jpg HTTP/1.1" 200 10760 "http://www.comp.nus.edu.sg/corpcomm/cap/" "Mozilla/4.0 (compatible; MSIE 6.0; Windows NT 5.1)" -
172.18.197.30 - - [26/May/2004:00:39:55 +0800] "GET /corpcomm/images/aboutSCC1.jpg HTTP/1.1" 200 8704 "http://www.comp.nus.edu.sg/corpcomm/cap/" "Mozilla/4.0 (compatible; MSIE 6.0; Windows NT 5.1)" -
bb220-255-54-56.singnet.com.sg - - [26/May/2004:00:39:55 +0800] "GET /~limjunch/ohman/mypics/2.gif HTTP/1.1" 200 24321 "http://junchen.blogspot.com/" "Mozilla/4.0 (compatible; MSIE 6.0; Windows NT 5.1; .NET CLR 1.1.4322)" -
172.18.197.30 - - [26/May/2004:00:39:55 +0800] "GET /corpcomm/images/people1.jpg HTTP/1.1" 200 10594 "http://www.comp.nus.edu.sg/corpcomm/cap/" "Mozilla/4.0 (compatible; MSIE 6.0; Windows NT 5.1)" -
172.18.197.30 - - [26/May/2004:00:39:55 +0800] "GET /corpcomm/images/intranet1.jpg HTTP/1.1" 200 8906 "http://www.comp.nus.edu.sg/corpcomm/cap/" "Mozilla/4.0 (compatible; MSIE 6.0; Windows NT 5.1)" -
172.18.197.30 - - [26/May/2004:00:39:55 +0800] "GET /corpcomm/images/contact1.jpg HTTP/1.1" 200 5778 "http://www.comp.nus.edu.sg/corpcomm/cap/" "Mozilla/4.0 (compatible; MSIE 6.0; Windows NT 5.1)" -
172.18.197.30 - - [26/May/2004:00:39:55 +0800] "GET /corpcomm/images/corpaffiliates1.jpg HTTP/1.1" 200 13607 "http://www.comp.nus.edu.sg/corpcomm/cap/" "Mozilla/4.0 (compatible; MSIE 6.0; Windows NT 5.1)" -
172.18.197.30 - - [26/May/2004:00:39:55 +0800] "GET /corpcomm/images/bookprizes1.jpg HTTP/1.1" 200 14250 "http://www.comp.nus.edu.sg/corpcomm/cap/" "Mozilla/4.0 (compatible; MSIE 6.0; Windows NT 5.1)" -
172.18.197.30 - - [26/May/2004:00:39:56 +0800] "GET /corpcomm/images/studentplacement1.jpg HTTP/1.1" 200 13298 "http://www.comp.nus.edu.sg/corpcomm/cap/" "Mozilla/4.0 (compatible; MSIE 6.0; Windows NT 5.1)" -
172.18.197.30 - - [26/May/2004:00:39:56 +0800] "GET /corpcomm/images/border_top.jpg HTTP/1.1" 200 3196 "http://www.comp.nus.edu.sg/corpcomm/cap/" "Mozilla/4.0 (compatible; MSIE 6.0; Windows NT 5.1)" -
172.18.197.30 - - [26/May/2004:00:39:56 +0800] "GET /corpcomm/images/IA1.jpg HTTP/1.1" 200 14306 "http://www.comp.nus.edu.sg/corpcomm/cap/" "Mozilla/4.0 (compatible; MSIE 6.0; Windows NT 5.1)" -
172.18.197.30 - - [26/May/2004:00:39:56 +0800] "GET /corpcomm/images/header_corpaffiliates.jpg HTTP/1.1" 200 18629 "http://www.comp.nus.edu.sg/corpcomm/cap/" "Mozilla/4.0 (compatible; MSIE 6.0; Windows NT 5.1)" -
218.65.61.98 - - [26/May/2004:00:39:56 +0800] "GET /~sunzhenx/yuzhou/jingxing/0300.jpg HTTP/1.1" 200 6844 "http://www.comp.nus.edu.sg/~sunzhenx/yuzhou/yxgyjxdtp.htm" "Mozilla/4.0 (compatible; MSIE 6.0; Windows NT 5.1)" -
172.18.197.30 - - [26/May/2004:00:39:56 +0800] "GET /corpcomm/images/bullet.jpg HTTP/1.1" 200 2407 "http://www.comp.nus.edu.sg/corpcomm/cap/" "Mozilla/4.0 (compatible; MSIE 6.0; Windows NT 5.1)" -
218.65.61.98 - - [26/May/2004:00:39:56 +0800] "GET /~sunzhenx/yuzhou/jingxing/0301.jpg HTTP/1.1" 200 5945 "http://www.comp.nus.edu.sg/~sunzhenx/yuzhou/yxgyjxdtp.htm" "Mozilla/4.0 (compatible; MSIE 6.0; Windows NT 5.1)" -
172.18.197.30 - - [26/May/2004:00:39:56 +0800] "GET /corpcomm/images/bullet2.jpg HTTP/1.1" 200 2374 "http://www.comp.nus.edu.sg/corpcomm/cap/" "Mozilla/4.0 (compatible; MSIE 6.0; Windows NT 5.1)" -
218.65.61.98 - - [26/May/2004:00:39:56 +0800] "GET /~sunzhenx/yuzhou/jingxing/0302.jpg HTTP/1.1" 200 4933 "http://www.comp.nus.edu.sg/~sunzhenx/yuzhou/yxgyjxdtp.htm" "Mozilla/4.0 (compatible; MSIE 6.0; Windows NT 5.1)" -
172.18.197.30 - - [26/May/2004:00:39:56 +0800] "GET /corpcomm/images/border_left.jpg HTTP/1.1" 200 1913 "http://www.comp.nus.edu.sg/corpcomm/cap/" "Mozilla/4.0 (compatible; MSIE 6.0; Windows NT 5.1)" -
172.18.197.30 - - [26/May/2004:00:39:56 +0800] "GET /corpcomm/images/border_right.jpg HTTP/1.1" 200 1905 "http://www.comp.nus.edu.sg/corpcomm/cap/" "Mozilla/4.0 (compatible; MSIE 6.0; Windows NT 5.1)" -
172.18.197.30 - - [26/May/2004:00:39:56 +0800] "GET /corpcomm/images/border_bottom.jpg HTTP/1.1" 200 3245 "http://www.comp.nus.edu.sg/corpcomm/cap/" "Mozilla/4.0 (compatible; MSIE 6.0; Windows NT 5.1)" -
218.65.61.98 - - [26/May/2004:00:39:57 +0800] "GET /~sunzhenx/yuzhou/jingxing/0303.jpg HTTP/1.1" 200 6629 "http://www.comp.nus.edu.sg/~sunzhenx/yuzhou/yxgyjxdtp.htm" "Mozilla/4.0 (compatible; MSIE 6.0; Windows NT 5.1)" -
218.65.61.98 - - [26/May/2004:00:39:57 +0800] "GET /~sunzhenx/yuzhou/jingxing/0306.jpg HTTP/1.1" 200 6814 "http://www.comp.nus.edu.sg/~sunzhenx/yuzhou/yxgyjxdtp.htm" "Mozilla/4.0 (compatible; MSIE 6.0; Windows NT 5.1)" -
218.65.61.98 - - [26/May/2004:00:39:57 +0800] "GET /~sunzhenx/yuzhou/jingxing/0304.jpg HTTP/1.1" 200 8734 "http://www.comp.nus.edu.sg/~sunzhenx/yuzhou/yxgyjxdtp.htm" "Mozilla/4.0 (compatible; MSIE 6.0; Windows NT 5.1)" -
62.114.99.227 - - [26/May/2004:00:39:57 +0800] "GET /~cs2102/slides/cs2102-FD.pdf HTTP/1.1" 200 0 "-" "Mozilla/4.0 (compatible; MSIE 5.5; Windows 98; Win 9x 4.90)" -
burke.cs.tcd.ie - - [26/May/2004:00:39:58 +0800] "GET /~wangxb/sajindra-ChinPeng-proposal.pdf HTTP/1.0" 200 50088 "-" "Mozilla/5.0 (X11; U; Linux i686; en-US; rv:1.6) Gecko/20040124 Galeon/1.3.14" 127.0.0.1
ec2182.engga.uwo.ca - - [26/May/2004:00:39:58 +0800] "GET /~pris/FuzzyLogic/ModelDetailed1.html HTTP/1.1" 200 5956 "http://www.comp.nus.edu.sg/~pris/FuzzyLogic/ModelDetailed1.html" "Mozilla/4.0 (compatible; MSIE 6.0; Windows NT 5.0; .NET CLR 1.0.3705; .NET CLR 1.1.4322)" -
155.69.5.236 - - [26/May/2004:00:39:59 +0800] "GET /~nguyentr/CV HTTP/1.1" 301 332 "http://www.vncnus.net/forum/viewtopic.php?t=6481" "Mozilla/4.0 (compatible; MSIE 6.0; Windows NT 5.1; .NET CLR 1.1.4322)" 172.20.146.13
155.69.5.236 - - [26/May/2004:00:39:59 +0800] "GET /~nguyentr/CV/ HTTP/1.1" 200 940 "http://www.vncnus.net/forum/viewtopic.php?t=6481" "Mozilla/4.0 (compatible; MSIE 6.0; Windows NT 5.1; .NET CLR 1.1.4322)" 172.20.146.13
218.65.61.98 - - [26/May/2004:00:40:00 +0800] "GET /~sunzhenx/yuzhou/jingxing/0305.jpg HTTP/1.1" 200 11580 "http://www.comp.nus.edu.sg/~sunzhenx/yuzhou/yxgyjxdtp.htm" "Mozilla/4.0 (compatible; MSIE 6.0; Windows NT 5.1)" -
218.65.61.98 - - [26/May/2004:00:40:00 +0800] "GET /~sunzhenx/yuzhou/jingxing/0307.jpg HTTP/1.1" 200 16328 "http://www.comp.nus.edu.sg/~sunzhenx/yuzhou/yxgyjxdtp.htm" "Mozilla/4.0 (compatible; MSIE 6.0; Windows NT 5.1)" -
62.114.99.227 - - [26/May/2004:00:40:01 +0800] "GET /~cs2102/slides/cs2102-FD.pdf HTTP/1.1" 206 0 "-" "contype" -
ec2182.engga.uwo.ca - - [26/May/2004:00:40:01 +0800] "GET /~pris/FuzzyLogic/ModelDetailed2.html HTTP/1.1" 200 8118 "http://www.comp.nus.edu.sg/~pris/FuzzyLogic/ModelDetailed1.html" "Mozilla/4.0 (compatible; MSIE 6.0; Windows NT 5.0; .NET CLR 1.0.3705; .NET CLR 1.1.4322)" -
ec2182.engga.uwo.ca - - [26/May/2004:00:40:02 +0800] "GET /~pris/FuzzyLogic/Images/ModelFig3-Defuzzification.JPG HTTP/1.1" 200 48551 "http://www.comp.nus.edu.sg/~pris/FuzzyLogic/ModelDetailed2.html" "Mozilla/4.0 (compatible; MSIE 6.0; Windows NT 5.0; .NET CLR 1.0.3705; .NET CLR 1.1.4322)" -
155.69.5.236 - - [26/May/2004:00:40:02 +0800] "GET /~nguyentr/CV/Resume.doc HTTP/1.1" 200 31232 "http://www.comp.nus.edu.sg/~nguyentr/CV/" "Mozilla/4.0 (compatible; MSIE 6.0; Windows NT 5.1; .NET CLR 1.1.4322)" 172.20.146.13
172.18.193.83 - - [26/May/2004:00:40:03 +0800] "GET / HTTP/1.1" 200 8789 "-" "Mozilla/4.0 (compatible; MSIE 6.0; Windows NT 5.1; .NET CLR 1.1.4322)" -
218.65.61.98 - - [26/May/2004:00:40:03 +0800] "GET /~sunzhenx/yuzhou/jingxing/venus1.gif HTTP/1.1" 200 13113 "http://www.comp.nus.edu.sg/~sunzhenx/yuzhou/yxgyjxdtp.htm" "Mozilla/4.0 (compatible; MSIE 6.0; Windows NT 5.1)" -
172.18.193.83 - - [26/May/2004:00:40:03 +0800] "GET /nusstyles.css HTTP/1.1" 304 - "http://www.comp.nus.edu.sg/" "Mozilla/4.0 (compatible; MSIE 6.0; Windows NT 5.1; .NET CLR 1.1.4322)" -
172.18.193.83 - - [26/May/2004:00:40:03 +0800] "GET /images/socmain_r3_c10.jpg HTTP/1.1" 304 - "http://www.comp.nus.edu.sg/" "Mozilla/4.0 (compatible; MSIE 6.0; Windows NT 5.1; .NET CLR 1.1.4322)" -
172.18.193.83 - - [26/May/2004:00:40:03 +0800] "GET /images/nussocbanner.gif HTTP/1.1" 304 - "http://www.comp.nus.edu.sg/" "Mozilla/4.0 (compatible; MSIE 6.0; Windows NT 5.1; .NET CLR 1.1.4322)" -
172.18.193.83 - - [26/May/2004:00:40:03 +0800] "GET /images/socmain_r3_c8.jpg HTTP/1.1" 304 - "http://www.comp.nus.edu.sg/" "Mozilla/4.0 (compatible; MSIE 6.0; Windows NT 5.1; .NET CLR 1.1.4322)" -
172.18.193.83 - - [26/May/2004:00:40:03 +0800] "GET /images/facenghd.gif HTTP/1.1" 304 - "http://www.comp.nus.edu.sg/" "Mozilla/4.0 (compatible; MSIE 6.0; Windows NT 5.1; .NET CLR 1.1.4322)" -
172.18.193.83 - - [26/May/2004:00:40:03 +0800] "GET /images/socmain_r3_c6.jpg HTTP/1.1" 304 - "http://www.comp.nus.edu.sg/" "Mozilla/4.0 (compatible; MSIE 6.0; Windows NT 5.1; .NET CLR 1.1.4322)" -
172.18.193.83 - - [26/May/2004:00:40:03 +0800] "GET /images/socmain_r3_c11.jpg HTTP/1.1" 304 - "http://www.comp.nus.edu.sg/" "Mozilla/4.0 (compatible; MSIE 6.0; Windows NT 5.1; .NET CLR 1.1.4322)" -
172.18.193.83 - - [26/May/2004:00:40:03 +0800] "GET /images/socmain_r3_c13.jpg HTTP/1.1" 304 - "http://www.comp.nus.edu.sg/" "Mozilla/4.0 (compatible; MSIE 6.0; Windows NT 5.1; .NET CLR 1.1.4322)" -
172.18.193.83 - - [26/May/2004:00:40:03 +0800] "GET /images/recruitment.jpg HTTP/1.1" 304 - "http://www.comp.nus.edu.sg/" "Mozilla/4.0 (compatible; MSIE 6.0; Windows NT 5.1; .NET CLR 1.1.4322)" -
172.18.193.83 - - [26/May/2004:00:40:03 +0800] "GET /images/socmain_r3_c15.jpg HTTP/1.1" 304 - "http://www.comp.nus.edu.sg/" "Mozilla/4.0 (compatible; MSIE 6.0; Windows NT 5.1; .NET CLR 1.1.4322)" -
172.18.193.83 - - [26/May/2004:00:40:03 +0800] "GET /images/socmain_r3_c16.jpg HTTP/1.1" 304 - "http://www.comp.nus.edu.sg/" "Mozilla/4.0 (compatible; MSIE 6.0; Windows NT 5.1; .NET CLR 1.1.4322)" -
172.18.193.83 - - [26/May/2004:00:40:03 +0800] "GET /images/socmain_r5_c12.jpg HTTP/1.1" 304 - "http://www.comp.nus.edu.sg/" "Mozilla/4.0 (compatible; MSIE 6.0; Windows NT 5.1; .NET CLR 1.1.4322)" -
172.18.193.83 - - [26/May/2004:00:40:03 +0800] "GET /images/socmain_r5_c13.jpg HTTP/1.1" 304 - "http://www.comp.nus.edu.sg/" "Mozilla/4.0 (compatible; MSIE 6.0; Windows NT 5.1; .NET CLR 1.1.4322)" -
172.18.193.83 - - [26/May/2004:00:40:03 +0800] "GET /images/socmain_r5_c14.jpg HTTP/1.1" 304 - "http://www.comp.nus.edu.sg/" "Mozilla/4.0 (compatible; MSIE 6.0; Windows NT 5.1; .NET CLR 1.1.4322)" -
172.18.193.83 - - [26/May/2004:00:40:04 +0800] "GET /images/trans.gif HTTP/1.1" 304 - "http://www.comp.nus.edu.sg/" "Mozilla/4.0 (compatible; MSIE 6.0; Windows NT 5.1; .NET CLR 1.1.4322)" -
172.18.193.83 - - [26/May/2004:00:40:04 +0800] "GET /images/sip.gif HTTP/1.1" 304 - "http://www.comp.nus.edu.sg/" "Mozilla/4.0 (compatible; MSIE 6.0; Windows NT 5.1; .NET CLR 1.1.4322)" -
172.18.193.83 - - [26/May/2004:00:40:04 +0800] "GET /images/sem-events.gif HTTP/1.1" 304 - "http://www.comp.nus.edu.sg/" "Mozilla/4.0 (compatible; MSIE 6.0; Windows NT 5.1; .NET CLR 1.1.4322)" -
172.18.193.83 - - [26/May/2004:00:40:04 +0800] "GET /images/socimage.jpg HTTP/1.1" 304 - "http://www.comp.nus.edu.sg/" "Mozilla/4.0 (compatible; MSIE 6.0; Windows NT 5.1; .NET CLR 1.1.4322)" -
172.18.193.83 - - [26/May/2004:00:40:04 +0800] "GET /images/socmain_r7_c1.jpg HTTP/1.1" 304 - "http://www.comp.nus.edu.sg/" "Mozilla/4.0 (compatible; MSIE 6.0; Windows NT 5.1; .NET CLR 1.1.4322)" -
172.18.193.83 - - [26/May/2004:00:40:04 +0800] "GET /images/socmain_r7_c2.jpg HTTP/1.1" 304 - "http://www.comp.nus.edu.sg/" "Mozilla/4.0 (compatible; MSIE 6.0; Windows NT 5.1; .NET CLR 1.1.4322)" -
172.18.193.83 - - [26/May/2004:00:40:04 +0800] "GET /images/socmain_r7_c4.jpg HTTP/1.1" 304 - "http://www.comp.nus.edu.sg/" "Mozilla/4.0 (compatible; MSIE 6.0; Windows NT 5.1; .NET CLR 1.1.4322)" -
172.18.193.83 - - [26/May/2004:00:40:04 +0800] "GET /images/socmain_r7_c5.jpg HTTP/1.1" 304 - "http://www.comp.nus.edu.sg/" "Mozilla/4.0 (compatible; MSIE 6.0; Windows NT 5.1; .NET CLR 1.1.4322)" -
172.18.193.83 - - [26/May/2004:00:40:04 +0800] "GET /images/socmain_r7_c7.jpg HTTP/1.1" 304 - "http://www.comp.nus.edu.sg/" "Mozilla/4.0 (compatible; MSIE 6.0; Windows NT 5.1; .NET CLR 1.1.4322)" -
172.18.193.83 - - [26/May/2004:00:40:04 +0800] "GET /images/socmain_r7_c9f.jpg HTTP/1.1" 304 - "http://www.comp.nus.edu.sg/" "Mozilla/4.0 (compatible; MSIE 6.0; Windows NT 5.1; .NET CLR 1.1.4322)" -
172.18.193.83 - - [26/May/2004:00:40:04 +0800] "GET /images/grey.gif HTTP/1.1" 304 - "http://www.comp.nus.edu.sg/" "Mozilla/4.0 (compatible; MSIE 6.0; Windows NT 5.1; .NET CLR 1.1.4322)" -
ec2182.engga.uwo.ca - - [26/May/2004:00:40:06 +0800] "GET /~pris/FuzzyLogic/DemoAppletDetailed1.html HTTP/1.1" 200 3351 "http://www.comp.nus.edu.sg/~pris/FuzzyLogic/ModelDetailed2.html" "Mozilla/4.0 (compatible; MSIE 6.0; Windows NT 5.0; .NET CLR 1.0.3705; .NET CLR 1.1.4322)" -
