209.135.123.8 - - [26/May/2004:00:19:21 +0800] "GET /~sunyuan/images/nemo.gif HTTP/1.1" 200 98407 "http://images.google.ca/imgres?imgurl=www.comp.nus.edu.sg/~sunyuan/images/nemo.gif&imgrefurl=http://www.comp.nus.edu.sg/~sunyuan/&h=248&w=275&sz=97&tbnid=2kEH2rEHlHsJ:&tbnh=98&tbnw=108&prev=/images%3Fq%3Dnemo%26hl%3Den%26lr%3D%26ie%3DUTF-8&frame=small" "Mozilla/4.0 (compatible; MSIE 5.5; Windows 98)" -
smtpgtwy.ausd.k12.ca.us - - [26/May/2004:00:19:21 +0800] "GET /~angpheng/rhwebsite/rev%20hard%20title%20alt%202.jpg HTTP/1.0" 200 52723 "http://forums.clubrsx.com/showthread.php?t=158647&page=2&pp=25" "Mozilla/4.0 (compatible; MSIE 6.0; Windows NT 5.1; .NET CLR 1.1.4322)" 10.10.11.166
kolb303d.vsb.cz - - [26/May/2004:00:19:22 +0800] "GET /~doanlevi/pic/nt.jpg HTTP/1.1" 200 98304 "http://www.tiachopxanh.com/Forum/index.php?showtopic=1055" "Mozilla/4.0 (compatible; MSIE 6.0; Windows NT 5.1; FunWebProducts)" -
172.18.197.30 - - [26/May/2004:00:19:22 +0800] "GET /~liujian1/english/urop/3288/VRPS-LJH-Project-Progress-Report-Week-02/index.html HTTP/1.1" 404 361 "http://www.comp.nus.edu.sg/cgi-bin/search.cgi?q=genetic+%26+algorithm&ps=10&o=0&m=all&wm=wrd&ul=&wf=11111111" "Mozilla/4.0 (compatible; MSIE 6.0; Windows NT 5.1)" -
82-36-180-218.cable.ubr02.soli.blueyonder.co.uk - - [26/May/2004:00:19:22 +0800] "GET /~sunyuan/ HTTP/1.1" 200 3152 "http://images.google.co.uk/imgres?imgurl=www.comp.nus.edu.sg/~sunyuan/images/nemo.gif&imgrefurl=http://www.comp.nus.edu.sg/~sunyuan/&h=248&w=275&sz=97&tbnid=2kEH2rEHlHsJ:&tbnh=98&tbnw=108&start=8&prev=/images%3Fq%3D%2Bnemo%26hl%3Den%26lr%3D%26ie%3DUTF-8" "Mozilla/4.0 (compatible; MSIE 6.0; Windows NT 5.1)" -
82-36-180-218.cable.ubr02.soli.blueyonder.co.uk - - [26/May/2004:00:19:23 +0800] "GET /~sunyuan/images/index_r1_c1.gif HTTP/1.1" 200 1887 "http://www.comp.nus.edu.sg/~sunyuan/" "Mozilla/4.0 (compatible; MSIE 6.0; Windows NT 5.1)" -
kolb303d.vsb.cz - - [26/May/2004:00:19:23 +0800] "GET /~doanlevi/wing.gif HTTP/1.1" 200 280915 "http://www.tiachopxanh.com/Forum/index.php?showtopic=1055" "Mozilla/4.0 (compatible; MSIE 6.0; Windows NT 5.1; FunWebProducts)" -
dsl-082-083-172-169.arcor-ip.net - - [26/May/2004:00:19:24 +0800] "GET /~sunyuan/images/nemo.gif HTTP/1.1" 200 98407 "http://images.google.de/imgres?imgurl=www.comp.nus.edu.sg/~sunyuan/images/nemo.gif&imgrefurl=http://www.comp.nus.edu.sg/~sunyuan/&h=248&w=275&sz=97&tbnid=2kEH2rEHlHsJ:&tbnh=98&tbnw=108&prev=/images%3Fq%3Dnemo%26imgsz%3Dsmall%257Cmedium%257Clarge%257Cxlarge%26hl%3Dde%26lr%3D%26ie%3DUTF-8&frame=small" "Mozilla/4.0 (compatible; MSIE 6.0; Windows NT 5.0; DownloadSpeed)" -
82-36-180-218.cable.ubr02.soli.blueyonder.co.uk - - [26/May/2004:00:19:25 +0800] "GET /~sunyuan/images/index_r2_c1.gif HTTP/1.1" 200 12459 "http://www.comp.nus.edu.sg/~sunyuan/" "Mozilla/4.0 (compatible; MSIE 6.0; Windows NT 5.1)" -
gateway.wcg.com - - [26/May/2004:00:19:25 +0800] "GET /~ooibc/courses/sql/ddl_table.htm HTTP/1.1" 200 13485 "http://www.google.com/search?q=add+columns+to+a+primary+key+in+oracle&hl=en&lr=&ie=UTF-8&c2coff=1&start=10&sa=N" "Mozilla/5.0 (Windows; U; Windows NT 5.0; en-US; rv:1.5) Gecko/20031007" -
82-36-180-218.cable.ubr02.soli.blueyonder.co.uk - - [26/May/2004:00:19:25 +0800] "GET /~sunyuan/images/index_r2_c3.gif HTTP/1.1" 200 11308 "http://www.comp.nus.edu.sg/~sunyuan/" "Mozilla/4.0 (compatible; MSIE 6.0; Windows NT 5.1)" -
82-36-180-218.cable.ubr02.soli.blueyonder.co.uk - - [26/May/2004:00:19:25 +0800] "GET /~sunyuan/images/nemo.gif HTTP/1.1" 200 98407 "http://www.comp.nus.edu.sg/~sunyuan/" "Mozilla/4.0 (compatible; MSIE 6.0; Windows NT 5.1)" -
sf3.comp.nus.edu.sg - - [26/May/2004:00:19:25 +0800] "GET /~huynhgia/download/signature.gif HTTP/1.1" 200 68966 "http://forum.vncnus.net/viewtopic.php?t=8081" "Mozilla/4.0 (compatible; MSIE 6.0; Windows NT 5.1)" -
149.174.164.24 - - [26/May/2004:00:19:27 +0800] "GET /~chenkang/CD38/sds/electrophoresis.mov HTTP/1.0" 404 308 "http://www.sp.uconn.edu/~bi102vc/102f02/terry/DNA.html" "Mozilla/4.0 (compatible; MSIE 6.0; AOL 9.0; Windows 98)" -
206-81.priv20.nus.edu.sg - trinhthi [26/May/2004:00:19:27 +0800] "GET /cf/www/intro.html HTTP/1.1" 200 24645 "https://www.comp.nus.edu.sg/cf/www/index.html" "Mozilla/4.0 (compatible; MSIE 6.0; Windows NT 5.1)" SSLv3 RC4-MD5 "-"
82-36-180-218.cable.ubr02.soli.blueyonder.co.uk - - [26/May/2004:00:19:27 +0800] "GET /~sunyuan/images/index_r3_c2.gif HTTP/1.1" 200 8177 "http://www.comp.nus.edu.sg/~sunyuan/" "Mozilla/4.0 (compatible; MSIE 6.0; Windows NT 5.1)" -
bbcache-8.singnet.com.sg - - [26/May/2004:00:19:27 +0800] "GET /~cmcurric/AY2004_5/moddes2004_5.pdf HTTP/1.1" 304 - "-" "Mozilla/4.0 (compatible; MSIE 6.0; Windows NT 5.1)" 220.255.171.53, 165.21.154.129
lj1158.inktomisearch.com - - [26/May/2004:00:19:28 +0800] "GET /~fangll/jdk1.2.2/docs/api/javax/swing/JTextField.AccessibleJTextField.html HTTP/1.0" 404 344 "-" "Mozilla/5.0 (compatible; Yahoo! Slurp; http://help.yahoo.com/help/us/ysearch/slurp)" -
82-36-180-218.cable.ubr02.soli.blueyonder.co.uk - - [26/May/2004:00:19:29 +0800] "GET /~sunyuan/images/nemo.gif HTTP/1.1" 200 0 "http://www.comp.nus.edu.sg/~sunyuan/" "Mozilla/4.0 (compatible; MSIE 6.0; Windows NT 5.1)" -
209.135.123.8 - - [26/May/2004:00:19:29 +0800] "GET /~sunyuan/images/nemo.gif HTTP/1.1" 200 0 "http://www.comp.nus.edu.sg/~sunyuan/" "Mozilla/4.0 (compatible; MSIE 5.5; Windows 98)" -
82-36-180-218.cable.ubr02.soli.blueyonder.co.uk - - [26/May/2004:00:19:31 +0800] "GET /~sunyuan/images/index_r2_c2_f2.gif HTTP/1.1" 200 23678 "http://www.comp.nus.edu.sg/~sunyuan/" "Mozilla/4.0 (compatible; MSIE 6.0; Windows NT 5.1)" -
197-30.priv.nus.edu.sg - - [26/May/2004:00:19:31 +0800] "GET /~cs310x/99_sem1/proj/web/A6101.html HTTP/1.1" 200 1731 "http://www.comp.nus.edu.sg/cgi-bin/search.cgi?q=genetic+%26+algorithm&ps=10&o=0&m=all&wm=wrd&ul=&wf=11111111" "Mozilla/4.0 (compatible; MSIE 6.0; Windows NT 5.1)" -
82-36-180-218.cable.ubr02.soli.blueyonder.co.uk - - [26/May/2004:00:19:32 +0800] "GET /~sunyuan/images/nemo.gif HTTP/1.1" 200 65536 "http://www.comp.nus.edu.sg/~sunyuan/" "Mozilla/4.0 (compatible; MSIE 6.0; Windows NT 5.1)" -
dsl-082-083-172-169.arcor-ip.net - - [26/May/2004:00:19:32 +0800] "GET /~sunyuan/ HTTP/1.1" 200 3152 "http://images.google.de/imgres?imgurl=www.comp.nus.edu.sg/~sunyuan/images/nemo.gif&imgrefurl=http://www.comp.nus.edu.sg/~sunyuan/&h=248&w=275&sz=97&tbnid=2kEH2rEHlHsJ:&tbnh=98&tbnw=108&start=7&prev=/images%3Fq%3Dnemo%26imgsz%3Dsmall%257Cmedium%257Clarge%257Cxlarge%26hl%3Dde%26lr%3D%26ie%3DUTF-8" "Mozilla/4.0 (compatible; MSIE 6.0; Windows NT 5.0; DownloadSpeed)" -
206-81.priv20.nus.edu.sg - trinhthi [26/May/2004:00:19:32 +0800] "GET /cf/www/setup-homepage.html HTTP/1.1" 200 26967 "https://www.comp.nus.edu.sg/cf/www/index.html" "Mozilla/4.0 (compatible; MSIE 6.0; Windows NT 5.1)" SSLv3 RC4-MD5 "-"
216.157.229.157 - - [26/May/2004:00:19:32 +0800] "GET /~sunyuan/ HTTP/1.1" 200 3152 "http://images.google.com/imgres?imgurl=www.comp.nus.edu.sg/~sunyuan/images/nemo.gif&imgrefurl=http://www.comp.nus.edu.sg/~sunyuan/&h=248&w=275&sz=97&tbnid=2kEH2rEHlHsJ:&tbnh=98&tbnw=108&start=8&prev=/images%3Fq%3Dnemo%26hl%3Den%26lr%3D%26ie%3DUTF-8" "Mozilla/4.0 (compatible; MSIE 6.0; Windows NT 5.1)" -
dsl-082-083-172-169.arcor-ip.net - - [26/May/2004:00:19:32 +0800] "GET /~sunyuan/images/index_r1_c1.gif HTTP/1.1" 200 1887 "http://www.comp.nus.edu.sg/~sunyuan/" "Mozilla/4.0 (compatible; MSIE 6.0; Windows NT 5.0; DownloadSpeed)" -
218.66.89.146 - - [26/May/2004:00:19:33 +0800] "GET /nusstyles.css HTTP/1.1" 304 - "http://www.comp.nus.edu.sg/undergradprog/" "Mozilla/4.0 (compatible; MSIE 6.0; Windows NT 5.1; .NET CLR 1.1.4322)" -
23159.bsb.virtua.com.br - - [26/May/2004:00:19:33 +0800] "GET /~sunyuan/images/nemo.gif HTTP/1.1" 304 - "http://www.cinemaemcena.com.br/cinemacena/forum/forum_posts.asp?TID=3820&PN=1" "Mozilla/4.0 (compatible; MSIE 6.0; Windows NT 5.1)" -
218.66.89.146 - - [26/May/2004:00:19:33 +0800] "GET /images/nussocbanner.gif HTTP/1.1" 304 - "http://www.comp.nus.edu.sg/undergradprog/" "Mozilla/4.0 (compatible; MSIE 6.0; Windows NT 5.1; .NET CLR 1.1.4322)" -
zorro.isep.ipp.pt - - [26/May/2004:00:19:33 +0800] "GET /~yuenck/ HTTP/1.0" 200 962 "-" "Mozilla/4.0 (compatible; MSIE 6.0; Windows NT 5.0; .NET CLR 1.1.4322)" unknown, 193.136.60.24
218.66.89.146 - - [26/May/2004:00:19:33 +0800] "GET /images/facenghd.gif HTTP/1.1" 304 - "http://www.comp.nus.edu.sg/undergradprog/" "Mozilla/4.0 (compatible; MSIE 6.0; Windows NT 5.1; .NET CLR 1.1.4322)" -
218.66.89.146 - - [26/May/2004:00:19:34 +0800] "GET /undergradprog/ HTTP/1.1" 200 18965 "http://www.comp.nus.edu.sg/programmes/programmes.htm" "Mozilla/4.0 (compatible; MSIE 6.0; Windows NT 5.1; .NET CLR 1.1.4322)" -
218.66.89.146 - - [26/May/2004:00:19:34 +0800] "GET /images/socmain_r3_c6.jpg HTTP/1.1" 304 - "http://www.comp.nus.edu.sg/undergradprog/" "Mozilla/4.0 (compatible; MSIE 6.0; Windows NT 5.1; .NET CLR 1.1.4322)" -
221.205.164.183 - - [26/May/2004:00:19:34 +0800] "GET /~chenfen/img/banner.jpg HTTP/1.1" 200 88695 "http://www.comp.nus.edu.sg/~chenfen/essay.html" "Mozilla/4.0 (compatible; MSIE 5.0; Windows 98; DigExt)" -
218.66.89.146 - - [26/May/2004:00:19:34 +0800] "GET /images/socmain_r3_c8.jpg HTTP/1.1" 304 - "http://www.comp.nus.edu.sg/undergradprog/" "Mozilla/4.0 (compatible; MSIE 6.0; Windows NT 5.1; .NET CLR 1.1.4322)" -
zorro.isep.ipp.pt - - [26/May/2004:00:19:34 +0800] "GET /~yuenck/logo.gif HTTP/1.0" 200 3584 "http://www.comp.nus.edu.sg/~yuenck/" "Mozilla/4.0 (compatible; MSIE 6.0; Windows NT 5.0; .NET CLR 1.1.4322)" unknown, 193.136.60.24
218.66.89.146 - - [26/May/2004:00:19:34 +0800] "GET /images/socmain_r3_c10.jpg HTTP/1.1" 304 - "http://www.comp.nus.edu.sg/undergradprog/" "Mozilla/4.0 (compatible; MSIE 6.0; Windows NT 5.1; .NET CLR 1.1.4322)" -
rev5.caregroup.org - - [26/May/2004:00:19:34 +0800] "GET /~xuemingq/style/cartoon.gif HTTP/1.1" 200 1489 "http://members.migente.com/dymekisses/" "Mozilla/4.0 (compatible; MSIE 5.5; Windows NT 4.0)" -
218.66.89.146 - - [26/May/2004:00:19:34 +0800] "GET /images/socmain_r3_c11.jpg HTTP/1.1" 304 - "http://www.comp.nus.edu.sg/undergradprog/" "Mozilla/4.0 (compatible; MSIE 6.0; Windows NT 5.1; .NET CLR 1.1.4322)" -
218.66.89.146 - - [26/May/2004:00:19:35 +0800] "GET /images/socmain_r3_c13.jpg HTTP/1.1" 304 - "http://www.comp.nus.edu.sg/undergradprog/" "Mozilla/4.0 (compatible; MSIE 6.0; Windows NT 5.1; .NET CLR 1.1.4322)" -
218.66.89.146 - - [26/May/2004:00:19:35 +0800] "GET /images/recruitment.jpg HTTP/1.1" 304 - "http://www.comp.nus.edu.sg/undergradprog/" "Mozilla/4.0 (compatible; MSIE 6.0; Windows NT 5.1; .NET CLR 1.1.4322)" -
218.66.89.146 - - [26/May/2004:00:19:35 +0800] "GET /images/socmain_r3_c15.jpg HTTP/1.1" 304 - "http://www.comp.nus.edu.sg/undergradprog/" "Mozilla/4.0 (compatible; MSIE 6.0; Windows NT 5.1; .NET CLR 1.1.4322)" -
218.66.89.146 - - [26/May/2004:00:19:35 +0800] "GET /images/socmain_r3_c16.jpg HTTP/1.1" 304 - "http://www.comp.nus.edu.sg/undergradprog/" "Mozilla/4.0 (compatible; MSIE 6.0; Windows NT 5.1; .NET CLR 1.1.4322)" -
216.157.229.157 - - [26/May/2004:00:19:35 +0800] "GET /~sunyuan/images/nemo.gif HTTP/1.1" 200 98407 "http://images.google.com/imgres?imgurl=www.comp.nus.edu.sg/~sunyuan/images/nemo.gif&imgrefurl=http://www.comp.nus.edu.sg/~sunyuan/&h=248&w=275&sz=97&tbnid=2kEH2rEHlHsJ:&tbnh=98&tbnw=108&prev=/images%3Fq%3Dnemo%26hl%3Den%26lr%3D%26ie%3DUTF-8&frame=small" "Mozilla/4.0 (compatible; MSIE 6.0; Windows NT 5.1)" -
218.66.89.146 - - [26/May/2004:00:19:35 +0800] "GET /images/socmain_r5_c12.jpg HTTP/1.1" 304 - "http://www.comp.nus.edu.sg/undergradprog/" "Mozilla/4.0 (compatible; MSIE 6.0; Windows NT 5.1; .NET CLR 1.1.4322)" -
cache162.156ce.maxonline.com.sg - - [26/May/2004:00:19:36 +0800] "GET /~cs5263/lecture/Week7/Business_Plan_Template_%28Colorado%29.doc HTTP/1.1" 200 85504 "http://sg.search.yahoo.com/search/sg?p=business+plan&fr=fp-tab-web-t&tab=" "Mozilla/4.0 (compatible; MSIE 6.0; Windows NT 5.1; HTMLAB)" 202.156.11.78
82-36-180-218.cable.ubr02.soli.blueyonder.co.uk - - [26/May/2004:00:19:36 +0800] "GET /~sunyuan/images/nemo.gif HTTP/1.1" 200 98407 "http://images.google.co.uk/imgres?imgurl=www.comp.nus.edu.sg/~sunyuan/images/nemo.gif&imgrefurl=http://www.comp.nus.edu.sg/~sunyuan/&h=248&w=275&sz=97&tbnid=2kEH2rEHlHsJ:&tbnh=98&tbnw=108&prev=/images%3Fq%3D%2Bnemo%26hl%3Den%26lr%3D%26ie%3DUTF-8&frame=small" "Mozilla/4.0 (compatible; MSIE 6.0; Windows NT 5.1)" -
218.66.89.146 - - [26/May/2004:00:19:36 +0800] "GET /images/socmain_r5_c13.jpg HTTP/1.1" 304 - "http://www.comp.nus.edu.sg/undergradprog/" "Mozilla/4.0 (compatible; MSIE 6.0; Windows NT 5.1; .NET CLR 1.1.4322)" -
218.66.89.146 - - [26/May/2004:00:19:36 +0800] "GET /images/socmain_r5_c14.jpg HTTP/1.1" 304 - "http://www.comp.nus.edu.sg/undergradprog/" "Mozilla/4.0 (compatible; MSIE 6.0; Windows NT 5.1; .NET CLR 1.1.4322)" -
218.66.89.146 - - [26/May/2004:00:19:36 +0800] "GET /images/socmain_r7_c1.jpg HTTP/1.1" 304 - "http://www.comp.nus.edu.sg/undergradprog/" "Mozilla/4.0 (compatible; MSIE 6.0; Windows NT 5.1; .NET CLR 1.1.4322)" -
cache162.156ce.maxonline.com.sg - - [26/May/2004:00:19:36 +0800] "OPTIONS /~cs5263/lecture/Week7 HTTP/1.1" 301 341 "-" "Microsoft Data Access Internet Publishing Provider Cache Manager" 202.156.11.78
202.156.2.162 - - [26/May/2004:00:19:36 +0800] "GET /_vti_inf.html HTTP/1.1" 404 295 "-" "Mozilla/2.0 (compatible; MS FrontPage 4.0)" 202.156.11.78
218.66.89.146 - - [26/May/2004:00:19:36 +0800] "GET /images/socmain_r7_c2.jpg HTTP/1.1" 304 - "http://www.comp.nus.edu.sg/undergradprog/" "Mozilla/4.0 (compatible; MSIE 6.0; Windows NT 5.1; .NET CLR 1.1.4322)" -
202.156.2.162 - - [26/May/2004:00:19:36 +0800] "POST /_vti_bin/shtml.exe/_vti_rpc HTTP/1.1" 404 309 "-" "MSFrontPage/4.0" 202.156.11.78
cache162.156ce.maxonline.com.sg - - [26/May/2004:00:19:36 +0800] "OPTIONS /~cs5263/lecture/Week7/Business_Plan_Template_%28Colorado%29.doc HTTP/1.1" 200 - "-" "Microsoft Data Access Internet Publishing Provider DAV 1.1" 202.156.11.78
218.66.89.146 - - [26/May/2004:00:19:36 +0800] "GET /images/socmain_r7_c4.jpg HTTP/1.1" 304 - "http://www.comp.nus.edu.sg/undergradprog/" "Mozilla/4.0 (compatible; MSIE 6.0; Windows NT 5.1; .NET CLR 1.1.4322)" -
82-36-180-218.cable.ubr02.soli.blueyonder.co.uk - - [26/May/2004:00:19:37 +0800] "GET /~sunyuan/images/index_r2_c3.gif HTTP/1.1" 206 4715 "http://www.comp.nus.edu.sg/~sunyuan/" "Mozilla/4.0 (compatible; MSIE 6.0; Windows NT 5.1)" -
218.66.89.146 - - [26/May/2004:00:19:37 +0800] "GET /images/socmain_r7_c5.jpg HTTP/1.1" 304 - "http://www.comp.nus.edu.sg/undergradprog/" "Mozilla/4.0 (compatible; MSIE 6.0; Windows NT 5.1; .NET CLR 1.1.4322)" -
218.66.89.146 - - [26/May/2004:00:19:37 +0800] "GET /images/socmain_r7_c7.jpg HTTP/1.1" 304 - "http://www.comp.nus.edu.sg/undergradprog/" "Mozilla/4.0 (compatible; MSIE 6.0; Windows NT 5.1; .NET CLR 1.1.4322)" -
218.66.89.146 - - [26/May/2004:00:19:37 +0800] "GET /images/socmain_r7_c9f.jpg HTTP/1.1" 304 - "http://www.comp.nus.edu.sg/undergradprog/" "Mozilla/4.0 (compatible; MSIE 6.0; Windows NT 5.1; .NET CLR 1.1.4322)" -
218.66.89.146 - - [26/May/2004:00:19:37 +0800] "GET /images/grey.gif HTTP/1.1" 304 - "http://www.comp.nus.edu.sg/undergradprog/" "Mozilla/4.0 (compatible; MSIE 6.0; Windows NT 5.1; .NET CLR 1.1.4322)" -
204.60.86.96 - - [26/May/2004:00:19:37 +0800] "GET /~sunyuan/ HTTP/1.0" 200 3140 "http://images.google.com/imgres?imgurl=www.comp.nus.edu.sg/~sunyuan/images/nemo.gif&imgrefurl=http://www.comp.nus.edu.sg/~sunyuan/&h=248&w=275&sz=97&tbnid=2kEH2rEHlHsJ:&tbnh=98&tbnw=108&start=8&prev=/images%3Fq%3Dnemo%26hl%3Den%26lr%3D%26ie%3DUTF-8" "Mozilla/4.0 (compatible; MSIE 6.0; Windows NT 5.0)" -
zorro.isep.ipp.pt - - [26/May/2004:00:19:38 +0800] "GET /~yuenck/nus.gif HTTP/1.0" 200 7394 "http://www.comp.nus.edu.sg/~yuenck/" "Mozilla/4.0 (compatible; MSIE 6.0; Windows NT 5.0; .NET CLR 1.1.4322)" unknown, 193.136.60.24
204.60.86.96 - - [26/May/2004:00:19:38 +0800] "GET /~sunyuan/images/index_r1_c1.gif HTTP/1.0" 200 1887 "http://www.comp.nus.edu.sg/~sunyuan/" "Mozilla/4.0 (compatible; MSIE 6.0; Windows NT 5.0)" -
204.60.86.96 - - [26/May/2004:00:19:39 +0800] "GET /~sunyuan/images/index_r2_c1.gif HTTP/1.0" 200 12459 "http://www.comp.nus.edu.sg/~sunyuan/" "Mozilla/4.0 (compatible; MSIE 6.0; Windows NT 5.0)" -
209.135.123.8 - - [26/May/2004:00:19:40 +0800] "GET /~sunyuan/images/nemo.gif HTTP/1.1" 304 - "-" "Mozilla/4.0 (compatible; MSIE 5.5; Windows 98)" -
209.135.123.8 - - [26/May/2004:00:19:40 +0800] "GET /~sunyuan/images/nemo.gif HTTP/1.1" 304 - "-" "Mozilla/4.0 (compatible; MSIE 5.5; Windows 98)" -
204.60.86.96 - - [26/May/2004:00:19:40 +0800] "GET /~sunyuan/images/index_r2_c3.gif HTTP/1.0" 200 11308 "http://www.comp.nus.edu.sg/~sunyuan/" "Mozilla/4.0 (compatible; MSIE 6.0; Windows NT 5.0)" -
cache170.156ce.maxonline.com.sg - - [26/May/2004:00:19:42 +0800] "GET /~wonghaie/megami05.gif HTTP/1.1" 304 - "http://www.bob.com.sg/forum/showthread.php?p=129461#post129461" "Mozilla/4.0 (compatible; MSIE 6.0; Windows NT 5.1; .NET CLR 1.1.4322)" 202.156.154.31
204.60.86.96 - - [26/May/2004:00:19:43 +0800] "GET /~sunyuan/images/nemo.gif HTTP/1.0" 200 98407 "http://www.comp.nus.edu.sg/~sunyuan/" "Mozilla/4.0 (compatible; MSIE 6.0; Windows NT 5.0)" -
204.60.86.96 - - [26/May/2004:00:19:43 +0800] "GET /~sunyuan/images/index_r3_c2.gif HTTP/1.0" 200 8177 "http://www.comp.nus.edu.sg/~sunyuan/" "Mozilla/4.0 (compatible; MSIE 6.0; Windows NT 5.0)" -
210.240.172.51 - - [26/May/2004:00:19:44 +0800] "GET /~nghoongk/lyrics/singer465-1.html HTTP/1.1" 200 4015 "http://tw.search.yahoo.com/search/kimo?p=%B3%AF%A4%A9%B7s" "Mozilla/4.0 (compatible; MSIE 6.0; Windows NT 5.1; KKman2.0)" -
210.240.172.51 - - [26/May/2004:00:19:45 +0800] "GET /~nghoongk/lyrics/m.gif HTTP/1.1" 200 872 "http://www.comp.nus.edu.sg/~nghoongk/lyrics/singer465-1.html" "Mozilla/4.0 (compatible; MSIE 6.0; Windows NT 5.1; KKman2.0)" -
204.60.86.96 - - [26/May/2004:00:19:48 +0800] "GET /~sunyuan/images/nemo.gif HTTP/1.0" 200 98407 "http://images.google.com/imgres?imgurl=www.comp.nus.edu.sg/~sunyuan/images/nemo.gif&imgrefurl=http://www.comp.nus.edu.sg/~sunyuan/&h=248&w=275&sz=97&tbnid=2kEH2rEHlHsJ:&tbnh=98&tbnw=108&prev=/images%3Fq%3Dnemo%26hl%3Den%26lr%3D%26ie%3DUTF-8&frame=small" "Mozilla/4.0 (compatible; MSIE 6.0; Windows NT 5.0)" -
216.157.229.157 - - [26/May/2004:00:19:49 +0800] "GET /~sunyuan/ HTTP/1.1" 200 3152 "http://images.google.com/imgres?imgurl=www.comp.nus.edu.sg/~sunyuan/images/nemo.gif&imgrefurl=http://www.comp.nus.edu.sg/~sunyuan/&h=248&w=275&sz=97&tbnid=2kEH2rEHlHsJ:&tbnh=98&tbnw=108&start=8&prev=/images%3Fq%3Dnemo%26hl%3Den%26lr%3D%26ie%3DUTF-8" "Mozilla/4.0 (compatible; MSIE 6.0; Windows NT 5.1)" -
bbcache-17.singnet.com.sg - - [26/May/2004:00:19:49 +0800] "GET /~tanyeefa/links.html HTTP/1.1" 200 10644 "http://www.google.com.sg/search?hl=en&ie=UTF-8&q=%2B%22tan+hwee+xian%22&meta=" "Mozilla/4.0 (compatible; MSIE 6.0; Windows NT 5.1)" 203.125.8.120, 165.21.154.144
216.157.229.157 - - [26/May/2004:00:19:50 +0800] "GET /~sunyuan/images/index_r1_c1.gif HTTP/1.1" 200 1887 "http://www.comp.nus.edu.sg/~sunyuan/" "Mozilla/4.0 (compatible; MSIE 6.0; Windows NT 5.1)" -
zorro.isep.ipp.pt - - [26/May/2004:00:19:50 +0800] "GET /~yuenck/yuenck.gif HTTP/1.0" 200 20764 "http://www.comp.nus.edu.sg/~yuenck/" "Mozilla/4.0 (compatible; MSIE 6.0; Windows NT 5.0; .NET CLR 1.1.4322)" unknown, 193.136.60.24
216.157.229.157 - - [26/May/2004:00:19:50 +0800] "GET /~sunyuan/images/index_r2_c3.gif HTTP/1.1" 200 11308 "http://www.comp.nus.edu.sg/~sunyuan/" "Mozilla/4.0 (compatible; MSIE 6.0; Windows NT 5.1)" -
216.157.229.157 - - [26/May/2004:00:19:50 +0800] "GET /~sunyuan/images/index_r3_c2.gif HTTP/1.1" 200 8177 "http://www.comp.nus.edu.sg/~sunyuan/" "Mozilla/4.0 (compatible; MSIE 6.0; Windows NT 5.1)" -
216.157.229.157 - - [26/May/2004:00:19:51 +0800] "GET /~sunyuan/images/index_r2_c1.gif HTTP/1.1" 200 12459 "http://www.comp.nus.edu.sg/~sunyuan/" "Mozilla/4.0 (compatible; MSIE 6.0; Windows NT 5.1)" -
197-30.priv.nus.edu.sg - - [26/May/2004:00:19:52 +0800] "GET /~cs310x/images/logo.gif HTTP/1.1" 304 - "http://www.comp.nus.edu.sg/~cs310x/99_sem1/cs3102-pj.html" "Mozilla/4.0 (compatible; MSIE 6.0; Windows NT 5.1)" -
197-30.priv.nus.edu.sg - - [26/May/2004:00:19:53 +0800] "GET /~cs310x/99_sem1/cs3102-pj.html HTTP/1.1" 200 50430 "http://www.comp.nus.edu.sg/~cs310x/99_sem1/proj/web/A6101.html" "Mozilla/4.0 (compatible; MSIE 6.0; Windows NT 5.1)" -
209.135.123.8 - - [26/May/2004:00:19:57 +0800] "GET /~sunyuan/images/index_r2_c3.gif HTTP/1.1" 200 11308 "http://www.comp.nus.edu.sg/~sunyuan/" "Mozilla/4.0 (compatible; MSIE 5.5; Windows 98)" -
62.94.104.99 - - [26/May/2004:00:19:57 +0800] "GET /~liyan/leadtime%20distribution.pdf HTTP/1.0" 200 44168 "http://www.google.it/search?q=bullwhip+effect&hl=it&lr=&ie=UTF-8&start=20&sa=N" "Mozilla/4.0 (compatible; MSIE 5.01; Windows NT 5.0)" -
bbcache-17.singnet.com.sg - - [26/May/2004:00:19:58 +0800] "GET /~yuenkaiy/ HTTP/1.1" 200 1695 "http://www.comp.nus.edu.sg/~tanyeefa/links.html" "Mozilla/4.0 (compatible; MSIE 6.0; Windows NT 5.1)" 203.125.8.120, 165.21.154.144
bbcache-17.singnet.com.sg - - [26/May/2004:00:19:58 +0800] "GET /~yuenkaiy/nice.css HTTP/1.1" 403 513 "http://www.comp.nus.edu.sg/~yuenkaiy/" "Mozilla/4.0 (compatible; MSIE 6.0; Windows NT 5.1)" 203.125.8.120, 165.21.154.152
bbcache-17.singnet.com.sg - - [26/May/2004:00:19:58 +0800] "GET /~yuenkaiy/v8.gif HTTP/1.1" 200 4911 "http://www.comp.nus.edu.sg/~yuenkaiy/" "Mozilla/4.0 (compatible; MSIE 6.0; Windows NT 5.1)" 203.125.8.120, 165.21.154.155
cache162.156ce.maxonline.com.sg - - [26/May/2004:00:19:59 +0800] "PROPFIND /%7Ecs5263 HTTP/1.1" 301 327 "-" "Microsoft-WebDAV-MiniRedir/5.1.2600" 202.156.11.78
bbcache-9.singnet.com.sg - - [26/May/2004:00:19:59 +0800] "GET /~yuenkaiy/delpiero7.jpg HTTP/1.1" 200 32031 "http://www.comp.nus.edu.sg/~yuenkaiy/" "Mozilla/4.0 (compatible; MSIE 6.0; Windows NT 5.1)" 203.125.8.120, 165.21.154.155
cache162.156ce.maxonline.com.sg - - [26/May/2004:00:20:00 +0800] "PROPFIND /~cs5263/ HTTP/1.1" 405 328 "-" "Microsoft-WebDAV-MiniRedir/5.1.2600" 202.156.11.78
cache162.156ce.maxonline.com.sg - - [26/May/2004:00:20:00 +0800] "PROPFIND /%7Ecs5263 HTTP/1.1" 301 327 "-" "Microsoft-WebDAV-MiniRedir/5.1.2600" 202.156.11.78
62.94.104.99 - - [26/May/2004:00:20:00 +0800] "GET /~liyan/leadtime%20distribution.pdf HTTP/1.0" 206 43450 "-" "Mozilla/4.0 (compatible; MSIE 5.01; Windows NT 5.0)" -
cache162.156ce.maxonline.com.sg - - [26/May/2004:00:20:00 +0800] "PROPFIND /~cs5263/ HTTP/1.1" 405 328 "-" "Microsoft-WebDAV-MiniRedir/5.1.2600" 202.156.11.78
bbcache-9.singnet.com.sg - - [26/May/2004:00:20:00 +0800] "GET /~yuenkaiy/pics.htm HTTP/1.1" 200 440 "http://www.comp.nus.edu.sg/~yuenkaiy/" "Mozilla/4.0 (compatible; MSIE 6.0; Windows NT 5.1)" 203.125.8.120, 165.21.154.134
202.156.2.162 - - [26/May/2004:00:20:00 +0800] "OPTIONS / HTTP/1.1" 200 - "-" "Microsoft-WebDAV-MiniRedir/5.1.2600" 202.156.11.78
cache162.156ce.maxonline.com.sg - - [26/May/2004:00:20:00 +0800] "PROPFIND /%7Ecs5263 HTTP/1.1" 301 327 "-" "Microsoft-WebDAV-MiniRedir/5.1.2600" 202.156.11.78
cache162.156ce.maxonline.com.sg - - [26/May/2004:00:20:00 +0800] "PROPFIND /~cs5263/ HTTP/1.1" 405 328 "-" "Microsoft-WebDAV-MiniRedir/5.1.2600" 202.156.11.78
bbcache-9.singnet.com.sg - - [26/May/2004:00:20:00 +0800] "GET /~yuenkaiy/nice.css HTTP/1.1" 403 513 "http://www.comp.nus.edu.sg/~yuenkaiy/pics.htm" "Mozilla/4.0 (compatible; MSIE 6.0; Windows NT 5.1)" 203.125.8.120, 165.21.154.152
168.176.212.5 - - [26/May/2004:00:20:00 +0800] "GET /~sma5505/project/group9/psvm.doc HTTP/1.1" 200 0 "-" "Mozilla/4.0 (compatible; MSIE 5.01; Windows NT 5.0)" -
ppp-203.144.143.250.revip.asianet.co.th - - [26/May/2004:00:20:02 +0800] "GET /~tancs/comics/fengyun/images/fengyun.jpg HTTP/1.0" 304 - "http://www.burapat.com/phpbb2/viewtopic.php?t=145&postdays=0&postorder=asc&start=20&sid=f34c04239613d813afb47d31de7de1b0" "Mozilla/4.0 (compatible; MSIE 6.0; Windows NT 5.1; ESB{0E0E7B2E-777B-4DE9-BF2F-347882FA79FD})" 202.133.164.86
76-172.priv.nus.edu.sg - - [26/May/2004:00:20:03 +0800] "GET /~lowyuanl/SCCrm/Photo1.jpg HTTP/1.1" 200 57870 "-" "Mozilla/4.0 (compatible; MSIE 6.0; Windows NT 5.1; Q312461)" SSLv3 RC4-MD5 "-"
bbcache-9.singnet.com.sg - - [26/May/2004:00:20:03 +0800] "GET /~yuenkaiy/ HTTP/1.1" 200 1695 "http://www.comp.nus.edu.sg/~tanyeefa/links.html" "Mozilla/4.0 (compatible; MSIE 6.0; Windows NT 5.1)" 203.125.8.120, 165.21.154.144
bbcache-9.singnet.com.sg - - [26/May/2004:00:20:04 +0800] "GET /~yuenkaiy/nice.css HTTP/1.1" 403 513 "http://www.comp.nus.edu.sg/~yuenkaiy/" "Mozilla/4.0 (compatible; MSIE 6.0; Windows NT 5.1)" 203.125.8.120, 165.21.154.152
bbcache-9.singnet.com.sg - - [26/May/2004:00:20:05 +0800] "GET /~yuenkaiy/SmartLearning.htm HTTP/1.1" 200 6226 "http://www.comp.nus.edu.sg/~yuenkaiy/" "Mozilla/4.0 (compatible; MSIE 6.0; Windows NT 5.1)" 203.125.8.120, 165.21.154.157
168.176.212.5 - - [26/May/2004:00:20:05 +0800] "GET /~sma5505/project/term_project.htm HTTP/1.1" 200 13486 "http://www.google.com.co/search?q=%22parallel+support+vector%22&ie=ISO-8859-1&hl=es&meta=lr%3Dlang_es%7Clang_en" "Mozilla/4.0 (compatible; MSIE 5.01; Windows NT 5.0)" -
bbcache-9.singnet.com.sg - - [26/May/2004:00:20:07 +0800] "GET /~yuenkaiy/ HTTP/1.1" 200 1695 "http://www.comp.nus.edu.sg/~tanyeefa/links.html" "Mozilla/4.0 (compatible; MSIE 6.0; Windows NT 5.1)" 203.125.8.120, 165.21.154.144
bbcache-9.singnet.com.sg - - [26/May/2004:00:20:07 +0800] "GET /~yuenkaiy/nice.css HTTP/1.1" 403 513 "http://www.comp.nus.edu.sg/~yuenkaiy/" "Mozilla/4.0 (compatible; MSIE 6.0; Windows NT 5.1)" 203.125.8.120, 165.21.154.152
203.143.130.7 - - [26/May/2004:00:20:08 +0800] "GET /~csit HTTP/1.1" 301 325 "http://sg.search.yahoo.com/search/sg?p=csit&y=Singapore&fr=fp-tab-web-t&tab=" "Mozilla/4.0 (compatible; MSIE 6.0; Windows NT 5.1; FunWebProducts)" -
203.143.130.7 - - [26/May/2004:00:20:08 +0800] "GET /~csit/ HTTP/1.1" 200 1760 "http://sg.search.yahoo.com/search/sg?p=csit&y=Singapore&fr=fp-tab-web-t&tab=" "Mozilla/4.0 (compatible; MSIE 6.0; Windows NT 5.1; FunWebProducts)" -
cache162.156ce.maxonline.com.sg - - [26/May/2004:00:20:08 +0800] "OPTIONS /~cs5263/lecture/Week7 HTTP/1.1" 301 341 "-" "Microsoft Data Access Internet Publishing Provider Cache Manager" 202.156.11.78
202.156.2.162 - - [26/May/2004:00:20:08 +0800] "GET /_vti_inf.html HTTP/1.1" 404 295 "-" "Mozilla/2.0 (compatible; MS FrontPage 4.0)" 202.156.11.78
202.156.2.162 - - [26/May/2004:00:20:08 +0800] "POST /_vti_bin/shtml.exe/_vti_rpc HTTP/1.1" 404 309 "-" "MSFrontPage/4.0" 202.156.11.78
cache162.156ce.maxonline.com.sg - - [26/May/2004:00:20:09 +0800] "OPTIONS /~cs5263/lecture/Week7/Business_Plan_Template_%28Colorado%29.doc HTTP/1.1" 200 - "-" "Microsoft Data Access Internet Publishing Provider DAV 1.1" 202.156.11.78
cache162.156ce.maxonline.com.sg - - [26/May/2004:00:20:09 +0800] "GET /~cs5263/lecture/Week7/Business_Plan_Template_%28Colorado%29.doc HTTP/1.1" 304 - "-" "Mozilla/4.0 (compatible; MSIE 6.0; Windows NT 5.1; HTMLAB)" 202.156.11.78
218.66.89.146 - - [26/May/2004:00:20:10 +0800] "-" 408 - "-" "-" -
cache8.156ce.maxonline.com.sg - - [26/May/2004:00:20:10 +0800] "GET /~kalnis/ HTTP/1.1" 200 9306 "http://www.google.com/search?hl=en&lr=&ie=UTF-8&q=kalnis" "Mozilla/4.0 (compatible; MSIE 6.0; Windows NT 5.1; .NET CLR 1.1.4322)" 218.186.180.12
220-140-155-214.dynamic.hinet.net - - [26/May/2004:00:20:12 +0800] "GET /~nghoongk/lyrics/m.gif HTTP/1.1" 200 872 "http://www.comp.nus.edu.sg/~nghoongk/lyrics/singer421-1.html" "Mozilla/4.0 (compatible; MSIE 6.0; Windows NT 5.1)" -
220-140-155-214.dynamic.hinet.net - - [26/May/2004:00:20:12 +0800] "GET /~nghoongk/lyrics/singer421-1.html HTTP/1.1" 200 11211 "http://tw.search.yahoo.com/search/kimo?p=%BAq%B5%FC%2C%BF%BD%A8%C8%B0a" "Mozilla/4.0 (compatible; MSIE 6.0; Windows NT 5.1)" -
210.186.3.119 - - [26/May/2004:00:20:13 +0800] "GET /~ngshuhhu/bullet.gif HTTP/1.1" 200 526 "http://monicalene.blogspot.com/" "Mozilla/4.0 (compatible; MSIE 6.0; Windows NT 5.1; .NET CLR 1.0.3705)" -
cache162.156ce.maxonline.com.sg - - [26/May/2004:00:20:15 +0800] "PROPFIND /%7Ecs5263 HTTP/1.1" 301 327 "-" "Microsoft-WebDAV-MiniRedir/5.1.2600" 202.156.11.78
cache162.156ce.maxonline.com.sg - - [26/May/2004:00:20:15 +0800] "PROPFIND /~cs5263/ HTTP/1.1" 405 328 "-" "Microsoft-WebDAV-MiniRedir/5.1.2600" 202.156.11.78
81.58.49.130 - - [26/May/2004:00:20:15 +0800] "GET /~ctank/ HTTP/1.0" 200 5527 "-" "Mozilla/4.0 (compatible; MSIE 6.0; Windows 98)" -
cache162.156ce.maxonline.com.sg - - [26/May/2004:00:20:15 +0800] "PROPFIND /%7Ecs5263 HTTP/1.1" 301 327 "-" "Microsoft-WebDAV-MiniRedir/5.1.2600" 202.156.11.78
cache162.156ce.maxonline.com.sg - - [26/May/2004:00:20:15 +0800] "PROPFIND /~cs5263/ HTTP/1.1" 405 328 "-" "Microsoft-WebDAV-MiniRedir/5.1.2600" 202.156.11.78
172.20.206.81 - - [26/May/2004:00:20:16 +0800] "GET / HTTP/1.1" 200 8789 "-" "Mozilla/4.0 (compatible; MSIE 6.0; Windows NT 5.1)" -
172.20.206.81 - - [26/May/2004:00:20:16 +0800] "GET /nusstyles.css HTTP/1.1" 304 - "http://www.comp.nus.edu.sg/" "Mozilla/4.0 (compatible; MSIE 6.0; Windows NT 5.1)" -
172.20.206.81 - - [26/May/2004:00:20:16 +0800] "GET /images/nussocbanner.gif HTTP/1.1" 304 - "http://www.comp.nus.edu.sg/" "Mozilla/4.0 (compatible; MSIE 6.0; Windows NT 5.1)" -
172.20.206.81 - - [26/May/2004:00:20:16 +0800] "GET /images/facenghd.gif HTTP/1.1" 304 - "http://www.comp.nus.edu.sg/" "Mozilla/4.0 (compatible; MSIE 6.0; Windows NT 5.1)" -
172.20.206.81 - - [26/May/2004:00:20:16 +0800] "GET /images/socmain_r3_c6.jpg HTTP/1.1" 304 - "http://www.comp.nus.edu.sg/" "Mozilla/4.0 (compatible; MSIE 6.0; Windows NT 5.1)" -
172.20.206.81 - - [26/May/2004:00:20:16 +0800] "GET /images/socmain_r3_c8.jpg HTTP/1.1" 304 - "http://www.comp.nus.edu.sg/" "Mozilla/4.0 (compatible; MSIE 6.0; Windows NT 5.1)" -
172.20.206.81 - - [26/May/2004:00:20:16 +0800] "GET /images/socmain_r3_c10.jpg HTTP/1.1" 304 - "http://www.comp.nus.edu.sg/" "Mozilla/4.0 (compatible; MSIE 6.0; Windows NT 5.1)" -
172.20.206.81 - - [26/May/2004:00:20:16 +0800] "GET /images/socmain_r3_c11.jpg HTTP/1.1" 304 - "http://www.comp.nus.edu.sg/" "Mozilla/4.0 (compatible; MSIE 6.0; Windows NT 5.1)" -
172.20.206.81 - - [26/May/2004:00:20:16 +0800] "GET /images/socmain_r3_c13.jpg HTTP/1.1" 304 - "http://www.comp.nus.edu.sg/" "Mozilla/4.0 (compatible; MSIE 6.0; Windows NT 5.1)" -
172.20.206.81 - - [26/May/2004:00:20:16 +0800] "GET /images/recruitment.jpg HTTP/1.1" 304 - "http://www.comp.nus.edu.sg/" "Mozilla/4.0 (compatible; MSIE 6.0; Windows NT 5.1)" -
172.20.206.81 - - [26/May/2004:00:20:16 +0800] "GET /images/socmain_r3_c15.jpg HTTP/1.1" 304 - "http://www.comp.nus.edu.sg/" "Mozilla/4.0 (compatible; MSIE 6.0; Windows NT 5.1)" -
172.20.206.81 - - [26/May/2004:00:20:16 +0800] "GET /images/socmain_r3_c16.jpg HTTP/1.1" 304 - "http://www.comp.nus.edu.sg/" "Mozilla/4.0 (compatible; MSIE 6.0; Windows NT 5.1)" -
172.20.206.81 - - [26/May/2004:00:20:16 +0800] "GET /images/socmain_r5_c12.jpg HTTP/1.1" 304 - "http://www.comp.nus.edu.sg/" "Mozilla/4.0 (compatible; MSIE 6.0; Windows NT 5.1)" -
172.20.206.81 - - [26/May/2004:00:20:16 +0800] "GET /images/socmain_r5_c13.jpg HTTP/1.1" 304 - "http://www.comp.nus.edu.sg/" "Mozilla/4.0 (compatible; MSIE 6.0; Windows NT 5.1)" -
210.193.15.20 - - [26/May/2004:00:20:16 +0800] "GET /corpcomm/aboutscc.htm HTTP/1.1" 200 11789 "-" "Mozilla/4.0 (compatible; MSIE 6.0; Windows NT 5.1)" -
172.20.206.81 - - [26/May/2004:00:20:16 +0800] "GET /images/socmain_r5_c14.jpg HTTP/1.1" 304 - "http://www.comp.nus.edu.sg/" "Mozilla/4.0 (compatible; MSIE 6.0; Windows NT 5.1)" -
172.20.206.81 - - [26/May/2004:00:20:16 +0800] "GET /images/trans.gif HTTP/1.1" 304 - "http://www.comp.nus.edu.sg/" "Mozilla/4.0 (compatible; MSIE 6.0; Windows NT 5.1)" -
210.193.15.20 - - [26/May/2004:00:20:16 +0800] "GET /corpcomm/header.js HTTP/1.1" 200 7194 "http://www.comp.nus.edu.sg/corpcomm/aboutscc.htm" "Mozilla/4.0 (compatible; MSIE 6.0; Windows NT 5.1)" -
172.20.206.81 - - [26/May/2004:00:20:16 +0800] "GET /images/sip.gif HTTP/1.1" 304 - "http://www.comp.nus.edu.sg/" "Mozilla/4.0 (compatible; MSIE 6.0; Windows NT 5.1)" -
172.20.206.81 - - [26/May/2004:00:20:16 +0800] "GET /images/sem-events.gif HTTP/1.1" 304 - "http://www.comp.nus.edu.sg/" "Mozilla/4.0 (compatible; MSIE 6.0; Windows NT 5.1)" -
172.20.206.81 - - [26/May/2004:00:20:16 +0800] "GET /images/socimage.jpg HTTP/1.1" 304 - "http://www.comp.nus.edu.sg/" "Mozilla/4.0 (compatible; MSIE 6.0; Windows NT 5.1)" -
172.20.206.81 - - [26/May/2004:00:20:16 +0800] "GET /images/socmain_r7_c1.jpg HTTP/1.1" 304 - "http://www.comp.nus.edu.sg/" "Mozilla/4.0 (compatible; MSIE 6.0; Windows NT 5.1)" -
172.20.206.81 - - [26/May/2004:00:20:17 +0800] "GET /images/socmain_r7_c2.jpg HTTP/1.1" 304 - "http://www.comp.nus.edu.sg/" "Mozilla/4.0 (compatible; MSIE 6.0; Windows NT 5.1)" -
172.20.206.81 - - [26/May/2004:00:20:17 +0800] "GET /images/socmain_r7_c4.jpg HTTP/1.1" 304 - "http://www.comp.nus.edu.sg/" "Mozilla/4.0 (compatible; MSIE 6.0; Windows NT 5.1)" -
172.20.206.81 - - [26/May/2004:00:20:17 +0800] "GET /images/socmain_r7_c5.jpg HTTP/1.1" 304 - "http://www.comp.nus.edu.sg/" "Mozilla/4.0 (compatible; MSIE 6.0; Windows NT 5.1)" -
172.20.206.81 - - [26/May/2004:00:20:17 +0800] "GET /images/socmain_r7_c7.jpg HTTP/1.1" 304 - "http://www.comp.nus.edu.sg/" "Mozilla/4.0 (compatible; MSIE 6.0; Windows NT 5.1)" -
172.20.206.81 - - [26/May/2004:00:20:17 +0800] "GET /images/socmain_r7_c9f.jpg HTTP/1.1" 304 - "http://www.comp.nus.edu.sg/" "Mozilla/4.0 (compatible; MSIE 6.0; Windows NT 5.1)" -
172.20.206.81 - - [26/May/2004:00:20:17 +0800] "GET /images/grey.gif HTTP/1.1" 304 - "http://www.comp.nus.edu.sg/" "Mozilla/4.0 (compatible; MSIE 6.0; Windows NT 5.1)" -
n219077069131.netvigator.com - - [26/May/2004:00:20:17 +0800] "GET /~nghoongk/lyrics/singer242-2.html HTTP/1.1" 200 16841 "http://search.hk.yahoo.com/yc/hk?p=%bd%e6%a8%ad%ab%b4%baq%b5%fc&u=B" "Mozilla/4.0 (compatible; MSIE 6.0; Windows NT 5.1; FunWebProducts)" -
210.193.15.20 - - [26/May/2004:00:20:17 +0800] "GET /corpcomm/images/greytop.jpg HTTP/1.1" 200 10742 "http://www.comp.nus.edu.sg/corpcomm/aboutscc.htm" "Mozilla/4.0 (compatible; MSIE 6.0; Windows NT 5.1)" -
210.193.15.20 - - [26/May/2004:00:20:17 +0800] "GET /corpcomm/images/nuslogo.jpg HTTP/1.1" 200 13054 "http://www.comp.nus.edu.sg/corpcomm/aboutscc.htm" "Mozilla/4.0 (compatible; MSIE 6.0; Windows NT 5.1)" -
210.193.15.20 - - [26/May/2004:00:20:17 +0800] "GET /corpcomm/images/orange.jpg HTTP/1.1" 200 2387 "http://www.comp.nus.edu.sg/corpcomm/aboutscc.htm" "Mozilla/4.0 (compatible; MSIE 6.0; Windows NT 5.1)" -
210.193.15.20 - - [26/May/2004:00:20:17 +0800] "GET /corpcomm/images/orangetop.jpg HTTP/1.1" 200 11858 "http://www.comp.nus.edu.sg/corpcomm/aboutscc.htm" "Mozilla/4.0 (compatible; MSIE 6.0; Windows NT 5.1)" -
210.193.15.20 - - [26/May/2004:00:20:17 +0800] "GET /corpcomm/images/aboutSCC1.jpg HTTP/1.1" 200 8704 "http://www.comp.nus.edu.sg/corpcomm/aboutscc.htm" "Mozilla/4.0 (compatible; MSIE 6.0; Windows NT 5.1)" -
210.193.15.20 - - [26/May/2004:00:20:20 +0800] "GET /corpcomm/images/events1.jpg HTTP/1.1" 200 10760 "http://www.comp.nus.edu.sg/corpcomm/aboutscc.htm" "Mozilla/4.0 (compatible; MSIE 6.0; Windows NT 5.1)" -
210.193.15.20 - - [26/May/2004:00:20:20 +0800] "GET /corpcomm/images/people1.jpg HTTP/1.1" 200 10594 "http://www.comp.nus.edu.sg/corpcomm/aboutscc.htm" "Mozilla/4.0 (compatible; MSIE 6.0; Windows NT 5.1)" -
210.193.15.20 - - [26/May/2004:00:20:20 +0800] "GET /corpcomm/images/contact1.jpg HTTP/1.1" 200 5778 "http://www.comp.nus.edu.sg/corpcomm/aboutscc.htm" "Mozilla/4.0 (compatible; MSIE 6.0; Windows NT 5.1)" -
210.193.15.20 - - [26/May/2004:00:20:20 +0800] "GET /corpcomm/images/intranet1.jpg HTTP/1.1" 200 8906 "http://www.comp.nus.edu.sg/corpcomm/aboutscc.htm" "Mozilla/4.0 (compatible; MSIE 6.0; Windows NT 5.1)" -
210.193.15.20 - - [26/May/2004:00:20:20 +0800] "GET /corpcomm/images/corpaffiliates1.jpg HTTP/1.1" 200 13607 "http://www.comp.nus.edu.sg/corpcomm/aboutscc.htm" "Mozilla/4.0 (compatible; MSIE 6.0; Windows NT 5.1)" -
210.193.15.20 - - [26/May/2004:00:20:21 +0800] "GET /corpcomm/images/bookprizes1.jpg HTTP/1.1" 200 14250 "http://www.comp.nus.edu.sg/corpcomm/aboutscc.htm" "Mozilla/4.0 (compatible; MSIE 6.0; Windows NT 5.1)" -
210.193.15.20 - - [26/May/2004:00:20:21 +0800] "GET /corpcomm/images/studentplacement1.jpg HTTP/1.1" 200 13298 "http://www.comp.nus.edu.sg/corpcomm/aboutscc.htm" "Mozilla/4.0 (compatible; MSIE 6.0; Windows NT 5.1)" -
210.193.15.20 - - [26/May/2004:00:20:21 +0800] "GET /corpcomm/images/IA1.jpg HTTP/1.1" 200 14306 "http://www.comp.nus.edu.sg/corpcomm/aboutscc.htm" "Mozilla/4.0 (compatible; MSIE 6.0; Windows NT 5.1)" -
61-59-204-247.adsl.static.seed.net.tw - - [26/May/2004:00:20:21 +0800] "GET /~nghoongk/lyrics/singer276-1.html HTTP/1.1" 200 3296 "http://tw.search.yahoo.com/search/kimo?p=%C1%D9%ACO%B7%7C%B1I%B9%E6+%BAq%B5%FC&ykd=1" "Mozilla/4.0 (compatible; MSIE 6.0; Windows NT 5.1; KKman2.0; .NET CLR 1.1.4322)" -
210.193.15.20 - - [26/May/2004:00:20:22 +0800] "GET /corpcomm/images/pic_aboutus2.jpg HTTP/1.1" 200 21140 "http://www.comp.nus.edu.sg/corpcomm/aboutscc.htm" "Mozilla/4.0 (compatible; MSIE 6.0; Windows NT 5.1)" -
195.70.85.172 - - [26/May/2004:00:20:22 +0800] "GET /~keexuyua/pictures/skillz.gif HTTP/1.1" 304 - "http://www.koptalk.org/forums/showflat.php/Cat/0/Number/274120/page/0/view/collapsed/sb/5/o/all/fpart/1" "Mozilla/4.0 (compatible; MSIE 5.01; Windows 95)" 10.232.115.72
210.193.15.20 - - [26/May/2004:00:20:23 +0800] "GET /corpcomm/images/pic_aboutus.jpg HTTP/1.1" 200 62953 "http://www.comp.nus.edu.sg/corpcomm/aboutscc.htm" "Mozilla/4.0 (compatible; MSIE 6.0; Windows NT 5.1)" -
210.193.15.20 - - [26/May/2004:00:20:23 +0800] "GET /corpcomm/images/border_middleleft.jpg HTTP/1.1" 200 1895 "http://www.comp.nus.edu.sg/corpcomm/aboutscc.htm" "Mozilla/4.0 (compatible; MSIE 6.0; Windows NT 5.1)" -
210.193.15.20 - - [26/May/2004:00:20:23 +0800] "GET /corpcomm/images/bullet2.jpg HTTP/1.1" 200 2374 "http://www.comp.nus.edu.sg/corpcomm/aboutscc.htm" "Mozilla/4.0 (compatible; MSIE 6.0; Windows NT 5.1)" -
82-37-65-214.cable.ubr01.dudl.blueyonder.co.uk - - [26/May/2004:00:20:23 +0800] "GET /~sunyuan/images/nemo.gif HTTP/1.1" 200 0 "http://www.google.co.uk/imgres?imgurl=www.comp.nus.edu.sg/~sunyuan/images/nemo.gif&imgrefurl=http://www.comp.nus.edu.sg/~sunyuan/&h=248&w=275&sz=97&tbnid=2kEH2rEHlHsJ:&tbnh=98&tbnw=108&prev=/images%3Fq%3Dnemo%26hl%3Den%26lr%3D%26ie%3DUTF-8&frame=small" "Mozilla/4.0 (compatible; MSIE 6.0; Windows 98; Supplied by blueyonder)" -
210.193.15.20 - - [26/May/2004:00:20:23 +0800] "GET /corpcomm/images/border_middleright.jpg HTTP/1.1" 200 1895 "http://www.comp.nus.edu.sg/corpcomm/aboutscc.htm" "Mozilla/4.0 (compatible; MSIE 6.0; Windows NT 5.1)" -
210.193.15.20 - - [26/May/2004:00:20:23 +0800] "GET /corpcomm/images/SCC_logo.jpg HTTP/1.1" 200 21273 "http://www.comp.nus.edu.sg/corpcomm/aboutscc.htm" "Mozilla/4.0 (compatible; MSIE 6.0; Windows NT 5.1)" -
211.75.91.2 - - [26/May/2004:00:20:23 +0800] "GET /~nghoongk/lyrics/singer12-1.html HTTP/1.0" 200 2649 "-" "Mozilla/3.01 (compatible;)" -
210.193.15.20 - - [26/May/2004:00:20:24 +0800] "GET /corpcomm/images/bullet.jpg HTTP/1.1" 200 2407 "http://www.comp.nus.edu.sg/corpcomm/aboutscc.htm" "Mozilla/4.0 (compatible; MSIE 6.0; Windows NT 5.1)" -
210.193.15.20 - - [26/May/2004:00:20:24 +0800] "GET /corpcomm/images/border_bottom.jpg HTTP/1.1" 200 3245 "http://www.comp.nus.edu.sg/corpcomm/aboutscc.htm" "Mozilla/4.0 (compatible; MSIE 6.0; Windows NT 5.1)" -
210.193.15.20 - - [26/May/2004:00:20:24 +0800] "GET /corpcomm/footer.js HTTP/1.1" 200 1833 "http://www.comp.nus.edu.sg/corpcomm/aboutscc.htm" "Mozilla/4.0 (compatible; MSIE 6.0; Windows NT 5.1)" -
210.193.15.20 - - [26/May/2004:00:20:24 +0800] "GET /corpcomm/images/greyfooter.jpg HTTP/1.1" 200 3463 "http://www.comp.nus.edu.sg/corpcomm/aboutscc.htm" "Mozilla/4.0 (compatible; MSIE 6.0; Windows NT 5.1)" -
61-59-204-247.adsl.static.seed.net.tw - - [26/May/2004:00:20:24 +0800] "GET /~nghoongk/lyrics/m.gif HTTP/1.1" 200 872 "http://www.comp.nus.edu.sg/~nghoongk/lyrics/singer276-1.html" "Mozilla/4.0 (compatible; MSIE 6.0; Windows NT 5.1; KKman2.0; .NET CLR 1.1.4322)" -
n219077069131.netvigator.com - - [26/May/2004:00:20:27 +0800] "GET /~nghoongk/lyrics/c.gif HTTP/1.1" 200 870 "http://www.comp.nus.edu.sg/~nghoongk/lyrics/singer242-2.html" "Mozilla/4.0 (compatible; MSIE 6.0; Windows NT 5.1; FunWebProducts)" -
211.75.91.2 - - [26/May/2004:00:20:28 +0800] "GET /~wanghui/Disney%20Sea/imagepages/image9.html HTTP/1.0" 200 3666 "-" "Mozilla/3.01 (compatible;)" -
82-37-65-214.cable.ubr01.dudl.blueyonder.co.uk - - [26/May/2004:00:20:28 +0800] "GET /~sunyuan/images/nemo.gif HTTP/1.1" 200 98407 "http://www.google.co.uk/imgres?imgurl=www.comp.nus.edu.sg/~sunyuan/images/nemo.gif&imgrefurl=http://www.comp.nus.edu.sg/~sunyuan/&h=248&w=275&sz=97&tbnid=2kEH2rEHlHsJ:&tbnh=98&tbnw=108&prev=/images%3Fq%3Dnemo%26hl%3Den%26lr%3D%26ie%3DUTF-8&frame=small" "Mozilla/4.0 (compatible; MSIE 6.0; Windows 98; Supplied by blueyonder)" -
61.1.152.205 - - [26/May/2004:00:20:29 +0800] "GET /~ankush/ HTTP/1.1" 200 10301 "http://www.google.co.in/search?q=phd+computer+science+thesis+iit&hl=en&lr=&ie=UTF-8&start=50&sa=N" "Mozilla/4.0 (compatible; MSIE 6.0; Windows 98; FunWebProducts)" -
222.183.78.115 - - [26/May/2004:00:20:30 +0800] "GET /~liuzhouj/p/p6.jpg HTTP/1.1" 200 143673 "http://bbs.trendsmag.com/showthread.php?threadid=117273&pagenumber=5" "Mozilla/4.0 (compatible; MSIE 6.0; Windows NT 5.1)" -
proxy.mc.ntu.edu.tw - - [26/May/2004:00:20:30 +0800] "GET /~nghoongk/lyrics/singer446-1.html HTTP/1.0" 200 3863 "http://tw.search.yahoo.com/search/kimo?p=%c3%f6%bcw%bd%f7" "Mozilla/4.0 (compatible; MSIE 6.0; Windows 98)" 140.112.135.135
cache8.156ce.maxonline.com.sg - - [26/May/2004:00:20:30 +0800] "GET /~cs6203 HTTP/1.1" 301 327 "http://www.comp.nus.edu.sg/~kalnis/" "Mozilla/4.0 (compatible; MSIE 6.0; Windows NT 5.1; .NET CLR 1.1.4322)" 218.186.180.12
cache8.156ce.maxonline.com.sg - - [26/May/2004:00:20:30 +0800] "GET /~cs6203/ HTTP/1.1" 200 13766 "http://www.comp.nus.edu.sg/~kalnis/" "Mozilla/4.0 (compatible; MSIE 6.0; Windows NT 5.1; .NET CLR 1.1.4322)" 218.186.180.12
proxy.mc.ntu.edu.tw - - [26/May/2004:00:20:31 +0800] "GET /~nghoongk/lyrics/m.gif HTTP/1.0" 200 872 "http://www.comp.nus.edu.sg/~nghoongk/lyrics/singer446-1.html" "Mozilla/4.0 (compatible; MSIE 6.0; Windows 98)" 140.112.135.135
ool-435125f9.dyn.optonline.net - - [26/May/2004:00:20:31 +0800] "GET /~angpheng/rhwebsite/rev%20hard%20title%20alt%202.jpg HTTP/1.1" 200 52723 "http://forums.clubrsx.com/showthread.php?t=157137&highlight=hid+h1" "Mozilla/4.0 (compatible; MSIE 6.0; Windows NT 5.1; .NET CLR 1.0.3705)" -
62.68.228.155 - - [26/May/2004:00:20:34 +0800] "GET /~cs3223 HTTP/1.1" 301 327 "-" "Mozilla/4.0 (compatible; MSIE 5.5; Windows 98; Win 9x 4.90)" -
62.68.228.155 - - [26/May/2004:00:20:35 +0800] "GET /~cs3223/ HTTP/1.1" 200 5993 "-" "Mozilla/4.0 (compatible; MSIE 5.5; Windows 98; Win 9x 4.90)" -
172.18.197.30 - - [26/May/2004:00:20:37 +0800] "GET /~liujian1/english/urop/3288/VRPS-LJH-Overall-Project-Plan/node2.html HTTP/1.1" 404 350 "http://www.comp.nus.edu.sg/cgi-bin/search.cgi?q=genetic+%26+algorithm&ps=10&o=0&m=all&wm=wrd&ul=&wf=11111111" "Mozilla/4.0 (compatible; MSIE 6.0; Windows NT 5.1)" -
203.162.152.86 - - [26/May/2004:00:20:38 +0800] "GET /~nguyentu/girl.gif HTTP/1.1" 304 - "http://www.th2000.org/forum/viewtopic.php?t=1751" "Mozilla/4.0 (compatible; MSIE 6.0; Windows NT 5.1; .NET CLR 1.1.4322)" -
lj1228.inktomisearch.com - - [26/May/2004:00:20:39 +0800] "GET /~huangzy/IC52A3/PRJ-QSM HTTP/1.0" 301 331 "-" "Mozilla/5.0 (compatible; Yahoo! Slurp; http://help.yahoo.com/help/us/ysearch/slurp)" -
222.183.78.115 - - [26/May/2004:00:20:39 +0800] "GET /~liuzhouj/p/p7.jpg HTTP/1.1" 200 277678 "http://bbs.trendsmag.com/showthread.php?threadid=117273&pagenumber=5" "Mozilla/4.0 (compatible; MSIE 6.0; Windows NT 5.1)" -
lj1228.inktomisearch.com - - [26/May/2004:00:20:40 +0800] "GET /~huangzy/IC52A3/PRJ-QSM/ HTTP/1.0" 200 1352 "-" "Mozilla/5.0 (compatible; Yahoo! Slurp; http://help.yahoo.com/help/us/ysearch/slurp)" -
172.18.197.30 - - [26/May/2004:00:20:40 +0800] "GET /~liujian1/english/urop/3288/VRPS-LJH-Overall-Project-Plan/node8.html HTTP/1.1" 404 350 "http://www.comp.nus.edu.sg/cgi-bin/search.cgi?q=genetic+%26+algorithm&ps=10&o=0&m=all&wm=wrd&ul=&wf=11111111" "Mozilla/4.0 (compatible; MSIE 6.0; Windows NT 5.1)" -
222.183.78.115 - - [26/May/2004:00:20:41 +0800] "GET /~liuzhouj/p/p8.jpg HTTP/1.1" 200 163062 "http://bbs.trendsmag.com/showthread.php?threadid=117273&pagenumber=5" "Mozilla/4.0 (compatible; MSIE 6.0; Windows NT 5.1)" -
172.18.197.30 - - [26/May/2004:00:20:43 +0800] "GET /~liujian1/english/urop/3288/VRPS-LJH-Overall-Project-Plan/node3.html HTTP/1.1" 404 350 "http://www.comp.nus.edu.sg/cgi-bin/search.cgi?q=genetic+%26+algorithm&ps=10&o=0&m=all&wm=wrd&ul=&wf=11111111" "Mozilla/4.0 (compatible; MSIE 6.0; Windows NT 5.1)" -
61.234.133.203 - - [26/May/2004:00:20:45 +0800] "GET /cgi-bin/pagecount?/~colips/index.html HTTP/1.1" 200 15365 "http://nmsearch.3721.com/right.htm?s_res=1&argse=new3721&p=www%3B%5C%5Ccom89&page=10&sum_bid=0&sum_page=97&b=1" "Mozilla/4.0 (compatible; MSIE 6.0; Windows NT 5.1)" -
172.18.197.30 - - [26/May/2004:00:20:46 +0800] "GET /~jeejiach/urop/project_plan.htm HTTP/1.1" 404 313 "http://www.comp.nus.edu.sg/cgi-bin/search.cgi?q=genetic+%26+algorithm&ps=10&o=0&m=all&wm=wrd&ul=&wf=11111111" "Mozilla/4.0 (compatible; MSIE 6.0; Windows NT 5.1)" -
168.176.212.5 - - [26/May/2004:00:20:46 +0800] "GET /~sma5505/project/blutextb.gif HTTP/1.1" 200 569 "http://www.comp.nus.edu.sg/~sma5505/project/term_project.htm" "Mozilla/4.0 (compatible; MSIE 5.01; Windows NT 5.0)" -
82-37-65-214.cable.ubr01.dudl.blueyonder.co.uk - - [26/May/2004:00:20:49 +0800] "GET /~sunyuan/images/nemo.gif HTTP/1.1" 304 - "-" "Mozilla/4.0 (compatible; MSIE 6.0; Windows 98; Supplied by blueyonder)" -
82-37-65-214.cable.ubr01.dudl.blueyonder.co.uk - - [26/May/2004:00:20:49 +0800] "GET /~sunyuan/images/nemo.gif HTTP/1.1" 304 - "-" "Mozilla/4.0 (compatible; MSIE 6.0; Windows 98; Supplied by blueyonder)" -
197-30.priv.nus.edu.sg - - [26/May/2004:00:20:50 +0800] "GET /~tanzhenq/Resources.htm HTTP/1.1" 404 305 "http://www.comp.nus.edu.sg/cgi-bin/search.cgi?q=genetic+%26+algorithm&ps=10&o=0&m=all&wm=wrd&ul=&wf=11111111" "Mozilla/4.0 (compatible; MSIE 6.0; Windows NT 5.1)" -
cache8.156ce.maxonline.com.sg - - [26/May/2004:00:20:51 +0800] "GET /~it2002 HTTP/1.1" 301 327 "http://www.comp.nus.edu.sg/~kalnis/" "Mozilla/4.0 (compatible; MSIE 6.0; Windows NT 5.1; .NET CLR 1.1.4322)" 218.186.180.12
cache8.156ce.maxonline.com.sg - - [26/May/2004:00:20:51 +0800] "GET /~it2002/ HTTP/1.1" 200 573 "http://www.comp.nus.edu.sg/~kalnis/" "Mozilla/4.0 (compatible; MSIE 6.0; Windows NT 5.1; .NET CLR 1.1.4322)" 218.186.180.12
cache8.156ce.maxonline.com.sg - - [26/May/2004:00:20:51 +0800] "GET /~it2002/index_files/it2002top.html HTTP/1.1" 200 1707 "http://www.comp.nus.edu.sg/~it2002/" "Mozilla/4.0 (compatible; MSIE 6.0; Windows NT 5.1; .NET CLR 1.1.4322)" 218.186.180.12
cache8.156ce.maxonline.com.sg - - [26/May/2004:00:20:51 +0800] "GET /~it2002/index_files/course.html HTTP/1.1" 200 14469 "http://www.comp.nus.edu.sg/~it2002/" "Mozilla/4.0 (compatible; MSIE 6.0; Windows NT 5.1; .NET CLR 1.1.4322)" 218.186.180.12
222.183.78.115 - - [26/May/2004:00:20:52 +0800] "GET /~liuzhouj/p/p9.jpg HTTP/1.1" 200 131072 "http://bbs.trendsmag.com/showthread.php?threadid=117273&pagenumber=5" "Mozilla/4.0 (compatible; MSIE 6.0; Windows NT 5.1)" -
cache8.156ce.maxonline.com.sg - - [26/May/2004:00:20:52 +0800] "GET /~it2002/index_files/it2002top_files/top1.jpe HTTP/1.1" 200 11580 "http://www.comp.nus.edu.sg/~it2002/index_files/it2002top.html" "Mozilla/4.0 (compatible; MSIE 6.0; Windows NT 5.1; .NET CLR 1.1.4322)" 218.186.180.12
cache8.156ce.maxonline.com.sg - - [26/May/2004:00:20:52 +0800] "GET /~it2002/index_files/it2002top_files/selbar1.jpe HTTP/1.1" 200 13118 "http://www.comp.nus.edu.sg/~it2002/index_files/it2002top.html" "Mozilla/4.0 (compatible; MSIE 6.0; Windows NT 5.1; .NET CLR 1.1.4322)" 218.186.180.12
sila.crans.org - - [26/May/2004:00:20:52 +0800] "GET /~vutungla/photos/game1.gif HTTP/1.0" 404 296 "http://www.ttvnol.com/cnn/252999/trang-40.ttvn" "Mozilla/4.0 (compatible; MSIE 6.0; Windows NT 5.1; .NET CLR 1.1.4322)" unknown
197-30.priv.nus.edu.sg - - [26/May/2004:00:20:53 +0800] "GET /~kzhu/publications.html HTTP/1.1" 200 3082 "http://www.comp.nus.edu.sg/cgi-bin/search.cgi?q=genetic+%26+algorithm&ps=10&o=0&m=all&wm=wrd&ul=&wf=11111111" "Mozilla/4.0 (compatible; MSIE 6.0; Windows NT 5.1)" -
193-43.priv.nus.edu.sg - - [26/May/2004:00:20:53 +0800] "GET /~nguyentr/Gar2.gif HTTP/1.1" 200 1497 "http://www.forum.vncnus.net/viewtopic.php?t=7794" "Mozilla/4.0 (compatible; MSIE 6.0; Windows NT 5.1)" -
203.162.142.56 - - [26/May/2004:00:20:53 +0800] "GET /~cs1101c HTTP/1.1" 301 328 "-" "Mozilla/4.0 (compatible; MSIE 6.0; Windows NT 5.1)" -
203-70-206-9.adsl.dynamic.seed.net.tw - - [26/May/2004:00:20:53 +0800] "GET /~nghoongk/lyrics/singer169-1.html HTTP/1.1" 200 3022 "http://search.tw.yahoo.com/search?u=b&p=%ad%7d%a7J%a4%fb%a5J" "Mozilla/4.0 (compatible; MSIE 6.0; Windows NT 5.1)" -
193-43.priv.nus.edu.sg - - [26/May/2004:00:20:53 +0800] "GET /~duongdan/images/utsig.jpg HTTP/1.1" 200 17774 "http://www.forum.vncnus.net/viewtopic.php?t=7794" "Mozilla/4.0 (compatible; MSIE 6.0; Windows NT 5.1)" -
211.22.33.2 - - [26/May/2004:00:20:53 +0800] "GET /~nghoongk/lyrics/singer157-1.html HTTP/1.0" 200 2444 "-" "Mozilla/3.01 (compatible;)" -
203.162.142.56 - - [26/May/2004:00:20:54 +0800] "GET /~cs1101c/ HTTP/1.1" 200 564 "-" "Mozilla/4.0 (compatible; MSIE 6.0; Windows NT 5.1)" -
203-70-206-9.adsl.dynamic.seed.net.tw - - [26/May/2004:00:20:54 +0800] "GET /~nghoongk/lyrics/o.gif HTTP/1.1" 200 907 "http://www.comp.nus.edu.sg/~nghoongk/lyrics/singer169-1.html" "Mozilla/4.0 (compatible; MSIE 6.0; Windows NT 5.1)" -
