172.18.197.30 - - [26/May/2004:00:15:38 +0800] "GET /images/socmain_r5_c13.jpg HTTP/1.1" 304 - "http://www.comp.nus.edu.sg/cgi-bin/search.cgi?q=genetic+algorithm&ps=10&o=0&m=all&wm=wrd&ul=&wf=11111111" "Mozilla/4.0 (compatible; MSIE 6.0; Windows NT 5.1)" -
172.18.197.30 - - [26/May/2004:00:15:38 +0800] "GET /images/socmain_r5_c14.jpg HTTP/1.1" 304 - "http://www.comp.nus.edu.sg/cgi-bin/search.cgi?q=genetic+algorithm&ps=10&o=0&m=all&wm=wrd&ul=&wf=11111111" "Mozilla/4.0 (compatible; MSIE 6.0; Windows NT 5.1)" -
172.18.197.30 - - [26/May/2004:00:15:38 +0800] "GET /images/search_icon.gif HTTP/1.1" 304 - "http://www.comp.nus.edu.sg/cgi-bin/search.cgi?q=genetic+algorithm&ps=10&o=0&m=all&wm=wrd&ul=&wf=11111111" "Mozilla/4.0 (compatible; MSIE 6.0; Windows NT 5.1)" -
61.1.222.105 - - [26/May/2004:00:15:38 +0800] "GET /images/socmain_r5_c14.jpg HTTP/1.1" 200 4432 "http://www.comp.nus.edu.sg/graduateprog/" "Mozilla/4.0 (compatible; MSIE 6.0; Windows NT 5.1; DigExt)" -
61.1.222.105 - - [26/May/2004:00:15:39 +0800] "GET /images/socmain_r7_c2.jpg HTTP/1.1" 200 1164 "http://www.comp.nus.edu.sg/graduateprog/" "Mozilla/4.0 (compatible; MSIE 6.0; Windows NT 5.1; DigExt)" -
172.18.197.30 - - [26/May/2004:00:15:39 +0800] "GET /cgi-bin/search.cgi?q=genetic+algorithm&ps=10&o=0&m=all&wm=wrd&ul=&wf=11111111 HTTP/1.1" 200 16436 "http://www.comp.nus.edu.sg/cgi-bin/search.cgi?q=Neural+network&wf=11111111&m=all&wm=wrd&ps=10&np=1" "Mozilla/4.0 (compatible; MSIE 6.0; Windows NT 5.1)" -
172.18.197.30 - - [26/May/2004:00:15:39 +0800] "GET /images/socmain_r7_c1.jpg HTTP/1.1" 304 - "http://www.comp.nus.edu.sg/cgi-bin/search.cgi?q=genetic+algorithm&ps=10&o=0&m=all&wm=wrd&ul=&wf=11111111" "Mozilla/4.0 (compatible; MSIE 6.0; Windows NT 5.1)" -
172.18.197.30 - - [26/May/2004:00:15:39 +0800] "GET /images/socmain_r7_c2.jpg HTTP/1.1" 304 - "http://www.comp.nus.edu.sg/cgi-bin/search.cgi?q=genetic+algorithm&ps=10&o=0&m=all&wm=wrd&ul=&wf=11111111" "Mozilla/4.0 (compatible; MSIE 6.0; Windows NT 5.1)" -
172.18.197.30 - - [26/May/2004:00:15:39 +0800] "GET /images/socmain_r7_c4.jpg HTTP/1.1" 304 - "http://www.comp.nus.edu.sg/cgi-bin/search.cgi?q=genetic+algorithm&ps=10&o=0&m=all&wm=wrd&ul=&wf=11111111" "Mozilla/4.0 (compatible; MSIE 6.0; Windows NT 5.1)" -
172.18.197.30 - - [26/May/2004:00:15:39 +0800] "GET /images/socmain_r7_c5.jpg HTTP/1.1" 304 - "http://www.comp.nus.edu.sg/cgi-bin/search.cgi?q=genetic+algorithm&ps=10&o=0&m=all&wm=wrd&ul=&wf=11111111" "Mozilla/4.0 (compatible; MSIE 6.0; Windows NT 5.1)" -
172.18.197.30 - - [26/May/2004:00:15:39 +0800] "GET /images/socmain_r7_c7.jpg HTTP/1.1" 304 - "http://www.comp.nus.edu.sg/cgi-bin/search.cgi?q=genetic+algorithm&ps=10&o=0&m=all&wm=wrd&ul=&wf=11111111" "Mozilla/4.0 (compatible; MSIE 6.0; Windows NT 5.1)" -
172.18.197.30 - - [26/May/2004:00:15:39 +0800] "GET /images/socmain_r7_c9f.jpg HTTP/1.1" 304 - "http://www.comp.nus.edu.sg/cgi-bin/search.cgi?q=genetic+algorithm&ps=10&o=0&m=all&wm=wrd&ul=&wf=11111111" "Mozilla/4.0 (compatible; MSIE 6.0; Windows NT 5.1)" -
172.18.197.30 - - [26/May/2004:00:15:39 +0800] "GET /images/grey.gif HTTP/1.1" 304 - "http://www.comp.nus.edu.sg/cgi-bin/search.cgi?q=genetic+algorithm&ps=10&o=0&m=all&wm=wrd&ul=&wf=11111111" "Mozilla/4.0 (compatible; MSIE 6.0; Windows NT 5.1)" -
cm195.gamma151.maxonline.com.sg - - [26/May/2004:00:15:39 +0800] "GET /~cmcurric/AY2003_4/soc34chap2_credits.pdf HTTP/1.1" 200 83651 "http://www.comp.nus.edu.sg/undergradprog/" "Mozilla/4.0 (compatible; MSIE 6.0; Windows NT 5.1)" -
nk210-203-73-117.adsl.static.apol.com.tw - - [26/May/2004:00:15:40 +0800] "GET /~nghoongk/lyrics/c.gif HTTP/1.1" 200 870 "http://www.comp.nus.edu.sg/~nghoongk/lyrics/singer251-1.html" "Mozilla/4.0 (compatible; MSIE 6.0; Windows NT 5.1; .NET CLR 1.1.4322)" -
61.1.222.105 - - [26/May/2004:00:15:40 +0800] "GET /images/socmain_r7_c1.jpg HTTP/1.1" 200 1253 "http://www.comp.nus.edu.sg/graduateprog/" "Mozilla/4.0 (compatible; MSIE 6.0; Windows NT 5.1; DigExt)" -
202.156.2.162 - - [26/May/2004:00:15:40 +0800] "GET /corpcomm/aboutscc.htm HTTP/1.1" 200 11789 "-" "Mozilla/4.0 (compatible; MSIE 6.0; Windows NT 5.1; .NET CLR 1.1.4322)" 202.156.177.254
61.1.222.105 - - [26/May/2004:00:15:40 +0800] "GET /images/socmain_r7_c4.jpg HTTP/1.1" 200 804 "http://www.comp.nus.edu.sg/graduateprog/" "Mozilla/4.0 (compatible; MSIE 6.0; Windows NT 5.1; DigExt)" -
202.156.2.162 - - [26/May/2004:00:15:40 +0800] "GET /corpcomm/header.js HTTP/1.1" 304 - "http://www.comp.nus.edu.sg/corpcomm/aboutscc.htm" "Mozilla/4.0 (compatible; MSIE 6.0; Windows NT 5.1; .NET CLR 1.1.4322)" 202.156.177.254
202.156.2.162 - - [26/May/2004:00:15:40 +0800] "GET /corpcomm/images/greytop.jpg HTTP/1.1" 304 - "http://www.comp.nus.edu.sg/corpcomm/aboutscc.htm" "Mozilla/4.0 (compatible; MSIE 6.0; Windows NT 5.1; .NET CLR 1.1.4322)" 202.156.177.254
202.156.2.162 - - [26/May/2004:00:15:40 +0800] "GET /corpcomm/images/nuslogo.jpg HTTP/1.1" 304 - "http://www.comp.nus.edu.sg/corpcomm/aboutscc.htm" "Mozilla/4.0 (compatible; MSIE 6.0; Windows NT 5.1; .NET CLR 1.1.4322)" 202.156.177.254
nk210-203-73-117.adsl.static.apol.com.tw - - [26/May/2004:00:15:40 +0800] "GET /~nghoongk/lyrics/m.gif HTTP/1.1" 200 872 "http://www.comp.nus.edu.sg/~nghoongk/lyrics/singer251-1.html" "Mozilla/4.0 (compatible; MSIE 6.0; Windows NT 5.1; .NET CLR 1.1.4322)" -
202.156.2.162 - - [26/May/2004:00:15:40 +0800] "GET /corpcomm/images/orange.jpg HTTP/1.1" 304 - "http://www.comp.nus.edu.sg/corpcomm/aboutscc.htm" "Mozilla/4.0 (compatible; MSIE 6.0; Windows NT 5.1; .NET CLR 1.1.4322)" 202.156.177.254
202.156.2.162 - - [26/May/2004:00:15:40 +0800] "GET /corpcomm/images/orangetop.jpg HTTP/1.1" 304 - "http://www.comp.nus.edu.sg/corpcomm/aboutscc.htm" "Mozilla/4.0 (compatible; MSIE 6.0; Windows NT 5.1; .NET CLR 1.1.4322)" 202.156.177.254
nk210-203-73-117.adsl.static.apol.com.tw - - [26/May/2004:00:15:41 +0800] "GET /~nghoongk/lyrics/singer251-1.html HTTP/1.1" 200 14425 "http://tw.dir.yahoo.com/Region/Countries_and_Regions/Hong_Kong/Entertainment/Music/Artists/Rock_and_Pop/Male_Singers/Chan__Jordan/Chan_Jordan_s_Songs_and_Lyrics/" "Mozilla/4.0 (compatible; MSIE 6.0; Windows NT 5.1; .NET CLR 1.1.4322)" -
202.156.2.162 - - [26/May/2004:00:15:41 +0800] "GET /corpcomm/images/aboutSCC1.jpg HTTP/1.1" 304 - "http://www.comp.nus.edu.sg/corpcomm/aboutscc.htm" "Mozilla/4.0 (compatible; MSIE 6.0; Windows NT 5.1; .NET CLR 1.1.4322)" 202.156.177.254
202.156.2.162 - - [26/May/2004:00:15:41 +0800] "GET /corpcomm/images/events1.jpg HTTP/1.1" 304 - "http://www.comp.nus.edu.sg/corpcomm/aboutscc.htm" "Mozilla/4.0 (compatible; MSIE 6.0; Windows NT 5.1; .NET CLR 1.1.4322)" 202.156.177.254
202.156.2.162 - - [26/May/2004:00:15:41 +0800] "GET /corpcomm/images/people1.jpg HTTP/1.1" 304 - "http://www.comp.nus.edu.sg/corpcomm/aboutscc.htm" "Mozilla/4.0 (compatible; MSIE 6.0; Windows NT 5.1; .NET CLR 1.1.4322)" 202.156.177.254
202.156.2.162 - - [26/May/2004:00:15:41 +0800] "GET /corpcomm/images/contact1.jpg HTTP/1.1" 304 - "http://www.comp.nus.edu.sg/corpcomm/aboutscc.htm" "Mozilla/4.0 (compatible; MSIE 6.0; Windows NT 5.1; .NET CLR 1.1.4322)" 202.156.177.254
136-115.priv.nus.edu.sg - - [26/May/2004:00:15:41 +0800] "GET /~nguyentu/nhactac/mp3ss1d.swf HTTP/1.1" 304 - "-" "Mozilla/4.0 (compatible; MSIE 6.0; Windows NT 5.1)" -
136-115.priv.nus.edu.sg - - [26/May/2004:00:15:41 +0800] "GET /~nguyentu/nhactac/mp3ss2d.swf HTTP/1.1" 304 - "-" "Mozilla/4.0 (compatible; MSIE 6.0; Windows NT 5.1)" -
202.156.2.162 - - [26/May/2004:00:15:41 +0800] "GET /corpcomm/images/intranet1.jpg HTTP/1.1" 304 - "http://www.comp.nus.edu.sg/corpcomm/aboutscc.htm" "Mozilla/4.0 (compatible; MSIE 6.0; Windows NT 5.1; .NET CLR 1.1.4322)" 202.156.177.254
136-115.priv.nus.edu.sg - - [26/May/2004:00:15:41 +0800] "GET /~nguyentu/nhactac/mp3ss3d.swf HTTP/1.1" 304 - "-" "Mozilla/4.0 (compatible; MSIE 6.0; Windows NT 5.1)" -
136-115.priv.nus.edu.sg - - [26/May/2004:00:15:41 +0800] "GET /~nguyentu/nhactac/mp3ss4d.swf HTTP/1.1" 304 - "-" "Mozilla/4.0 (compatible; MSIE 6.0; Windows NT 5.1)" -
202.156.2.162 - - [26/May/2004:00:15:41 +0800] "GET /corpcomm/images/corpaffiliates1.jpg HTTP/1.1" 304 - "http://www.comp.nus.edu.sg/corpcomm/aboutscc.htm" "Mozilla/4.0 (compatible; MSIE 6.0; Windows NT 5.1; .NET CLR 1.1.4322)" 202.156.177.254
202.156.2.162 - - [26/May/2004:00:15:41 +0800] "GET /corpcomm/images/bookprizes1.jpg HTTP/1.1" 304 - "http://www.comp.nus.edu.sg/corpcomm/aboutscc.htm" "Mozilla/4.0 (compatible; MSIE 6.0; Windows NT 5.1; .NET CLR 1.1.4322)" 202.156.177.254
61.1.222.105 - - [26/May/2004:00:15:41 +0800] "GET /images/socmain_r7_c5.jpg HTTP/1.1" 200 882 "http://www.comp.nus.edu.sg/graduateprog/" "Mozilla/4.0 (compatible; MSIE 6.0; Windows NT 5.1; DigExt)" -
202.156.2.162 - - [26/May/2004:00:15:41 +0800] "GET /corpcomm/images/studentplacement1.jpg HTTP/1.1" 304 - "http://www.comp.nus.edu.sg/corpcomm/aboutscc.htm" "Mozilla/4.0 (compatible; MSIE 6.0; Windows NT 5.1; .NET CLR 1.1.4322)" 202.156.177.254
202.156.2.162 - - [26/May/2004:00:15:41 +0800] "GET /corpcomm/images/IA1.jpg HTTP/1.1" 304 - "http://www.comp.nus.edu.sg/corpcomm/aboutscc.htm" "Mozilla/4.0 (compatible; MSIE 6.0; Windows NT 5.1; .NET CLR 1.1.4322)" 202.156.177.254
202.156.2.162 - - [26/May/2004:00:15:41 +0800] "GET /corpcomm/images/pic_aboutus.jpg HTTP/1.1" 304 - "http://www.comp.nus.edu.sg/corpcomm/aboutscc.htm" "Mozilla/4.0 (compatible; MSIE 6.0; Windows NT 5.1; .NET CLR 1.1.4322)" 202.156.177.254
202.156.2.162 - - [26/May/2004:00:15:41 +0800] "GET /corpcomm/images/pic_aboutus2.jpg HTTP/1.1" 304 - "http://www.comp.nus.edu.sg/corpcomm/aboutscc.htm" "Mozilla/4.0 (compatible; MSIE 6.0; Windows NT 5.1; .NET CLR 1.1.4322)" 202.156.177.254
202.156.2.162 - - [26/May/2004:00:15:42 +0800] "GET /corpcomm/images/bullet2.jpg HTTP/1.1" 304 - "http://www.comp.nus.edu.sg/corpcomm/aboutscc.htm" "Mozilla/4.0 (compatible; MSIE 6.0; Windows NT 5.1; .NET CLR 1.1.4322)" 202.156.177.254
76-172.priv.nus.edu.sg - - [26/May/2004:00:15:42 +0800] "GET /~lowyuanl/SCCrm/ HTTP/1.1" 200 804 "-" "Mozilla/4.0 (compatible; MSIE 6.0; Windows NT 5.1; Q312461)" SSLv3 RC4-MD5 "-"
202.156.2.162 - - [26/May/2004:00:15:42 +0800] "GET /corpcomm/images/border_middleleft.jpg HTTP/1.1" 304 - "http://www.comp.nus.edu.sg/corpcomm/aboutscc.htm" "Mozilla/4.0 (compatible; MSIE 6.0; Windows NT 5.1; .NET CLR 1.1.4322)" 202.156.177.254
202.156.2.162 - - [26/May/2004:00:15:42 +0800] "GET /corpcomm/images/SCC_logo.jpg HTTP/1.1" 304 - "http://www.comp.nus.edu.sg/corpcomm/aboutscc.htm" "Mozilla/4.0 (compatible; MSIE 6.0; Windows NT 5.1; .NET CLR 1.1.4322)" 202.156.177.254
202.156.2.162 - - [26/May/2004:00:15:42 +0800] "GET /corpcomm/images/bullet.jpg HTTP/1.1" 304 - "http://www.comp.nus.edu.sg/corpcomm/aboutscc.htm" "Mozilla/4.0 (compatible; MSIE 6.0; Windows NT 5.1; .NET CLR 1.1.4322)" 202.156.177.254
202.156.2.162 - - [26/May/2004:00:15:42 +0800] "GET /corpcomm/images/border_middleright.jpg HTTP/1.1" 304 - "http://www.comp.nus.edu.sg/corpcomm/aboutscc.htm" "Mozilla/4.0 (compatible; MSIE 6.0; Windows NT 5.1; .NET CLR 1.1.4322)" 202.156.177.254
202.156.2.162 - - [26/May/2004:00:15:42 +0800] "GET /corpcomm/images/border_bottom.jpg HTTP/1.1" 304 - "http://www.comp.nus.edu.sg/corpcomm/aboutscc.htm" "Mozilla/4.0 (compatible; MSIE 6.0; Windows NT 5.1; .NET CLR 1.1.4322)" 202.156.177.254
61.1.222.105 - - [26/May/2004:00:15:42 +0800] "GET /images/socmain_r7_c7.jpg HTTP/1.1" 200 1020 "http://www.comp.nus.edu.sg/graduateprog/" "Mozilla/4.0 (compatible; MSIE 6.0; Windows NT 5.1; DigExt)" -
cm195.gamma151.maxonline.com.sg - - [26/May/2004:00:15:43 +0800] "GET /~cmcurric/AY2003_4/soc34chap2_credits.pdf HTTP/1.1" 206 75459 "-" "Mozilla/4.0 (compatible; MSIE 6.0; Windows NT 5.1)" -
172.18.76.172 - - [26/May/2004:00:15:43 +0800] "GET /icons/blank.gif HTTP/1.1" 200 148 "https://www.comp.nus.edu.sg/~lowyuanl/SCCrm/" "Mozilla/4.0 (compatible; MSIE 6.0; Windows NT 5.1; Q312461)" SSLv3 RC4-MD5 "-"
202.156.2.162 - - [26/May/2004:00:15:43 +0800] "GET /corpcomm/footer.js HTTP/1.1" 304 - "http://www.comp.nus.edu.sg/corpcomm/aboutscc.htm" "Mozilla/4.0 (compatible; MSIE 6.0; Windows NT 5.1; .NET CLR 1.1.4322)" 202.156.177.254
172.18.76.172 - - [26/May/2004:00:15:43 +0800] "GET /icons/back.gif HTTP/1.1" 200 216 "https://www.comp.nus.edu.sg/~lowyuanl/SCCrm/" "Mozilla/4.0 (compatible; MSIE 6.0; Windows NT 5.1; Q312461)" SSLv3 RC4-MD5 "-"
202.156.2.162 - - [26/May/2004:00:15:43 +0800] "GET /corpcomm/images/greyfooter.jpg HTTP/1.1" 304 - "http://www.comp.nus.edu.sg/corpcomm/aboutscc.htm" "Mozilla/4.0 (compatible; MSIE 6.0; Windows NT 5.1; .NET CLR 1.1.4322)" 202.156.177.254
172.18.76.172 - - [26/May/2004:00:15:43 +0800] "GET /icons/image2.gif HTTP/1.1" 200 309 "https://www.comp.nus.edu.sg/~lowyuanl/SCCrm/" "Mozilla/4.0 (compatible; MSIE 6.0; Windows NT 5.1; Q312461)" SSLv3 RC4-MD5 "-"
61.1.222.105 - - [26/May/2004:00:15:43 +0800] "GET /images/socmain_r7_c9f.jpg HTTP/1.1" 200 816 "http://www.comp.nus.edu.sg/graduateprog/" "Mozilla/4.0 (compatible; MSIE 6.0; Windows NT 5.1; DigExt)" -
61.1.222.105 - - [26/May/2004:00:15:44 +0800] "GET /images/grey.gif HTTP/1.1" 200 133 "http://www.comp.nus.edu.sg/graduateprog/" "Mozilla/4.0 (compatible; MSIE 6.0; Windows NT 5.1; DigExt)" -
61.144.54.57 - - [26/May/2004:00:15:44 +0800] "GET /~nghoongk/lyrics/singer157-1.html HTTP/1.0" 200 2444 "http://www.google.com/search?hl=zh-CN&ie=UTF-8&q=%E6%B0%B8%E8%BF%9C%E4%B8%8D%E5%9B%9E%E5%A4%B4%EF%BC%8B%E6%AD%8C%E8%AF%8D&lr=" "Mozilla/4.0 (compatible; MSIE 6.0; Windows NT 5.1; MyIE2; .NET CLR 1.1.4322)" 192.168.2.164
76-172.priv.nus.edu.sg - - [26/May/2004:00:15:45 +0800] "GET /~lowyuanl/SCCrm/ HTTP/1.1" 200 804 "-" "Mozilla/4.0 (compatible; MSIE 6.0; Windows NT 5.1; Q312461)" SSLv3 RC4-MD5 "-"
bbcache-10.singnet.com.sg - - [26/May/2004:00:15:46 +0800] "GET /~jiangcha/travel.html HTTP/1.1" 200 13608 "-" "Mozilla/4.0 (compatible;)" 165.21.154.155
172.18.76.172 - - [26/May/2004:00:15:46 +0800] "GET /icons/blank.gif HTTP/1.1" 304 - "https://www.comp.nus.edu.sg/~lowyuanl/SCCrm/" "Mozilla/4.0 (compatible; MSIE 6.0; Windows NT 5.1; Q312461)" SSLv3 RC4-MD5 "-"
172.18.76.172 - - [26/May/2004:00:15:47 +0800] "GET /icons/image2.gif HTTP/1.1" 304 - "https://www.comp.nus.edu.sg/~lowyuanl/SCCrm/" "Mozilla/4.0 (compatible; MSIE 6.0; Windows NT 5.1; Q312461)" SSLv3 RC4-MD5 "-"
220.170.95.10 - - [26/May/2004:00:15:47 +0800] "GET /~xuedamin/links_mtxx.htm HTTP/1.1" 200 12932 "http://nmsearch.3721.com/right.htm?argse=new3721&ft3721=5&p=%CD%F8%C9%CF%C3%E2%B7%D1%BF%B4%B5%E7%CA%D3" "Mozilla/4.0 (compatible; MSIE 5.5; Windows 98)" -
172.18.76.172 - - [26/May/2004:00:15:47 +0800] "GET /icons/back.gif HTTP/1.1" 304 - "https://www.comp.nus.edu.sg/~lowyuanl/SCCrm/" "Mozilla/4.0 (compatible; MSIE 6.0; Windows NT 5.1; Q312461)" SSLv3 RC4-MD5 "-"
adsl20.dyn239.pacific.net.sg - - [26/May/2004:00:15:47 +0800] "GET /~ngziming/P1010028.jpg HTTP/1.1" 404 304 "-" "Mozilla/4.0 (compatible; MSIE 6.0; Windows NT 5.1)" -
220.170.95.10 - - [26/May/2004:00:15:48 +0800] "GET /~xuedamin/image/globe.gif HTTP/1.1" 200 30994 "http://www.comp.nus.edu.sg/~xuedamin/links_mtxx.htm" "Mozilla/4.0 (compatible; MSIE 5.5; Windows 98)" -
220.170.95.10 - - [26/May/2004:00:15:49 +0800] "GET /~xuedamin/image/menu_links_mtxx.gif HTTP/1.1" 200 3919 "http://www.comp.nus.edu.sg/~xuedamin/links_mtxx.htm" "Mozilla/4.0 (compatible; MSIE 5.5; Windows 98)" -
222.138.69.19 - - [26/May/2004:00:15:49 +0800] "GET /~mmm/ HTTP/1.1" 200 69313 "http://www.baidu.com/baidu?word=mmm&submit2=%CB%D1%CB%F7&tn=mewo" "Mozilla/4.0 (compatible; MSIE 6.0; Windows NT 5.1)" -
222.138.69.19 - - [26/May/2004:00:15:49 +0800] "GET /~mmm/index_files/image002.gif HTTP/1.1" 304 - "http://www.comp.nus.edu.sg/~mmm/" "Mozilla/4.0 (compatible; MSIE 6.0; Windows NT 5.1)" -
222.138.69.19 - - [26/May/2004:00:15:50 +0800] "GET /~mmm/index_files/image003.gif HTTP/1.1" 304 - "-" "Mozilla/4.0 (compatible; MSIE 6.0; Windows NT 5.1)" -
164-2.9-67.tampabay.rr.com - - [26/May/2004:00:15:50 +0800] "GET /~tanhengw/Chun_Zhen.mp3 HTTP/1.1" 200 8192 "-" "contype" -
222.138.69.19 - - [26/May/2004:00:15:50 +0800] "GET /~mmm/index_files/image005.gif HTTP/1.1" 304 - "-" "Mozilla/4.0 (compatible; MSIE 6.0; Windows NT 5.1)" -
218.111.25.66 - - [26/May/2004:00:15:50 +0800] "GET /~leekaich/grey/img/link.gif HTTP/1.1" 200 228213 "http://www.sheares.nus.edu.sg/phpBB/viewtopic.php?t=1724&postdays=0&postorder=asc&start=15" "Mozilla/4.0 (compatible; MSIE 6.0; Windows NT 5.1; FunWebProducts)" -
220.170.95.10 - - [26/May/2004:00:15:50 +0800] "GET /~xuedamin/image/title.gif HTTP/1.1" 200 35913 "http://www.comp.nus.edu.sg/~xuedamin/links_mtxx.htm" "Mozilla/4.0 (compatible; MSIE 5.5; Windows 98)" -
222.138.69.19 - - [26/May/2004:00:15:50 +0800] "GET /~mmm/index_files/image006.gif HTTP/1.1" 304 - "-" "Mozilla/4.0 (compatible; MSIE 6.0; Windows NT 5.1)" -
65.88.32.227 - - [26/May/2004:00:15:51 +0800] "GET /~dcheong/ HTTP/1.0" 404 279 "http://images.google.com/imgres?imgurl=www.comp.nus.edu.sg/~dcheong/ghost.jpg&imgrefurl=http://www.comp.nus.edu.sg/~dcheong/&h=600&w=800&sz=74&tbnid=EqAVt3UWRtMJ:&tbnh=106&tbnw=141&start=3&prev=/images%3Fq%3DGhost%26hl%3Den%26lr%3D%26ie%3DUTF-8" "Mozilla/4.0 (compatible; MSIE 6.0; Windows 98)" -
65.88.32.227 - - [26/May/2004:00:15:52 +0800] "GET /~dcheong/ghost.jpg HTTP/1.0" 404 288 "http://images.google.com/imgres?imgurl=www.comp.nus.edu.sg/~dcheong/ghost.jpg&imgrefurl=http://www.comp.nus.edu.sg/~dcheong/&h=600&w=800&sz=74&tbnid=EqAVt3UWRtMJ:&tbnh=106&tbnw=141&prev=/images%3Fq%3DGhost%26hl%3Den%26lr%3D%26ie%3DUTF-8&frame=small" "Mozilla/4.0 (compatible; MSIE 6.0; Windows 98)" -
g148123.upc-g.chello.nl - - [26/May/2004:00:15:52 +0800] "GET /~sunyuan/images/nemo.gif HTTP/1.1" 200 98407 "http://www.cu2.nl/browse.php?id=2748517" "Mozilla/4.0 (compatible; MSIE 6.0; Windows 98)" -
218.190.162.111 - - [26/May/2004:00:15:52 +0800] "GET /~nghoongk/lyrics/singer108-1.html HTTP/1.0" 200 2432 "http://search.hk.yahoo.com/yc/hk?p=%a7%f5%c4R%bf%b6&b=30&u=B&vs=&sym=" "Mozilla/4.0 (compatible; MSIE 5.5; Windows 98; Win 9x 4.90)" -
218.190.162.111 - - [26/May/2004:00:15:52 +0800] "GET /~nghoongk/lyrics/c.gif HTTP/1.0" 200 870 "http://www.comp.nus.edu.sg/~nghoongk/lyrics/singer108-1.html" "Mozilla/4.0 (compatible; MSIE 5.5; Windows 98; Win 9x 4.90)" -
164-2.9-67.tampabay.rr.com - - [26/May/2004:00:15:53 +0800] "GET /~tanhengw/Chun_Zhen.mp3 HTTP/1.1" 206 147456 "-" "Mozilla/4.0 (compatible; MSIE 6.0; Windows 98; Win 9x 4.90; Q312461; Roadrunner; .NET CLR 1.1.4322)" -
65.88.32.227 - - [26/May/2004:00:15:53 +0800] "GET /~dcheong/ HTTP/1.0" 404 279 "-" "Mozilla/4.0 (compatible; BorderManager 3.0)" -
211.90.238.129 - - [26/May/2004:00:15:55 +0800] "GET /~rprisc HTTP/1.1" 301 327 "http://www.comp.nus.edu.sg/cs/research.html" "Mozilla/4.0 (compatible; MSIE 6.0; Windows NT 5.0; MyIE2)" -
218.190.162.111 - - [26/May/2004:00:15:56 +0800] "GET /~nghoongk/lyrics/m.gif HTTP/1.0" 200 872 "http://www.comp.nus.edu.sg/~nghoongk/lyrics/index.html" "Mozilla/4.0 (compatible; MSIE 5.5; Windows 98; Win 9x 4.90)" -
211.90.238.129 - - [26/May/2004:00:15:56 +0800] "GET /~rprisc/ HTTP/1.1" 200 7646 "http://www.comp.nus.edu.sg/cs/research.html" "Mozilla/4.0 (compatible; MSIE 6.0; Windows NT 5.0; MyIE2)" -
218.190.162.111 - - [26/May/2004:00:15:56 +0800] "GET /~nghoongk/lyrics/o.gif HTTP/1.0" 200 907 "http://www.comp.nus.edu.sg/~nghoongk/lyrics/index.html" "Mozilla/4.0 (compatible; MSIE 5.5; Windows 98; Win 9x 4.90)" -
65.88.32.227 - - [26/May/2004:00:15:56 +0800] "GET /~dcheong/ HTTP/1.0" 404 279 "http://images.google.com/imgres?imgurl=www.comp.nus.edu.sg/~dcheong/ghost.jpg&imgrefurl=http://www.comp.nus.edu.sg/~dcheong/&h=600&w=800&sz=74&tbnid=EqAVt3UWRtMJ:&tbnh=106&tbnw=141&start=3&prev=/images%3Fq%3DGhost%26hl%3Den%26lr%3D%26ie%3DUTF-8" "Mozilla/4.0 (compatible; MSIE 6.0; Windows 98)" -
218.190.162.111 - - [26/May/2004:00:15:56 +0800] "GET /~nghoongk/lyrics/index.html HTTP/1.0" 200 59586 "http://www.comp.nus.edu.sg/~nghoongk/lyrics/singer108-1.html" "Mozilla/4.0 (compatible; MSIE 5.5; Windows 98; Win 9x 4.90)" -
218.190.162.111 - - [26/May/2004:00:15:57 +0800] "GET /~nghoongk/lyrics/million.gif HTTP/1.0" 200 1162 "http://www.comp.nus.edu.sg/~nghoongk/lyrics/index.html" "Mozilla/4.0 (compatible; MSIE 5.5; Windows 98; Win 9x 4.90)" -
dsl-207-112-23-193.tor.primus.ca - - [26/May/2004:00:15:59 +0800] "GET /~angpheng/rhwebsite/rev%20hard%20title%20alt%202.jpg HTTP/1.1" 304 - "http://forums.clubrsx.com/showthread.php?t=157300" "Mozilla/4.0 (compatible; MSIE 6.0; Windows NT 5.1; .NET CLR 1.1.4322)" -
bbcache-10.singnet.com.sg - - [26/May/2004:00:15:59 +0800] "GET /~cmcurric/AY2004_5/moddes2004_5.pdf HTTP/1.1" 304 - "-" "Mozilla/4.0 (compatible; MSIE 6.0; Windows NT 5.1)" 220.255.171.53, 165.21.154.129
197-30.priv.nus.edu.sg - - [26/May/2004:00:16:02 +0800] "GET /~smadellz/old/cv.txt HTTP/1.1" 200 6982 "http://www.comp.nus.edu.sg/cgi-bin/search.cgi?q=genetic+algorithm&ps=10&o=0&m=all&wm=wrd&ul=&wf=11111111" "Mozilla/4.0 (compatible; MSIE 6.0; Windows NT 5.1)" -
proxy.habari.co.tz - - [26/May/2004:00:16:06 +0800] "PROPFIND /%7Ehohuitin HTTP/1.0" 301 317 "-" "Microsoft-WebDAV-MiniRedir/5.1.2600" 193.220.91.166
cache130.156ce.maxonline.com.sg - - [26/May/2004:00:16:07 +0800] "GET /~lowyuanl/SCCrm HTTP/1.1" 301 335 "-" "Mozilla/4.0 (compatible; MSIE 6.0; Windows NT 5.1; Hotbar 4.4.5.0)" 218.186.52.235
cache130.156ce.maxonline.com.sg - - [26/May/2004:00:16:07 +0800] "GET /~lowyuanl/SCCrm/ HTTP/1.1" 200 815 "-" "Mozilla/4.0 (compatible; MSIE 6.0; Windows NT 5.1; Hotbar 4.4.5.0)" 218.186.52.235
202.156.2.130 - - [26/May/2004:00:16:07 +0800] "GET /icons/back.gif HTTP/1.1" 304 - "http://www.comp.nus.edu.sg/~lowyuanl/SCCrm/" "Mozilla/4.0 (compatible; MSIE 6.0; Windows NT 5.1; Hotbar 4.4.5.0)" 218.186.52.235
202.156.2.130 - - [26/May/2004:00:16:07 +0800] "GET /icons/blank.gif HTTP/1.1" 304 - "http://www.comp.nus.edu.sg/~lowyuanl/SCCrm/" "Mozilla/4.0 (compatible; MSIE 6.0; Windows NT 5.1; Hotbar 4.4.5.0)" 218.186.52.235
202.156.2.130 - - [26/May/2004:00:16:08 +0800] "GET /icons/image2.gif HTTP/1.1" 304 - "http://www.comp.nus.edu.sg/~lowyuanl/SCCrm/" "Mozilla/4.0 (compatible; MSIE 6.0; Windows NT 5.1; Hotbar 4.4.5.0)" 218.186.52.235
68.117.218.188 - - [26/May/2004:00:16:08 +0800] "GET /~tanhweex/ HTTP/1.1" 403 513 "-" "Mozilla/4.0 (compatible; MSIE 6.0; Windows NT 5.1; SINGNET)" -
proxy.habari.co.tz - - [26/May/2004:00:16:08 +0800] "PROPFIND /~hohuitin/ HTTP/1.0" 405 318 "-" "Microsoft-WebDAV-MiniRedir/5.1.2600" 193.220.91.166
proxy.habari.co.tz - - [26/May/2004:00:16:10 +0800] "PROPFIND /%7Ehohuitin HTTP/1.0" 301 317 "-" "Microsoft-WebDAV-MiniRedir/5.1.2600" 193.220.91.166
pcd689172.netvigator.com - - [26/May/2004:00:16:12 +0800] "GET /~nghoongk/lyrics/singer547-1.html HTTP/1.1" 200 4595 "http://tw.search.yahoo.com/search/kimo?p=%BAq%B5%FC+%C3%B9%A7%D3%B2%BB&ykd=1" "Mozilla/4.0 (compatible; MSIE 6.0; Windows NT 5.0)" -
proxy.habari.co.tz - - [26/May/2004:00:16:12 +0800] "PROPFIND /~hohuitin/ HTTP/1.0" 405 318 "-" "Microsoft-WebDAV-MiniRedir/5.1.2600" 193.220.91.166
pcd689172.netvigator.com - - [26/May/2004:00:16:12 +0800] "GET /~nghoongk/lyrics/m.gif HTTP/1.1" 200 872 "http://www.comp.nus.edu.sg/~nghoongk/lyrics/singer547-1.html" "Mozilla/4.0 (compatible; MSIE 6.0; Windows NT 5.0)" -
lj1091.inktomisearch.com - - [26/May/2004:00:16:13 +0800] "GET /~limce/group/banner.old HTTP/1.0" 200 504 "-" "Mozilla/5.0 (compatible; Yahoo! Slurp; http://help.yahoo.com/help/us/ysearch/slurp)" -
193.220.91.5 - - [26/May/2004:00:16:14 +0800] "OPTIONS / HTTP/1.0" 200 - "-" "Microsoft-WebDAV-MiniRedir/5.1.2600" 193.220.91.166
lj1183.inktomisearch.com - - [26/May/2004:00:16:14 +0800] "GET /~lijia1/goodies/content/malaysia_2002_revisited/101-0174_img.htm HTTP/1.0" 404 334 "-" "Mozilla/5.0 (compatible; Yahoo! Slurp; http://help.yahoo.com/help/us/ysearch/slurp)" -
proxy.habari.co.tz - - [26/May/2004:00:16:15 +0800] "PROPFIND /%7Ehohuitin HTTP/1.0" 301 317 "-" "Microsoft-WebDAV-MiniRedir/5.1.2600" 193.220.91.166
sf3.comp.nus.edu.sg - - [26/May/2004:00:16:17 +0800] "GET /~lengocsa/kirimaru-s2.jpg HTTP/1.1" 304 - "http://forum.vncnus.net/viewtopic.php?t=8067" "Mozilla/4.0 (compatible; MSIE 6.0; Windows NT 5.1)" -
proxy.habari.co.tz - - [26/May/2004:00:16:17 +0800] "PROPFIND /~hohuitin/ HTTP/1.0" 405 318 "-" "Microsoft-WebDAV-MiniRedir/5.1.2600" 193.220.91.166
lj1106.inktomisearch.com - - [26/May/2004:00:16:17 +0800] "GET /~cs2104s/01-02-2/ProgAssgn/Phase1Submission/U008234J/U008234J.sml HTTP/1.0" 404 335 "-" "Mozilla/5.0 (compatible; Yahoo! Slurp; http://help.yahoo.com/help/us/ysearch/slurp)" -
bbcache-12.singnet.com.sg - - [26/May/2004:00:16:18 +0800] "GET /~wongyunz/Sarah%20Mclachlan%20-%20Angel.MP3 HTTP/1.1" 200 32768 "http://www.xanga.com/home.aspx?user=nottotian" "Mozilla/5.0 (Windows; U; Windows NT 5.1; en-US; rv:1.4) Gecko/20030624 Netscape/7.1 (ax; PROMO)" 220.255.32.246, 165.21.154.147
209.234.83.222 - - [26/May/2004:00:16:19 +0800] "GET /~cs3283/ftp/Java/OpenAPIs/org/openide/doc-files/upgrade.html HTTP/1.1" 200 95986 "http://www.google.com/search?hl=en&ie=UTF-8&q=netbeans+%22error+annotation%22" "Mozilla/4.0 (compatible; MSIE 6.0; Windows NT 5.1; .NET CLR 1.1.4322)" -
cache4-nott.server.ntli.net - - [26/May/2004:00:16:19 +0800] "GET /~ctank/monitor.doc HTTP/1.1" 200 75776 "http://www.google.co.uk/search?hl=en&ie=UTF-8&safe=off&q=monitor+implementation+%2Bof+semaphore&meta=" "Mozilla/4.0 (compatible; MSIE 6.0; Windows NT 5.0)" 213.107.186.93
202.165.96.133 - - [26/May/2004:00:16:19 +0800] "GET /icons/unknown.gif HTTP/1.0" 200 245 "-" "Openfind data gatherer, Openbot/3.0+(robot-response@openfind.com.tw;+http://www.openfind.com.tw/robot.html)" -
cm203-168-222-34.hkcable.com.hk - - [26/May/2004:00:16:20 +0800] "GET /~nghoongk/lyrics/singer18-1.html HTTP/1.1" 200 10159 "http://search.hk.yahoo.com/yc/hk?tab=&p=Twins%BAq%B5%FC&u=B&tx=d&s=-ut&k=Twins%BAq%B5%FC" "Mozilla/4.0 (compatible; MSIE 6.0; Windows NT 5.1)" 61.10.171.35
207.151.17.40 - - [26/May/2004:00:16:20 +0800] "GET /~sunyuan/images/nemo.gif HTTP/1.0" 304 - "http://www.look2me.nl/profiel_show.php?user=*KuSzJe*AnNeT*" "Mozilla/4.0 (compatible; MSIE 6.0; Windows NT 5.1)" -
168.190.200.33 - - [26/May/2004:00:16:21 +0800] "GET /~cs3212/notes/01.pdf HTTP/1.0" 200 170945 "http://www.google.com/search?hl=en&lr=&ie=UTF-8&q=slangs+used+in+the+1980" "Mozilla/4.0 (compatible; MSIE 6.0; Windows NT 5.1)" -
pcd689172.netvigator.com - - [26/May/2004:00:16:21 +0800] "GET /~nghoongk/lyrics/m.gif HTTP/1.1" 304 - "http://www.comp.nus.edu.sg/~nghoongk/lyrics/index.html" "Mozilla/4.0 (compatible; MSIE 6.0; Windows NT 5.0)" -
209.123.28.250 - - [26/May/2004:00:16:22 +0800] "GET /~sunyuan/ HTTP/1.0" 200 3140 "http://images.google.com/imgres?imgurl=www.comp.nus.edu.sg/~sunyuan/images/nemo.gif&imgrefurl=http://www.comp.nus.edu.sg/~sunyuan/&h=248&w=275&sz=97&tbnid=2kEH2rEHlHsJ:&tbnh=98&tbnw=108&start=8&prev=/images%3Fq%3Dnemo%26hl%3Den%26lr%3D%26ie%3DUTF-8" "Mozilla/4.0 (compatible; MSIE 6.0; Windows 98)" -
crawl22-public.alexa.com - - [26/May/2004:00:16:22 +0800] "GET /~teoym/cs6205/9900/L1/tsld017.htm HTTP/1.0" 200 1119 "-" "ia_archiver" -
62.164.199.70 - - [26/May/2004:00:16:22 +0800] "GET /~sunyuan/ HTTP/1.0" 200 3140 "http://images.google.com/imgres?imgurl=www.comp.nus.edu.sg/~sunyuan/images/nemo.gif&imgrefurl=http://www.comp.nus.edu.sg/~sunyuan/&h=248&w=275&sz=97&tbnid=2kEH2rEHlHsJ:&tbnh=98&tbnw=108&start=8&prev=/images%3Fq%3Dnemo%26hl%3Den%26lr%3D%26ie%3DUTF-8%26sa%3DG" "Mozilla/4.0 (compatible; MSIE 6.0; Windows NT 4.0; SQSW)" -
155.69.5.234 - - [26/May/2004:00:16:23 +0800] "GET /~leehoayp/image1.jpg HTTP/1.1" 200 89983 "http://www.xinyubbs.net/dispbbs.asp?boardID=9&ID=36644" "Mozilla/4.0 (compatible; MSIE 6.0; Windows NT 5.1)" 172.20.32.36
155.69.5.234 - - [26/May/2004:00:16:23 +0800] "GET /~leehoayp/tutu43.gif HTTP/1.1" 200 20908 "http://www.xinyubbs.net/dispbbs.asp?boardID=9&ID=36644" "Mozilla/4.0 (compatible; MSIE 6.0; Windows NT 5.1)" 172.20.32.36
pcd689172.netvigator.com - - [26/May/2004:00:16:23 +0800] "GET /~nghoongk/lyrics/index.html HTTP/1.1" 200 59710 "http://www.comp.nus.edu.sg/~nghoongk/lyrics/singer547-1.html" "Mozilla/4.0 (compatible; MSIE 6.0; Windows NT 5.0)" -
168.190.200.33 - - [26/May/2004:00:16:23 +0800] "GET /~cs3212/notes/01.pdf HTTP/1.0" 206 65536 "-" "Mozilla/4.0 (compatible; MSIE 6.0; Windows NT 5.1)" -
62.164.199.70 - - [26/May/2004:00:16:24 +0800] "GET /~sunyuan/images/index_r1_c1.gif HTTP/1.0" 200 1887 "http://www.comp.nus.edu.sg/~sunyuan/" "Mozilla/4.0 (compatible; MSIE 6.0; Windows NT 4.0; SQSW)" -
62.164.199.70 - - [26/May/2004:00:16:24 +0800] "GET /~sunyuan/images/index_r2_c3.gif HTTP/1.0" 200 11308 "http://www.comp.nus.edu.sg/~sunyuan/" "Mozilla/4.0 (compatible; MSIE 6.0; Windows NT 4.0; SQSW)" -
211.75.91.2 - - [26/May/2004:00:16:24 +0800] "GET /~nghoongk/lyrics/singer12-1.html HTTP/1.0" 200 2649 "-" "Mozilla/3.01 (compatible;)" -
211.75.91.18 - - [26/May/2004:00:16:24 +0800] "GET /~nghoongk/lyrics/singer383-1.html HTTP/1.0" 200 4137 "-" "Mozilla/3.01 (compatible;)" -
pcd689172.netvigator.com - - [26/May/2004:00:16:24 +0800] "GET /~nghoongk/lyrics/c.gif HTTP/1.1" 200 870 "http://www.comp.nus.edu.sg/~nghoongk/lyrics/index.html" "Mozilla/4.0 (compatible; MSIE 6.0; Windows NT 5.0)" -
209.123.28.250 - - [26/May/2004:00:16:25 +0800] "GET /~sunyuan/images/index_r1_c1.gif HTTP/1.0" 200 1887 "http://www.comp.nus.edu.sg/~sunyuan/" "Mozilla/4.0 (compatible; MSIE 6.0; Windows 98)" -
209.123.28.250 - - [26/May/2004:00:16:25 +0800] "GET /~sunyuan/images/index_r2_c3.gif HTTP/1.0" 200 11308 "http://www.comp.nus.edu.sg/~sunyuan/" "Mozilla/4.0 (compatible; MSIE 6.0; Windows 98)" -
62.164.199.70 - - [26/May/2004:00:16:25 +0800] "GET /~sunyuan/images/index_r2_c1.gif HTTP/1.0" 200 12459 "http://www.comp.nus.edu.sg/~sunyuan/" "Mozilla/4.0 (compatible; MSIE 6.0; Windows NT 4.0; SQSW)" -
62.164.199.70 - - [26/May/2004:00:16:25 +0800] "GET /~sunyuan/images/index_r3_c2.gif HTTP/1.0" 200 8177 "http://www.comp.nus.edu.sg/~sunyuan/" "Mozilla/4.0 (compatible; MSIE 6.0; Windows NT 4.0; SQSW)" -
168.190.200.33 - - [26/May/2004:00:16:25 +0800] "GET /~cs3212/notes/01.pdf HTTP/1.0" 206 146127 "-" "Mozilla/4.0 (compatible; MSIE 6.0; Windows NT 5.1)" -
68.208.219.66 - - [26/May/2004:00:16:26 +0800] "GET /~dcheong/ HTTP/1.1" 404 291 "http://images.google.com/imgres?imgurl=www.comp.nus.edu.sg/~dcheong/ghost.jpg&imgrefurl=http://www.comp.nus.edu.sg/~dcheong/&h=600&w=800&sz=74&tbnid=EqAVt3UWRtMJ:&tbnh=106&tbnw=141&start=3&prev=/images%3Fq%3Dghost%26hl%3Den%26lr%3D%26ie%3DUTF-8" "Mozilla/4.0 (compatible; MSIE 6.0; Windows NT 5.0; .NET CLR 1.1.4322)" -
cache130.156ce.maxonline.com.sg - - [26/May/2004:00:16:26 +0800] "GET /~lowyuanl/SCCrm/BoDs.jpg HTTP/1.1" 200 205347 "http://www.comp.nus.edu.sg/~lowyuanl/SCCrm/" "Mozilla/4.0 (compatible; MSIE 6.0; Windows NT 5.1; Hotbar 4.4.5.0)" 218.186.52.235
62.164.199.70 - - [26/May/2004:00:16:26 +0800] "GET /~sunyuan/images/nemo.gif HTTP/1.0" 200 32768 "http://www.comp.nus.edu.sg/~sunyuan/" "Mozilla/4.0 (compatible; MSIE 6.0; Windows NT 4.0; SQSW)" -
cache51.156ce.maxonline.com.sg - - [26/May/2004:00:16:26 +0800] "GET /~nguyentu/nhactac/mp3ss1d.swf HTTP/1.1" 304 - "-" "Mozilla/4.0 (compatible; MSIE 6.0; Windows NT 5.1)" 202.156.87.100
cache51.156ce.maxonline.com.sg - - [26/May/2004:00:16:26 +0800] "GET /~nguyentu/nhactac/mp3ss3d.swf HTTP/1.1" 304 - "-" "Mozilla/4.0 (compatible; MSIE 6.0; Windows NT 5.1)" 202.156.87.100
cache51.156ce.maxonline.com.sg - - [26/May/2004:00:16:26 +0800] "GET /~nguyentu/nhactac/mp3ss4d.swf HTTP/1.1" 304 - "-" "Mozilla/4.0 (compatible; MSIE 6.0; Windows NT 5.1)" 202.156.87.100
62.164.199.70 - - [26/May/2004:00:16:27 +0800] "GET /~sunyuan/images/nemo.gif HTTP/1.0" 200 65536 "http://www.comp.nus.edu.sg/~sunyuan/" "Mozilla/4.0 (compatible; MSIE 6.0; Windows NT 4.0; SQSW)" -
heron.postech.ac.kr - - [26/May/2004:00:16:27 +0800] "GET /~ksung/cs5238/2002Sem1/note/lecture3.pdf HTTP/1.1" 200 305615 "-" "Mozilla/4.0 (compatible; MSIE 6.0; Windows NT 5.1; .NET CLR 1.1.4322)" -
66.196.90.201 - - [26/May/2004:00:16:27 +0800] "GET /~bissol/Goa/pages/INDIA%20062.htm HTTP/1.0" 404 301 "-" "Mozilla/5.0 (compatible; Yahoo! Slurp; http://help.yahoo.com/help/us/ysearch/slurp)" -
209.123.28.250 - - [26/May/2004:00:16:27 +0800] "GET /~sunyuan/images/index_r2_c3.gif HTTP/1.0" 200 11308 "http://www.comp.nus.edu.sg/~sunyuan/" "Mozilla/4.0 (compatible; MSIE 6.0; Windows 98)" -
62.164.199.70 - - [26/May/2004:00:16:28 +0800] "GET /~sunyuan/images/nemo.gif HTTP/1.0" 200 98407 "http://www.comp.nus.edu.sg/~sunyuan/" "Mozilla/4.0 (compatible; MSIE 6.0; Windows NT 4.0; SQSW)" -
68.208.219.66 - - [26/May/2004:00:16:28 +0800] "GET /~dcheong/ghost.jpg HTTP/1.1" 404 300 "http://images.google.com/imgres?imgurl=www.comp.nus.edu.sg/~dcheong/ghost.jpg&imgrefurl=http://www.comp.nus.edu.sg/~dcheong/&h=600&w=800&sz=74&tbnid=EqAVt3UWRtMJ:&tbnh=106&tbnw=141&prev=/images%3Fq%3Dghost%26hl%3Den%26lr%3D%26ie%3DUTF-8&frame=small" "Mozilla/4.0 (compatible; MSIE 6.0; Windows NT 5.0; .NET CLR 1.1.4322)" -
62.164.199.70 - - [26/May/2004:00:16:29 +0800] "GET /~sunyuan/images/nemo.gif HTTP/1.0" 304 - "http://www.comp.nus.edu.sg/~sunyuan/" "Mozilla/4.0 (compatible; MSIE 6.0; Windows NT 4.0; SQSW)" -
195-241-9-182-mx.xdsl.tiscali.nl - - [26/May/2004:00:16:29 +0800] "GET /~sunyuan/images/nemo.gif HTTP/1.1" 304 - "http://www.cu2.nl/browse.php?id=2748517" "Mozilla/4.0 (compatible; MSIE 6.0; Windows NT 5.1)" -
62.164.199.70 - - [26/May/2004:00:16:29 +0800] "GET /~sunyuan/images/index_r2_c2_f2.gif HTTP/1.0" 200 23678 "http://www.comp.nus.edu.sg/~sunyuan/" "Mozilla/4.0 (compatible; MSIE 6.0; Windows NT 4.0; SQSW)" -
62.164.199.70 - - [26/May/2004:00:16:29 +0800] "GET /~sunyuan/images/nemo.gif HTTP/1.0" 304 - "http://www.comp.nus.edu.sg/~sunyuan/" "Mozilla/4.0 (compatible; MSIE 6.0; Windows NT 4.0; SQSW)" -
62.164.199.70 - - [26/May/2004:00:16:29 +0800] "GET /~sunyuan/images/nemo.gif HTTP/1.0" 304 - "http://www.comp.nus.edu.sg/~sunyuan/" "Mozilla/4.0 (compatible; MSIE 6.0; Windows NT 4.0; SQSW)" -
62.164.199.70 - - [26/May/2004:00:16:30 +0800] "GET /~sunyuan/images/nemo.gif HTTP/1.0" 304 - "http://www.comp.nus.edu.sg/~sunyuan/" "Mozilla/4.0 (compatible; MSIE 6.0; Windows NT 4.0; SQSW)" -
cache130.156ce.maxonline.com.sg - - [26/May/2004:00:16:30 +0800] "GET /~lowyuanl/SCCrm/ HTTP/1.1" 200 815 "-" "Mozilla/4.0 (compatible; MSIE 6.0; Windows NT 5.1; Hotbar 4.4.5.0)" 218.186.52.235
68.208.219.66 - - [26/May/2004:00:16:30 +0800] "GET /~dcheong/ HTTP/1.1" 404 291 "http://images.google.com/imgres?imgurl=www.comp.nus.edu.sg/~dcheong/ghost.jpg&imgrefurl=http://www.comp.nus.edu.sg/~dcheong/&h=600&w=800&sz=74&tbnid=EqAVt3UWRtMJ:&tbnh=106&tbnw=141&start=3&prev=/images%3Fq%3Dghost%26hl%3Den%26lr%3D%26ie%3DUTF-8" "Mozilla/4.0 (compatible; MSIE 6.0; Windows NT 5.0; .NET CLR 1.1.4322)" -
202.156.2.130 - - [26/May/2004:00:16:30 +0800] "GET /icons/blank.gif HTTP/1.1" 304 - "http://www.comp.nus.edu.sg/~lowyuanl/SCCrm/" "Mozilla/4.0 (compatible; MSIE 6.0; Windows NT 5.1; Hotbar 4.4.5.0)" 218.186.52.235
202.156.2.130 - - [26/May/2004:00:16:30 +0800] "GET /icons/back.gif HTTP/1.1" 304 - "http://www.comp.nus.edu.sg/~lowyuanl/SCCrm/" "Mozilla/4.0 (compatible; MSIE 6.0; Windows NT 5.1; Hotbar 4.4.5.0)" 218.186.52.235
202.156.2.130 - - [26/May/2004:00:16:31 +0800] "GET /icons/image2.gif HTTP/1.1" 304 - "http://www.comp.nus.edu.sg/~lowyuanl/SCCrm/" "Mozilla/4.0 (compatible; MSIE 6.0; Windows NT 5.1; Hotbar 4.4.5.0)" 218.186.52.235
209.123.28.250 - - [26/May/2004:00:16:31 +0800] "GET /~sunyuan/images/index_r1_c1.gif HTTP/1.0" 200 1887 "http://www.comp.nus.edu.sg/~sunyuan/" "Mozilla/4.0 (compatible; MSIE 6.0; Windows 98)" -
211.90.238.129 - - [26/May/2004:00:16:31 +0800] "GET /~rprisc/_derived/research.htm_cmp_blitz100_hbtn.gif HTTP/1.1" 200 1493 "http://www.comp.nus.edu.sg/~rprisc/" "Mozilla/4.0 (compatible; MSIE 6.0; Windows NT 5.0; MyIE2)" -
211.90.238.129 - - [26/May/2004:00:16:31 +0800] "GET /~rprisc/_derived/home_cmp_blitz100_hbtn_p.gif HTTP/1.1" 200 1309 "http://www.comp.nus.edu.sg/~rprisc/" "Mozilla/4.0 (compatible; MSIE 6.0; Windows NT 5.0; MyIE2)" -
211.90.238.129 - - [26/May/2004:00:16:31 +0800] "GET /~rprisc/nuslogohome.gif HTTP/1.1" 200 3584 "http://www.comp.nus.edu.sg/~rprisc/" "Mozilla/4.0 (compatible; MSIE 6.0; Windows NT 5.0; MyIE2)" -
211.90.238.129 - - [26/May/2004:00:16:31 +0800] "GET /~rprisc/_themes/nature/nabkgnd.jpg HTTP/1.1" 200 2663 "http://www.comp.nus.edu.sg/~rprisc/" "Mozilla/4.0 (compatible; MSIE 6.0; Windows NT 5.0; MyIE2)" -
211.90.238.129 - - [26/May/2004:00:16:31 +0800] "GET /~rprisc/_derived/resources.htm_cmp_blitz100_hbtn.gif HTTP/1.1" 200 1507 "http://www.comp.nus.edu.sg/~rprisc/" "Mozilla/4.0 (compatible; MSIE 6.0; Windows NT 5.0; MyIE2)" -
211.90.238.129 - - [26/May/2004:00:16:31 +0800] "GET /~rprisc/_derived/people.htm_cmp_blitz100_hbtn.gif HTTP/1.1" 200 1512 "http://www.comp.nus.edu.sg/~rprisc/" "Mozilla/4.0 (compatible; MSIE 6.0; Windows NT 5.0; MyIE2)" -
211-74-206-89.adsl.dynamic.seed.net.tw - - [26/May/2004:00:16:31 +0800] "GET /~nghoongk/lyrics/singer90-1.html HTTP/1.1" 200 3187 "http://tw.search.yahoo.com/search/kimo?p=%A7d%C2%ED%A6t&ykd=1" "Mozilla/4.0 (compatible; MSIE 6.0; Windows NT 5.1)" -
211.90.238.129 - - [26/May/2004:00:16:31 +0800] "GET /~rprisc/_derived/feedback.htm_cmp_blitz100_hbtn.gif HTTP/1.1" 200 1504 "http://www.comp.nus.edu.sg/~rprisc/" "Mozilla/4.0 (compatible; MSIE 6.0; Windows NT 5.0; MyIE2)" -
211.90.238.129 - - [26/May/2004:00:16:31 +0800] "GET /~rprisc/_derived/group_talk.htm_cmp_blitz100_hbtn.gif HTTP/1.1" 200 1507 "http://www.comp.nus.edu.sg/~rprisc/" "Mozilla/4.0 (compatible; MSIE 6.0; Windows NT 5.0; MyIE2)" -
211-74-206-89.adsl.dynamic.seed.net.tw - - [26/May/2004:00:16:32 +0800] "GET /~nghoongk/lyrics/c.gif HTTP/1.1" 200 870 "http://www.comp.nus.edu.sg/~nghoongk/lyrics/singer90-1.html" "Mozilla/4.0 (compatible; MSIE 6.0; Windows NT 5.1)" -
cache130.156ce.maxonline.com.sg - - [26/May/2004:00:16:32 +0800] "GET /~lowyuanl/SCCrm/Photo1.jpg HTTP/1.1" 200 57870 "http://www.comp.nus.edu.sg/~lowyuanl/SCCrm/" "Mozilla/4.0 (compatible; MSIE 6.0; Windows NT 5.1; Hotbar 4.4.5.0)" 218.186.52.235
209.123.28.250 - - [26/May/2004:00:16:33 +0800] "GET /~sunyuan/images/index_r2_c1.gif HTTP/1.0" 200 0 "http://www.comp.nus.edu.sg/~sunyuan/" "Mozilla/4.0 (compatible; MSIE 6.0; Windows 98)" -
209.123.28.250 - - [26/May/2004:00:16:33 +0800] "GET /~sunyuan/images/index_r1_c1.gif HTTP/1.0" 200 1887 "http://www.comp.nus.edu.sg/~sunyuan/" "Mozilla/4.0 (compatible; MSIE 6.0; Windows 98)" -
209.123.28.250 - - [26/May/2004:00:16:34 +0800] "GET /~sunyuan/images/index_r2_c3.gif HTTP/1.0" 200 11308 "http://www.comp.nus.edu.sg/~sunyuan/" "Mozilla/4.0 (compatible; MSIE 6.0; Windows 98)" -
envfirewall.environcorp.com - - [26/May/2004:00:16:34 +0800] "GET /~ooibc/courses/sql/dml_query_aggr.htm HTTP/1.1" 200 5906 "http://www.google.com/search?sourceid=navclient&ie=UTF-8&oe=UTF-8&q=sql+max+%22group+by%22" "Mozilla/4.0 (compatible; MSIE 6.0; Windows NT 5.1; .NET CLR 1.1.4322)" -
209.123.28.250 - - [26/May/2004:00:16:36 +0800] "GET /~sunyuan/images/index_r2_c1.gif HTTP/1.0" 200 0 "http://www.comp.nus.edu.sg/~sunyuan/" "Mozilla/4.0 (compatible; MSIE 6.0; Windows 98)" -
209.123.28.250 - - [26/May/2004:00:16:36 +0800] "GET /~sunyuan/images/index_r1_c1.gif HTTP/1.0" 200 1887 "http://www.comp.nus.edu.sg/~sunyuan/" "Mozilla/4.0 (compatible; MSIE 6.0; Windows 98)" -
209.123.28.250 - - [26/May/2004:00:16:36 +0800] "GET /~sunyuan/images/index_r2_c3.gif HTTP/1.0" 200 11308 "http://www.comp.nus.edu.sg/~sunyuan/" "Mozilla/4.0 (compatible; MSIE 6.0; Windows 98)" -
66.196.90.231 - - [26/May/2004:00:16:37 +0800] "GET /~cs1305/solve/Project/chenzhuo/content.html HTTP/1.0" 403 501 "-" "Mozilla/5.0 (compatible; Yahoo! Slurp; http://help.yahoo.com/help/us/ysearch/slurp)" -
211.75.91.2 - - [26/May/2004:00:16:37 +0800] "GET /~nghoongk/lyrics/singer124-3.html HTTP/1.0" 200 16934 "-" "Mozilla/3.01 (compatible;)" -
209.123.28.250 - - [26/May/2004:00:16:38 +0800] "GET /~sunyuan/images/index_r2_c1.gif HTTP/1.0" 200 0 "http://www.comp.nus.edu.sg/~sunyuan/" "Mozilla/4.0 (compatible; MSIE 6.0; Windows 98)" -
209.123.28.250 - - [26/May/2004:00:16:38 +0800] "GET /~sunyuan/images/index_r1_c1.gif HTTP/1.0" 200 1887 "http://www.comp.nus.edu.sg/~sunyuan/" "Mozilla/4.0 (compatible; MSIE 6.0; Windows 98)" -
206-81.priv20.nus.edu.sg - trinhthi [26/May/2004:00:16:38 +0800] "GET /cf/www/index.html HTTP/1.1" 200 21520 "https://www.comp.nus.edu.sg/cf/www/intro.html" "Mozilla/4.0 (compatible; MSIE 6.0; Windows NT 5.1)" SSLv3 RC4-MD5 "-"
209.123.28.250 - - [26/May/2004:00:16:39 +0800] "GET /~sunyuan/images/index_r2_c3.gif HTTP/1.0" 200 11308 "http://www.comp.nus.edu.sg/~sunyuan/" "Mozilla/4.0 (compatible; MSIE 6.0; Windows 98)" -
62.164.199.70 - - [26/May/2004:00:16:39 +0800] "GET /~sunyuan/images/nemo.gif HTTP/1.0" 304 - "http://www.comp.nus.edu.sg/~sunyuan/" "Mozilla/4.0 (compatible; MSIE 6.0; Windows NT 4.0; SQSW)" -
206-81.priv20.nus.edu.sg - trinhthi [26/May/2004:00:16:41 +0800] "GET /cf/www/setup-homepage.html HTTP/1.1" 200 26967 "https://www.comp.nus.edu.sg/cf/www/index.html" "Mozilla/4.0 (compatible; MSIE 6.0; Windows NT 5.1)" SSLv3 RC4-MD5 "-"
209.123.28.250 - - [26/May/2004:00:16:41 +0800] "GET /~sunyuan/images/index_r1_c1.gif HTTP/1.0" 200 1887 "http://www.comp.nus.edu.sg/~sunyuan/" "Mozilla/4.0 (compatible; MSIE 6.0; Windows 98)" -
mtl-hse-ppp200824.qc.sympatico.ca - - [26/May/2004:00:16:42 +0800] "GET /~kongming/style.css HTTP/1.1" 200 2741 "http://www.comp.nus.edu.sg/~kongming/stories.asp.htm" "Mozilla/4.0 (compatible; MSIE 6.0; Windows NT 5.0; .NET CLR 1.0.3705)" -
mtl-hse-ppp200824.qc.sympatico.ca - - [26/May/2004:00:16:42 +0800] "GET /~kongming/stories.asp.htm HTTP/1.1" 200 17840 "http://www.google.fr/search?hl=fr&ie=UTF-8&newwindow=1&q=fisherman+businessman+enough+fish+%22more+money%22&meta=" "Mozilla/4.0 (compatible; MSIE 6.0; Windows NT 5.0; .NET CLR 1.0.3705)" -
mtl-hse-ppp200824.qc.sympatico.ca - - [26/May/2004:00:16:43 +0800] "GET /~kongming/images/nuslogo.gif HTTP/1.1" 200 2725 "http://www.comp.nus.edu.sg/~kongming/stories.asp.htm" "Mozilla/4.0 (compatible; MSIE 6.0; Windows NT 5.0; .NET CLR 1.0.3705)" -
mtl-hse-ppp200824.qc.sympatico.ca - - [26/May/2004:00:16:43 +0800] "GET /~kongming/images/nusheader.gif HTTP/1.1" 200 1098 "http://www.comp.nus.edu.sg/~kongming/stories.asp.htm" "Mozilla/4.0 (compatible; MSIE 6.0; Windows NT 5.0; .NET CLR 1.0.3705)" -
mtl-hse-ppp200824.qc.sympatico.ca - - [26/May/2004:00:16:43 +0800] "GET /~kongming/images/nusfooter1.gif HTTP/1.1" 200 1215 "http://www.comp.nus.edu.sg/~kongming/stories.asp.htm" "Mozilla/4.0 (compatible; MSIE 6.0; Windows NT 5.0; .NET CLR 1.0.3705)" -
mtl-hse-ppp200824.qc.sympatico.ca - - [26/May/2004:00:16:43 +0800] "GET /~kongming/images/nusfooter2.gif HTTP/1.1" 200 856 "http://www.comp.nus.edu.sg/~kongming/stories.asp.htm" "Mozilla/4.0 (compatible; MSIE 6.0; Windows NT 5.0; .NET CLR 1.0.3705)" -
209.123.28.250 - - [26/May/2004:00:16:44 +0800] "GET /~sunyuan/images/index_r2_c1.gif HTTP/1.0" 200 0 "http://www.comp.nus.edu.sg/~sunyuan/" "Mozilla/4.0 (compatible; MSIE 6.0; Windows 98)" -
209.123.28.250 - - [26/May/2004:00:16:45 +0800] "GET /~sunyuan/images/index_r2_c3.gif HTTP/1.0" 200 11308 "http://www.comp.nus.edu.sg/~sunyuan/" "Mozilla/4.0 (compatible; MSIE 6.0; Windows 98)" -
211.90.238.129 - - [26/May/2004:00:16:45 +0800] "GET /~embsys/index.html HTTP/1.1" 200 6642 "http://www.comp.nus.edu.sg/cs/research.html" "Mozilla/4.0 (compatible; MSIE 6.0; Windows NT 5.0; MyIE2)" -
211.90.238.129 - - [26/May/2004:00:16:46 +0800] "GET /~embsys/nusstyles.css HTTP/1.1" 200 809 "http://www.comp.nus.edu.sg/~embsys/index.html" "Mozilla/4.0 (compatible; MSIE 6.0; Windows NT 5.0; MyIE2)" -
211.90.238.129 - - [26/May/2004:00:16:46 +0800] "GET /~embsys/nussocbanner.gif HTTP/1.1" 200 2693 "http://www.comp.nus.edu.sg/~embsys/index.html" "Mozilla/4.0 (compatible; MSIE 6.0; Windows NT 5.0; MyIE2)" -
211.90.238.129 - - [26/May/2004:00:16:46 +0800] "GET /~embsys/facenghd2.gif HTTP/1.1" 200 825 "http://www.comp.nus.edu.sg/~embsys/index.html" "Mozilla/4.0 (compatible; MSIE 6.0; Windows NT 5.0; MyIE2)" -
211.90.238.129 - - [26/May/2004:00:16:46 +0800] "GET /~embsys/top.gif HTTP/1.1" 200 3551 "http://www.comp.nus.edu.sg/~embsys/index.html" "Mozilla/4.0 (compatible; MSIE 6.0; Windows NT 5.0; MyIE2)" -
211.90.238.129 - - [26/May/2004:00:16:46 +0800] "GET /~embsys/home.jpg HTTP/1.1" 200 10269 "http://www.comp.nus.edu.sg/~embsys/index.html" "Mozilla/4.0 (compatible; MSIE 6.0; Windows NT 5.0; MyIE2)" -
211.90.238.129 - - [26/May/2004:00:16:46 +0800] "GET /~embsys/courses.jpg HTTP/1.1" 200 9922 "http://www.comp.nus.edu.sg/~embsys/index.html" "Mozilla/4.0 (compatible; MSIE 6.0; Windows NT 5.0; MyIE2)" -
211.90.238.129 - - [26/May/2004:00:16:46 +0800] "GET /~embsys/research.jpg HTTP/1.1" 200 10066 "http://www.comp.nus.edu.sg/~embsys/index.html" "Mozilla/4.0 (compatible; MSIE 6.0; Windows NT 5.0; MyIE2)" -
211.90.238.129 - - [26/May/2004:00:16:46 +0800] "GET /~embsys/people.jpg HTTP/1.1" 200 9655 "http://www.comp.nus.edu.sg/~embsys/index.html" "Mozilla/4.0 (compatible; MSIE 6.0; Windows NT 5.0; MyIE2)" -
211.90.238.129 - - [26/May/2004:00:16:47 +0800] "GET /~embsys/links.jpg HTTP/1.1" 200 9898 "http://www.comp.nus.edu.sg/~embsys/index.html" "Mozilla/4.0 (compatible; MSIE 6.0; Windows NT 5.0; MyIE2)" -
211.90.238.129 - - [26/May/2004:00:16:47 +0800] "GET /~embsys/1592-01.jpg HTTP/1.1" 200 3887 "http://www.comp.nus.edu.sg/~embsys/index.html" "Mozilla/4.0 (compatible; MSIE 6.0; Windows NT 5.0; MyIE2)" -
211.90.238.129 - - [26/May/2004:00:16:47 +0800] "GET /~embsys/socmain_r7_c1.jpg HTTP/1.1" 200 1253 "http://www.comp.nus.edu.sg/~embsys/index.html" "Mozilla/4.0 (compatible; MSIE 6.0; Windows NT 5.0; MyIE2)" -
209.123.28.250 - - [26/May/2004:00:16:47 +0800] "GET /~sunyuan/images/index_r2_c1.gif HTTP/1.0" 200 0 "http://www.comp.nus.edu.sg/~sunyuan/" "Mozilla/4.0 (compatible; MSIE 6.0; Windows 98)" -
211.90.238.129 - - [26/May/2004:00:16:47 +0800] "GET /~embsys/socmain_r7_c4.jpg HTTP/1.1" 200 804 "http://www.comp.nus.edu.sg/~embsys/index.html" "Mozilla/4.0 (compatible; MSIE 6.0; Windows NT 5.0; MyIE2)" -
211.90.238.129 - - [26/May/2004:00:16:48 +0800] "GET /~embsys/socmain_r7_c5.jpg HTTP/1.1" 200 882 "http://www.comp.nus.edu.sg/~embsys/index.html" "Mozilla/4.0 (compatible; MSIE 6.0; Windows NT 5.0; MyIE2)" -
211.90.238.129 - - [26/May/2004:00:16:48 +0800] "GET /~embsys/socmain_r7_c7.jpg HTTP/1.1" 200 1020 "http://www.comp.nus.edu.sg/~embsys/index.html" "Mozilla/4.0 (compatible; MSIE 6.0; Windows NT 5.0; MyIE2)" -
211.90.238.129 - - [26/May/2004:00:16:48 +0800] "GET /~embsys/socmain_r7_c9.jpg HTTP/1.1" 200 865 "http://www.comp.nus.edu.sg/~embsys/index.html" "Mozilla/4.0 (compatible; MSIE 6.0; Windows NT 5.0; MyIE2)" -
211.90.238.129 - - [26/May/2004:00:16:48 +0800] "GET /~embsys/socmain_r7_c17.jpg HTTP/1.1" 200 685 "http://www.comp.nus.edu.sg/~embsys/index.html" "Mozilla/4.0 (compatible; MSIE 6.0; Windows NT 5.0; MyIE2)" -
211.90.238.129 - - [26/May/2004:00:16:50 +0800] "GET /~embsys/embedded2.jpg HTTP/1.1" 200 13401 "http://www.comp.nus.edu.sg/~embsys/index.html" "Mozilla/4.0 (compatible; MSIE 6.0; Windows NT 5.0; MyIE2)" -
211.90.238.129 - - [26/May/2004:00:16:50 +0800] "GET /~embsys/socmain_r7_c2.jpg HTTP/1.1" 200 1164 "http://www.comp.nus.edu.sg/~embsys/index.html" "Mozilla/4.0 (compatible; MSIE 6.0; Windows NT 5.0; MyIE2)" -
209.123.28.250 - - [26/May/2004:00:16:50 +0800] "GET /~sunyuan/images/index_r2_c1.gif HTTP/1.0" 200 0 "http://www.comp.nus.edu.sg/~sunyuan/" "Mozilla/4.0 (compatible; MSIE 6.0; Windows 98)" -
220-135-96-112.hinet-ip.hinet.net - - [26/May/2004:00:16:50 +0800] "GET /~nghoongk/lyrics/singer555-1.html HTTP/1.1" 200 3174 "http://www.google.com/search?q=FIR+%E6%AD%8C%E8%A9%9E&ie=UTF-8&hl=zh-TW&lr=lang_zh-TW" "Mozilla/4.0 (compatible; MSIE 6.0; Windows NT 5.1)" -
211.90.238.129 - - [26/May/2004:00:16:51 +0800] "GET /~embsys/socmain_r7_c10.jpg HTTP/1.1" 200 2547 "http://www.comp.nus.edu.sg/~embsys/index.html" "Mozilla/4.0 (compatible; MSIE 6.0; Windows NT 5.0; MyIE2)" -
lj1154.inktomisearch.com - - [26/May/2004:00:16:51 +0800] "GET /~cs3283/ftp/Java/jfcapi/javax/swing/JInternalFrame.JDesktopIcon.AccessibleJDesktopIcon.html HTTP/1.0" 200 27329 "-" "Mozilla/5.0 (compatible; Yahoo! Slurp; http://help.yahoo.com/help/us/ysearch/slurp)" -
220-135-96-112.hinet-ip.hinet.net - - [26/May/2004:00:16:51 +0800] "GET /~nghoongk/lyrics/m.gif HTTP/1.1" 200 872 "http://www.comp.nus.edu.sg/~nghoongk/lyrics/singer555-1.html" "Mozilla/4.0 (compatible; MSIE 6.0; Windows NT 5.1)" -
kla-c-dc33.adsl.wanadoo.nl - - [26/May/2004:00:16:52 +0800] "GET /~sunyuan/images/nemo.gif HTTP/1.1" 304 - "http://www.look2me.nl/profiel_show.php?user=*KuSzJe*AnNeT*" "Mozilla/4.0 (compatible; MSIE 6.0; Windows NT 5.0; .NET CLR 1.1.4322)" -
221.133.8.129 - - [26/May/2004:00:16:56 +0800] "GET /~tranviet/buxu.jpg HTTP/1.1" 200 14595 "http://12a4.linhhotel.com/index.php?showtopic=886" "Mozilla/4.0 (compatible; MSIE 6.0; Windows NT 5.1)" -
sf3.comp.nus.edu.sg - - [26/May/2004:00:16:59 +0800] "GET /~nguyenna/avatar2.gif HTTP/1.1" 200 13097 "http://forum.vncnus.net/viewtopic.php?t=8062" "Mozilla/4.0 (compatible; MSIE 6.0; Windows NT 5.1)" -
207.236.117.175 - - [26/May/2004:00:17:00 +0800] "GET /~dcheong/ghost.jpg HTTP/1.1" 404 300 "http://images.google.ca/imgres?imgurl=www.comp.nus.edu.sg/~dcheong/ghost.jpg&imgrefurl=http://www.comp.nus.edu.sg/~dcheong/&h=600&w=800&sz=74&tbnid=EqAVt3UWRtMJ:&tbnh=106&tbnw=141&prev=/images%3Fq%3Dghost%26hl%3Den%26lr%3D%26ie%3DUTF-8&frame=small" "Mozilla/4.0 (compatible; MSIE 6.0; Windows 98; Q312461)" -
221.133.8.129 - - [26/May/2004:00:17:00 +0800] "GET /~huynhdan/me3.gif HTTP/1.1" 206 20500 "http://12a4.linhhotel.com/index.php?showtopic=886" "Mozilla/4.0 (compatible; MSIE 6.0; Windows NT 5.1)" -
