adsl-068-213-255-071.sip.mia.bellsouth.net - - [26/May/2004:00:35:03 +0800] "GET /~xuemingq/style/cartoon.gif HTTP/1.1" 304 - "-" "Mozilla/4.0 (compatible; MSIE 6.0; Windows NT 5.1)" -
155.69.5.236 - - [26/May/2004:00:35:03 +0800] "GET /~nguyenso/newavatar.jpg HTTP/1.1" 200 14266 "http://www.vncnus.net/forum/viewtopic.php?t=7822" "Mozilla/4.0 (compatible; MSIE 6.0; Windows NT 5.1; .NET CLR 1.1.4322)" 172.20.146.13
197-67.priv.nus.edu.sg - - [26/May/2004:00:35:04 +0800] "GET /~luutrung/sign.jpg HTTP/1.1" 200 25623 "http://forum.vncnus.net/viewtopic.php?p=96595" "Mozilla/4.0 (compatible; MSIE 6.0; Windows NT 5.1; .NET CLR 1.0.3705)" -
cache-loh-aa04.proxy.aol.com - - [26/May/2004:00:35:04 +0800] "GET /~nghoongk/lyrics/singer218-3.html HTTP/1.1" 200 14629 "http://www.comp.nus.edu.sg/~nghoongk/lyrics/singer218-2.html" "Mozilla/4.0 (compatible; MSIE 6.0; AOL 9.0; Windows NT 5.0)" -
141-84.priv20.nus.edu.sg - - [26/May/2004:00:35:05 +0800] "GET /~leekaich/grey/img/link.gif HTTP/1.1" 200 228213 "http://www.sheares.nus.edu.sg/phpBB/viewtopic.php?t=1692" "Mozilla/4.0 (compatible; MSIE 6.0; Windows NT 5.1)" -
cache8.156ce.maxonline.com.sg - - [26/May/2004:00:35:06 +0800] "GET /~nguyentr/Gar2.gif HTTP/1.1" 304 - "http://forum.vncnus.net/viewtopic.php?t=829" "Mozilla/4.0 (compatible; MSIE 6.0; Windows NT 5.1; Q312461; .NET CLR 1.0.3705)" 218.186.184.223
cache8.156ce.maxonline.com.sg - - [26/May/2004:00:35:06 +0800] "GET /~nguyenhu/MOM/avatar.jpg HTTP/1.1" 304 - "http://forum.vncnus.net/viewtopic.php?t=829" "Mozilla/4.0 (compatible; MSIE 6.0; Windows NT 5.1; Q312461; .NET CLR 1.0.3705)" 218.186.184.223
cache8.156ce.maxonline.com.sg - - [26/May/2004:00:35:06 +0800] "GET /~nguyentu/nhactac/mp3ss2d.swf HTTP/1.1" 304 - "-" "Mozilla/4.0 (compatible; MSIE 6.0; Windows NT 5.1; Q312461; .NET CLR 1.0.3705)" 218.186.184.223
cache8.156ce.maxonline.com.sg - - [26/May/2004:00:35:06 +0800] "GET /~nguyentu/nhactac/mp3ss1d.swf HTTP/1.1" 304 - "-" "Mozilla/4.0 (compatible; MSIE 6.0; Windows NT 5.1; Q312461; .NET CLR 1.0.3705)" 218.186.184.223
cache8.156ce.maxonline.com.sg - - [26/May/2004:00:35:06 +0800] "GET /~nguyentu/nhactac/mp3ss3d.swf HTTP/1.1" 304 - "-" "Mozilla/4.0 (compatible; MSIE 6.0; Windows NT 5.1; Q312461; .NET CLR 1.0.3705)" 218.186.184.223
cache8.156ce.maxonline.com.sg - - [26/May/2004:00:35:06 +0800] "GET /~nguyentu/nhactac/mp3ss4d.swf HTTP/1.1" 304 - "-" "Mozilla/4.0 (compatible; MSIE 6.0; Windows NT 5.1; Q312461; .NET CLR 1.0.3705)" 218.186.184.223
201.128.88.193 - - [26/May/2004:00:35:06 +0800] "GET /~chanmc HTTP/1.1" 301 327 "http://www.comp.nus.edu./cs/acad_staff.html" "Mozilla/4.0 (compatible; MSIE 6.0; Windows 98; Win 9x 4.90)" -
201.128.88.193 - - [26/May/2004:00:35:07 +0800] "GET /~chanmc/ HTTP/1.1" 200 10817 "http://www.comp.nus.edu./cs/acad_staff.html" "Mozilla/4.0 (compatible; MSIE 6.0; Windows 98; Win 9x 4.90)" -
202.156.2.8 - - [26/May/2004:00:35:08 +0800] "GET /corpcomm/studentplacement/walkin.html HTTP/1.1" 200 9867 "http://www.comp.nus.edu.sg/corpcomm/studentplacement/joblist.html" "Mozilla/4.0 (compatible; MSIE 6.0; Windows NT 5.1; .NET CLR 1.1.4322)" 218.186.176.197
202.156.2.8 - - [26/May/2004:00:35:08 +0800] "GET /corpcomm/studentplacement/header.js HTTP/1.1" 200 7194 "http://www.comp.nus.edu.sg/corpcomm/studentplacement/walkin.html" "Mozilla/4.0 (compatible; MSIE 6.0; Windows NT 5.1; .NET CLR 1.1.4322)" 218.186.176.197
24-90-118-216.nyc.rr.com - - [26/May/2004:00:35:08 +0800] "GET /~sunyuan/images/nemo.gif HTTP/1.1" 200 98407 "http://members.migente.com/Mg_New_GraphicZ/" "Mozilla/4.0 (compatible; MSIE 6.0; Windows NT 5.1)" -
cache-loh-aa04.proxy.aol.com - - [26/May/2004:00:35:08 +0800] "GET /~nghoongk/lyrics/singer218-4.html HTTP/1.1" 200 14972 "http://www.comp.nus.edu.sg/~nghoongk/lyrics/singer218-3.html" "Mozilla/4.0 (compatible; MSIE 6.0; AOL 9.0; Windows NT 5.0)" -
202.156.2.8 - - [26/May/2004:00:35:08 +0800] "GET /corpcomm/studentplacement/images/border_top.jpg HTTP/1.1" 304 - "http://www.comp.nus.edu.sg/corpcomm/studentplacement/walkin.html" "Mozilla/4.0 (compatible; MSIE 6.0; Windows NT 5.1; .NET CLR 1.1.4322)" 218.186.176.197
202.156.2.8 - - [26/May/2004:00:35:09 +0800] "GET /corpcomm/studentplacement/images/border_left.jpg HTTP/1.1" 200 1913 "http://www.comp.nus.edu.sg/corpcomm/studentplacement/walkin.html" "Mozilla/4.0 (compatible; MSIE 6.0; Windows NT 5.1; .NET CLR 1.1.4322)" 218.186.176.197
202.156.2.8 - - [26/May/2004:00:35:09 +0800] "GET /corpcomm/studentplacement/images/bullet2.jpg HTTP/1.1" 304 - "http://www.comp.nus.edu.sg/corpcomm/studentplacement/walkin.html" "Mozilla/4.0 (compatible; MSIE 6.0; Windows NT 5.1; .NET CLR 1.1.4322)" 218.186.176.197
202.156.2.8 - - [26/May/2004:00:35:09 +0800] "GET /corpcomm/studentplacement/images/header_studentplacement.jpg HTTP/1.1" 200 18605 "http://www.comp.nus.edu.sg/corpcomm/studentplacement/walkin.html" "Mozilla/4.0 (compatible; MSIE 6.0; Windows NT 5.1; .NET CLR 1.1.4322)" 218.186.176.197
202.156.2.8 - - [26/May/2004:00:35:09 +0800] "GET /corpcomm/studentplacement/footer.js HTTP/1.1" 200 1833 "http://www.comp.nus.edu.sg/corpcomm/studentplacement/walkin.html" "Mozilla/4.0 (compatible; MSIE 6.0; Windows NT 5.1; .NET CLR 1.1.4322)" 218.186.176.197
202.156.2.8 - - [26/May/2004:00:35:09 +0800] "GET /corpcomm/studentplacement/images/border_right.jpg HTTP/1.1" 200 1905 "http://www.comp.nus.edu.sg/corpcomm/studentplacement/walkin.html" "Mozilla/4.0 (compatible; MSIE 6.0; Windows NT 5.1; .NET CLR 1.1.4322)" 218.186.176.197
202.156.2.8 - - [26/May/2004:00:35:09 +0800] "GET /corpcomm/studentplacement/images/border_bottom.jpg HTTP/1.1" 200 3245 "http://www.comp.nus.edu.sg/corpcomm/studentplacement/walkin.html" "Mozilla/4.0 (compatible; MSIE 6.0; Windows NT 5.1; .NET CLR 1.1.4322)" 218.186.176.197
adsl-62-167-197-153.adslplus.ch - - [26/May/2004:00:35:12 +0800] "GET /~sunyuan/images/nemo.gif HTTP/1.1" 200 98407 "http://www.mittelerde-fest.ch/ikonboard/ikonboard.cgi?s=f926167d04569b54932f5f25d517b71d;act=ST;f=1;t=141;st=170" "Mozilla/4.0 (compatible; MSIE 6.0; Windows NT 5.1)" -
bbcache-11.singnet.com.sg - - [26/May/2004:00:35:13 +0800] "GET /undergradprog HTTP/1.1" 301 333 "http://www.nus.edu.sg/oam/course/" "Mozilla/4.0 (compatible; MSIE 6.0; Windows 98; HTMLAB; FunWebProducts)" 220.255.94.217, 165.21.154.141
bbcache-11.singnet.com.sg - - [26/May/2004:00:35:13 +0800] "GET /undergradprog/ HTTP/1.1" 200 18965 "http://www.nus.edu.sg/oam/course/" "Mozilla/4.0 (compatible; MSIE 6.0; Windows 98; HTMLAB; FunWebProducts)" 220.255.94.217, 165.21.154.155
cache-loh-aa04.proxy.aol.com - - [26/May/2004:00:35:15 +0800] "GET /~nghoongk/lyrics/singer218-1.html HTTP/1.1" 200 14351 "http://www.comp.nus.edu.sg/~nghoongk/lyrics/singer218-4.html" "Mozilla/4.0 (compatible; MSIE 6.0; AOL 9.0; Windows NT 5.0)" -
acbf4dd7.ipt.aol.com - - [26/May/2004:00:35:16 +0800] "GET /~keexuyua/pictures/skillz.gif HTTP/1.1" 200 5857 "http://www.koptalk.org/forums/showflat.php/Cat/0/Number/274120/page/0/view/collapsed/sb/5/o/all/fpart/1" "Opera/7.11 (Windows 98; U)  [en]" -
201-14.priv.nus.edu.sg - - [26/May/2004:00:35:16 +0800] "GET /~nguyentu/nhactac/mp3ss1d.swf HTTP/1.1" 304 - "-" "Mozilla/4.0 (compatible; MSIE 6.0; Windows NT 5.1; (R1 1.3))" -
201-14.priv.nus.edu.sg - - [26/May/2004:00:35:16 +0800] "GET /~nguyentu/nhactac/mp3ss2d.swf HTTP/1.1" 304 - "-" "Mozilla/4.0 (compatible; MSIE 6.0; Windows NT 5.1; (R1 1.3))" -
201-14.priv.nus.edu.sg - - [26/May/2004:00:35:16 +0800] "GET /~nguyentu/nhactac/mp3ss3d.swf HTTP/1.1" 304 - "-" "Mozilla/4.0 (compatible; MSIE 6.0; Windows NT 5.1; (R1 1.3))" -
201-14.priv.nus.edu.sg - - [26/May/2004:00:35:16 +0800] "GET /~nguyentu/nhactac/mp3ss4d.swf HTTP/1.1" 304 - "-" "Mozilla/4.0 (compatible; MSIE 6.0; Windows NT 5.1; (R1 1.3))" -
201.128.88.193 - - [26/May/2004:00:35:19 +0800] "GET /~changec HTTP/1.1" 301 328 "http://www.comp.nus.edu./cs/acad_staff.html" "Mozilla/4.0 (compatible; MSIE 6.0; Windows 98; Win 9x 4.90)" -
203-135.priv20.nus.edu.sg - - [26/May/2004:00:35:19 +0800] "GET /~luutrung/sign.jpg HTTP/1.1" 304 - "http://forum.vncnus.net/viewtopic.php?t=7939&start=15" "Mozilla/4.0 (compatible; MSIE 6.0; Windows NT 5.1; {44E023CA-DCE4-4433-AB54-CE9A74D99313}; .NET CLR 1.1.4322)" -
201.128.88.193 - - [26/May/2004:00:35:19 +0800] "GET /~changec/ HTTP/1.1" 200 4491 "http://www.comp.nus.edu./cs/acad_staff.html" "Mozilla/4.0 (compatible; MSIE 6.0; Windows 98; Win 9x 4.90)" -
61-62-156-18-adsl-tao.dynamic.so-net.net.tw - - [26/May/2004:00:35:20 +0800] "GET /~nghoongk/lyrics/singer376-1.html HTTP/1.1" 200 15691 "-" "Mozilla/4.0 (compatible; MSIE 6.0; Windows NT 5.1)" -
61-62-156-18-adsl-tao.dynamic.so-net.net.tw - - [26/May/2004:00:35:21 +0800] "GET /~nghoongk/lyrics/m.gif HTTP/1.1" 200 872 "-" "Mozilla/4.0 (compatible; MSIE 6.0; Windows NT 5.1)" -
201.128.88.193 - - [26/May/2004:00:35:22 +0800] "GET /~changec/image/mm.gif HTTP/1.1" 200 57888 "http://www.comp.nus.edu.sg/~changec/" "Mozilla/4.0 (compatible; MSIE 6.0; Windows 98; Win 9x 4.90)" -
69.157.0.134 - - [26/May/2004:00:35:23 +0800] "GET / HTTP/1.1" 200 8789 "http://search.windowsmedia.com/search/ClickTracking/Redir.htm?dest=http%3A//www.comp.nus.edu.sg" "Mozilla/5.0 (Windows; U; Win98; en-GB; rv:1.0.1) Gecko/20020823 Netscape/7.0" -
195.245.190.93 - - [26/May/2004:00:35:23 +0800] "GET /~sunyuan/ HTTP/1.0" 200 3140 "-" "Mozilla/4.0 (compatible; MSIE 6.0; Windows NT 5.0; BCP 1.2 GPO; .NET CLR 1.1.4322)" unknown
69.157.0.134 - - [26/May/2004:00:35:24 +0800] "GET /nusstyles.css HTTP/1.1" 200 804 "http://www.comp.nus.edu.sg/" "Mozilla/5.0 (Windows; U; Win98; en-GB; rv:1.0.1) Gecko/20020823 Netscape/7.0" -
69.157.0.134 - - [26/May/2004:00:35:24 +0800] "GET /favicon.ico HTTP/1.1" 404 293 "-" "Mozilla/5.0 (Windows; U; Win98; en-GB; rv:1.0.1) Gecko/20020823 Netscape/7.0" -
62.114.196.157 - - [26/May/2004:00:35:25 +0800] "GET /~huh HTTP/1.1" 404 286 "-" "Mozilla/4.0 (compatible; MSIE 6.0; Windows 98)" -
69.157.0.134 - - [26/May/2004:00:35:25 +0800] "GET /images/facenghd.gif HTTP/1.1" 200 1130 "http://www.comp.nus.edu.sg/" "Mozilla/5.0 (Windows; U; Win98; en-GB; rv:1.0.1) Gecko/20020823 Netscape/7.0" -
69.157.0.134 - - [26/May/2004:00:35:25 +0800] "GET /images/nussocbanner.gif HTTP/1.1" 200 2693 "http://www.comp.nus.edu.sg/" "Mozilla/5.0 (Windows; U; Win98; en-GB; rv:1.0.1) Gecko/20020823 Netscape/7.0" -
61.61.150.84 - - [26/May/2004:00:35:25 +0800] "GET /aboutsoc/about_us.htm HTTP/1.1" 200 7253 "-" "Mozilla/4.0 (compatible; MSIE 5.0; Windows NT)" -
69.157.0.134 - - [26/May/2004:00:35:25 +0800] "GET /images/socmain_r3_c6.jpg HTTP/1.1" 200 1575 "http://www.comp.nus.edu.sg/" "Mozilla/5.0 (Windows; U; Win98; en-GB; rv:1.0.1) Gecko/20020823 Netscape/7.0" -
69.157.0.134 - - [26/May/2004:00:35:25 +0800] "GET /images/socmain_r3_c8.jpg HTTP/1.1" 200 1624 "http://www.comp.nus.edu.sg/" "Mozilla/5.0 (Windows; U; Win98; en-GB; rv:1.0.1) Gecko/20020823 Netscape/7.0" -
69.157.0.134 - - [26/May/2004:00:35:26 +0800] "GET /images/socmain_r3_c10.jpg HTTP/1.1" 200 1244 "http://www.comp.nus.edu.sg/" "Mozilla/5.0 (Windows; U; Win98; en-GB; rv:1.0.1) Gecko/20020823 Netscape/7.0" -
69.157.0.134 - - [26/May/2004:00:35:26 +0800] "GET /images/socmain_r3_c11.jpg HTTP/1.1" 200 1265 "http://www.comp.nus.edu.sg/" "Mozilla/5.0 (Windows; U; Win98; en-GB; rv:1.0.1) Gecko/20020823 Netscape/7.0" -
69.157.0.134 - - [26/May/2004:00:35:26 +0800] "GET /images/socmain_r3_c13.jpg HTTP/1.1" 200 7938 "http://www.comp.nus.edu.sg/" "Mozilla/5.0 (Windows; U; Win98; en-GB; rv:1.0.1) Gecko/20020823 Netscape/7.0" -
69.157.0.134 - - [26/May/2004:00:35:26 +0800] "GET /images/recruitment.jpg HTTP/1.1" 200 11411 "http://www.comp.nus.edu.sg/" "Mozilla/5.0 (Windows; U; Win98; en-GB; rv:1.0.1) Gecko/20020823 Netscape/7.0" -
61.61.150.84 - - [26/May/2004:00:35:26 +0800] "GET /~yuenck/li HTTP/1.1" 301 330 "-" "Mozilla/4.0 (compatible; MSIE 5.0; Windows NT)" -
69.157.0.134 - - [26/May/2004:00:35:26 +0800] "GET /images/socmain_r3_c15.jpg HTTP/1.1" 200 1177 "http://www.comp.nus.edu.sg/" "Mozilla/5.0 (Windows; U; Win98; en-GB; rv:1.0.1) Gecko/20020823 Netscape/7.0" -
69.157.0.134 - - [26/May/2004:00:35:26 +0800] "GET /images/socmain_r3_c16.jpg HTTP/1.1" 200 1437 "http://www.comp.nus.edu.sg/" "Mozilla/5.0 (Windows; U; Win98; en-GB; rv:1.0.1) Gecko/20020823 Netscape/7.0" -
69.157.0.134 - - [26/May/2004:00:35:27 +0800] "GET /images/socmain_r5_c13.jpg HTTP/1.1" 200 11451 "http://www.comp.nus.edu.sg/" "Mozilla/5.0 (Windows; U; Win98; en-GB; rv:1.0.1) Gecko/20020823 Netscape/7.0" -
69.157.0.134 - - [26/May/2004:00:35:27 +0800] "GET /images/socmain_r5_c12.jpg HTTP/1.1" 200 12013 "http://www.comp.nus.edu.sg/" "Mozilla/5.0 (Windows; U; Win98; en-GB; rv:1.0.1) Gecko/20020823 Netscape/7.0" -
61.61.150.84 - - [26/May/2004:00:35:27 +0800] "GET /contactus.html HTTP/1.1" 200 12252 "-" "Mozilla/4.0 (compatible; MSIE 5.0; Windows NT)" -
69.157.0.134 - - [26/May/2004:00:35:27 +0800] "GET /images/trans.gif HTTP/1.1" 200 64 "http://www.comp.nus.edu.sg/" "Mozilla/5.0 (Windows; U; Win98; en-GB; rv:1.0.1) Gecko/20020823 Netscape/7.0" -
69.157.0.134 - - [26/May/2004:00:35:27 +0800] "GET /images/socmain_r5_c14.jpg HTTP/1.1" 200 4432 "http://www.comp.nus.edu.sg/" "Mozilla/5.0 (Windows; U; Win98; en-GB; rv:1.0.1) Gecko/20020823 Netscape/7.0" -
69.157.0.134 - - [26/May/2004:00:35:27 +0800] "GET /images/sem-events.gif HTTP/1.1" 200 692 "http://www.comp.nus.edu.sg/" "Mozilla/5.0 (Windows; U; Win98; en-GB; rv:1.0.1) Gecko/20020823 Netscape/7.0" -
69.157.0.134 - - [26/May/2004:00:35:27 +0800] "GET /images/sip.gif HTTP/1.1" 200 791 "http://www.comp.nus.edu.sg/" "Mozilla/5.0 (Windows; U; Win98; en-GB; rv:1.0.1) Gecko/20020823 Netscape/7.0" -
69.157.0.134 - - [26/May/2004:00:35:28 +0800] "GET /images/socmain_r7_c1.jpg HTTP/1.1" 200 1253 "http://www.comp.nus.edu.sg/" "Mozilla/5.0 (Windows; U; Win98; en-GB; rv:1.0.1) Gecko/20020823 Netscape/7.0" -
69.157.0.134 - - [26/May/2004:00:35:28 +0800] "GET /images/socimage.jpg HTTP/1.1" 200 41463 "http://www.comp.nus.edu.sg/" "Mozilla/5.0 (Windows; U; Win98; en-GB; rv:1.0.1) Gecko/20020823 Netscape/7.0" -
69.157.0.134 - - [26/May/2004:00:35:28 +0800] "GET /images/socmain_r7_c2.jpg HTTP/1.1" 200 1164 "http://www.comp.nus.edu.sg/" "Mozilla/5.0 (Windows; U; Win98; en-GB; rv:1.0.1) Gecko/20020823 Netscape/7.0" -
69.157.0.134 - - [26/May/2004:00:35:28 +0800] "GET /images/socmain_r7_c4.jpg HTTP/1.1" 200 804 "http://www.comp.nus.edu.sg/" "Mozilla/5.0 (Windows; U; Win98; en-GB; rv:1.0.1) Gecko/20020823 Netscape/7.0" -
69.157.0.134 - - [26/May/2004:00:35:29 +0800] "GET /images/socmain_r7_c5.jpg HTTP/1.1" 200 882 "http://www.comp.nus.edu.sg/" "Mozilla/5.0 (Windows; U; Win98; en-GB; rv:1.0.1) Gecko/20020823 Netscape/7.0" -
69.157.0.134 - - [26/May/2004:00:35:29 +0800] "GET /images/socmain_r7_c7.jpg HTTP/1.1" 200 1020 "http://www.comp.nus.edu.sg/" "Mozilla/5.0 (Windows; U; Win98; en-GB; rv:1.0.1) Gecko/20020823 Netscape/7.0" -
69.157.0.134 - - [26/May/2004:00:35:29 +0800] "GET /images/socmain_r7_c9f.jpg HTTP/1.1" 200 816 "http://www.comp.nus.edu.sg/" "Mozilla/5.0 (Windows; U; Win98; en-GB; rv:1.0.1) Gecko/20020823 Netscape/7.0" -
69.157.0.134 - - [26/May/2004:00:35:29 +0800] "GET /images/grey.gif HTTP/1.1" 200 133 "http://www.comp.nus.edu.sg/" "Mozilla/5.0 (Windows; U; Win98; en-GB; rv:1.0.1) Gecko/20020823 Netscape/7.0" -
210.240.173.187 - - [26/May/2004:00:35:32 +0800] "GET /~aplas/ HTTP/1.1" 200 386 "-" "Mozilla/4.0 (compatible; MSIE 6.0; Windows NT 5.1)" -
210.240.173.187 - - [26/May/2004:00:35:32 +0800] "GET /~aplas/index-top.htm HTTP/1.1" 200 2572 "http://www.comp.nus.edu.sg/~aplas/" "Mozilla/4.0 (compatible; MSIE 6.0; Windows NT 5.1)" -
lj1021.inktomisearch.com - - [26/May/2004:00:35:32 +0800] "GET /~cs2104s/01-02-2/ProgAssgn/Phase1Submission/U008016U/parser_out.22 HTTP/1.0" 404 336 "-" "Mozilla/5.0 (compatible; Yahoo! Slurp; http://help.yahoo.com/help/us/ysearch/slurp)" -
210.240.173.187 - - [26/May/2004:00:35:33 +0800] "GET /~aplas/main.htm HTTP/1.1" 200 15956 "http://www.comp.nus.edu.sg/~aplas/" "Mozilla/4.0 (compatible; MSIE 6.0; Windows NT 5.1)" -
210.240.173.187 - - [26/May/2004:00:35:33 +0800] "GET /~aplas/0,10855,1-0-16-94391-0,00.jpg HTTP/1.1" 200 6572 "http://www.comp.nus.edu.sg/~aplas/main.htm" "Mozilla/4.0 (compatible; MSIE 6.0; Windows NT 5.1)" -
202.156.2.8 - - [26/May/2004:00:35:34 +0800] "GET /corpcomm/studentplacement/advertising.html HTTP/1.1" 200 10630 "http://www.comp.nus.edu.sg/corpcomm/studentplacement/walkin.html" "Mozilla/4.0 (compatible; MSIE 6.0; Windows NT 5.1; .NET CLR 1.1.4322)" 218.186.176.197
62.161.99.3 - - [26/May/2004:00:35:34 +0800] "GET /~sunyuan/ HTTP/1.1" 200 3152 "http://images.google.fr/imgres?imgurl=www.comp.nus.edu.sg/~sunyuan/images/nemo.gif&imgrefurl=http://www.comp.nus.edu.sg/~sunyuan/&h=248&w=275&sz=97&tbnid=2kEH2rEHlHsJ:&tbnh=98&tbnw=108&start=8&prev=/images%3Fq%3Dnemo%26hl%3Dfr%26lr%3D%26ie%3DUTF-8%26edition%3Dfr" "Mozilla/4.0 (compatible; MSIE 6.0; Windows NT 5.1; Hotbar 4.4.5.0; .NET CLR 1.1.4322)" -
62.114.196.157 - - [26/May/2004:00:35:35 +0800] "GET / HTTP/1.1" 200 8789 "-" "Mozilla/4.0 (compatible; MSIE 6.0; Windows 98)" -
61-58-104-99.e-lan.net.tw - - [26/May/2004:00:35:35 +0800] "GET /~nghoongk/lyrics/singer272-2.html HTTP/1.1" 200 3478 "http://tw.search.yahoo.com/search/kimo?p=%B7R%AD%C8%B1o" "Mozilla/4.0 (compatible; MSIE 6.0; Windows NT 5.1)" -
62.161.99.3 - - [26/May/2004:00:35:36 +0800] "GET /~sunyuan/images/index_r1_c1.gif HTTP/1.1" 200 1887 "http://www.comp.nus.edu.sg/~sunyuan/" "Mozilla/4.0 (compatible; MSIE 6.0; Windows NT 5.1; Hotbar 4.4.5.0; .NET CLR 1.1.4322)" -
61-58-104-99.e-lan.net.tw - - [26/May/2004:00:35:36 +0800] "GET /~nghoongk/lyrics/m.gif HTTP/1.1" 200 872 "http://www.comp.nus.edu.sg/~nghoongk/lyrics/singer272-2.html" "Mozilla/4.0 (compatible; MSIE 6.0; Windows NT 5.1)" -
61-58-104-99.e-lan.net.tw - - [26/May/2004:00:35:36 +0800] "GET /~nghoongk/lyrics/o.gif HTTP/1.1" 200 907 "http://www.comp.nus.edu.sg/~nghoongk/lyrics/singer272-2.html" "Mozilla/4.0 (compatible; MSIE 6.0; Windows NT 5.1)" -
62.114.196.157 - - [26/May/2004:00:35:36 +0800] "GET /nusstyles.css HTTP/1.1" 200 804 "http://www.comp.nus.edu.sg" "Mozilla/4.0 (compatible; MSIE 6.0; Windows 98)" -
201-14.priv.nus.edu.sg - - [26/May/2004:00:35:36 +0800] "GET /~huynhgia/download/signature.gif HTTP/1.1" 200 68966 "http://forum.vncnus.net/viewtopic.php?t=8081&highlight=" "Mozilla/4.0 (compatible; MSIE 6.0; Windows NT 5.1; (R1 1.3))" -
62.161.99.3 - - [26/May/2004:00:35:37 +0800] "GET /~sunyuan/images/index_r2_c1.gif HTTP/1.1" 200 12459 "http://www.comp.nus.edu.sg/~sunyuan/" "Mozilla/4.0 (compatible; MSIE 6.0; Windows NT 5.1; Hotbar 4.4.5.0; .NET CLR 1.1.4322)" -
62.114.196.157 - - [26/May/2004:00:35:38 +0800] "GET /images/nussocbanner.gif HTTP/1.1" 200 2693 "http://www.comp.nus.edu.sg" "Mozilla/4.0 (compatible; MSIE 6.0; Windows 98)" -
62.161.99.3 - - [26/May/2004:00:35:38 +0800] "GET /~sunyuan/images/index_r2_c3.gif HTTP/1.1" 200 11308 "http://www.comp.nus.edu.sg/~sunyuan/" "Mozilla/4.0 (compatible; MSIE 6.0; Windows NT 5.1; Hotbar 4.4.5.0; .NET CLR 1.1.4322)" -
62.161.99.3 - - [26/May/2004:00:35:38 +0800] "GET /~sunyuan/images/nemo.gif HTTP/1.1" 200 98407 "http://www.comp.nus.edu.sg/~sunyuan/" "Mozilla/4.0 (compatible; MSIE 6.0; Windows NT 5.1; Hotbar 4.4.5.0; .NET CLR 1.1.4322)" -
220.173.90.92 - - [26/May/2004:00:35:38 +0800] "GET /~fanyanxi/x.jpg HTTP/1.1" 200 14034 "http://www.sgcity.net/bbs/dispbbs.asp?boardID=73&ID=186731&page=20" "Mozilla/4.0 (compatible; MSIE 6.0; Windows NT 5.1)" -
62.161.99.3 - - [26/May/2004:00:35:39 +0800] "GET /~sunyuan/images/index_r3_c2.gif HTTP/1.1" 200 8177 "http://www.comp.nus.edu.sg/~sunyuan/" "Mozilla/4.0 (compatible; MSIE 6.0; Windows NT 5.1; Hotbar 4.4.5.0; .NET CLR 1.1.4322)" -
62.114.196.157 - - [26/May/2004:00:35:39 +0800] "GET /images/facenghd.gif HTTP/1.1" 200 1130 "http://www.comp.nus.edu.sg" "Mozilla/4.0 (compatible; MSIE 6.0; Windows 98)" -
62.161.99.3 - - [26/May/2004:00:35:39 +0800] "GET /~sunyuan/images/index_r2_c2_f2.gif HTTP/1.1" 200 23678 "http://www.comp.nus.edu.sg/~sunyuan/" "Mozilla/4.0 (compatible; MSIE 6.0; Windows NT 5.1; Hotbar 4.4.5.0; .NET CLR 1.1.4322)" -
62.114.196.157 - - [26/May/2004:00:35:40 +0800] "GET /images/socmain_r3_c6.jpg HTTP/1.1" 200 1575 "http://www.comp.nus.edu.sg" "Mozilla/4.0 (compatible; MSIE 6.0; Windows 98)" -
62.114.196.157 - - [26/May/2004:00:35:40 +0800] "GET /images/socmain_r3_c8.jpg HTTP/1.1" 200 1624 "http://www.comp.nus.edu.sg" "Mozilla/4.0 (compatible; MSIE 6.0; Windows 98)" -
62.114.196.157 - - [26/May/2004:00:35:41 +0800] "GET /images/socmain_r3_c10.jpg HTTP/1.1" 200 1244 "http://www.comp.nus.edu.sg" "Mozilla/4.0 (compatible; MSIE 6.0; Windows 98)" -
155.69.5.236 - - [26/May/2004:00:35:41 +0800] "GET /~levinhda/matlab/Dave%2520R.%2520Axe%2520kick%2520copy.jpg HTTP/1.1" 200 12229 "http://www.vncnus.net/forum/viewtopic.php?t=8048" "Mozilla/4.0 (compatible; MSIE 6.0; Windows NT 5.1; .NET CLR 1.1.4322)" 172.20.146.13
62.114.196.157 - - [26/May/2004:00:35:41 +0800] "GET /images/socmain_r3_c11.jpg HTTP/1.1" 200 1265 "http://www.comp.nus.edu.sg" "Mozilla/4.0 (compatible; MSIE 6.0; Windows 98)" -
155.69.5.236 - - [26/May/2004:00:35:41 +0800] "GET /~levinhda/matlab/Danaxe%2520TOUR.gif HTTP/1.1" 200 53793 "http://www.vncnus.net/forum/viewtopic.php?t=8048" "Mozilla/4.0 (compatible; MSIE 6.0; Windows NT 5.1; .NET CLR 1.1.4322)" 172.20.146.13
62.114.196.157 - - [26/May/2004:00:35:41 +0800] "GET /images/socmain_r3_c13.jpg HTTP/1.1" 200 7938 "http://www.comp.nus.edu.sg" "Mozilla/4.0 (compatible; MSIE 6.0; Windows 98)" -
62.114.196.157 - - [26/May/2004:00:35:42 +0800] "GET /images/recruitment.jpg HTTP/1.1" 200 11411 "http://www.comp.nus.edu.sg" "Mozilla/4.0 (compatible; MSIE 6.0; Windows 98)" -
toronto-hse-ppp3911641.sympatico.ca - - [26/May/2004:00:35:43 +0800] "GET /~hengak/SOONG/soong_02.mp3 HTTP/1.1" 200 1081344 "-" "NSPlayer/9.0.0.2980 WMFSDK/9.0" -
62.114.196.157 - - [26/May/2004:00:35:43 +0800] "GET /images/socmain_r3_c15.jpg HTTP/1.1" 200 1177 "http://www.comp.nus.edu.sg" "Mozilla/4.0 (compatible; MSIE 6.0; Windows 98)" -
62.114.196.157 - - [26/May/2004:00:35:44 +0800] "GET /images/socmain_r3_c16.jpg HTTP/1.1" 200 1437 "http://www.comp.nus.edu.sg" "Mozilla/4.0 (compatible; MSIE 6.0; Windows 98)" -
201-95.priv.nus.edu.sg - - [26/May/2004:00:35:44 +0800] "GET /~levinhda/matlab/Dave%2520R.%2520Axe%2520kick%2520copy.jpg HTTP/1.1" 304 - "http://forum.vncnus.net/viewtopic.php?t=8067&highlight=" "Mozilla/4.0 (compatible; MSIE 6.0; Windows NT 5.1)" -
201-95.priv.nus.edu.sg - - [26/May/2004:00:35:44 +0800] "GET /~levinhda/matlab/Danaxe%2520TOUR.gif HTTP/1.1" 304 - "http://forum.vncnus.net/viewtopic.php?t=8067&highlight=" "Mozilla/4.0 (compatible; MSIE 6.0; Windows NT 5.1)" -
62.114.196.157 - - [26/May/2004:00:35:44 +0800] "GET /images/socmain_r5_c12.jpg HTTP/1.1" 200 12013 "http://www.comp.nus.edu.sg" "Mozilla/4.0 (compatible; MSIE 6.0; Windows 98)" -
62.114.196.157 - - [26/May/2004:00:35:45 +0800] "GET /images/socmain_r5_c13.jpg HTTP/1.1" 200 11451 "http://www.comp.nus.edu.sg" "Mozilla/4.0 (compatible; MSIE 6.0; Windows 98)" -
201-14.priv.nus.edu.sg - - [26/May/2004:00:35:45 +0800] "GET /~huynhgia/download/signature.gif HTTP/1.1" 304 - "http://forum.vncnus.net/viewtopic.php?t=8081&highlight=" "Mozilla/4.0 (compatible; MSIE 6.0; Windows NT 5.1; (R1 1.3))" -
201.128.88.193 - - [26/May/2004:00:35:47 +0800] "GET /~rprisc/ HTTP/1.1" 200 7646 "http://www.comp.nus.edu.sg/~changec/" "Mozilla/4.0 (compatible; MSIE 6.0; Windows 98; Win 9x 4.90)" -
62.114.196.157 - - [26/May/2004:00:35:47 +0800] "GET /images/socmain_r5_c14.jpg HTTP/1.1" 200 4432 "http://www.comp.nus.edu.sg" "Mozilla/4.0 (compatible; MSIE 6.0; Windows 98)" -
62.114.196.157 - - [26/May/2004:00:35:47 +0800] "GET /images/trans.gif HTTP/1.1" 200 64 "http://www.comp.nus.edu.sg" "Mozilla/4.0 (compatible; MSIE 6.0; Windows 98)" -
201.128.88.193 - - [26/May/2004:00:35:48 +0800] "GET /~rprisc/_themes/nature/nabkgnd.jpg HTTP/1.1" 200 2663 "http://www.comp.nus.edu.sg/~rprisc/" "Mozilla/4.0 (compatible; MSIE 6.0; Windows 98; Win 9x 4.90)" -
bbcache-11.singnet.com.sg - - [26/May/2004:00:35:48 +0800] "GET /~cmcurric/AY2003_4/soc34chap2_Compprogram.pdf HTTP/1.1" 304 - "-" "Mozilla/4.0 (compatible; MSIE 6.0; Windows 98; HTMLAB; FunWebProducts)" 220.255.94.217, 165.21.154.134
201.128.88.193 - - [26/May/2004:00:35:48 +0800] "GET /~rprisc/nuslogohome.gif HTTP/1.1" 200 3584 "http://www.comp.nus.edu.sg/~rprisc/" "Mozilla/4.0 (compatible; MSIE 6.0; Windows 98; Win 9x 4.90)" -
62.114.196.157 - - [26/May/2004:00:35:49 +0800] "GET /images/sip.gif HTTP/1.1" 200 791 "http://www.comp.nus.edu.sg" "Mozilla/4.0 (compatible; MSIE 6.0; Windows 98)" -
201.128.88.193 - - [26/May/2004:00:35:49 +0800] "GET /~rprisc/_derived/home_cmp_blitz100_hbtn_p.gif HTTP/1.1" 200 1309 "http://www.comp.nus.edu.sg/~rprisc/" "Mozilla/4.0 (compatible; MSIE 6.0; Windows 98; Win 9x 4.90)" -
62.114.196.157 - - [26/May/2004:00:35:49 +0800] "GET /images/sem-events.gif HTTP/1.1" 200 692 "http://www.comp.nus.edu.sg" "Mozilla/4.0 (compatible; MSIE 6.0; Windows 98)" -
201.128.88.193 - - [26/May/2004:00:35:49 +0800] "GET /~rprisc/_derived/people.htm_cmp_blitz100_hbtn.gif HTTP/1.1" 200 1512 "http://www.comp.nus.edu.sg/~rprisc/" "Mozilla/4.0 (compatible; MSIE 6.0; Windows 98; Win 9x 4.90)" -
201.128.88.193 - - [26/May/2004:00:35:49 +0800] "GET /~rprisc/_derived/research.htm_cmp_blitz100_hbtn.gif HTTP/1.1" 200 1493 "http://www.comp.nus.edu.sg/~rprisc/" "Mozilla/4.0 (compatible; MSIE 6.0; Windows 98; Win 9x 4.90)" -
201.128.88.193 - - [26/May/2004:00:35:49 +0800] "GET /~rprisc/_derived/group_talk.htm_cmp_blitz100_hbtn.gif HTTP/1.1" 200 1507 "http://www.comp.nus.edu.sg/~rprisc/" "Mozilla/4.0 (compatible; MSIE 6.0; Windows 98; Win 9x 4.90)" -
201.128.88.193 - - [26/May/2004:00:35:49 +0800] "GET /~rprisc/_derived/resources.htm_cmp_blitz100_hbtn.gif HTTP/1.1" 200 1507 "http://www.comp.nus.edu.sg/~rprisc/" "Mozilla/4.0 (compatible; MSIE 6.0; Windows 98; Win 9x 4.90)" -
201.128.88.193 - - [26/May/2004:00:35:49 +0800] "GET /~rprisc/_derived/feedback.htm_cmp_blitz100_hbtn.gif HTTP/1.1" 200 1504 "http://www.comp.nus.edu.sg/~rprisc/" "Mozilla/4.0 (compatible; MSIE 6.0; Windows 98; Win 9x 4.90)" -
62.114.196.157 - - [26/May/2004:00:35:50 +0800] "GET /images/socmain_r7_c1.jpg HTTP/1.1" 200 1253 "http://www.comp.nus.edu.sg" "Mozilla/4.0 (compatible; MSIE 6.0; Windows 98)" -
bbcache-11.singnet.com.sg - - [26/May/2004:00:35:51 +0800] "GET /~calendar/DOCS/newCalendar.html HTTP/1.1" 200 3876 "http://sg.search.yahoo.com/search/sg?p=create+calendar&ei=UTF-8&y=Singapore" "Mozilla/4.0 (compatible; MSIE 6.0; Windows NT 5.1; FunWebProducts)" 220.255.241.186, 165.21.154.155
165.21.154.12 - - [26/May/2004:00:35:51 +0800] "GET /~calendar/DOCS/images/bbsw4.gif HTTP/1.1" 200 3221 "http://www.comp.nus.edu.sg/~calendar/DOCS/newCalendar.html" "Mozilla/4.0 (compatible; MSIE 6.0; Windows NT 5.1; FunWebProducts)" 220.255.241.186, 165.21.154.144
bbcache-11.singnet.com.sg - - [26/May/2004:00:35:52 +0800] "GET /~calendar/DOCS/images/bkgrnd2.jpg HTTP/1.1" 200 38113 "http://www.comp.nus.edu.sg/~calendar/DOCS/newCalendar.html" "Mozilla/4.0 (compatible; MSIE 6.0; Windows NT 5.1; FunWebProducts)" 220.255.241.186, 165.21.154.130
165.21.154.12 - - [26/May/2004:00:35:52 +0800] "GET /~calendar/DOCS/images/bbsw2.gif HTTP/1.1" 200 3221 "http://www.comp.nus.edu.sg/~calendar/DOCS/newCalendar.html" "Mozilla/4.0 (compatible; MSIE 6.0; Windows NT 5.1; FunWebProducts)" 220.255.241.186, 165.21.154.144
62.114.196.157 - - [26/May/2004:00:35:52 +0800] "GET /images/socmain_r7_c2.jpg HTTP/1.1" 200 1164 "http://www.comp.nus.edu.sg" "Mozilla/4.0 (compatible; MSIE 6.0; Windows 98)" -
201.128.88.193 - - [26/May/2004:00:35:52 +0800] "GET /~rprisc/people.htm HTTP/1.1" 200 12767 "http://www.comp.nus.edu.sg/~rprisc/" "Mozilla/4.0 (compatible; MSIE 6.0; Windows 98; Win 9x 4.90)" -
mailhost.optorg.fr - - [26/May/2004:00:35:52 +0800] "GET /~kwekss/drivers/HP%20printer/HP1200/ HTTP/1.0" 200 747 "http://www.google.fr/search?q=drivers+hp1200&ie=ISO-8859-1&hl=fr&btnG=Recherche+Google&meta=" "Mozilla/4.0 (compatible; MSIE 5.01; Windows NT 5.0)" -
81-178-217-165.dsl.pipex.com - - [26/May/2004:00:35:53 +0800] "GET /~keexuyua/pictures/skillz.gif HTTP/1.1" 200 5857 "-" "Opera/7.23 (Windows NT 5.1; U)  [en]" -
201.128.88.193 - - [26/May/2004:00:35:53 +0800] "GET /~rprisc/_derived/home_cmp_blitz100_hbtn.gif HTTP/1.1" 200 1476 "http://www.comp.nus.edu.sg/~rprisc/people.htm" "Mozilla/4.0 (compatible; MSIE 6.0; Windows 98; Win 9x 4.90)" -
201.128.88.193 - - [26/May/2004:00:35:53 +0800] "GET /~rprisc/_derived/people.htm_cmp_blitz100_hbtn_p.gif HTTP/1.1" 200 1331 "http://www.comp.nus.edu.sg/~rprisc/people.htm" "Mozilla/4.0 (compatible; MSIE 6.0; Windows 98; Win 9x 4.90)" -
194.250.34.73 - - [26/May/2004:00:35:53 +0800] "GET /icons/blank.gif HTTP/1.0" 200 148 "http://www.comp.nus.edu.sg/~kwekss/drivers/HP%20printer/HP1200/" "Mozilla/4.0 (compatible; MSIE 5.01; Windows NT 5.0)" -
194.250.34.73 - - [26/May/2004:00:35:53 +0800] "GET /icons/back.gif HTTP/1.0" 200 216 "http://www.comp.nus.edu.sg/~kwekss/drivers/HP%20printer/HP1200/" "Mozilla/4.0 (compatible; MSIE 5.01; Windows NT 5.0)" -
201.128.88.193 - - [26/May/2004:00:35:53 +0800] "GET /~rprisc/_themes/nature/anabull1.gif HTTP/1.1" 200 2407 "http://www.comp.nus.edu.sg/~rprisc/people.htm" "Mozilla/4.0 (compatible; MSIE 6.0; Windows 98; Win 9x 4.90)" -
194.250.34.73 - - [26/May/2004:00:35:53 +0800] "GET /icons/unknown.gif HTTP/1.0" 200 245 "http://www.comp.nus.edu.sg/~kwekss/drivers/HP%20printer/HP1200/" "Mozilla/4.0 (compatible; MSIE 5.01; Windows NT 5.0)" -
62.114.196.157 - - [26/May/2004:00:35:54 +0800] "GET /images/socmain_r7_c4.jpg HTTP/1.1" 200 804 "http://www.comp.nus.edu.sg" "Mozilla/4.0 (compatible; MSIE 6.0; Windows 98)" -
e247053.upc-e.chello.nl - - [26/May/2004:00:35:55 +0800] "GET /~sunyuan/images/nemo.gif HTTP/1.1" 304 - "http://www.cu2.nl/browse.php?id=2657796" "Mozilla/4.0 (compatible; MSIE 6.0; Windows NT 5.1; .NET CLR 1.1.4322)" -
218.111.3.197 - - [26/May/2004:00:35:55 +0800] "GET /~dcheong/ HTTP/1.1" 404 291 "http://images.google.com.my/imgres?imgurl=www.comp.nus.edu.sg/~dcheong/ghost.jpg&imgrefurl=http://www.comp.nus.edu.sg/~dcheong/&h=600&w=800&sz=74&tbnid=EqAVt3UWRtMJ:&tbnh=106&tbnw=141&start=3&prev=/images%3Fq%3Dghost%26hl%3Den%26lr%3D%26ie%3DUTF-8" "Mozilla/4.0 (compatible; MSIE 6.0; Windows NT 5.1; .NET CLR 1.1.4322)" -
62.114.196.157 - - [26/May/2004:00:35:55 +0800] "GET /images/socmain_r7_c5.jpg HTTP/1.1" 200 882 "http://www.comp.nus.edu.sg" "Mozilla/4.0 (compatible; MSIE 6.0; Windows 98)" -
201.128.88.193 - - [26/May/2004:00:35:55 +0800] "GET /is/bio/atreyi.html HTTP/1.1" 200 15904 "http://www.comp.nus.edu.sg/~rprisc/people.htm" "Mozilla/4.0 (compatible; MSIE 6.0; Windows 98; Win 9x 4.90)" -
218.111.3.197 - - [26/May/2004:00:35:56 +0800] "GET /~dcheong/ HTTP/1.1" 404 291 "http://images.google.com.my/imgres?imgurl=www.comp.nus.edu.sg/~dcheong/ghost.jpg&imgrefurl=http://www.comp.nus.edu.sg/~dcheong/&h=600&w=800&sz=74&tbnid=eqavt3uwrtmj:&tbnh=106&tbnw=141&start=3&prev=/images?q=ghost&hl=en&lr=&ie=utf-8" "Mozilla/4.0 (compatible; MSIE 6.0; Windows NT 5.1; .NET CLR 1.1.4322)" -
62.114.196.157 - - [26/May/2004:00:35:56 +0800] "GET /images/socimage.jpg HTTP/1.1" 200 41463 "http://www.comp.nus.edu.sg" "Mozilla/4.0 (compatible; MSIE 6.0; Windows 98)" -
218.111.3.197 - - [26/May/2004:00:35:56 +0800] "GET /~dcheong/ghost.jpg HTTP/1.1" 404 300 "http://images.google.com.my/imgres?imgurl=www.comp.nus.edu.sg/~dcheong/ghost.jpg&imgrefurl=http://www.comp.nus.edu.sg/~dcheong/&h=600&w=800&sz=74&tbnid=EqAVt3UWRtMJ:&tbnh=106&tbnw=141&prev=/images%3Fq%3Dghost%26hl%3Den%26lr%3D%26ie%3DUTF-8&frame=small" "Mozilla/4.0 (compatible; MSIE 6.0; Windows NT 5.1; .NET CLR 1.1.4322)" -
201.128.88.193 - - [26/May/2004:00:35:56 +0800] "GET /is/style.css HTTP/1.1" 200 2725 "http://www.comp.nus.edu.sg/is/bio/atreyi.html" "Mozilla/4.0 (compatible; MSIE 6.0; Windows 98; Win 9x 4.90)" -
201.128.88.193 - - [26/May/2004:00:35:57 +0800] "GET /is/bio/images/space_3pix.gif HTTP/1.1" 200 810 "http://www.comp.nus.edu.sg/is/bio/atreyi.html" "Mozilla/4.0 (compatible; MSIE 6.0; Windows 98; Win 9x 4.90)" -
62.114.196.157 - - [26/May/2004:00:35:57 +0800] "GET /images/socmain_r7_c7.jpg HTTP/1.1" 200 1020 "http://www.comp.nus.edu.sg" "Mozilla/4.0 (compatible; MSIE 6.0; Windows 98)" -
201.128.88.193 - - [26/May/2004:00:35:57 +0800] "GET /is/bio/images/button_staff_directory2.jpg HTTP/1.1" 200 18316 "http://www.comp.nus.edu.sg/is/bio/atreyi.html" "Mozilla/4.0 (compatible; MSIE 6.0; Windows 98; Win 9x 4.90)" -
mailhost.optorg.fr - - [26/May/2004:00:35:58 +0800] "GET /~kwekss/drivers/HP%20printer/ HTTP/1.0" 200 831 "http://www.comp.nus.edu.sg/~kwekss/drivers/HP%20printer/HP1200/" "Mozilla/4.0 (compatible; MSIE 5.01; Windows NT 5.0)" -
194.250.34.73 - - [26/May/2004:00:35:58 +0800] "GET /icons/folder.gif HTTP/1.0" 200 225 "http://www.comp.nus.edu.sg/~kwekss/drivers/HP%20printer/" "Mozilla/4.0 (compatible; MSIE 5.01; Windows NT 5.0)" -
201.128.88.193 - - [26/May/2004:00:35:58 +0800] "GET /is/bio/images/button_research2.jpg HTTP/1.1" 200 14239 "http://www.comp.nus.edu.sg/is/bio/atreyi.html" "Mozilla/4.0 (compatible; MSIE 6.0; Windows 98; Win 9x 4.90)" -
62.114.196.157 - - [26/May/2004:00:35:58 +0800] "GET /images/socmain_r7_c9f.jpg HTTP/1.1" 200 816 "http://www.comp.nus.edu.sg" "Mozilla/4.0 (compatible; MSIE 6.0; Windows 98)" -
62.114.196.157 - - [26/May/2004:00:35:58 +0800] "GET /images/grey.gif HTTP/1.1" 200 133 "http://www.comp.nus.edu.sg" "Mozilla/4.0 (compatible; MSIE 6.0; Windows 98)" -
201.128.88.193 - - [26/May/2004:00:35:58 +0800] "GET /is/bio/images/image_01.jpg HTTP/1.1" 200 76482 "http://www.comp.nus.edu.sg/is/bio/atreyi.html" "Mozilla/4.0 (compatible; MSIE 6.0; Windows 98; Win 9x 4.90)" -
201.128.88.193 - - [26/May/2004:00:35:59 +0800] "GET /is/bio/images/button_recruitment2.jpg HTTP/1.1" 200 16798 "http://www.comp.nus.edu.sg/is/bio/atreyi.html" "Mozilla/4.0 (compatible; MSIE 6.0; Windows 98; Win 9x 4.90)" -
201.128.88.193 - - [26/May/2004:00:35:59 +0800] "GET /is/bio/images/button_visitors2.jpg HTTP/1.1" 200 16455 "http://www.comp.nus.edu.sg/is/bio/atreyi.html" "Mozilla/4.0 (compatible; MSIE 6.0; Windows 98; Win 9x 4.90)" -
201-14.priv.nus.edu.sg - - [26/May/2004:00:35:59 +0800] "GET /~nguyentu/nhactac/mp3ss1d.swf HTTP/1.1" 304 - "-" "Mozilla/4.0 (compatible; MSIE 6.0; Windows NT 5.1; (R1 1.3))" -
201-14.priv.nus.edu.sg - - [26/May/2004:00:35:59 +0800] "GET /~nguyentu/nhactac/mp3ss2d.swf HTTP/1.1" 304 - "-" "Mozilla/4.0 (compatible; MSIE 6.0; Windows NT 5.1; (R1 1.3))" -
201-14.priv.nus.edu.sg - - [26/May/2004:00:35:59 +0800] "GET /~nguyentu/nhactac/mp3ss3d.swf HTTP/1.1" 304 - "-" "Mozilla/4.0 (compatible; MSIE 6.0; Windows NT 5.1; (R1 1.3))" -
201-14.priv.nus.edu.sg - - [26/May/2004:00:35:59 +0800] "GET /~nguyentu/nhactac/mp3ss4d.swf HTTP/1.1" 304 - "-" "Mozilla/4.0 (compatible; MSIE 6.0; Windows NT 5.1; (R1 1.3))" -
201.128.88.193 - - [26/May/2004:00:36:00 +0800] "GET /is/bio/images/button_intranet2.jpg HTTP/1.1" 200 18033 "http://www.comp.nus.edu.sg/is/bio/atreyi.html" "Mozilla/4.0 (compatible; MSIE 6.0; Windows 98; Win 9x 4.90)" -
218.111.3.197 - - [26/May/2004:00:36:00 +0800] "GET /~dcheong/ HTTP/1.1" 404 291 "http://www.comp.nus.edu.sg/~dcheong/" "Mozilla/4.0 (compatible; MSIE 6.0; Windows NT 5.1; .NET CLR 1.1.4322)" -
207.179.68.164 - - [26/May/2004:00:36:00 +0800] "GET /~sunyuan/images/index_r2_c2_f2.gif HTTP/1.0" 200 23678 "http://www.comp.nus.edu.sg/~sunyuan/" "Mozilla/4.0 (compatible; MSIE 6.0; Windows 98)" -
201.128.88.193 - - [26/May/2004:00:36:00 +0800] "GET /is/bio/images/arrow_orange.gif HTTP/1.1" 200 58 "http://www.comp.nus.edu.sg/is/bio/atreyi.html" "Mozilla/4.0 (compatible; MSIE 6.0; Windows 98; Win 9x 4.90)" -
201.128.88.193 - - [26/May/2004:00:36:00 +0800] "GET /is/bio/images/bg_02_01.jpg HTTP/1.1" 200 1080 "http://www.comp.nus.edu.sg/is/bio/atreyi.html" "Mozilla/4.0 (compatible; MSIE 6.0; Windows 98; Win 9x 4.90)" -
201.128.88.193 - - [26/May/2004:00:36:00 +0800] "GET /is/bio/images/bg_01_01.jpg HTTP/1.1" 200 809 "http://www.comp.nus.edu.sg/is/bio/atreyi.html" "Mozilla/4.0 (compatible; MSIE 6.0; Windows 98; Win 9x 4.90)" -
201.128.88.193 - - [26/May/2004:00:36:01 +0800] "GET /is/bio/photos/atreyi.JPG HTTP/1.1" 200 10418 "http://www.comp.nus.edu.sg/is/bio/atreyi.html" "Mozilla/4.0 (compatible; MSIE 6.0; Windows 98; Win 9x 4.90)" -
201.128.88.193 - - [26/May/2004:00:36:01 +0800] "GET /is/bio/images/bg_02_03.jpg HTTP/1.1" 200 1080 "http://www.comp.nus.edu.sg/is/bio/atreyi.html" "Mozilla/4.0 (compatible; MSIE 6.0; Windows 98; Win 9x 4.90)" -
201.128.88.193 - - [26/May/2004:00:36:01 +0800] "GET /is/bio/images/bg_01_03.jpg HTTP/1.1" 200 809 "http://www.comp.nus.edu.sg/is/bio/atreyi.html" "Mozilla/4.0 (compatible; MSIE 6.0; Windows 98; Win 9x 4.90)" -
201.128.88.193 - - [26/May/2004:00:36:01 +0800] "GET /is/bio/images/top_main.jpg HTTP/1.1" 200 9651 "http://www.comp.nus.edu.sg/is/bio/atreyi.html" "Mozilla/4.0 (compatible; MSIE 6.0; Windows 98; Win 9x 4.90)" -
201.128.88.193 - - [26/May/2004:00:36:02 +0800] "GET /is/bio/images/bg_02_02.jpg HTTP/1.1" 200 1073 "http://www.comp.nus.edu.sg/is/bio/atreyi.html" "Mozilla/4.0 (compatible; MSIE 6.0; Windows 98; Win 9x 4.90)" -
201.128.88.193 - - [26/May/2004:00:36:02 +0800] "GET /is/images/bg_04.jpg HTTP/1.1" 200 9746 "http://www.comp.nus.edu.sg/is/bio/atreyi.html" "Mozilla/4.0 (compatible; MSIE 6.0; Windows 98; Win 9x 4.90)" -
201.128.88.193 - - [26/May/2004:00:36:02 +0800] "GET /is/bio/images/bg_01_02.jpg HTTP/1.1" 200 881 "http://www.comp.nus.edu.sg/is/bio/atreyi.html" "Mozilla/4.0 (compatible; MSIE 6.0; Windows 98; Win 9x 4.90)" -
ip503de5cf.speed.planet.nl - - [26/May/2004:00:36:02 +0800] "GET /~sunyuan/images/nemo.gif HTTP/1.1" 200 98407 "http://harryweb.proboards21.com/index.cgi?board=pictures&action=display&num=1084986513" "Mozilla/4.0 (compatible; MSIE 6.0; Windows NT 5.1; FunWebProducts; Hotbar 4.4.6.0)" -
201.128.88.193 - - [26/May/2004:00:36:02 +0800] "GET /is/images/bg_05.jpg HTTP/1.1" 200 9364 "http://www.comp.nus.edu.sg/is/bio/atreyi.html" "Mozilla/4.0 (compatible; MSIE 6.0; Windows 98; Win 9x 4.90)" -
bbcache-12.singnet.com.sg - - [26/May/2004:00:36:03 +0800] "GET /~yuxiaoxu/Photos/Singapore/EastCoastBeachSunrising_Icon.jpg HTTP/1.1" 200 28615 "http://www.comp.nus.edu.sg/~yuxiaoxu/Photos/Singapore/singapore.htm" "Mozilla/4.0 (compatible; MSIE 6.0; Windows NT 5.1)" 220.255.133.207, 165.21.154.130
218.111.3.197 - - [26/May/2004:00:36:03 +0800] "GET /~dcheong/ghost.jpg HTTP/1.1" 404 300 "http://images.google.com.my/imgres?imgurl=www.comp.nus.edu.sg/~dcheong/ghost.jpg&imgrefurl=http://www.comp.nus.edu.sg/~dcheong/&h=600&w=800&sz=74&tbnid=eqavt3uwrtmj:&tbnh=106&tbnw=141&prev=/images%3Fq%3Dghost&frame=small" "Mozilla/4.0 (compatible; MSIE 6.0; Windows NT 5.1; .NET CLR 1.1.4322)" -
201.128.88.193 - - [26/May/2004:00:36:03 +0800] "GET /is/bio/images/button_staff_directory1.jpg HTTP/1.1" 200 21285 "http://www.comp.nus.edu.sg/is/bio/atreyi.html" "Mozilla/4.0 (compatible; MSIE 6.0; Windows 98; Win 9x 4.90)" -
201.128.88.193 - - [26/May/2004:00:36:03 +0800] "GET /is/bio/images/button_research1.jpg HTTP/1.1" 200 17598 "http://www.comp.nus.edu.sg/is/bio/atreyi.html" "Mozilla/4.0 (compatible; MSIE 6.0; Windows 98; Win 9x 4.90)" -
61.61.150.84 - - [26/May/2004:00:36:03 +0800] "GET / HTTP/1.1" 200 8789 "-" "Mozilla/4.0 (compatible; MSIE 5.0; Windows NT)" -
bbcache-12.singnet.com.sg - - [26/May/2004:00:36:04 +0800] "GET /~yuxiaoxu/Photos/Singapore/Deepavali_Temple3_Icon.jpg HTTP/1.1" 200 31407 "http://www.comp.nus.edu.sg/~yuxiaoxu/Photos/Singapore/singapore.htm" "Mozilla/4.0 (compatible; MSIE 6.0; Windows NT 5.1)" 220.255.133.207, 165.21.154.130
61-58-104-99.e-lan.net.tw - - [26/May/2004:00:36:04 +0800] "GET /~nghoongk/lyrics/singer272-2.html HTTP/1.1" 200 3478 "http://tw.search.yahoo.com/search/kimo?p=%B7R%AD%C8%B1o" "Mozilla/4.0 (compatible; MSIE 6.0; Windows NT 5.1)" -
201.128.88.193 - - [26/May/2004:00:36:04 +0800] "GET /is/bio/images/button_visitors1.jpg HTTP/1.1" 200 18436 "http://www.comp.nus.edu.sg/is/bio/atreyi.html" "Mozilla/4.0 (compatible; MSIE 6.0; Windows 98; Win 9x 4.90)" -
61-58-104-99.e-lan.net.tw - - [26/May/2004:00:36:05 +0800] "GET /~nghoongk/lyrics/m.gif HTTP/1.1" 304 - "http://www.comp.nus.edu.sg/~nghoongk/lyrics/singer272-2.html" "Mozilla/4.0 (compatible; MSIE 6.0; Windows NT 5.1)" -
61-58-104-99.e-lan.net.tw - - [26/May/2004:00:36:05 +0800] "GET /~nghoongk/lyrics/o.gif HTTP/1.1" 304 - "http://www.comp.nus.edu.sg/~nghoongk/lyrics/singer272-2.html" "Mozilla/4.0 (compatible; MSIE 6.0; Windows NT 5.1)" -
218.111.3.197 - - [26/May/2004:00:36:05 +0800] "GET /~dcheong/ HTTP/1.1" 404 291 "http://images.google.com.my/imgres?imgurl=www.comp.nus.edu.sg/~dcheong/ghost.jpg&imgrefurl=http://www.comp.nus.edu.sg/~dcheong/&h=600&w=800&sz=74&tbnid=EqAVt3UWRtMJ:&tbnh=106&tbnw=141&start=3&prev=/images%3Fq%3Dghost%26hl%3Den%26lr%3D%26ie%3DUTF-8" "Mozilla/4.0 (compatible; MSIE 6.0; Windows NT 5.1; .NET CLR 1.1.4322)" -
201.128.88.193 - - [26/May/2004:00:36:05 +0800] "GET /is/bio/images/button_recruitment1.jpg HTTP/1.1" 200 20222 "http://www.comp.nus.edu.sg/is/bio/atreyi.html" "Mozilla/4.0 (compatible; MSIE 6.0; Windows 98; Win 9x 4.90)" -
201.128.88.193 - - [26/May/2004:00:36:05 +0800] "GET /is/bio/images/button_intranet1.jpg HTTP/1.1" 200 20907 "http://www.comp.nus.edu.sg/is/bio/atreyi.html" "Mozilla/4.0 (compatible; MSIE 6.0; Windows 98; Win 9x 4.90)" -
218.111.3.197 - - [26/May/2004:00:36:05 +0800] "GET /~dcheong/ HTTP/1.1" 404 291 "http://images.google.com.my/imgres?imgurl=www.comp.nus.edu.sg/~dcheong/ghost.jpg&imgrefurl=http://www.comp.nus.edu.sg/~dcheong/&h=600&w=800&sz=74&tbnid=eqavt3uwrtmj:&tbnh=106&tbnw=141&start=3&prev=/images?q=ghost&hl=en&lr=&ie=utf-8" "Mozilla/4.0 (compatible; MSIE 6.0; Windows NT 5.1; .NET CLR 1.1.4322)" -
bbcache-12.singnet.com.sg - - [26/May/2004:00:36:06 +0800] "GET /~yuxiaoxu/Photos/Singapore/ChinatownHinduTemple2_Icon.jpg HTTP/1.1" 200 23925 "http://www.comp.nus.edu.sg/~yuxiaoxu/Photos/Singapore/singapore.htm" "Mozilla/4.0 (compatible; MSIE 6.0; Windows NT 5.1)" 220.255.133.207, 165.21.154.134
218.111.3.197 - - [26/May/2004:00:36:06 +0800] "GET /~dcheong/ HTTP/1.1" 404 291 "http://images.google.com.my/imgres?imgurl=www.comp.nus.edu.sg/~dcheong/ghost.jpg&imgrefurl=http://www.comp.nus.edu.sg/~dcheong/&h=600&w=800&sz=74&tbnid=eqavt3uwrtmj:&tbnh=106&tbnw=141&start=3&prev=/images?q=ghost&hl=en&lr=&ie=utf-8" "Mozilla/4.0 (compatible; MSIE 6.0; Windows NT 5.1; .NET CLR 1.1.4322)" -
bbcache-12.singnet.com.sg - - [26/May/2004:00:36:07 +0800] "GET /~yuxiaoxu/Photos/Singapore/ChinatownHinduTemple1_Icon.jpg HTTP/1.1" 200 23147 "http://www.comp.nus.edu.sg/~yuxiaoxu/Photos/Singapore/singapore.htm" "Mozilla/4.0 (compatible; MSIE 6.0; Windows NT 5.1)" 220.255.133.207, 165.21.154.134
218.111.3.197 - - [26/May/2004:00:36:08 +0800] "GET /~dcheong/ HTTP/1.1" 404 291 "http://images.google.com.my/imgres?imgurl=www.comp.nus.edu.sg/~dcheong/ghost.jpg&imgrefurl=http://www.comp.nus.edu.sg/~dcheong/&h=600&w=800&sz=74&tbnid=EqAVt3UWRtMJ:&tbnh=106&tbnw=141&start=3&prev=/images%3Fq%3Dghost%26hl%3Den%26lr%3D%26ie%3DUTF-8" "Mozilla/4.0 (compatible; MSIE 6.0; Windows NT 5.1; .NET CLR 1.1.4322)" -
bbcache-12.singnet.com.sg - - [26/May/2004:00:36:09 +0800] "GET /~yuxiaoxu/Photos/Singapore/SingaporeRiver_Merlion3_Icon.jpg HTTP/1.1" 200 42808 "http://www.comp.nus.edu.sg/~yuxiaoxu/Photos/Singapore/singapore.htm" "Mozilla/4.0 (compatible; MSIE 6.0; Windows NT 5.1)" 220.255.133.207, 165.21.154.134
65.54.164.110 - - [26/May/2004:00:36:12 +0800] "GET /%7ecs4245/lectnotes/lectnotes_.html HTTP/1.0" 401 473 "-" "msnbot/0.11 (+http://search.msn.com/msnbot.htm)" -
bbcache-12.singnet.com.sg - - [26/May/2004:00:36:12 +0800] "GET /~yuxiaoxu/Photos/Singapore/MerlionPark201_Icon.jpg HTTP/1.1" 200 27615 "http://www.comp.nus.edu.sg/~yuxiaoxu/Photos/Singapore/singapore.htm" "Mozilla/4.0 (compatible; MSIE 6.0; Windows NT 5.1)" 220.255.133.207, 165.21.154.138
bbcache-12.singnet.com.sg - - [26/May/2004:00:36:13 +0800] "GET /~yuxiaoxu/Photos/Singapore/Sentosa_Merlion1_Icon.jpg HTTP/1.1" 200 30513 "http://www.comp.nus.edu.sg/~yuxiaoxu/Photos/Singapore/singapore.htm" "Mozilla/4.0 (compatible; MSIE 6.0; Windows NT 5.1)" 220.255.133.207, 165.21.154.157
bbcache-12.singnet.com.sg - - [26/May/2004:00:36:14 +0800] "GET /~yuxiaoxu/Photos/Singapore/Summit_Icon.jpg HTTP/1.1" 200 33466 "http://www.comp.nus.edu.sg/~yuxiaoxu/Photos/Singapore/singapore.htm" "Mozilla/4.0 (compatible; MSIE 6.0; Windows NT 5.1)" 220.255.133.207, 165.21.154.157
bbcache-12.singnet.com.sg - - [26/May/2004:00:36:15 +0800] "GET /~yuxiaoxu/Photos/Singapore/White_Tiger_Icon.jpg HTTP/1.1" 200 61410 "http://www.comp.nus.edu.sg/~yuxiaoxu/Photos/Singapore/singapore.htm" "Mozilla/4.0 (compatible; MSIE 6.0; Windows NT 5.1)" 220.255.133.207, 165.21.154.157
adsl20.dyn239.pacific.net.sg - - [26/May/2004:00:36:16 +0800] "GET /~ngziming/P1010033.JPG HTTP/1.1" 200 767753 "-" "Mozilla/4.0 (compatible; MSIE 6.0; Windows NT 5.1)" -
bbcache-12.singnet.com.sg - - [26/May/2004:00:36:16 +0800] "GET /~yuxiaoxu/Photos/Singapore/Tang's_Icon.jpg HTTP/1.1" 200 40622 "http://www.comp.nus.edu.sg/~yuxiaoxu/Photos/Singapore/singapore.htm" "Mozilla/4.0 (compatible; MSIE 6.0; Windows NT 5.1)" 220.255.133.207, 165.21.154.157
62.114.196.157 - - [26/May/2004:00:36:16 +0800] "GET /cs/ HTTP/1.1" 200 7259 "http://www.comp.nus.edu.sg" "Mozilla/4.0 (compatible; MSIE 6.0; Windows 98)" -
62.114.196.157 - - [26/May/2004:00:36:17 +0800] "GET /cs/images/cs_top1.jpg HTTP/1.1" 200 4229 "http://www.comp.nus.edu.sg/cs/" "Mozilla/4.0 (compatible; MSIE 6.0; Windows 98)" -
bbcache-12.singnet.com.sg - - [26/May/2004:00:36:17 +0800] "GET /~yuxiaoxu/Photos/Singapore/Paragon_Icon.jpg HTTP/1.1" 200 46783 "http://www.comp.nus.edu.sg/~yuxiaoxu/Photos/Singapore/singapore.htm" "Mozilla/4.0 (compatible; MSIE 6.0; Windows NT 5.1)" 220.255.133.207, 165.21.154.131
61.234.149.44 - - [26/May/2004:00:36:18 +0800] "GET /~nghoongk/lyrics/singer4-2.html HTTP/1.1" 200 13000 "http://www.comp.nus.edu.sg/~nghoongk/lyrics/singer4-1.html" "Mozilla/4.0 (compatible; MSIE 6.0; Windows NT 5.1)" -
62.114.196.157 - - [26/May/2004:00:36:18 +0800] "GET /cs/images/cs_banner.gif HTTP/1.1" 200 1599 "http://www.comp.nus.edu.sg/cs/" "Mozilla/4.0 (compatible; MSIE 6.0; Windows 98)" -
76-172.priv.nus.edu.sg - - [26/May/2004:00:36:19 +0800] "GET /~tingweix/aloha/SCCRetreat.ppt HTTP/1.1" 200 24576 "-" "Mozilla/4.0 (compatible; MSIE 6.0; Windows NT 5.1; Q312461)" -
62.114.196.157 - - [26/May/2004:00:36:19 +0800] "GET /cs/images/cs_top2.jpg HTTP/1.1" 200 3670 "http://www.comp.nus.edu.sg/cs/" "Mozilla/4.0 (compatible; MSIE 6.0; Windows 98)" -
203.116.61.131 - - [26/May/2004:00:36:19 +0800] "GET /~kohkokwe/email/middle.gif HTTP/1.1" 200 351 "http://sg.f900.mail.yahoo.com/ym/ShowLetter?MsgId=6355_1889503_8780_2012_6045_0_541_22871_913997580&YY=11681&inc=25&order=down&sort=date&pos=0&view=&head=&box=Inbox" "Mozilla/4.0 (compatible; MSIE 6.0; Windows NT 5.1)" 203.116.126.126
62.114.196.157 - - [26/May/2004:00:36:20 +0800] "GET /cs/images/cs_top3.jpg HTTP/1.1" 200 3203 "http://www.comp.nus.edu.sg/cs/" "Mozilla/4.0 (compatible; MSIE 6.0; Windows 98)" -
62.114.196.157 - - [26/May/2004:00:36:21 +0800] "GET /cs/images/cs_top4.jpg HTTP/1.1" 200 3953 "http://www.comp.nus.edu.sg/cs/" "Mozilla/4.0 (compatible; MSIE 6.0; Windows 98)" -
201-101.priv.nus.edu.sg - - [26/May/2004:00:36:21 +0800] "GET /~luutrung/sign.jpg HTTP/1.1" 200 25623 "http://forum.vncnus.net/viewtopic.php?p=96595" "Mozilla/5.0 (Windows; U; Windows NT 5.1; en-US; rv:1.6) Gecko/20040206 Firefox/0.8" -
62.114.196.157 - - [26/May/2004:00:36:21 +0800] "GET /cs/images/cs_top5.jpg HTTP/1.1" 200 2840 "http://www.comp.nus.edu.sg/cs/" "Mozilla/4.0 (compatible; MSIE 6.0; Windows 98)" -
201-101.priv.nus.edu.sg - - [26/May/2004:00:36:22 +0800] "GET /~hongocth/avartar.jpg HTTP/1.1" 200 8533 "http://forum.vncnus.net/viewtopic.php?p=96594" "Mozilla/5.0 (Windows; U; Windows NT 5.1; en-US; rv:1.6) Gecko/20040206 Firefox/0.8" -
172.18.201.101 - - [26/May/2004:00:36:22 +0800] "GET /~hongocth/double_egle.jpg HTTP/1.1" 200 21332 "http://forum.vncnus.net/viewtopic.php?p=96594" "Mozilla/5.0 (Windows; U; Windows NT 5.1; en-US; rv:1.6) Gecko/20040206 Firefox/0.8" -
lj1236.inktomisearch.com - - [26/May/2004:00:36:23 +0800] "GET /~fangll/jdk1.2.2/docs/tooldocs/win32/jar.html HTTP/1.0" 404 315 "-" "Mozilla/5.0 (compatible; Yahoo! Slurp; http://help.yahoo.com/help/us/ysearch/slurp)" -
62.114.196.157 - - [26/May/2004:00:36:23 +0800] "GET /cs/images/cs_top6.jpg HTTP/1.1" 200 3304 "http://www.comp.nus.edu.sg/cs/" "Mozilla/4.0 (compatible; MSIE 6.0; Windows 98)" -
62.114.196.157 - - [26/May/2004:00:36:24 +0800] "GET /cs/images/curve1.jpg HTTP/1.1" 200 503 "http://www.comp.nus.edu.sg/cs/" "Mozilla/4.0 (compatible; MSIE 6.0; Windows 98)" -
204-162.priv20.nus.edu.sg - - [26/May/2004:00:36:24 +0800] "GET /~nguyent5 HTTP/1.1" 301 329 "-" "Mozilla/4.0 (compatible; MSIE 6.0; Windows NT 5.1; (R1 1.5))" -
204-162.priv20.nus.edu.sg - - [26/May/2004:00:36:24 +0800] "GET /~nguyent5/ HTTP/1.1" 200 10802 "-" "Mozilla/4.0 (compatible; MSIE 6.0; Windows NT 5.1; (R1 1.5))" -
62.114.196.157 - - [26/May/2004:00:36:24 +0800] "GET /cs/images/trans.gif HTTP/1.1" 200 64 "http://www.comp.nus.edu.sg/cs/" "Mozilla/4.0 (compatible; MSIE 6.0; Windows 98)" -
204-162.priv20.nus.edu.sg - - [26/May/2004:00:36:24 +0800] "GET /~nguyent5/stylesheet.css HTTP/1.1" 200 278 "http://www.comp.nus.edu.sg/~nguyent5/" "Mozilla/4.0 (compatible; MSIE 6.0; Windows NT 5.1; (R1 1.5))" -
204-162.priv20.nus.edu.sg - - [26/May/2004:00:36:24 +0800] "GET /~nguyent5/images/spacer.gif HTTP/1.1" 200 43 "http://www.comp.nus.edu.sg/~nguyent5/" "Mozilla/4.0 (compatible; MSIE 6.0; Windows NT 5.1; (R1 1.5))" -
204-162.priv20.nus.edu.sg - - [26/May/2004:00:36:24 +0800] "GET /~nguyent5/images/index_r2_c1.jpg HTTP/1.1" 200 11157 "http://www.comp.nus.edu.sg/~nguyent5/" "Mozilla/4.0 (compatible; MSIE 6.0; Windows NT 5.1; (R1 1.5))" -
