204-162.priv20.nus.edu.sg - - [26/May/2004:00:36:24 +0800] "GET /~nguyent5/images/index_r2_c2.jpg HTTP/1.1" 200 11842 "http://www.comp.nus.edu.sg/~nguyent5/" "Mozilla/4.0 (compatible; MSIE 6.0; Windows NT 5.1; (R1 1.5))" -
204-162.priv20.nus.edu.sg - - [26/May/2004:00:36:24 +0800] "GET /~nguyent5/images/index_r2_c3.jpg HTTP/1.1" 200 12150 "http://www.comp.nus.edu.sg/~nguyent5/" "Mozilla/4.0 (compatible; MSIE 6.0; Windows NT 5.1; (R1 1.5))" -
204-162.priv20.nus.edu.sg - - [26/May/2004:00:36:25 +0800] "GET /~nguyent5/images/index_r2_c4.jpg HTTP/1.1" 200 12288 "http://www.comp.nus.edu.sg/~nguyent5/" "Mozilla/4.0 (compatible; MSIE 6.0; Windows NT 5.1; (R1 1.5))" -
204-162.priv20.nus.edu.sg - - [26/May/2004:00:36:25 +0800] "GET /~nguyent5/images/index_r2_c5.jpg HTTP/1.1" 200 12317 "http://www.comp.nus.edu.sg/~nguyent5/" "Mozilla/4.0 (compatible; MSIE 6.0; Windows NT 5.1; (R1 1.5))" -
204-162.priv20.nus.edu.sg - - [26/May/2004:00:36:25 +0800] "GET /~nguyent5/images/index_r2_c7.jpg HTTP/1.1" 200 1264 "http://www.comp.nus.edu.sg/~nguyent5/" "Mozilla/4.0 (compatible; MSIE 6.0; Windows NT 5.1; (R1 1.5))" -
204-162.priv20.nus.edu.sg - - [26/May/2004:00:36:25 +0800] "GET /~nguyent5/images/index_r3_c1.jpg HTTP/1.1" 200 30498 "http://www.comp.nus.edu.sg/~nguyent5/" "Mozilla/4.0 (compatible; MSIE 6.0; Windows NT 5.1; (R1 1.5))" -
204-162.priv20.nus.edu.sg - - [26/May/2004:00:36:25 +0800] "GET /~nguyent5/images/index_r3_c6.jpg HTTP/1.1" 200 24581 "http://www.comp.nus.edu.sg/~nguyent5/" "Mozilla/4.0 (compatible; MSIE 6.0; Windows NT 5.1; (R1 1.5))" -
204-162.priv20.nus.edu.sg - - [26/May/2004:00:36:25 +0800] "GET /~nguyent5/images/index_r4_c1.jpg HTTP/1.1" 200 17833 "http://www.comp.nus.edu.sg/~nguyent5/" "Mozilla/4.0 (compatible; MSIE 6.0; Windows NT 5.1; (R1 1.5))" -
62.114.196.157 - - [26/May/2004:00:36:25 +0800] "GET /cs/images/sem_announce.gif HTTP/1.1" 200 1041 "http://www.comp.nus.edu.sg/cs/" "Mozilla/4.0 (compatible; MSIE 6.0; Windows 98)" -
204-162.priv20.nus.edu.sg - - [26/May/2004:00:36:25 +0800] "GET /~nguyent5/images/index_r4_c6.jpg HTTP/1.1" 200 21967 "http://www.comp.nus.edu.sg/~nguyent5/" "Mozilla/4.0 (compatible; MSIE 6.0; Windows NT 5.1; (R1 1.5))" -
204-162.priv20.nus.edu.sg - - [26/May/2004:00:36:25 +0800] "GET /~nguyent5/images/index_r5_c1.jpg HTTP/1.1" 200 16841 "http://www.comp.nus.edu.sg/~nguyent5/" "Mozilla/4.0 (compatible; MSIE 6.0; Windows NT 5.1; (R1 1.5))" -
62.114.196.157 - - [26/May/2004:00:36:25 +0800] "GET /cs/images/curve2.jpg HTTP/1.1" 200 783 "http://www.comp.nus.edu.sg/cs/" "Mozilla/4.0 (compatible; MSIE 6.0; Windows 98)" -
204-162.priv20.nus.edu.sg - - [26/May/2004:00:36:25 +0800] "GET /~nguyent5/images/index_r2_c1_f2.jpg HTTP/1.1" 200 11145 "http://www.comp.nus.edu.sg/~nguyent5/" "Mozilla/4.0 (compatible; MSIE 6.0; Windows NT 5.1; (R1 1.5))" -
204-162.priv20.nus.edu.sg - - [26/May/2004:00:36:25 +0800] "GET /~nguyent5/images/index_r2_c1_f4.jpg HTTP/1.1" 200 11312 "http://www.comp.nus.edu.sg/~nguyent5/" "Mozilla/4.0 (compatible; MSIE 6.0; Windows NT 5.1; (R1 1.5))" -
204-162.priv20.nus.edu.sg - - [26/May/2004:00:36:25 +0800] "GET /~nguyent5/images/index_r2_c1_f3.jpg HTTP/1.1" 200 11312 "http://www.comp.nus.edu.sg/~nguyent5/" "Mozilla/4.0 (compatible; MSIE 6.0; Windows NT 5.1; (R1 1.5))" -
204-162.priv20.nus.edu.sg - - [26/May/2004:00:36:25 +0800] "GET /~nguyent5/images/index_r2_c2_f2.jpg HTTP/1.1" 200 11745 "http://www.comp.nus.edu.sg/~nguyent5/" "Mozilla/4.0 (compatible; MSIE 6.0; Windows NT 5.1; (R1 1.5))" -
62.161.99.3 - - [26/May/2004:00:36:25 +0800] "GET /~sunyuan/images/nemo.gif HTTP/1.1" 304 - "-" "Mozilla/4.0 (compatible; MSIE 6.0; Windows NT 5.1; Hotbar 4.4.5.0; .NET CLR 1.1.4322)" -
204-162.priv20.nus.edu.sg - - [26/May/2004:00:36:25 +0800] "GET /~nguyent5/images/index_r2_c2_f3.jpg HTTP/1.1" 200 11964 "http://www.comp.nus.edu.sg/~nguyent5/" "Mozilla/4.0 (compatible; MSIE 6.0; Windows NT 5.1; (R1 1.5))" -
204-162.priv20.nus.edu.sg - - [26/May/2004:00:36:25 +0800] "GET /~nguyent5/images/index_r2_c2_f4.jpg HTTP/1.1" 200 11964 "http://www.comp.nus.edu.sg/~nguyent5/" "Mozilla/4.0 (compatible; MSIE 6.0; Windows NT 5.1; (R1 1.5))" -
204-162.priv20.nus.edu.sg - - [26/May/2004:00:36:25 +0800] "GET /~nguyent5/images/index_r2_c3_f4.jpg HTTP/1.1" 200 12275 "http://www.comp.nus.edu.sg/~nguyent5/" "Mozilla/4.0 (compatible; MSIE 6.0; Windows NT 5.1; (R1 1.5))" -
204-162.priv20.nus.edu.sg - - [26/May/2004:00:36:25 +0800] "GET /~nguyent5/images/index_r2_c3_f2.jpg HTTP/1.1" 200 12142 "http://www.comp.nus.edu.sg/~nguyent5/" "Mozilla/4.0 (compatible; MSIE 6.0; Windows NT 5.1; (R1 1.5))" -
204-162.priv20.nus.edu.sg - - [26/May/2004:00:36:25 +0800] "GET /~nguyent5/images/index_r2_c4_f2.jpg HTTP/1.1" 200 12286 "http://www.comp.nus.edu.sg/~nguyent5/" "Mozilla/4.0 (compatible; MSIE 6.0; Windows NT 5.1; (R1 1.5))" -
204-162.priv20.nus.edu.sg - - [26/May/2004:00:36:25 +0800] "GET /~nguyent5/images/index_r2_c3_f3.jpg HTTP/1.1" 200 12275 "http://www.comp.nus.edu.sg/~nguyent5/" "Mozilla/4.0 (compatible; MSIE 6.0; Windows NT 5.1; (R1 1.5))" -
204-162.priv20.nus.edu.sg - - [26/May/2004:00:36:25 +0800] "GET /~nguyent5/images/index_r2_c4_f3.jpg HTTP/1.1" 200 12594 "http://www.comp.nus.edu.sg/~nguyent5/" "Mozilla/4.0 (compatible; MSIE 6.0; Windows NT 5.1; (R1 1.5))" -
204-162.priv20.nus.edu.sg - - [26/May/2004:00:36:25 +0800] "GET /~nguyent5/images/index_r2_c4_f4.jpg HTTP/1.1" 200 12594 "http://www.comp.nus.edu.sg/~nguyent5/" "Mozilla/4.0 (compatible; MSIE 6.0; Windows NT 5.1; (R1 1.5))" -
204-162.priv20.nus.edu.sg - - [26/May/2004:00:36:25 +0800] "GET /~nguyent5/images/index_r2_c5_f2.jpg HTTP/1.1" 200 12348 "http://www.comp.nus.edu.sg/~nguyent5/" "Mozilla/4.0 (compatible; MSIE 6.0; Windows NT 5.1; (R1 1.5))" -
204-162.priv20.nus.edu.sg - - [26/May/2004:00:36:25 +0800] "GET /~nguyent5/images/index_r2_c5_f4.jpg HTTP/1.1" 200 12652 "http://www.comp.nus.edu.sg/~nguyent5/" "Mozilla/4.0 (compatible; MSIE 6.0; Windows NT 5.1; (R1 1.5))" -
204-162.priv20.nus.edu.sg - - [26/May/2004:00:36:25 +0800] "GET /~nguyent5/images/index_r2_c5_f3.jpg HTTP/1.1" 200 12652 "http://www.comp.nus.edu.sg/~nguyent5/" "Mozilla/4.0 (compatible; MSIE 6.0; Windows NT 5.1; (R1 1.5))" -
61-221-226-45.hinet-ip.hinet.net - - [26/May/2004:00:36:26 +0800] "GET /~nghoongk/lyrics/singer210-1.html HTTP/1.0" 200 7798 "http://tw.search.yahoo.com/search/kimo?p=%B1i%A6%E3%B9%C5+%B7R%AA%BA%A5N%BB%F9&ykd=1&p1=%B1i%A6%E3%B9%C5&p2=%B7R%AA%BA%A5N%BB%F9" "Mozilla/4.0 (compatible; MSIE 6.0; Windows 98; Win 9x 4.90)" -
204-162.priv20.nus.edu.sg - - [26/May/2004:00:36:27 +0800] "GET /~nguyent5/about_me.html HTTP/1.1" 200 9741 "http://www.comp.nus.edu.sg/~nguyent5/" "Mozilla/4.0 (compatible; MSIE 6.0; Windows NT 5.1; (R1 1.5))" -
crawl22-public.alexa.com - - [26/May/2004:00:36:27 +0800] "GET /~teoym/cs6205/9900/L1/img011.GIF HTTP/1.0" 200 6053 "-" "ia_archiver" -
62.114.196.157 - - [26/May/2004:00:36:28 +0800] "GET /cs/images/curve3.jpg HTTP/1.1" 200 565 "http://www.comp.nus.edu.sg/cs/" "Mozilla/4.0 (compatible; MSIE 6.0; Windows 98)" -
62.114.196.157 - - [26/May/2004:00:36:29 +0800] "GET /cs/images/curve4.jpg HTTP/1.1" 200 1409 "http://www.comp.nus.edu.sg/cs/" "Mozilla/4.0 (compatible; MSIE 6.0; Windows 98)" -
62.114.196.157 - - [26/May/2004:00:36:29 +0800] "GET /cs/images/curve5.jpg HTTP/1.1" 200 847 "http://www.comp.nus.edu.sg/cs/" "Mozilla/4.0 (compatible; MSIE 6.0; Windows 98)" -
204-162.priv20.nus.edu.sg - - [26/May/2004:00:36:29 +0800] "GET /~nguyent5/my_family.html HTTP/1.1" 200 9292 "http://www.comp.nus.edu.sg/~nguyent5/about_me.html" "Mozilla/4.0 (compatible; MSIE 6.0; Windows NT 5.1; (R1 1.5))" -
62.114.196.157 - - [26/May/2004:00:36:30 +0800] "GET /cs/images/curve6.jpg HTTP/1.1" 200 477 "http://www.comp.nus.edu.sg/cs/" "Mozilla/4.0 (compatible; MSIE 6.0; Windows 98)" -
204-162.priv20.nus.edu.sg - - [26/May/2004:00:36:31 +0800] "GET /~nguyent5/my_friends.html HTTP/1.1" 200 9286 "http://www.comp.nus.edu.sg/~nguyent5/my_family.html" "Mozilla/4.0 (compatible; MSIE 6.0; Windows NT 5.1; (R1 1.5))" -
62.114.196.157 - - [26/May/2004:00:36:31 +0800] "GET /cs/images/cs_foot1.jpg HTTP/1.1" 200 3226 "http://www.comp.nus.edu.sg/cs/" "Mozilla/4.0 (compatible; MSIE 6.0; Windows 98)" -
62.114.196.157 - - [26/May/2004:00:36:32 +0800] "GET /cs/images/cs_foot2.jpg HTTP/1.1" 200 2915 "http://www.comp.nus.edu.sg/cs/" "Mozilla/4.0 (compatible; MSIE 6.0; Windows 98)" -
204-162.priv20.nus.edu.sg - - [26/May/2004:00:36:32 +0800] "GET /~nguyent5/my_schools.html HTTP/1.1" 200 9286 "http://www.comp.nus.edu.sg/~nguyent5/my_friends.html" "Mozilla/4.0 (compatible; MSIE 6.0; Windows NT 5.1; (R1 1.5))" -
62.114.196.157 - - [26/May/2004:00:36:33 +0800] "GET /cs/images/cs_foot3.jpg HTTP/1.1" 200 2890 "http://www.comp.nus.edu.sg/cs/" "Mozilla/4.0 (compatible; MSIE 6.0; Windows 98)" -
62.114.196.157 - - [26/May/2004:00:36:34 +0800] "GET /cs/images/cs_foot4.jpg HTTP/1.1" 200 2656 "http://www.comp.nus.edu.sg/cs/" "Mozilla/4.0 (compatible; MSIE 6.0; Windows 98)" -
204-162.priv20.nus.edu.sg - - [26/May/2004:00:36:35 +0800] "GET /~nguyent5/pic_gallery.html HTTP/1.1" 200 9539 "http://www.comp.nus.edu.sg/~nguyent5/my_schools.html" "Mozilla/4.0 (compatible; MSIE 6.0; Windows NT 5.1; (R1 1.5))" -
62.114.196.157 - - [26/May/2004:00:36:36 +0800] "GET /cs/images/cs_foot5.jpg HTTP/1.1" 200 3029 "http://www.comp.nus.edu.sg/cs/" "Mozilla/4.0 (compatible; MSIE 6.0; Windows 98)" -
204-162.priv20.nus.edu.sg - - [26/May/2004:00:36:36 +0800] "GET /~nguyent5/links.html HTTP/1.1" 200 10754 "http://www.comp.nus.edu.sg/~nguyent5/pic_gallery.html" "Mozilla/4.0 (compatible; MSIE 6.0; Windows NT 5.1; (R1 1.5))" -
35.12.144.230 - - [26/May/2004:00:36:36 +0800] "GET /~dcheong/ HTTP/1.0" 404 279 "http://images.google.com/imgres?imgurl=www.comp.nus.edu.sg/~dcheong/ghost.jpg&imgrefurl=http://www.comp.nus.edu.sg/~dcheong/&h=600&w=800&sz=74&tbnid=EqAVt3UWRtMJ:&tbnh=106&tbnw=141&start=3&prev=/images%3Fq%3Dghost%26hl%3Den%26lr%3D%26ie%3DUTF-8" "Mozilla/4.0 (compatible; MSIE 5.01; Windows NT 5.0)" 10.12.24.122, 10.12.1.250
35.12.144.230 - - [26/May/2004:00:36:36 +0800] "GET /~dcheong/ghost.jpg HTTP/1.0" 404 288 "http://images.google.com/imgres?imgurl=www.comp.nus.edu.sg/~dcheong/ghost.jpg&imgrefurl=http://www.comp.nus.edu.sg/~dcheong/&h=600&w=800&sz=74&tbnid=EqAVt3UWRtMJ:&tbnh=106&tbnw=141&prev=/images%3Fq%3Dghost%26hl%3Den%26lr%3D%26ie%3DUTF-8&frame=small" "Mozilla/4.0 (compatible; MSIE 5.01; Windows NT 5.0)" 10.12.24.122, 10.12.1.250
62.161.99.3 - - [26/May/2004:00:36:36 +0800] "GET /~sunyuan/images/nemo.gif HTTP/1.1" 304 - "http://www.comp.nus.edu.sg/~sunyuan/" "Mozilla/4.0 (compatible; MSIE 6.0; Windows NT 5.1; Hotbar 4.4.5.0; .NET CLR 1.1.4322)" -
62.114.196.157 - - [26/May/2004:00:36:37 +0800] "GET /cs/images/cs_foot5-1.jpg HTTP/1.1" 200 2578 "http://www.comp.nus.edu.sg/cs/" "Mozilla/4.0 (compatible; MSIE 6.0; Windows 98)" -
204-162.priv20.nus.edu.sg - - [26/May/2004:00:36:37 +0800] "GET /~nguyent5/portfolio.html HTTP/1.1" 200 9264 "http://www.comp.nus.edu.sg/~nguyent5/links.html" "Mozilla/4.0 (compatible; MSIE 6.0; Windows NT 5.1; (R1 1.5))" -
62.114.196.157 - - [26/May/2004:00:36:38 +0800] "GET /cs/images/grey-cs.gif HTTP/1.1" 200 123 "http://www.comp.nus.edu.sg/cs/" "Mozilla/4.0 (compatible; MSIE 6.0; Windows 98)" -
ppp-226-111.25-151.libero.it - - [26/May/2004:00:36:38 +0800] "GET /~angpheng HTTP/1.1" 301 329 "http://www.nusmc.owns.it/" "Mozilla/4.0 (compatible; MSIE 6.0; Windows NT 5.1; .NET CLR 1.1.4322)" -
ppp-226-111.25-151.libero.it - - [26/May/2004:00:36:39 +0800] "GET /~angpheng/ HTTP/1.1" 200 7890 "http://www.nusmc.owns.it/" "Mozilla/4.0 (compatible; MSIE 6.0; Windows NT 5.1; .NET CLR 1.1.4322)" -
204-162.priv20.nus.edu.sg - - [26/May/2004:00:36:39 +0800] "GET /~nguyent5/contact.html HTTP/1.1" 200 9953 "http://www.comp.nus.edu.sg/~nguyent5/portfolio.html" "Mozilla/4.0 (compatible; MSIE 6.0; Windows NT 5.1; (R1 1.5))" -
197-86.priv.nus.edu.sg - - [26/May/2004:00:36:39 +0800] "GET /~nguyentu/nhactac/mp3ss1d.swf HTTP/1.1" 200 3186 "-" "Mozilla/4.0 (compatible; MSIE 6.0; Windows NT 5.1; .NET CLR 1.0.3705)" -
197-86.priv.nus.edu.sg - - [26/May/2004:00:36:39 +0800] "GET /~nguyentu/nhactac/mp3ss2d.swf HTTP/1.1" 200 3186 "-" "Mozilla/4.0 (compatible; MSIE 6.0; Windows NT 5.1; .NET CLR 1.0.3705)" -
197-86.priv.nus.edu.sg - - [26/May/2004:00:36:39 +0800] "GET /~nguyentu/nhactac/mp3ss3d.swf HTTP/1.1" 200 4170 "-" "Mozilla/4.0 (compatible; MSIE 6.0; Windows NT 5.1; .NET CLR 1.0.3705)" -
197-86.priv.nus.edu.sg - - [26/May/2004:00:36:39 +0800] "GET /~nguyentu/nhactac/mp3ss4d.swf HTTP/1.1" 200 4170 "-" "Mozilla/4.0 (compatible; MSIE 6.0; Windows NT 5.1; .NET CLR 1.0.3705)" -
61-62-156-18-adsl-tao.dynamic.so-net.net.tw - - [26/May/2004:00:36:40 +0800] "GET /~nghoongk/lyrics/singer376-1.html HTTP/1.1" 200 15691 "-" "Mozilla/4.0 (compatible; MSIE 6.0; Windows NT 5.1)" -
cache130.156ce.maxonline.com.sg - - [26/May/2004:00:36:40 +0800] "GET /~wongbaoz/everything_i_do.mp3 HTTP/1.1" 200 3863064 "http://quirkii.pitas.com" "Mozilla/4.0 (compatible; MSIE 6.0; Windows NT 5.1; Hotbar 4.4.5.0)" 218.186.52.235
62.114.196.157 - - [26/May/2004:00:36:40 +0800] "GET /cs/images/cs_main.jpg HTTP/1.1" 200 28970 "http://www.comp.nus.edu.sg/cs/" "Mozilla/4.0 (compatible; MSIE 6.0; Windows 98)" -
ppp-226-111.25-151.libero.it - - [26/May/2004:00:36:40 +0800] "GET /~angpheng/nusmcstyle.css HTTP/1.1" 200 153 "http://www.comp.nus.edu.sg/~angpheng/" "Mozilla/4.0 (compatible; MSIE 6.0; Windows NT 5.1; .NET CLR 1.1.4322)" -
ppp-226-111.25-151.libero.it - - [26/May/2004:00:36:41 +0800] "GET /~angpheng/index/nusmc.gif HTTP/1.1" 200 1439 "http://www.comp.nus.edu.sg/~angpheng/" "Mozilla/4.0 (compatible; MSIE 6.0; Windows NT 5.1; .NET CLR 1.1.4322)" -
61-62-156-18-adsl-tao.dynamic.so-net.net.tw - - [26/May/2004:00:36:41 +0800] "GET /~nghoongk/lyrics/m.gif HTTP/1.1" 304 - "-" "Mozilla/4.0 (compatible; MSIE 6.0; Windows NT 5.1)" -
ppp-226-111.25-151.libero.it - - [26/May/2004:00:36:41 +0800] "GET /~angpheng/index/sectionindex.gif HTTP/1.1" 200 1541 "http://www.comp.nus.edu.sg/~angpheng/" "Mozilla/4.0 (compatible; MSIE 6.0; Windows NT 5.1; .NET CLR 1.1.4322)" -
ppp-226-111.25-151.libero.it - - [26/May/2004:00:36:41 +0800] "GET /~angpheng/index/mosiacindex1.jpg HTTP/1.1" 200 16724 "http://www.comp.nus.edu.sg/~angpheng/" "Mozilla/4.0 (compatible; MSIE 6.0; Windows NT 5.1; .NET CLR 1.1.4322)" -
adsl20.dyn239.pacific.net.sg - - [26/May/2004:00:36:41 +0800] "GET /~ngziming/P1010028.JPG HTTP/1.1" 200 849925 "-" "Mozilla/4.0 (compatible; MSIE 6.0; Windows NT 5.1)" -
ppp-226-111.25-151.libero.it - - [26/May/2004:00:36:42 +0800] "GET /~angpheng/index/mosiacindex2.jpg HTTP/1.1" 200 11157 "http://www.comp.nus.edu.sg/~angpheng/" "Mozilla/4.0 (compatible; MSIE 6.0; Windows NT 5.1; .NET CLR 1.1.4322)" -
crawl22-public.alexa.com - - [26/May/2004:00:36:43 +0800] "GET /~nguyenvu/Lyrics/English/Britney---Don't_go_knockin'.htm HTTP/1.0" 200 14838 "-" "ia_archiver" -
ppp-226-111.25-151.libero.it - - [26/May/2004:00:36:45 +0800] "GET /~angpheng/index/mosiacindex3.jpg HTTP/1.1" 200 0 "http://www.comp.nus.edu.sg/~angpheng/" "Mozilla/4.0 (compatible; MSIE 6.0; Windows NT 5.1; .NET CLR 1.1.4322)" -
204-162.priv20.nus.edu.sg - - [26/May/2004:00:36:46 +0800] "GET /~nguyent5/about_me.html HTTP/1.1" 200 9741 "http://www.comp.nus.edu.sg/~nguyent5/contact.html" "Mozilla/4.0 (compatible; MSIE 6.0; Windows NT 5.1; (R1 1.5))" -
61.61.150.84 - - [26/May/2004:00:36:46 +0800] "GET /aboutsoc/about_us.htm HTTP/1.1" 200 7253 "-" "Mozilla/4.0 (compatible; MSIE 5.0; Windows NT)" -
cpe-144-136-50-244.vic.bigpond.net.au - - [26/May/2004:00:36:47 +0800] "GET /~tancs/66209/sb00/examples/12/rsa.html HTTP/1.1" 404 320 "http://web.ask.com/redir?bpg=http%3a%2f%2fweb.ask.com%2fweb%3fq%3drsa%2bexample%26o%3d0%26page%3d5&q=rsa+example&u=http%3a%2f%2ftm.wc.ask.com%2fr%3ft%3dan%26s%3da%26uid%3d07519D17C9DFBA604%26sid%3d127BFE9D52B863B04%26qid%3dE2CE3C86432BE147BB979F07E45B4DFE%26io%3d7%26sv%3dza5cb0d77%26o%3d0%26ask%3drsa%2bexample%26uip%3d908832f4%26en%3dte%26eo%3d-100%26pt%3dSecurity%2bExample%26ac%3d24%26qs%3d0%26pg%3d5%26ep%3d1%26te_par%3d159%26te_id%3d%26u%3dhttp%3a%2f%2fwww.comp.nus.edu.sg%2f%7etancs%2f66209%2fsb00%2fexamples%2f12%2frsa.html&s=a&bu=http%3a%2f%2fwww.comp.nus.edu.sg%2f%7etancs%2f66209%2fsb00%2fexamples%2f12%2frsa.html&qte=0&o=0" "Mozilla/4.0 (compatible; MSIE 6.0; Windows NT 5.1)" -
165.21.154.17 - - [26/May/2004:00:36:48 +0800] "GET /corpcomm/studentplacement/joblist_files/header.js HTTP/1.1" 304 - "-" "Mozilla/4.0 (compatible;)" 165.21.154.157
204-162.priv20.nus.edu.sg - - [26/May/2004:00:36:48 +0800] "GET /~nguyent5/my_family.html HTTP/1.1" 200 9292 "http://www.comp.nus.edu.sg/~nguyent5/about_me.html" "Mozilla/4.0 (compatible; MSIE 6.0; Windows NT 5.1; (R1 1.5))" -
61.61.150.84 - - [26/May/2004:00:36:48 +0800] "GET /contactus.html HTTP/1.1" 200 12252 "-" "Mozilla/4.0 (compatible; MSIE 5.0; Windows NT)" -
200.42.160.244 - - [26/May/2004:00:36:48 +0800] "GET /~dcheong/ HTTP/1.1" 404 291 "http://images.google.cl/imgres?imgurl=www.comp.nus.edu.sg/~dcheong/ghost.jpg&imgrefurl=http://www.comp.nus.edu.sg/~dcheong/&h=600&w=800&sz=74&tbnid=EqAVt3UWRtMJ:&tbnh=106&tbnw=141&start=2&prev=/images%3Fq%3Dghost%26hl%3Des%26lr%3D%26ie%3DUTF-8" "Mozilla/4.0 (compatible; MSIE 6.0; Windows NT 5.1)" -
200.42.160.244 - - [26/May/2004:00:36:50 +0800] "GET /~dcheong/ HTTP/1.1" 404 291 "http://images.google.cl/imgres?imgurl=www.comp.nus.edu.sg/~dcheong/ghost.jpg&imgrefurl=http://www.comp.nus.edu.sg/~dcheong/&h=600&w=800&sz=74&tbnid=EqAVt3UWRtMJ:&tbnh=106&tbnw=141&start=2&prev=/images%3Fq%3Dghost%26hl%3Des%26lr%3D%26ie%3DUTF-8" "Mozilla/4.0 (compatible; MSIE 6.0; Windows NT 5.1)" -
210.240.173.187 - - [26/May/2004:00:36:52 +0800] "GET /~aplas/ HTTP/1.1" 200 386 "http://loris-4.ddns.comp.nus.edu.sg/~aplas/" "Mozilla/4.0 (compatible; MSIE 6.0; Windows NT 5.1)" -
210.240.173.187 - - [26/May/2004:00:36:52 +0800] "GET /~aplas/index-top.htm HTTP/1.1" 200 2572 "http://www.comp.nus.edu.sg/~aplas/" "Mozilla/4.0 (compatible; MSIE 6.0; Windows NT 5.1)" -
172.18.201.14 - - [26/May/2004:00:36:53 +0800] "GET /~hongocth/avartar.jpg HTTP/1.1" 304 - "http://forum.vncnus.net/viewtopic.php?t=8078&highlight=" "Mozilla/4.0 (compatible; MSIE 6.0; Windows NT 5.1; (R1 1.3))" -
172.18.201.14 - - [26/May/2004:00:36:53 +0800] "GET /~hongocth/double_egle.jpg HTTP/1.1" 304 - "http://forum.vncnus.net/viewtopic.php?t=8078&highlight=" "Mozilla/4.0 (compatible; MSIE 6.0; Windows NT 5.1; (R1 1.3))" -
210.240.173.187 - - [26/May/2004:00:36:53 +0800] "GET /~aplas/main.htm HTTP/1.1" 200 15956 "http://www.comp.nus.edu.sg/~aplas/" "Mozilla/4.0 (compatible; MSIE 6.0; Windows NT 5.1)" -
210.240.173.187 - - [26/May/2004:00:36:54 +0800] "GET /~aplas/0,10855,1-0-16-94391-0,00.jpg HTTP/1.1" 304 - "http://www.comp.nus.edu.sg/~aplas/main.htm" "Mozilla/4.0 (compatible; MSIE 6.0; Windows NT 5.1)" -
ip503de5cf.speed.planet.nl - - [26/May/2004:00:36:55 +0800] "GET /~sunyuan/images/nemo.gif HTTP/1.1" 200 98407 "http://harryweb.proboards21.com/index.cgi?board=pictures&num=1084986513&action=display&start=75" "Mozilla/4.0 (compatible; MSIE 6.0; Windows NT 5.1; FunWebProducts; Hotbar 4.4.6.0)" -
61.61.150.84 - - [26/May/2004:00:36:57 +0800] "GET /~yuenck/li HTTP/1.1" 301 330 "-" "Mozilla/4.0 (compatible; MSIE 5.0; Windows NT)" -
adsl20.dyn239.pacific.net.sg - - [26/May/2004:00:36:58 +0800] "GET /~ngziming/P1010025.JPG HTTP/1.1" 200 832096 "-" "Mozilla/4.0 (compatible; MSIE 6.0; Windows NT 5.1)" -
61-62-156-18-adsl-tao.dynamic.so-net.net.tw - - [26/May/2004:00:37:00 +0800] "GET /~nghoongk/lyrics/singer376-1.html HTTP/1.1" 200 15691 "-" "Mozilla/4.0 (compatible; MSIE 6.0; Windows NT 5.1)" -
62.114.196.157 - - [26/May/2004:00:37:02 +0800] "GET /cs/research.html HTTP/1.1" 200 8954 "http://www.comp.nus.edu.sg/cs/" "Mozilla/4.0 (compatible; MSIE 6.0; Windows 98)" -
cache8.156ce.maxonline.com.sg - - [26/May/2004:00:37:05 +0800] "GET /~razvan/thesis.ps HTTP/1.1" 200 1998941 "-" "Mozilla/4.0 (compatible; MSIE 6.0; MSIE 5.5; Windows NT 5.1) Opera 7.0  [en]" 218.186.179.173
m1-209-145-238-240.downtown.infomagic.net - - [26/May/2004:00:37:07 +0800] "GET /~ngziming/P1010028.jpg HTTP/1.1" 404 304 "-" "Mozilla/4.0 (compatible; MSIE 6.0; Windows 98)" -
cache170.156ce.maxonline.com.sg - - [26/May/2004:00:37:09 +0800] "GET /~chualyek/lycheejoann/images/Noob.gif HTTP/1.1" 304 - "http://www.singaporebikes.com/forum/index.php?showtopic=1628" "Mozilla/4.0 (compatible; MSIE 6.0; Windows NT 5.1)" 218.186.249.49
cache170.156ce.maxonline.com.sg - - [26/May/2004:00:37:09 +0800] "GET /~chualyek/lycheejoann/images/Playboy-Poster---Dry1.jpg HTTP/1.1" 304 - "http://www.singaporebikes.com/forum/index.php?showtopic=1628" "Mozilla/4.0 (compatible; MSIE 6.0; Windows NT 5.1)" 218.186.249.49
cache51.156ce.maxonline.com.sg - - [26/May/2004:00:37:09 +0800] "GET /~damitmil/touch.jpg HTTP/1.1" 304 - "http://www.livejournal.com/users/nyankoframe/" "Mozilla/4.0 (compatible; MSIE 6.0; Windows NT 5.1; .NET CLR 1.1.4322; .NET CLR 1.0.3705)" 202.156.86.66
bbcache-9.singnet.com.sg - - [26/May/2004:00:37:09 +0800] "GET /~yuxiaoxu/Photos/Singapore/singapore.htm HTTP/1.1" 200 5812 "-" "Mozilla/4.0 (compatible;)" 165.21.154.157
cache51.156ce.maxonline.com.sg - - [26/May/2004:00:37:09 +0800] "GET /~damitmil/Programme.jpg HTTP/1.1" 304 - "http://www.livejournal.com/users/nyankoframe/" "Mozilla/4.0 (compatible; MSIE 6.0; Windows NT 5.1; .NET CLR 1.1.4322; .NET CLR 1.0.3705)" 202.156.86.66
bbcache-14.singnet.com.sg - - [26/May/2004:00:37:10 +0800] "GET /~yangzixi HTTP/1.1" 301 329 "-" "Mozilla/4.0 (compatible; MSIE 6.0; Windows NT 5.1; .NET CLR 1.0.3705)" 220.255.84.22, 165.21.154.138
bbcache-14.singnet.com.sg - - [26/May/2004:00:37:10 +0800] "GET /~yangzixi/ HTTP/1.1" 200 3833 "-" "Mozilla/4.0 (compatible; MSIE 6.0; Windows NT 5.1; .NET CLR 1.0.3705)" 220.255.84.22, 165.21.154.155
bbcache-14.singnet.com.sg - - [26/May/2004:00:37:10 +0800] "GET /~yangzixi/index.mid HTTP/1.1" 200 6119 "http://www.comp.nus.edu.sg/~yangzixi/" "Mozilla/4.0 (compatible; MSIE 6.0; Windows NT 5.1; .NET CLR 1.0.3705)" 220.255.84.22, 165.21.154.134
bbcache-9.singnet.com.sg - - [26/May/2004:00:37:10 +0800] "GET /~yangzixi/chver.gif HTTP/1.1" 200 1030 "http://www.comp.nus.edu.sg/~yangzixi/" "Mozilla/4.0 (compatible; MSIE 6.0; Windows NT 5.1; .NET CLR 1.0.3705)" 220.255.84.22, 165.21.154.157
bbcache-14.singnet.com.sg - - [26/May/2004:00:37:11 +0800] "GET /~yangzixi/yzx_small.jpg HTTP/1.1" 200 19884 "http://www.comp.nus.edu.sg/~yangzixi/" "Mozilla/4.0 (compatible; MSIE 6.0; Windows NT 5.1; .NET CLR 1.0.3705)" 220.255.84.22, 165.21.154.141
197-132.priv.nus.edu.sg - - [26/May/2004:00:37:13 +0800] "GET /~lengocsa/kirimaru-s2.jpg HTTP/1.1" 200 3268 "http://www.vncnus.net/forum/viewtopic.php?t=8082" "Mozilla/4.0 (compatible; MSIE 6.0; Windows NT 5.1; .NET CLR 1.0.3705)" -
webcacheh04a.cache.pol.co.uk - - [26/May/2004:00:37:14 +0800] "GET /~sunyuan/images/nemo.gif HTTP/1.1" 200 98407 "http://gt4oc.unstable.org.uk/viewtopic.php?t=10380" "Mozilla/4.0 (compatible; MSIE 6.0; Windows NT 5.1)" 81.78.135.115
172.18.197.30 - - [26/May/2004:00:37:14 +0800] "GET /~projadm/information/hon/cs4101_new/H3811.html HTTP/1.1" 403 513 "http://www.comp.nus.edu.sg/cgi-bin/search.cgi?q=genetic+%26+algorithm&ps=10&o=0&m=all&wm=wrd&ul=&wf=11111111" "Mozilla/4.0 (compatible; MSIE 6.0; Windows NT 5.1)" -
168.99.197.188 - - [26/May/2004:00:37:15 +0800] "GET /~dcheong/ HTTP/1.0" 404 279 "http://images.google.com/imgres?imgurl=www.comp.nus.edu.sg/~dcheong/ghost.jpg&imgrefurl=http://www.comp.nus.edu.sg/~dcheong/&h=600&w=800&sz=74&tbnid=EqAVt3UWRtMJ:&tbnh=106&tbnw=141&start=3&prev=/images%3Fq%3Dghost%26hl%3Den%26lr%3D%26ie%3DUTF-8" "Mozilla/4.0 (compatible; MSIE 6.0; Windows NT 5.1; Q312461; .NET CLR 1.0.3705; .NET CLR 1.1.4322)" -
197-132.priv.nus.edu.sg - - [26/May/2004:00:37:16 +0800] "GET /~nguyentr/Gar2.gif HTTP/1.1" 200 1497 "http://www.vncnus.net/forum/viewtopic.php?t=8082" "Mozilla/4.0 (compatible; MSIE 6.0; Windows NT 5.1; .NET CLR 1.0.3705)" -
168.99.197.188 - - [26/May/2004:00:37:17 +0800] "GET /~dcheong/ghost.jpg HTTP/1.0" 404 288 "http://images.google.com/imgres?imgurl=www.comp.nus.edu.sg/~dcheong/ghost.jpg&imgrefurl=http://www.comp.nus.edu.sg/~dcheong/&h=600&w=800&sz=74&tbnid=EqAVt3UWRtMJ:&tbnh=106&tbnw=141&prev=/images%3Fq%3Dghost%26hl%3Den%26lr%3D%26ie%3DUTF-8&frame=small" "Mozilla/4.0 (compatible; MSIE 6.0; Windows NT 5.1; Q312461; .NET CLR 1.0.3705; .NET CLR 1.1.4322)" -
172.18.197.30 - - [26/May/2004:00:37:18 +0800] "GET /images/facenghd.gif HTTP/1.1" 304 - "http://www.comp.nus.edu.sg/cgi-bin/search.cgi?q=genetic+%26+algorithm&wf=11111111&m=all&wm=wrd&ps=10&np=1" "Mozilla/4.0 (compatible; MSIE 6.0; Windows NT 5.1)" -
172.18.197.30 - - [26/May/2004:00:37:18 +0800] "GET /nusstyles.css HTTP/1.1" 304 - "http://www.comp.nus.edu.sg/cgi-bin/search.cgi?q=genetic+%26+algorithm&wf=11111111&m=all&wm=wrd&ps=10&np=1" "Mozilla/4.0 (compatible; MSIE 6.0; Windows NT 5.1)" -
172.18.197.30 - - [26/May/2004:00:37:18 +0800] "GET /images/nussocbanner.gif HTTP/1.1" 304 - "http://www.comp.nus.edu.sg/cgi-bin/search.cgi?q=genetic+%26+algorithm&wf=11111111&m=all&wm=wrd&ps=10&np=1" "Mozilla/4.0 (compatible; MSIE 6.0; Windows NT 5.1)" -
172.18.197.30 - - [26/May/2004:00:37:18 +0800] "GET /images/socmain_r3_c6.jpg HTTP/1.1" 304 - "http://www.comp.nus.edu.sg/cgi-bin/search.cgi?q=genetic+%26+algorithm&wf=11111111&m=all&wm=wrd&ps=10&np=1" "Mozilla/4.0 (compatible; MSIE 6.0; Windows NT 5.1)" -
172.18.197.30 - - [26/May/2004:00:37:18 +0800] "GET /images/socmain_r3_c8.jpg HTTP/1.1" 304 - "http://www.comp.nus.edu.sg/cgi-bin/search.cgi?q=genetic+%26+algorithm&wf=11111111&m=all&wm=wrd&ps=10&np=1" "Mozilla/4.0 (compatible; MSIE 6.0; Windows NT 5.1)" -
172.18.197.30 - - [26/May/2004:00:37:18 +0800] "GET /images/socmain_r3_c10.jpg HTTP/1.1" 304 - "http://www.comp.nus.edu.sg/cgi-bin/search.cgi?q=genetic+%26+algorithm&wf=11111111&m=all&wm=wrd&ps=10&np=1" "Mozilla/4.0 (compatible; MSIE 6.0; Windows NT 5.1)" -
172.18.197.30 - - [26/May/2004:00:37:18 +0800] "GET /images/socmain_r3_c11.jpg HTTP/1.1" 304 - "http://www.comp.nus.edu.sg/cgi-bin/search.cgi?q=genetic+%26+algorithm&wf=11111111&m=all&wm=wrd&ps=10&np=1" "Mozilla/4.0 (compatible; MSIE 6.0; Windows NT 5.1)" -
172.18.197.30 - - [26/May/2004:00:37:18 +0800] "GET /images/socmain_r3_c13.jpg HTTP/1.1" 304 - "http://www.comp.nus.edu.sg/cgi-bin/search.cgi?q=genetic+%26+algorithm&wf=11111111&m=all&wm=wrd&ps=10&np=1" "Mozilla/4.0 (compatible; MSIE 6.0; Windows NT 5.1)" -
172.18.197.30 - - [26/May/2004:00:37:18 +0800] "GET /images/recruitment.jpg HTTP/1.1" 304 - "http://www.comp.nus.edu.sg/cgi-bin/search.cgi?q=genetic+%26+algorithm&wf=11111111&m=all&wm=wrd&ps=10&np=1" "Mozilla/4.0 (compatible; MSIE 6.0; Windows NT 5.1)" -
172.18.197.30 - - [26/May/2004:00:37:18 +0800] "GET /images/socmain_r3_c15.jpg HTTP/1.1" 304 - "http://www.comp.nus.edu.sg/cgi-bin/search.cgi?q=genetic+%26+algorithm&wf=11111111&m=all&wm=wrd&ps=10&np=1" "Mozilla/4.0 (compatible; MSIE 6.0; Windows NT 5.1)" -
172.18.197.30 - - [26/May/2004:00:37:18 +0800] "GET /images/socmain_r3_c16.jpg HTTP/1.1" 304 - "http://www.comp.nus.edu.sg/cgi-bin/search.cgi?q=genetic+%26+algorithm&wf=11111111&m=all&wm=wrd&ps=10&np=1" "Mozilla/4.0 (compatible; MSIE 6.0; Windows NT 5.1)" -
172.18.197.30 - - [26/May/2004:00:37:18 +0800] "GET /images/socmain_r5_c12.jpg HTTP/1.1" 304 - "http://www.comp.nus.edu.sg/cgi-bin/search.cgi?q=genetic+%26+algorithm&wf=11111111&m=all&wm=wrd&ps=10&np=1" "Mozilla/4.0 (compatible; MSIE 6.0; Windows NT 5.1)" -
172.18.197.30 - - [26/May/2004:00:37:18 +0800] "GET /images/socmain_r5_c13.jpg HTTP/1.1" 304 - "http://www.comp.nus.edu.sg/cgi-bin/search.cgi?q=genetic+%26+algorithm&wf=11111111&m=all&wm=wrd&ps=10&np=1" "Mozilla/4.0 (compatible; MSIE 6.0; Windows NT 5.1)" -
172.18.197.30 - - [26/May/2004:00:37:18 +0800] "GET /images/socmain_r5_c14.jpg HTTP/1.1" 304 - "http://www.comp.nus.edu.sg/cgi-bin/search.cgi?q=genetic+%26+algorithm&wf=11111111&m=all&wm=wrd&ps=10&np=1" "Mozilla/4.0 (compatible; MSIE 6.0; Windows NT 5.1)" -
172.18.197.30 - - [26/May/2004:00:37:18 +0800] "GET /images/search_icon.gif HTTP/1.1" 304 - "http://www.comp.nus.edu.sg/cgi-bin/search.cgi?q=genetic+%26+algorithm&wf=11111111&m=all&wm=wrd&ps=10&np=1" "Mozilla/4.0 (compatible; MSIE 6.0; Windows NT 5.1)" -
197-86.priv.nus.edu.sg - - [26/May/2004:00:37:18 +0800] "GET /~nguyentr/Gar2.gif HTTP/1.1" 200 1497 "http://forum.vncnus.net/viewtopic.php?t=8082" "Mozilla/4.0 (compatible; MSIE 6.0; Windows NT 5.1; .NET CLR 1.0.3705)" -
d1176.upc-d.chello.nl - - [26/May/2004:00:37:18 +0800] "GET /~sunyuan/images/nemo.gif HTTP/1.1" 200 32768 "-" "Mozilla/4.0 (compatible; MSIE 5.0; Windows 98; DigExt)" -
197-86.priv.nus.edu.sg - - [26/May/2004:00:37:18 +0800] "GET /~lengocsa/kirimaru-s2.jpg HTTP/1.1" 200 3268 "http://forum.vncnus.net/viewtopic.php?t=8082" "Mozilla/4.0 (compatible; MSIE 6.0; Windows NT 5.1; .NET CLR 1.0.3705)" -
168.99.197.188 - - [26/May/2004:00:37:18 +0800] "GET /~dcheong/ HTTP/1.0" 404 279 "http://images.google.com/imgres?imgurl=www.comp.nus.edu.sg/~dcheong/ghost.jpg&imgrefurl=http://www.comp.nus.edu.sg/~dcheong/&h=600&w=800&sz=74&tbnid=EqAVt3UWRtMJ:&tbnh=106&tbnw=141&start=3&prev=/images%3Fq%3Dghost%26hl%3Den%26lr%3D%26ie%3DUTF-8" "Mozilla/4.0 (compatible; MSIE 6.0; Windows NT 5.1; Q312461; .NET CLR 1.0.3705; .NET CLR 1.1.4322)" -
jd-187-49.jdrp.com - - [26/May/2004:00:37:19 +0800] "GET /~leonghw/Courses/Articles/cattywampus.html HTTP/1.1" 200 3373 "http://www.google.com/search?hl=en&ie=UTF-8&q=cattywampus" "Mozilla/4.0 (compatible; MSIE 5.5; Windows 98; H010818)" -
172.18.197.30 - - [26/May/2004:00:37:19 +0800] "GET /cgi-bin/search.cgi?q=genetic+%26+algorithm&wf=11111111&m=all&wm=wrd&ps=10&np=1 HTTP/1.1" 200 16721 "http://www.comp.nus.edu.sg/cgi-bin/search.cgi?q=genetic+%26+algorithm&ps=10&o=0&m=all&wm=wrd&ul=&wf=11111111" "Mozilla/4.0 (compatible; MSIE 6.0; Windows NT 5.1)" -
172.18.197.30 - - [26/May/2004:00:37:19 +0800] "GET /images/socmain_r7_c1.jpg HTTP/1.1" 304 - "http://www.comp.nus.edu.sg/cgi-bin/search.cgi?q=genetic+%26+algorithm&wf=11111111&m=all&wm=wrd&ps=10&np=1" "Mozilla/4.0 (compatible; MSIE 6.0; Windows NT 5.1)" -
172.18.197.30 - - [26/May/2004:00:37:19 +0800] "GET /images/socmain_r7_c2.jpg HTTP/1.1" 304 - "http://www.comp.nus.edu.sg/cgi-bin/search.cgi?q=genetic+%26+algorithm&wf=11111111&m=all&wm=wrd&ps=10&np=1" "Mozilla/4.0 (compatible; MSIE 6.0; Windows NT 5.1)" -
172.18.197.30 - - [26/May/2004:00:37:19 +0800] "GET /images/socmain_r7_c4.jpg HTTP/1.1" 304 - "http://www.comp.nus.edu.sg/cgi-bin/search.cgi?q=genetic+%26+algorithm&wf=11111111&m=all&wm=wrd&ps=10&np=1" "Mozilla/4.0 (compatible; MSIE 6.0; Windows NT 5.1)" -
172.18.197.30 - - [26/May/2004:00:37:19 +0800] "GET /images/socmain_r7_c7.jpg HTTP/1.1" 304 - "http://www.comp.nus.edu.sg/cgi-bin/search.cgi?q=genetic+%26+algorithm&wf=11111111&m=all&wm=wrd&ps=10&np=1" "Mozilla/4.0 (compatible; MSIE 6.0; Windows NT 5.1)" -
172.18.197.30 - - [26/May/2004:00:37:19 +0800] "GET /images/socmain_r7_c5.jpg HTTP/1.1" 304 - "http://www.comp.nus.edu.sg/cgi-bin/search.cgi?q=genetic+%26+algorithm&wf=11111111&m=all&wm=wrd&ps=10&np=1" "Mozilla/4.0 (compatible; MSIE 6.0; Windows NT 5.1)" -
172.18.197.30 - - [26/May/2004:00:37:19 +0800] "GET /images/socmain_r7_c9f.jpg HTTP/1.1" 304 - "http://www.comp.nus.edu.sg/cgi-bin/search.cgi?q=genetic+%26+algorithm&wf=11111111&m=all&wm=wrd&ps=10&np=1" "Mozilla/4.0 (compatible; MSIE 6.0; Windows NT 5.1)" -
172.18.197.30 - - [26/May/2004:00:37:19 +0800] "GET /images/grey.gif HTTP/1.1" 304 - "http://www.comp.nus.edu.sg/cgi-bin/search.cgi?q=genetic+%26+algorithm&wf=11111111&m=all&wm=wrd&ps=10&np=1" "Mozilla/4.0 (compatible; MSIE 6.0; Windows NT 5.1)" -
209.145.238.240 - - [26/May/2004:00:37:21 +0800] "GET / HTTP/1.1" 200 8789 "-" "Mozilla/4.0 (compatible; MSIE 6.0; Windows 98)" -
201.128.88.193 - - [26/May/2004:00:37:21 +0800] "GET /~mohan/ HTTP/1.1" 200 4871 "http://www.comp.nus.edu.sg/~rprisc/people.htm" "Mozilla/4.0 (compatible; MSIE 6.0; Windows 98; Win 9x 4.90)" -
bbcache-14.singnet.com.sg - - [26/May/2004:00:37:23 +0800] "GET /~yangzixi/yzx.jpg HTTP/1.1" 200 568022 "http://www.comp.nus.edu.sg/~yangzixi/" "Mozilla/4.0 (compatible; MSIE 6.0; Windows NT 5.1; .NET CLR 1.0.3705)" 220.255.84.22, 165.21.154.144
cache8.156ce.maxonline.com.sg - - [26/May/2004:00:37:23 +0800] "GET /~razvan/thesis.pdf HTTP/1.1" 200 2621068 "-" "Mozilla/4.0 (compatible; MSIE 6.0; MSIE 5.5; Windows NT 5.1) Opera 7.0  [en]" 218.186.179.173
201.128.88.193 - - [26/May/2004:00:37:23 +0800] "GET /~mohan/moh.gif HTTP/1.1" 200 19060 "http://www.comp.nus.edu.sg/~mohan/" "Mozilla/4.0 (compatible; MSIE 6.0; Windows 98; Win 9x 4.90)" -
197-30.priv.nus.edu.sg - - [26/May/2004:00:37:25 +0800] "GET /~cs310x/99_sem1/proj/web/8317.html HTTP/1.1" 200 1615 "http://www.comp.nus.edu.sg/cgi-bin/search.cgi?q=genetic+%26+algorithm&wf=11111111&m=all&wm=wrd&ps=10&np=1" "Mozilla/4.0 (compatible; MSIE 6.0; Windows NT 5.1)" -
194.73.229.149 - - [26/May/2004:00:37:26 +0800] "GET /~sunyuan/images/nemo.gif HTTP/1.1" 304 - "http://gt4oc.unstable.org.uk/viewtopic.php?t=10419&sid=4b64aa19b9267b76b28a0bd3a9dd8cff" "Mozilla/4.0 (compatible; MSIE 6.0; Windows 98)" -
209.145.238.240 - - [26/May/2004:00:37:26 +0800] "GET /nusstyles.css HTTP/1.1" 304 - "http://www.comp.nus.edu.sg/" "Mozilla/4.0 (compatible; MSIE 6.0; Windows 98)" -
207.35.53.2 - - [26/May/2004:00:37:29 +0800] "GET /~sunyuan/ HTTP/1.0" 200 3140 "http://images.google.ca/imgres?imgurl=www.comp.nus.edu.sg/~sunyuan/images/nemo.gif&imgrefurl=http://www.comp.nus.edu.sg/~sunyuan/&h=248&w=275&sz=97&tbnid=2kEH2rEHlHsJ:&tbnh=98&tbnw=108&start=9&prev=/images%3Fq%3Dnemo%26hl%3Dfr%26lr%3D%26ie%3DUTF-8" "Mozilla/4.0 (compatible; MSIE 6.0; Windows 98)" -
207.35.53.2 - - [26/May/2004:00:37:31 +0800] "GET /~sunyuan/images/nemo.gif HTTP/1.0" 304 - "http://www.comp.nus.edu.sg/~sunyuan/" "Mozilla/4.0 (compatible; MSIE 6.0; Windows 98)" -
207.35.53.2 - - [26/May/2004:00:37:31 +0800] "GET /~sunyuan/images/index_r1_c1.gif HTTP/1.0" 304 - "http://www.comp.nus.edu.sg/~sunyuan/" "Mozilla/4.0 (compatible; MSIE 6.0; Windows 98)" -
207.35.53.2 - - [26/May/2004:00:37:31 +0800] "GET /~sunyuan/images/index_r2_c1.gif HTTP/1.0" 304 - "http://www.comp.nus.edu.sg/~sunyuan/" "Mozilla/4.0 (compatible; MSIE 6.0; Windows 98)" -
207.35.53.2 - - [26/May/2004:00:37:31 +0800] "GET /~sunyuan/images/index_r2_c3.gif HTTP/1.0" 304 - "http://www.comp.nus.edu.sg/~sunyuan/" "Mozilla/4.0 (compatible; MSIE 6.0; Windows 98)" -
201.128.88.193 - - [26/May/2004:00:37:32 +0800] "GET /~skumar/ HTTP/1.1" 200 3760 "http://www.comp.nus.edu.sg/~rprisc/people.htm" "Mozilla/4.0 (compatible; MSIE 6.0; Windows 98; Win 9x 4.90)" -
207.35.53.2 - - [26/May/2004:00:37:33 +0800] "GET /~sunyuan/images/index_r3_c2.gif HTTP/1.0" 304 - "http://www.comp.nus.edu.sg/~sunyuan/" "Mozilla/4.0 (compatible; MSIE 6.0; Windows 98)" -
201.128.88.193 - - [26/May/2004:00:37:33 +0800] "GET /~skumar/styles.css HTTP/1.1" 200 1142 "http://www.comp.nus.edu.sg/~skumar/" "Mozilla/4.0 (compatible; MSIE 6.0; Windows 98; Win 9x 4.90)" -
66.196.90.224 - - [26/May/2004:00:37:33 +0800] "GET /~tamweich/ HTTP/1.0" 404 280 "-" "Mozilla/5.0 (compatible; Yahoo! Slurp; http://help.yahoo.com/help/us/ysearch/slurp)" -
201.128.88.193 - - [26/May/2004:00:37:33 +0800] "GET /~skumar/ramuk-smaller.jpg HTTP/1.1" 200 5891 "http://www.comp.nus.edu.sg/~skumar/" "Mozilla/4.0 (compatible; MSIE 6.0; Windows 98; Win 9x 4.90)" -
poplar.usaa.com - - [26/May/2004:00:37:34 +0800] "GET /~yuenck/education HTTP/1.1" 301 337 "http://ask.yahoo.com/ask/19991110.html" "Mozilla/4.0 (compatible; MSIE 6.0; Windows NT 5.1; .NET CLR 1.1.4322)" -
poplar.usaa.com - - [26/May/2004:00:37:35 +0800] "GET /~yuenck/education/ HTTP/1.1" 200 6176 "http://ask.yahoo.com/ask/19991110.html" "Mozilla/4.0 (compatible; MSIE 6.0; Windows NT 5.1; .NET CLR 1.1.4322)" -
204-162.priv20.nus.edu.sg - - [26/May/2004:00:37:35 +0800] "GET /~nguyent5/index.html HTTP/1.1" 200 10802 "http://www.comp.nus.edu.sg/~nguyent5/my_family.html" "Mozilla/4.0 (compatible; MSIE 6.0; Windows NT 5.1; (R1 1.5))" -
204-162.priv20.nus.edu.sg - - [26/May/2004:00:37:36 +0800] "GET /~nguyent5/about_me.html HTTP/1.1" 200 9741 "http://www.comp.nus.edu.sg/~nguyent5/index.html" "Mozilla/4.0 (compatible; MSIE 6.0; Windows NT 5.1; (R1 1.5))" -
217-162-126-147.dclient.hispeed.ch - - [26/May/2004:00:37:38 +0800] "GET /~sunyuan/images/nemo.gif HTTP/1.1" 304 - "http://www.mittelerde-fest.ch/ikonboard/ikonboard.cgi?s=1415c16ec9eedbe7b0d50eb955095714;act=ST;f=1;t=141;st=170" "Mozilla/4.0 (compatible; MSIE 6.0; Windows NT 5.0)" -
host2155.dorml.nsysu.edu.tw - - [26/May/2004:00:37:38 +0800] "GET /~nghoongk/lyrics/singer168-1.html HTTP/1.1" 200 3995 "http://tw.search.yahoo.com/search/kimo?p=%ADS%DE%B3%B5X+%B4M%A7%E4&ykd=1" "Mozilla/4.0 (compatible; MSIE 6.0; Windows NT 5.1; FunWebProducts; KKman2.0)" -
host2155.dorml.nsysu.edu.tw - - [26/May/2004:00:37:38 +0800] "GET /~nghoongk/lyrics/m.gif HTTP/1.1" 200 872 "http://www.comp.nus.edu.sg/~nghoongk/lyrics/singer168-1.html" "Mozilla/4.0 (compatible; MSIE 6.0; Windows NT 5.1; FunWebProducts; KKman2.0)" -
204-162.priv20.nus.edu.sg - - [26/May/2004:00:37:38 +0800] "GET /~nguyent5/index.html HTTP/1.1" 200 10802 "http://www.comp.nus.edu.sg/~nguyent5/about_me.html" "Mozilla/4.0 (compatible; MSIE 6.0; Windows NT 5.1; (R1 1.5))" -
207.35.53.2 - - [26/May/2004:00:37:39 +0800] "GET /~sunyuan/main.html HTTP/1.0" 200 18728 "http://www.comp.nus.edu.sg/~sunyuan/" "Mozilla/4.0 (compatible; MSIE 6.0; Windows 98)" -
204-162.priv20.nus.edu.sg - - [26/May/2004:00:37:40 +0800] "GET /~nguyent5/about_me.html HTTP/1.1" 200 9741 "http://www.comp.nus.edu.sg/~nguyent5/index.html" "Mozilla/4.0 (compatible; MSIE 6.0; Windows NT 5.1; (R1 1.5))" -
165.21.154.8 - - [26/May/2004:00:37:41 +0800] "GET /corpcomm/studentplacement/joblist_files/header_studentplacement.jpg HTTP/1.1" 304 - "-" "Mozilla/4.0 (compatible;)" 165.21.154.157
cache90.156ce.maxonline.com.sg - - [26/May/2004:00:37:41 +0800] "GET /~chualyek/lycheejoann/images/Noob.gif HTTP/1.1" 304 - "http://www.singaporebikes.com/forum/index.php?showtopic=37604" "Mozilla/4.0 (compatible; MSIE 6.0; Windows NT 5.1)" 218.186.158.30
cache90.156ce.maxonline.com.sg - - [26/May/2004:00:37:41 +0800] "GET /~chualyek/lycheejoann/images/Playboy-Poster---Dry1.jpg HTTP/1.1" 304 - "http://www.singaporebikes.com/forum/index.php?showtopic=37604" "Mozilla/4.0 (compatible; MSIE 6.0; Windows NT 5.1)" 218.186.158.30
197-30.priv.nus.edu.sg - - [26/May/2004:00:37:42 +0800] "GET /~leonghw HTTP/1.1" 301 328 "http://www.comp.nus.edu.sg/~cs310x/99_sem1/proj/web/8317.html" "Mozilla/4.0 (compatible; MSIE 6.0; Windows NT 5.1)" -
197-30.priv.nus.edu.sg - - [26/May/2004:00:37:42 +0800] "GET /~leonghw/ HTTP/1.1" 200 9600 "http://www.comp.nus.edu.sg/~cs310x/99_sem1/proj/web/8317.html" "Mozilla/4.0 (compatible; MSIE 6.0; Windows NT 5.1)" -
197-30.priv.nus.edu.sg - - [26/May/2004:00:37:42 +0800] "GET /~leonghw/Images/line_red.gif HTTP/1.1" 200 1001 "http://www.comp.nus.edu.sg/~leonghw/" "Mozilla/4.0 (compatible; MSIE 6.0; Windows NT 5.1)" -
197-30.priv.nus.edu.sg - - [26/May/2004:00:37:42 +0800] "GET /~leonghw/leonghw-small-2.png HTTP/1.1" 200 24217 "http://www.comp.nus.edu.sg/~leonghw/" "Mozilla/4.0 (compatible; MSIE 6.0; Windows NT 5.1)" -
197-30.priv.nus.edu.sg - - [26/May/2004:00:37:42 +0800] "GET /~leonghw/Images/line_blue.gif HTTP/1.1" 200 483 "http://www.comp.nus.edu.sg/~leonghw/" "Mozilla/4.0 (compatible; MSIE 6.0; Windows NT 5.1)" -
poplar.usaa.com - - [26/May/2004:00:37:42 +0800] "GET /~yuenck/ivy HTTP/1.1" 200 18311 "http://www.comp.nus.edu.sg/~yuenck/education/" "Mozilla/4.0 (compatible; MSIE 6.0; Windows NT 5.1; .NET CLR 1.1.4322)" -
204-162.priv20.nus.edu.sg - - [26/May/2004:00:37:43 +0800] "GET /~nguyent5/my_family.html HTTP/1.1" 200 9292 "http://www.comp.nus.edu.sg/~nguyent5/about_me.html" "Mozilla/4.0 (compatible; MSIE 6.0; Windows NT 5.1; (R1 1.5))" -
cm203-168-193-2.hkcable.com.hk - - [26/May/2004:00:37:43 +0800] "GET /~nghoongk/lyrics/singer332-1.html HTTP/1.1" 200 17281 "http://www.google.com.hk/search?q=%E8%BA%AB%E5%A4%96%E6%83%85+%E6%AD%8C%E8%A9%9E&ie=UTF-8&hl=zh-TW&btnG=Google+%E6%90%9C%E5%B0%8B&meta=" "Mozilla/4.0 (compatible; MSIE 6.0; Windows NT 5.1)" 218.253.197.145
imsbbcache09.netvigator.com - - [26/May/2004:00:37:45 +0800] "GET /~nghoongk/lyrics/singer242-5.html HTTP/1.1" 200 15530 "-" "Mozilla/4.0 (compatible; MSIE 6.0; Windows NT 5.1)" 218.102.167.119
pcd635119.netvigator.com - - [26/May/2004:00:37:46 +0800] "GET /~nghoongk/lyrics/c.gif HTTP/1.1" 304 - "http://www.comp.nus.edu.sg/~nghoongk/lyrics/singer242-5.html" "Mozilla/4.0 (compatible; MSIE 6.0; Windows NT 5.1)" -
210006184148.ctinets.com - - [26/May/2004:00:37:47 +0800] "GET /~nghoongk/lyrics/singer150-1.html HTTP/1.1" 200 3911 "http://search.hk.yahoo.com/yc/hk?p=%a5L%a4@%a9w%ab%dc%b7R%a7A&u=B&b=15&vs=&sym=" "Mozilla/4.0 (compatible; MSIE 6.0; Windows NT 5.1)" -
pd955f0b4.dip.t-dialin.net - - [26/May/2004:00:37:49 +0800] "HEAD /~tants/tsm.html HTTP/1.1" 200 0 "-" "Mozilla/4.0 (compatible; Powermarks/3.5; Windows 95/98/2000/NT)" -
210006184148.ctinets.com - - [26/May/2004:00:37:51 +0800] "GET /~nghoongk/lyrics/m.gif HTTP/1.1" 200 872 "http://www.comp.nus.edu.sg/~nghoongk/lyrics/singer150-1.html" "Mozilla/4.0 (compatible; MSIE 6.0; Windows NT 5.1)" -
pd955f0b4.dip.t-dialin.net - - [26/May/2004:00:37:51 +0800] "HEAD /~tants/tsm/ HTTP/1.1" 200 0 "-" "Mozilla/4.0 (compatible; Powermarks/3.5; Windows 95/98/2000/NT)" -
pd955f0b4.dip.t-dialin.net - - [26/May/2004:00:37:52 +0800] "GET /~tants/tsm/ HTTP/1.1" 200 1566 "-" "Mozilla/4.0 (compatible; Powermarks/3.5; Windows 95/98/2000/NT)" -
pd955f0b4.dip.t-dialin.net - - [26/May/2004:00:37:54 +0800] "GET /~tants/tsm.html HTTP/1.1" 200 40259 "-" "Mozilla/4.0 (compatible; Powermarks/3.5; Windows 95/98/2000/NT)" -
62.114.196.157 - - [26/May/2004:00:37:57 +0800] "GET /labs/software/index.html HTTP/1.1" 200 600 "http://www.comp.nus.edu.sg/cs/research.html" "Mozilla/4.0 (compatible; MSIE 6.0; Windows 98)" -
62.114.196.157 - - [26/May/2004:00:37:59 +0800] "GET /labs/software/topnav.html HTTP/1.1" 200 1647 "http://www.comp.nus.edu.sg/labs/software/index.html" "Mozilla/4.0 (compatible; MSIE 6.0; Windows 98)" -
192.146.136.129 - - [26/May/2004:00:37:59 +0800] "GET /~taneewah/jarno.jpg HTTP/1.1" 304 - "http://www.livejournal.com/users/solsetur/" "Mozilla/4.0 (compatible; MSIE 6.0; Windows NT 5.1)" -
pd95610df.dip.t-dialin.net - - [26/May/2004:00:37:59 +0800] "GET /~sunyuan/images/nemo.gif HTTP/1.1" 304 - "http://www.gb4ever.de/cgi-bin/guestbook.pl?user=sabrikara" "Mozilla/4.0 (compatible; MSIE 6.0; Windows 98; Win 9x 4.90)" -
192.146.136.129 - - [26/May/2004:00:37:59 +0800] "GET /~taneewah/ambernrob.jpg HTTP/1.1" 304 - "http://www.livejournal.com/users/solsetur/" "Mozilla/4.0 (compatible; MSIE 6.0; Windows NT 5.1)" -
192.146.136.129 - - [26/May/2004:00:37:59 +0800] "GET /~taneewah/ethan.jpg HTTP/1.1" 304 - "http://www.livejournal.com/users/solsetur/" "Mozilla/4.0 (compatible; MSIE 6.0; Windows NT 5.1)" -
192.146.136.129 - - [26/May/2004:00:37:59 +0800] "GET /~taneewah/jenna.jpg HTTP/1.1" 304 - "http://www.livejournal.com/users/solsetur/" "Mozilla/4.0 (compatible; MSIE 6.0; Windows NT 5.1)" -
62.114.196.157 - - [26/May/2004:00:37:59 +0800] "GET /labs/software/main.html HTTP/1.1" 200 1937 "http://www.comp.nus.edu.sg/labs/software/index.html" "Mozilla/4.0 (compatible; MSIE 6.0; Windows 98)" -
62.114.196.157 - - [26/May/2004:00:38:00 +0800] "GET /labs/software/stylemain.css HTTP/1.1" 200 378 "http://www.comp.nus.edu.sg/labs/software/topnav.html" "Mozilla/4.0 (compatible; MSIE 6.0; Windows 98)" -
62.114.196.157 - - [26/May/2004:00:38:01 +0800] "GET /labs/software/index_files/nusstyles.css HTTP/1.1" 200 828 "http://www.comp.nus.edu.sg/labs/software/topnav.html" "Mozilla/4.0 (compatible; MSIE 6.0; Windows 98)" -
62.114.196.157 - - [26/May/2004:00:38:02 +0800] "GET /labs/software/index_files/nuslogos.gif HTTP/1.1" 200 2693 "http://www.comp.nus.edu.sg/labs/software/topnav.html" "Mozilla/4.0 (compatible; MSIE 6.0; Windows 98)" -
62.114.196.157 - - [26/May/2004:00:38:02 +0800] "GET /labs/software/index_files/selablogo.gif HTTP/1.1" 200 2196 "http://www.comp.nus.edu.sg/labs/software/topnav.html" "Mozilla/4.0 (compatible; MSIE 6.0; Windows 98)" -
62.114.196.157 - - [26/May/2004:00:38:03 +0800] "GET /labs/software/index_files/soclogo.gif HTTP/1.1" 200 835 "http://www.comp.nus.edu.sg/labs/software/topnav.html" "Mozilla/4.0 (compatible; MSIE 6.0; Windows 98)" -
std1ss9.u-aizu.ac.jp - - [26/May/2004:00:38:03 +0800] "GET /~daibingt/acm/v102/10246.html HTTP/1.1" 200 16005 "-" "Mozilla/5.0 (X11; U; SunOS sun4u; ja-JP; rv:1.6b) Gecko/20031213" -
62.114.196.157 - - [26/May/2004:00:38:04 +0800] "GET /labs/software/line.jpg HTTP/1.1" 200 703 "http://www.comp.nus.edu.sg/labs/software/topnav.html" "Mozilla/4.0 (compatible; MSIE 6.0; Windows 98)" -
62.114.196.157 - - [26/May/2004:00:38:04 +0800] "GET /labs/software/style.css HTTP/1.1" 200 1741 "http://www.comp.nus.edu.sg/labs/software/main.html" "Mozilla/4.0 (compatible; MSIE 6.0; Windows 98)" -
197-30.priv.nus.edu.sg - - [26/May/2004:00:38:05 +0800] "GET /~leonghw/bio.html HTTP/1.1" 200 6027 "http://www.comp.nus.edu.sg/~leonghw/" "Mozilla/4.0 (compatible; MSIE 6.0; Windows NT 5.1)" -
62.114.196.157 - - [26/May/2004:00:38:05 +0800] "GET /labs/software/index_files/nusstyles.css HTTP/1.1" 200 828 "http://www.comp.nus.edu.sg/labs/software/main.html" "Mozilla/4.0 (compatible; MSIE 6.0; Windows 98)" -
std1ss9.u-aizu.ac.jp - - [26/May/2004:00:38:05 +0800] "GET /~daibingt/acm/v102/p10246.jpg HTTP/1.1" 200 19176 "http://www.comp.nus.edu.sg/~daibingt/acm/v102/10246.html" "Mozilla/5.0 (X11; U; SunOS sun4u; ja-JP; rv:1.6b) Gecko/20031213" -
cache42.156ce.maxonline.com.sg - - [26/May/2004:00:38:05 +0800] "GET /~taneikye/ HTTP/1.1" 200 4317 "http://www.comp.nus.edu.sg/~wangcaix/friends.htm" "Mozilla/4.0 (compatible; MSIE 6.0; Windows NT 5.1)" 218.186.168.127
62.114.196.157 - - [26/May/2004:00:38:05 +0800] "GET /labs/software/index_files/footer_soc.js HTTP/1.1" 200 778 "http://www.comp.nus.edu.sg/labs/software/main.html" "Mozilla/4.0 (compatible; MSIE 6.0; Windows 98)" -
cache42.156ce.maxonline.com.sg - - [26/May/2004:00:38:05 +0800] "GET /~taneikye/styles.css HTTP/1.1" 200 3306 "http://www.comp.nus.edu.sg/~taneikye/" "Mozilla/4.0 (compatible; MSIE 6.0; Windows NT 5.1)" 218.186.168.127
cache42.156ce.maxonline.com.sg - - [26/May/2004:00:38:05 +0800] "GET /~taneikye/media/blogs/back01.jpg HTTP/1.1" 200 32407 "http://www.comp.nus.edu.sg/~taneikye/" "Mozilla/4.0 (compatible; MSIE 6.0; Windows NT 5.1)" 218.186.168.127
host-81-191-34-55.bluecom.no - - [26/May/2004:00:38:05 +0800] "GET /~sunyuan/images/nemo.gif HTTP/1.1" 200 32768 "http://www.nybaktmamma.com/plassen/showthread.php?t=143781&page=6&pp=10" "Mozilla/4.0 (compatible; MSIE 6.0; Windows 98)" -
a80-126-238-186.adsl.xs4all.nl - - [26/May/2004:00:38:05 +0800] "GET /~sunyuan/images/nemo.gif HTTP/1.1" 200 98407 "http://www.cu2.nl/browse.php?id=2801527" "Mozilla/4.0 (compatible; MSIE 6.0; Windows NT 5.1; FunWebProducts)" -
cache42.156ce.maxonline.com.sg - - [26/May/2004:00:38:05 +0800] "GET /~taneikye/media/main/me.JPG HTTP/1.1" 200 25449 "http://www.comp.nus.edu.sg/~taneikye/" "Mozilla/4.0 (compatible; MSIE 6.0; Windows NT 5.1)" 218.186.168.127
cache42.156ce.maxonline.com.sg - - [26/May/2004:00:38:05 +0800] "GET /~taneikye/media/blogs/back02.jpg HTTP/1.1" 200 50496 "http://www.comp.nus.edu.sg/~taneikye/" "Mozilla/4.0 (compatible; MSIE 6.0; Windows NT 5.1)" 218.186.168.127
62.114.196.157 - - [26/May/2004:00:38:06 +0800] "GET /labs/software/footer.gif HTTP/1.1" 200 1544 "http://www.comp.nus.edu.sg/labs/software/main.html" "Mozilla/4.0 (compatible; MSIE 6.0; Windows 98)" -
cache42.156ce.maxonline.com.sg - - [26/May/2004:00:38:06 +0800] "GET /~taneikye/media/main/mail.JPG HTTP/1.1" 200 1613 "http://www.comp.nus.edu.sg/~taneikye/" "Mozilla/4.0 (compatible; MSIE 6.0; Windows NT 5.1)" 218.186.168.127
201-14.priv.nus.edu.sg - - [26/May/2004:00:38:07 +0800] "GET /~nguyentr/Gar2.gif HTTP/1.1" 304 - "http://forum.vncnus.net/viewtopic.php?t=7970&postdays=0&postorder=asc&start=30" "Mozilla/4.0 (compatible; MSIE 6.0; Windows NT 5.1; (R1 1.3))" -
61.53.254.248 - - [26/May/2004:00:38:08 +0800] "GET /~yanke/temp/aaa.jpg HTTP/1.1" 304 - "http://www.cz88.net/cgi-bin/team.cgi" "Mozilla/4.0 (compatible; MSIE 6.0; Windows NT 5.0; MyIE2; Alexa Toolbar)" -
233124.d21-233.ncu.edu.tw - - [26/May/2004:00:38:08 +0800] "GET /~teowoony/PresentationSlides.ppt HTTP/1.1" 200 420864 "-" "Mozilla/4.0 (compatible; MSIE 6.0; Windows NT 5.1)" -
64.114.134.52 - - [26/May/2004:00:38:09 +0800] "GET /~zhuxingl/Xinglei4.jpg HTTP/1.1" 304 - "http://www.yourblog.org/Blogger/20044/10716.html" "Mozilla/4.0 (compatible; MSIE 6.0; Windows NT 5.0; .NET CLR 1.1.4322)" -
lj1061.inktomisearch.com - - [26/May/2004:00:38:09 +0800] "GET /~fangll/jdk1.2.2/docs/api/javax/swing/undo/class-use/UndoableEditSupport.html HTTP/1.0" 404 347 "-" "Mozilla/5.0 (compatible; Yahoo! Slurp; http://help.yahoo.com/help/us/ysearch/slurp)" -
203.211.9.146 - - [26/May/2004:00:38:09 +0800] "GET /~nghoongk/lyrics/singer446-1.html HTTP/1.1" 200 3875 "http://tw.search.yahoo.com/search/kimo?p=%C3%F6%BCw%BD%F7" "Mozilla/4.0 (compatible; MSIE 6.0; Windows NT 5.1)" -
137.132.90.55 - - [26/May/2004:00:38:09 +0800] "GET /~hongocth/avartar.jpg HTTP/1.1" 304 - "http://forum.vncnus.net/viewtopic.php?t=8026&postdays=0&postorder=asc&start=30" "Mozilla/4.0 (compatible; MSIE 6.0; Windows NT 5.1)" -
137.132.90.55 - - [26/May/2004:00:38:09 +0800] "GET /~hongocth/double_egle.jpg HTTP/1.1" 304 - "http://forum.vncnus.net/viewtopic.php?t=8026&postdays=0&postorder=asc&start=30" "Mozilla/4.0 (compatible; MSIE 6.0; Windows NT 5.1)" -
203.211.9.146 - - [26/May/2004:00:38:10 +0800] "GET /~nghoongk/lyrics/m.gif HTTP/1.1" 200 872 "http://www.comp.nus.edu.sg/~nghoongk/lyrics/singer446-1.html" "Mozilla/4.0 (compatible; MSIE 6.0; Windows NT 5.1)" -
