203.162.142.56 - - [26/May/2004:00:20:55 +0800] "GET /~cs1101c/mainbar.htm HTTP/1.1" 200 1223 "http://www.comp.nus.edu.sg/~cs1101c/" "Mozilla/4.0 (compatible; MSIE 6.0; Windows NT 5.1)" -
197-134.priv.nus.edu.sg - - [26/May/2004:00:20:55 +0800] "GET /~lengocsa/kirimaru-s2.jpg HTTP/1.1" 304 - "http://forum.vncnus.net/viewtopic.php?t=8067&highlight=" "Mozilla/4.0 (compatible; MSIE 6.0; Windows NT 5.1)" -
197-134.priv.nus.edu.sg - - [26/May/2004:00:20:55 +0800] "GET /~levinhda/matlab/Dave%2520R.%2520Axe%2520kick%2520copy.jpg HTTP/1.1" 304 - "http://forum.vncnus.net/viewtopic.php?t=8067&highlight=" "Mozilla/4.0 (compatible; MSIE 6.0; Windows NT 5.1)" -
197-134.priv.nus.edu.sg - - [26/May/2004:00:20:55 +0800] "GET /~levinhda/matlab/Danaxe%2520TOUR.gif HTTP/1.1" 304 - "http://forum.vncnus.net/viewtopic.php?t=8067&highlight=" "Mozilla/4.0 (compatible; MSIE 6.0; Windows NT 5.1)" -
203.162.142.56 - - [26/May/2004:00:20:55 +0800] "GET /~cs1101c/home.htm HTTP/1.1" 200 7288 "http://www.comp.nus.edu.sg/~cs1101c/" "Mozilla/4.0 (compatible; MSIE 6.0; Windows NT 5.1)" -
adsl20.dyn239.pacific.net.sg - - [26/May/2004:00:20:56 +0800] "GET /~ngziming/P1010028.jpg HTTP/1.1" 404 304 "-" "Mozilla/4.0 (compatible; MSIE 6.0; Windows NT 5.1)" -
193-43.priv.nus.edu.sg - - [26/May/2004:00:20:58 +0800] "GET /~nguyenhu/MOM/avatar.jpg HTTP/1.1" 200 34601 "http://www.forum.vncnus.net/viewtopic.php?t=7794" "Mozilla/4.0 (compatible; MSIE 6.0; Windows NT 5.1)" -
cache8.156ce.maxonline.com.sg - - [26/May/2004:00:20:58 +0800] "GET /~it2002/index_files/it2002-all.pdf HTTP/1.1" 200 10644 "http://www.comp.nus.edu.sg/~it2002/index_files/course.html" "Mozilla/4.0 (compatible; MSIE 6.0; Windows NT 5.1; .NET CLR 1.1.4322)" 218.186.180.12
193-43.priv.nus.edu.sg - - [26/May/2004:00:20:58 +0800] "GET /~nguyenh3/Images/sign.jpg HTTP/1.1" 200 32640 "http://www.forum.vncnus.net/viewtopic.php?t=7794" "Mozilla/4.0 (compatible; MSIE 6.0; Windows NT 5.1)" -
cache8.156ce.maxonline.com.sg - - [26/May/2004:00:20:58 +0800] "GET /~it2002/index_files/it2002-all.pdf HTTP/1.1" 206 6348 "-" "Mozilla/4.0 (compatible; MSIE 6.0; Windows NT 5.1; .NET CLR 1.1.4322)" 218.186.180.12
mtg49.upf.es - - [26/May/2004:00:20:59 +0800] "GET /~whsu/ HTTP/1.1" 200 3227 "http://www.google.es/search?q=Wynne+Hsu+&ie=UTF-8&hl=es&btnG=B%C3%BAsqueda+en+Google&meta=" "Mozilla/5.0 (Windows; U; Windows NT 5.1; en-US; rv:1.6) Gecko/20040206 Firefox/0.8" -
mtg49.upf.es - - [26/May/2004:00:21:00 +0800] "GET /~whsu/bg27.jpg HTTP/1.1" 200 4222 "http://www.comp.nus.edu.sg/~whsu/" "Mozilla/5.0 (Windows; U; Windows NT 5.1; en-US; rv:1.6) Gecko/20040206 Firefox/0.8" -
137.132.90.6 - - [26/May/2004:00:21:00 +0800] "GET / HTTP/1.0" 200 8763 "-" "Lynx/2.8.2rel.1 libwww-FM/2.14" -
200.218.180.254 - - [26/May/2004:00:21:01 +0800] "GET /~lowsokhu/images/lalaland/bachelor/contestant2/Iori%20Yagami1.jpg HTTP/1.0" 304 - "http://www.animetotal.com/forum/index.php?board=8;action=display;threadid=1858;start=0#msg41294" "Mozilla/4.0 (compatible; MSIE 6.0; Windows NT 5.1)" 10.200.52.5
mtg49.upf.es - - [26/May/2004:00:21:01 +0800] "GET /~whsu/wynne.gif HTTP/1.1" 200 16417 "http://www.comp.nus.edu.sg/~whsu/" "Mozilla/5.0 (Windows; U; Windows NT 5.1; en-US; rv:1.6) Gecko/20040206 Firefox/0.8" -
195.70.85.172 - - [26/May/2004:00:21:03 +0800] "GET /~keexuyua/pictures/skillz.gif HTTP/1.1" 304 - "http://www.koptalk.org/forums/showflat.php/Cat/0/Number/274120/page/0/view/collapsed/sb/5/o/all/fpart/1" "Mozilla/4.0 (compatible; MSIE 5.01; Windows 95)" 10.232.115.72
203.162.142.56 - - [26/May/2004:00:21:03 +0800] "GET /~cs1101c/notes.htm HTTP/1.1" 200 3544 "http://www.comp.nus.edu.sg/~cs1101c/mainbar.htm" "Mozilla/4.0 (compatible; MSIE 6.0; Windows NT 5.1)" -
edu.communitynet.ca - - [26/May/2004:00:21:04 +0800] "GET /~sunyuan/ HTTP/1.0" 200 3140 "http://images.google.ca/imgres?imgurl=www.comp.nus.edu.sg/~sunyuan/images/nemo.gif&imgrefurl=http://www.comp.nus.edu.sg/~sunyuan/&h=248&w=275&sz=97&tbnid=2kEH2rEHlHsJ:&tbnh=98&tbnw=108&start=9&prev=/images%3Fq%3D%2522nemo%2522%26hl%3Den%26lr%3D%26ie%3DUTF-8" "Mozilla/4.0 (compatible; MSIE 6.0; Windows NT 5.1; .NET CLR 1.1.4322)" unknown
external47-251.cps.k12.il.us - - [26/May/2004:00:21:05 +0800] "GET /~lowsokhu/lalaland/bachelor/Contestant2.html HTTP/1.1" 200 5575 "http://images.google.com/imgres?imgurl=www.comp.nus.edu.sg/~lowsokhu/images/lalaland/bachelor/contestant2/Iori%2520Yagami4.jpg&imgrefurl=http://www.comp.nus.edu.sg/~lowsokhu/lalaland/bachelor/Contestant2.html&h=387&w=280&sz=26&tbnid=W1GQ19cDfMgJ:&tbnh=118&tbnw=86&start=51&prev=/images%3Fq%3Diori%2Byagami%26start%3D40%26hl%3Den%26lr%3D%26ie%3DUTF-8%26sa%3DN" "Mozilla/4.0 (compatible; MSIE 6.0; Windows NT 5.1; .NET CLR 1.0.3705)" -
external47-251.cps.k12.il.us - - [26/May/2004:00:21:06 +0800] "GET /~lowsokhu/lalaland/bachelor/css2.css HTTP/1.1" 200 621 "http://www.comp.nus.edu.sg/~lowsokhu/lalaland/bachelor/Contestant2.html" "Mozilla/4.0 (compatible; MSIE 6.0; Windows NT 5.1; .NET CLR 1.0.3705)" -
external47-251.cps.k12.il.us - - [26/May/2004:00:21:06 +0800] "GET /~lowsokhu/images/lalaland/bachelor/contestant2/divider.GIF HTTP/1.1" 200 2795 "http://www.comp.nus.edu.sg/~lowsokhu/lalaland/bachelor/Contestant2.html" "Mozilla/4.0 (compatible; MSIE 6.0; Windows NT 5.1; .NET CLR 1.0.3705)" -
edu.communitynet.ca - - [26/May/2004:00:21:07 +0800] "GET /~sunyuan/images/nemo.gif HTTP/1.0" 200 98407 "http://images.google.ca/imgres?imgurl=www.comp.nus.edu.sg/~sunyuan/images/nemo.gif&imgrefurl=http://www.comp.nus.edu.sg/~sunyuan/&h=248&w=275&sz=97&tbnid=2kEH2rEHlHsJ:&tbnh=98&tbnw=108&prev=/images%3Fq%3D%2522nemo%2522%26hl%3Den%26lr%3D%26ie%3DUTF-8&frame=small" "Mozilla/4.0 (compatible; MSIE 6.0; Windows NT 5.1; .NET CLR 1.1.4322)" unknown
lj1023.inktomisearch.com - - [26/May/2004:00:21:07 +0800] "GET /~cs1101l/pe1sneak/liang/3eEvenNumberedExercises/Exercise15_8.java HTTP/1.0" 200 1968 "-" "Mozilla/5.0 (compatible; Yahoo! Slurp; http://help.yahoo.com/help/us/ysearch/slurp)" -
66.196.90.90 - - [26/May/2004:00:21:08 +0800] "GET /labs/chime/http|/www.comp.nus.edu.sg/labs/chime/projects.html HTTP/1.0" 404 331 "-" "Mozilla/5.0 (compatible; Yahoo! Slurp; http://help.yahoo.com/help/us/ysearch/slurp)" -
ded146.uniweb.net.co - - [26/May/2004:00:21:08 +0800] "GET /~sunyuan/ HTTP/1.0" 200 3140 "http://images.google.com.co/imgres?imgurl=www.comp.nus.edu.sg/~sunyuan/images/nemo.gif&imgrefurl=http://www.comp.nus.edu.sg/~sunyuan/&h=248&w=275&sz=97&tbnid=2kEH2rEHlHsJ:&tbnh=98&tbnw=108&start=9&prev=/images%3Fq%3Dnemo%26hl%3Des%26lr%3D%26ie%3DUTF-8" "Mozilla/4.0 (compatible; MSIE 6.0; Windows 98)" -
61.1.152.205 - - [26/May/2004:00:21:09 +0800] "GET /~ankush/final_ankush.jpg HTTP/1.1" 200 0 "http://www.comp.nus.edu.sg/~ankush/" "Mozilla/4.0 (compatible; MSIE 6.0; Windows 98; FunWebProducts)" -
ded146.uniweb.net.co - - [26/May/2004:00:21:11 +0800] "GET /~sunyuan/images/index_r1_c1.gif HTTP/1.0" 200 1887 "http://www.comp.nus.edu.sg/~sunyuan/" "Mozilla/4.0 (compatible; MSIE 6.0; Windows 98)" -
ded146.uniweb.net.co - - [26/May/2004:00:21:11 +0800] "GET /~sunyuan/images/index_r3_c2.gif HTTP/1.0" 200 8177 "http://www.comp.nus.edu.sg/~sunyuan/" "Mozilla/4.0 (compatible; MSIE 6.0; Windows 98)" -
ded146.uniweb.net.co - - [26/May/2004:00:21:11 +0800] "GET /~sunyuan/images/index_r2_c3.gif HTTP/1.0" 200 11308 "http://www.comp.nus.edu.sg/~sunyuan/" "Mozilla/4.0 (compatible; MSIE 6.0; Windows 98)" -
211.75.91.2 - - [26/May/2004:00:21:12 +0800] "GET /~wanghui/Disney%20Sea/imagepages/image8.html HTTP/1.0" 200 3623 "-" "Mozilla/3.01 (compatible;)" -
200.42.160.244 - - [26/May/2004:00:21:15 +0800] "GET /~dcheong/ HTTP/1.1" 404 291 "http://images.google.cl/imgres?imgurl=www.comp.nus.edu.sg/~dcheong/ghost.jpg&imgrefurl=http://www.comp.nus.edu.sg/~dcheong/&h=600&w=800&sz=74&tbnid=EqAVt3UWRtMJ:&tbnh=106&tbnw=141&start=2&prev=/images%3Fq%3Dghost%26hl%3Des%26lr%3D%26ie%3DUTF-8" "Mozilla/4.0 (compatible; MSIE 6.0; Windows NT 5.1)" -
cache8.156ce.maxonline.com.sg - - [26/May/2004:00:21:15 +0800] "GET /~wangwq/me_2.jpg HTTP/1.1" 304 - "http://218.186.180.207:10080/~mrdjay/user.php?B=483" "Mozilla/4.0 (compatible; MSIE 6.0; Windows NT 5.1)" 218.186.178.144
cache8.156ce.maxonline.com.sg - - [26/May/2004:00:21:15 +0800] "GET /~wangwq/han.gif HTTP/1.1" 304 - "http://218.186.180.207:10080/~mrdjay/user.php?B=483" "Mozilla/4.0 (compatible; MSIE 6.0; Windows NT 5.1)" 218.186.178.144
ded146.uniweb.net.co - - [26/May/2004:00:21:15 +0800] "GET /~sunyuan/images/index_r2_c1.gif HTTP/1.0" 200 12459 "http://www.comp.nus.edu.sg/~sunyuan/" "Mozilla/4.0 (compatible; MSIE 6.0; Windows 98)" -
210.240.172.51 - - [26/May/2004:00:21:15 +0800] "GET /~nghoongk/lyrics/singer465-1.html HTTP/1.1" 200 4015 "http://tw.search.yahoo.com/search/kimo?p=%b3%af%a4%a9%b7%73&o_g=1&ykd=1&b=2" "Mozilla/4.0 (compatible; MSIE 6.0; Windows NT 5.1; KKman2.0)" -
210.240.172.51 - - [26/May/2004:00:21:16 +0800] "GET /~nghoongk/lyrics/m.gif HTTP/1.1" 304 - "http://www.comp.nus.edu.sg/~nghoongk/lyrics/singer465-1.html" "Mozilla/4.0 (compatible; MSIE 6.0; Windows NT 5.1; KKman2.0)" -
200.42.160.244 - - [26/May/2004:00:21:17 +0800] "GET /~dcheong/ HTTP/1.1" 404 291 "http://images.google.cl/imgres?imgurl=www.comp.nus.edu.sg/~dcheong/ghost.jpg&imgrefurl=http://www.comp.nus.edu.sg/~dcheong/&h=600&w=800&sz=74&tbnid=EqAVt3UWRtMJ:&tbnh=106&tbnw=141&start=2&prev=/images%3Fq%3Dghost%26hl%3Des%26lr%3D%26ie%3DUTF-8" "Mozilla/4.0 (compatible; MSIE 6.0; Windows NT 5.1)" -
crawl22-public.alexa.com - - [26/May/2004:00:21:17 +0800] "GET /~nguyenvu/Lyrics/English/Britney---Born_to_make_you_happy.htm HTTP/1.0" 200 14753 "-" "ia_archiver" -
lj1180.inktomisearch.com - - [26/May/2004:00:21:17 +0800] "GET /~cs2106/2002-semesterII HTTP/1.0" 401 473 "-" "Mozilla/5.0 (compatible; Yahoo! Slurp; http://help.yahoo.com/help/us/ysearch/slurp)" -
dsl-207-112-23-193.tor.primus.ca - - [26/May/2004:00:21:20 +0800] "GET /~angpheng/rhwebsite/rev%20hard%20title%20alt%202.jpg HTTP/1.1" 304 - "http://forums.clubrsx.com/showthread.php?t=157300&page=2&pp=25" "Mozilla/4.0 (compatible; MSIE 6.0; Windows NT 5.1; .NET CLR 1.1.4322)" -
ded146.uniweb.net.co - - [26/May/2004:00:21:20 +0800] "GET /~sunyuan/images/nemo.gif HTTP/1.0" 200 0 "http://www.comp.nus.edu.sg/~sunyuan/" "Mozilla/4.0 (compatible; MSIE 6.0; Windows 98)" -
25-210070163.cju.edu.tw - - [26/May/2004:00:21:23 +0800] "GET /~nghoongk/lyrics/index.html HTTP/1.1" 200 59710 "http://www.comp.nus.edu.sg/~nghoongk/lyrics/singer152-1.html" "Mozilla/4.0 (compatible; MSIE 6.0; Windows NT 5.1; KKman2.0; .NET CLR 1.1.4322)" -
wireless-169-51.umbc.edu - - [26/May/2004:00:21:24 +0800] "GET /~atung/publication/farmer.pdf HTTP/1.1" 200 0 "-" "Mozilla/4.0 (compatible; MSIE 6.0; Windows NT 5.1; .NET CLR 1.0.3705)" -
c7.nkhc.edu.tw - - [26/May/2004:00:21:26 +0800] "GET /~nghoongk/lyrics/m.gif HTTP/1.1" 200 872 "http://www.comp.nus.edu.sg/~nghoongk/lyrics/singer239-1.html" "Mozilla/4.0 (compatible; MSIE 6.0; Windows NT 5.1; KKman2.0)" -
c7.nkhc.edu.tw - - [26/May/2004:00:21:27 +0800] "GET /~nghoongk/lyrics/c.gif HTTP/1.1" 200 870 "http://www.comp.nus.edu.sg/~nghoongk/lyrics/singer239-1.html" "Mozilla/4.0 (compatible; MSIE 6.0; Windows NT 5.1; KKman2.0)" -
c7.nkhc.edu.tw - - [26/May/2004:00:21:27 +0800] "GET /~nghoongk/lyrics/singer239-1.html HTTP/1.1" 200 15934 "http://tw.search.yahoo.com/search/kimo?p=%B2%F6%A4%E5%BD%AB%BAq%B5%FC&ykd=1" "Mozilla/4.0 (compatible; MSIE 6.0; Windows NT 5.1; KKman2.0)" -
c7.nkhc.edu.tw - - [26/May/2004:00:21:27 +0800] "GET /~nghoongk/lyrics/o.gif HTTP/1.1" 200 907 "http://www.comp.nus.edu.sg/~nghoongk/lyrics/singer239-1.html" "Mozilla/4.0 (compatible; MSIE 6.0; Windows NT 5.1; KKman2.0)" -
u23-176.u203-187.giga.net.tw - - [26/May/2004:00:21:27 +0800] "GET /~nghoongk/lyrics/singer280-1.html HTTP/1.1" 200 14330 "-" "Mozilla/4.0 (compatible; MSIE 6.0; Windows NT 5.1)" -
u23-176.u203-187.giga.net.tw - - [26/May/2004:00:21:27 +0800] "GET /~nghoongk/lyrics/c.gif HTTP/1.1" 200 870 "-" "Mozilla/4.0 (compatible; MSIE 6.0; Windows NT 5.1)" -
mtg49.upf.es - - [26/May/2004:00:21:27 +0800] "GET /~whsu/biblioyear.html HTTP/1.1" 200 18978 "http://www.comp.nus.edu.sg/~whsu/" "Mozilla/5.0 (Windows; U; Windows NT 5.1; en-US; rv:1.6) Gecko/20040206 Firefox/0.8" -
u23-176.u203-187.giga.net.tw - - [26/May/2004:00:21:27 +0800] "GET /~nghoongk/lyrics/m.gif HTTP/1.1" 200 872 "-" "Mozilla/4.0 (compatible; MSIE 6.0; Windows NT 5.1)" -
62.68.228.155 - - [26/May/2004:00:21:28 +0800] "GET /~cs2102 HTTP/1.1" 301 327 "-" "Mozilla/4.0 (compatible; MSIE 5.5; Windows 98; Win 9x 4.90)" -
206-18.priv.nus.edu.sg - - [26/May/2004:00:21:29 +0800] "GET /~levinhda/matlab/Danaxe%2520TOUR.gif HTTP/1.1" 304 - "http://forum.vncnus.net/viewtopic.php?t=8079&highlight=" "Mozilla/4.0 (compatible; MSIE 6.0; Windows NT 5.1)" -
206-18.priv.nus.edu.sg - - [26/May/2004:00:21:29 +0800] "GET /~nguyentu/nhactac/mp3ss1d.swf HTTP/1.1" 304 - "-" "Mozilla/4.0 (compatible; MSIE 6.0; Windows NT 5.1)" -
206-18.priv.nus.edu.sg - - [26/May/2004:00:21:29 +0800] "GET /~nguyentu/nhactac/mp3ss2d.swf HTTP/1.1" 304 - "-" "Mozilla/4.0 (compatible; MSIE 6.0; Windows NT 5.1)" -
lj1181.inktomisearch.com - - [26/May/2004:00:21:29 +0800] "GET /~fangll/jdk1.2.2/docs/api/javax/swing/doc-files/Key-Index.html HTTP/1.0" 404 332 "-" "Mozilla/5.0 (compatible; Yahoo! Slurp; http://help.yahoo.com/help/us/ysearch/slurp)" -
206-18.priv.nus.edu.sg - - [26/May/2004:00:21:29 +0800] "GET /~nguyentu/nhactac/mp3ss3d.swf HTTP/1.1" 304 - "-" "Mozilla/4.0 (compatible; MSIE 6.0; Windows NT 5.1)" -
206-18.priv.nus.edu.sg - - [26/May/2004:00:21:29 +0800] "GET /~nguyentu/nhactac/mp3ss4d.swf HTTP/1.1" 304 - "-" "Mozilla/4.0 (compatible; MSIE 6.0; Windows NT 5.1)" -
206-18.priv.nus.edu.sg - - [26/May/2004:00:21:29 +0800] "GET /~nguyentu/nhactac/mp3ss1d.swf HTTP/1.1" 304 - "-" "Mozilla/4.0 (compatible; MSIE 6.0; Windows NT 5.1)" -
206-18.priv.nus.edu.sg - - [26/May/2004:00:21:29 +0800] "GET /~nguyentu/nhactac/mp3ss2d.swf HTTP/1.1" 304 - "-" "Mozilla/4.0 (compatible; MSIE 6.0; Windows NT 5.1)" -
200.175.208.32 - - [26/May/2004:00:21:29 +0800] "GET /~sunyuan/ HTTP/1.1" 200 3152 "http://images.google.com.br/imgres?imgurl=www.comp.nus.edu.sg/~sunyuan/images/nemo.gif&imgrefurl=http://www.comp.nus.edu.sg/~sunyuan/&h=248&w=275&sz=97&tbnid=2kEH2rEHlHsJ:&tbnh=98&tbnw=108&start=9&prev=/images%3Fq%3DNemo%26hl%3Dpt-BR%26lr%3D%26ie%3DUTF-8" "Mozilla/4.0 (compatible; MSIE 6.0; Windows NT 5.1; .NET CLR 1.1.4322)" -
206-18.priv.nus.edu.sg - - [26/May/2004:00:21:29 +0800] "GET /~nguyentu/nhactac/mp3ss3d.swf HTTP/1.1" 304 - "-" "Mozilla/4.0 (compatible; MSIE 6.0; Windows NT 5.1)" -
206-18.priv.nus.edu.sg - - [26/May/2004:00:21:29 +0800] "GET /~nguyentu/nhactac/mp3ss4d.swf HTTP/1.1" 304 - "-" "Mozilla/4.0 (compatible; MSIE 6.0; Windows NT 5.1)" -
62.68.228.155 - - [26/May/2004:00:21:29 +0800] "GET /~cs2102/ HTTP/1.1" 200 8360 "-" "Mozilla/4.0 (compatible; MSIE 5.5; Windows 98; Win 9x 4.90)" -
206-18.priv.nus.edu.sg - - [26/May/2004:00:21:29 +0800] "GET /~luutrung/sign.jpg HTTP/1.1" 304 - "http://forum.vncnus.net/viewtopic.php?t=8079&highlight=" "Mozilla/4.0 (compatible; MSIE 6.0; Windows NT 5.1)" -
206-18.priv.nus.edu.sg - - [26/May/2004:00:21:29 +0800] "GET /~lengocsa/kirimaru-s2.jpg HTTP/1.1" 304 - "http://forum.vncnus.net/viewtopic.php?t=8079&highlight=" "Mozilla/4.0 (compatible; MSIE 6.0; Windows NT 5.1)" -
197-30.priv.nus.edu.sg - - [26/May/2004:00:21:30 +0800] "GET /~kzhu/images/ken_walnutcreek.jpg HTTP/1.1" 200 10829 "http://www.comp.nus.edu.sg/~kzhu/" "Mozilla/4.0 (compatible; MSIE 6.0; Windows NT 5.1)" -
197-30.priv.nus.edu.sg - - [26/May/2004:00:21:30 +0800] "GET /~kzhu/ HTTP/1.1" 200 9548 "-" "Mozilla/4.0 (compatible; MSIE 6.0; Windows NT 5.1)" -
197-30.priv.nus.edu.sg - - [26/May/2004:00:21:30 +0800] "GET /~kzhu/images/new.gif HTTP/1.1" 200 147 "http://www.comp.nus.edu.sg/~kzhu/" "Mozilla/4.0 (compatible; MSIE 6.0; Windows NT 5.1)" -
200.175.208.32 - - [26/May/2004:00:21:30 +0800] "GET /~sunyuan/images/index_r1_c1.gif HTTP/1.1" 200 1887 "http://www.comp.nus.edu.sg/~sunyuan/" "Mozilla/4.0 (compatible; MSIE 6.0; Windows NT 5.1; .NET CLR 1.1.4322)" -
user-1471.l6.c4.dsl.pol.co.uk - - [26/May/2004:00:21:30 +0800] "GET /~keexuyua/pictures/skillz.gif HTTP/1.1" 200 5857 "http://www.koptalk.org/forums/showflat.php/Cat/0/Number/274120/page/0/view/collapsed/sb/5/o/all/fpart/1" "Mozilla/4.0 (compatible; MSIE 6.0; Windows 98; CDSource=BP1b.00)" -
200.175.208.32 - - [26/May/2004:00:21:32 +0800] "GET /~sunyuan/images/index_r2_c1.gif HTTP/1.1" 200 12459 "http://www.comp.nus.edu.sg/~sunyuan/" "Mozilla/4.0 (compatible; MSIE 6.0; Windows NT 5.1; .NET CLR 1.1.4322)" -
206-18.priv.nus.edu.sg - - [26/May/2004:00:21:32 +0800] "GET /~levinhda/matlab/Dave%2520R.%2520Axe%2520kick%2520copy.jpg HTTP/1.1" 304 - "http://forum.vncnus.net/viewtopic.php?t=8079&highlight=" "Mozilla/4.0 (compatible; MSIE 6.0; Windows NT 5.1)" -
200.175.208.32 - - [26/May/2004:00:21:32 +0800] "GET /~sunyuan/images/index_r2_c3.gif HTTP/1.1" 200 11308 "http://www.comp.nus.edu.sg/~sunyuan/" "Mozilla/4.0 (compatible; MSIE 6.0; Windows NT 5.1; .NET CLR 1.1.4322)" -
200.175.208.32 - - [26/May/2004:00:21:33 +0800] "GET /~sunyuan/images/nemo.gif HTTP/1.1" 200 98407 "http://www.comp.nus.edu.sg/~sunyuan/" "Mozilla/4.0 (compatible; MSIE 6.0; Windows NT 5.1; .NET CLR 1.1.4322)" -
200.175.208.32 - - [26/May/2004:00:21:33 +0800] "GET /~sunyuan/images/index_r3_c2.gif HTTP/1.1" 200 8177 "http://www.comp.nus.edu.sg/~sunyuan/" "Mozilla/4.0 (compatible; MSIE 6.0; Windows NT 5.1; .NET CLR 1.1.4322)" -
66.196.90.90 - - [26/May/2004:00:21:34 +0800] "GET /~liawkimp HTTP/1.0" 404 279 "-" "Mozilla/5.0 (compatible; Yahoo! Slurp; http://help.yahoo.com/help/us/ysearch/slurp)" -
wireless-169-51.umbc.edu - - [26/May/2004:00:21:34 +0800] "GET /~atung/publication/farmer.pdf HTTP/1.1" 206 262144 "-" "Mozilla/4.0 (compatible; MSIE 6.0; Windows NT 5.1; .NET CLR 1.0.3705)" -
66.196.90.202 - - [26/May/2004:00:21:34 +0800] "GET /robots.txt HTTP/1.0" 404 280 "-" "Mozilla/5.0 (compatible; Yahoo! Slurp; http://help.yahoo.com/help/us/ysearch/slurp)" -
u41212.koalanet.ne.jp - - [26/May/2004:00:21:34 +0800] "GET /~yuxiaoxu/Photos/Australia/Australia.htm HTTP/1.1" 200 8208 "http://images.google.com/imgres?imgurl=www.comp.nus.edu.sg/~yuxiaoxu/Photos/Australia/Gold%2520Coast/MovieWorld/WithAustin.JPG&imgrefurl=http://www.comp.nus.edu.sg/~yuxiaoxu/Photos/Australia/Australia.htm&h=768&w=1024&sz=328&tbnid=j-iTxRZwBZgJ:&tbnh=112&tbnw=149&start=305&prev=/images%3Fq%3Dmotorcycle%2Bshop%26start%3D300%26hl%3Dja%26lr%3D%26ie%3DUTF-8%26c2coff%3D1%26sa%3DN" "Mozilla/4.0 (compatible; MSIE 6.0; Windows NT 5.1; .NET CLR 1.0.3705; .NET CLR 1.1.4322)" -
lj1047.inktomisearch.com - - [26/May/2004:00:21:35 +0800] "GET /~luajooha/home.htm HTTP/1.0" 200 689 "-" "Mozilla/5.0 (compatible; Yahoo! Slurp; http://help.yahoo.com/help/us/ysearch/slurp)" -
wireless-169-51.umbc.edu - - [26/May/2004:00:21:36 +0800] "GET /~atung/publication/farmer.pdf HTTP/1.1" 206 67024 "-" "Mozilla/4.0 (compatible; MSIE 6.0; Windows NT 5.1; .NET CLR 1.0.3705)" -
son210197.bbon210.so-net.com.hk - - [26/May/2004:00:21:36 +0800] "GET /~nghoongk/lyrics/c.gif HTTP/1.1" 200 870 "http://www.comp.nus.edu.sg/~nghoongk/lyrics/singer238-1.html" "Mozilla/4.0 (compatible; MSIE 6.0; Windows NT 5.1; FunWebProducts)" -
son210197.bbon210.so-net.com.hk - - [26/May/2004:00:21:36 +0800] "GET /~nghoongk/lyrics/singer238-1.html HTTP/1.1" 200 14384 "-" "Mozilla/4.0 (compatible; MSIE 6.0; Windows NT 5.1; FunWebProducts)" -
lj1036.inktomisearch.com - - [26/May/2004:00:21:39 +0800] "GET /~cs2104s/01-02-2/ProgAssgn/Phase1Submission/U008003M/ppr_out.11 HTTP/1.0" 404 333 "-" "Mozilla/5.0 (compatible; Yahoo! Slurp; http://help.yahoo.com/help/us/ysearch/slurp)" -
son210197.bbon210.so-net.com.hk - - [26/May/2004:00:21:39 +0800] "GET /~nghoongk/lyrics/m.gif HTTP/1.1" 200 872 "http://www.comp.nus.edu.sg/~nghoongk/lyrics/singer238-1.html" "Mozilla/4.0 (compatible; MSIE 6.0; Windows NT 5.1; FunWebProducts)" -
crawl22-public.alexa.com - - [26/May/2004:00:21:42 +0800] "GET /~nguyenvu/Lyrics/English/Bryan_Adams---Here_I_am.htm HTTP/1.0" 200 15003 "-" "ia_archiver" -
u41212.koalanet.ne.jp - - [26/May/2004:00:21:43 +0800] "GET /~yuxiaoxu/Photos/Australia/Gold%20Coast/MovieWorld/WithAustin.JPG HTTP/1.1" 200 335115 "http://images.google.com/imgres?imgurl=www.comp.nus.edu.sg/~yuxiaoxu/Photos/Australia/Gold%2520Coast/MovieWorld/WithAustin.JPG&imgrefurl=http://www.comp.nus.edu.sg/~yuxiaoxu/Photos/Australia/Australia.htm&h=768&w=1024&sz=328&tbnid=j-iTxRZwBZgJ:&tbnh=112&tbnw=149&prev=/images%3Fq%3Dmotorcycle%2Bshop%26start%3D300%26hl%3Dja%26lr%3D%26ie%3DUTF-8%26c2coff%3D1%26sa%3DN&frame=small" "Mozilla/4.0 (compatible; MSIE 6.0; Windows NT 5.1; .NET CLR 1.0.3705; .NET CLR 1.1.4322)" -
ded146.uniweb.net.co - - [26/May/2004:00:21:45 +0800] "GET /~sunyuan/images/nemo.gif HTTP/1.0" 200 32768 "http://images.google.com.co/imgres?imgurl=www.comp.nus.edu.sg/~sunyuan/images/nemo.gif&imgrefurl=http://www.comp.nus.edu.sg/~sunyuan/&h=248&w=275&sz=97&tbnid=2kEH2rEHlHsJ:&tbnh=98&tbnw=108&prev=/images%3Fq%3Dnemo%26hl%3Des%26lr%3D%26ie%3DUTF-8&frame=small" "Mozilla/4.0 (compatible; MSIE 6.0; Windows 98)" -
ded146.uniweb.net.co - - [26/May/2004:00:21:46 +0800] "GET /~sunyuan/images/index_r2_c2_f2.gif HTTP/1.0" 200 23678 "http://www.comp.nus.edu.sg/~sunyuan/" "Mozilla/4.0 (compatible; MSIE 6.0; Windows 98)" -
218.111.25.66 - - [26/May/2004:00:21:46 +0800] "GET /~leekaich/grey/img/link.gif HTTP/1.1" 200 98304 "http://www.sheares.nus.edu.sg/phpBB/viewtopic.php?t=1704" "Mozilla/4.0 (compatible; MSIE 6.0; Windows NT 5.1; FunWebProducts)" -
204.60.86.96 - - [26/May/2004:00:21:49 +0800] "GET /~sunyuan/images/index_r3_c2.gif HTTP/1.0" 206 7114 "http://www.comp.nus.edu.sg/~sunyuan/" "Mozilla/4.0 (compatible; MSIE 6.0; Windows NT 5.0)" -
204.60.86.96 - - [26/May/2004:00:21:50 +0800] "GET /~sunyuan/images/index_r2_c3.gif HTTP/1.0" 206 1965 "http://www.comp.nus.edu.sg/~sunyuan/" "Mozilla/4.0 (compatible; MSIE 6.0; Windows NT 5.0)" -
193-146.priv.nus.edu.sg - - [26/May/2004:00:21:50 +0800] "GET /~nguyentu/nhactac/mp3ss1d.swf HTTP/1.1" 304 - "-" "Mozilla/4.0 (compatible; MSIE 6.0; Windows NT 5.1; .NET CLR 1.0.3705)" -
193-146.priv.nus.edu.sg - - [26/May/2004:00:21:50 +0800] "GET /~nguyentu/nhactac/mp3ss2d.swf HTTP/1.1" 304 - "-" "Mozilla/4.0 (compatible; MSIE 6.0; Windows NT 5.1; .NET CLR 1.0.3705)" -
193-146.priv.nus.edu.sg - - [26/May/2004:00:21:50 +0800] "GET /~nguyentu/nhactac/mp3ss3d.swf HTTP/1.1" 304 - "-" "Mozilla/4.0 (compatible; MSIE 6.0; Windows NT 5.1; .NET CLR 1.0.3705)" -
193-146.priv.nus.edu.sg - - [26/May/2004:00:21:50 +0800] "GET /~nguyentu/nhactac/mp3ss4d.swf HTTP/1.1" 304 - "-" "Mozilla/4.0 (compatible; MSIE 6.0; Windows NT 5.1; .NET CLR 1.0.3705)" -
ded146.uniweb.net.co - - [26/May/2004:00:21:51 +0800] "GET /~sunyuan/images/nemo.gif HTTP/1.0" 200 0 "http://www.comp.nus.edu.sg/~sunyuan/" "Mozilla/4.0 (compatible; MSIE 6.0; Windows 98)" -
204.60.86.96 - - [26/May/2004:00:21:51 +0800] "GET /~sunyuan/images/index_r2_c2_f2.gif HTTP/1.0" 200 23678 "http://www.comp.nus.edu.sg/~sunyuan/" "Mozilla/4.0 (compatible; MSIE 6.0; Windows NT 5.0)" -
u41212.koalanet.ne.jp - - [26/May/2004:00:21:52 +0800] "GET /~yuxiaoxu/Photos/Australia/Gold%20Coast/River%20Cruise/Birds_Icon.jpg HTTP/1.1" 200 0 "http://www.comp.nus.edu.sg/~yuxiaoxu/Photos/Australia/Australia.htm" "Mozilla/4.0 (compatible; MSIE 6.0; Windows NT 5.1; .NET CLR 1.0.3705; .NET CLR 1.1.4322)" -
u41212.koalanet.ne.jp - - [26/May/2004:00:21:52 +0800] "GET /~yuxiaoxu/Photos/Australia/Australia.htm HTTP/1.1" 200 20340 "http://images.google.com/imgres?imgurl=www.comp.nus.edu.sg/~yuxiaoxu/Photos/Australia/Gold%2520Coast/MovieWorld/WithAustin.JPG&imgrefurl=http://www.comp.nus.edu.sg/~yuxiaoxu/Photos/Australia/Australia.htm&h=768&w=1024&sz=328&tbnid=j-iTxRZwBZgJ:&tbnh=112&tbnw=149&start=305&prev=/images%3Fq%3Dmotorcycle%2Bshop%26start%3D300%26hl%3Dja%26lr%3D%26ie%3DUTF-8%26c2coff%3D1%26sa%3DN" "Mozilla/4.0 (compatible; MSIE 6.0; Windows NT 5.1; .NET CLR 1.0.3705; .NET CLR 1.1.4322)" -
lj1034.inktomisearch.com - - [26/May/2004:00:21:52 +0800] "GET /~cs3283/ftp/Java/jfcapi/javax/swing/table/class-use/TableModel.html HTTP/1.0" 200 16023 "-" "Mozilla/5.0 (compatible; Yahoo! Slurp; http://help.yahoo.com/help/us/ysearch/slurp)" -
81.58.49.130 - - [26/May/2004:00:21:54 +0800] "GET /~renlian/introself/introself/contact.htm HTTP/1.0" 200 21270 "-" "Mozilla/4.0 (compatible; MSIE 6.0; Windows 98)" -
80.58.32.107 - - [26/May/2004:00:21:55 +0800] "GET /~lowsokhu/images/lalaland/bachelor/contestant5/Mitsui%20Hisashi1.jpg HTTP/1.0" 304 - "http://208.185.149.72/webx?7@37.1WzxaAnovkq.0@.f016fbc/931" "Mozilla/4.0 (compatible; MSIE 6.0; Windows NT 5.1)" 80.25.103.83
lj1032.inktomisearch.com - - [26/May/2004:00:21:55 +0800] "GET /~hchia/Teaching/Lab/script1/kuahuahu/Part2.java HTTP/1.0" 200 2038 "-" "Mozilla/5.0 (compatible; Yahoo! Slurp; http://help.yahoo.com/help/us/ysearch/slurp)" -
80.58.32.107 - - [26/May/2004:00:21:55 +0800] "GET /~lowsokhu/images/lalaland/bachelor/contestant5/Mitsui%20Hisashi2.gif HTTP/1.0" 304 - "http://208.185.149.72/webx?7@37.1WzxaAnovkq.0@.f016fbc/931" "Mozilla/4.0 (compatible; MSIE 6.0; Windows NT 5.1)" 80.25.103.83
ded146.uniweb.net.co - - [26/May/2004:00:21:55 +0800] "GET /~sunyuan/images/index_r2_c2_f2.gif HTTP/1.0" 200 23678 "http://www.comp.nus.edu.sg/~sunyuan/" "Mozilla/4.0 (compatible; MSIE 6.0; Windows 98)" -
80.58.32.107 - - [26/May/2004:00:21:56 +0800] "GET /~lowsokhu/images/lalaland/bachelor/contestant5/Mitsui%20Hisashi5.jpg HTTP/1.1" 304 - "http://208.185.149.72/webx?7@37.1WzxaAnovkq.0@.f016fbc/931" "Mozilla/4.0 (compatible; MSIE 6.0; Windows NT 5.1)" 80.25.103.83
bbcache-15.singnet.com.sg - - [26/May/2004:00:21:56 +0800] "GET /%7Eangboonw/glink.htm HTTP/1.1" 200 803 "-" "Mozilla/4.0 (compatible;)" 165.21.154.155
61.234.149.44 - - [26/May/2004:00:21:58 +0800] "GET /~nghoongk/lyrics/singer4-2.html HTTP/1.1" 200 13000 "http://www.comp.nus.edu.sg/~nghoongk/lyrics/singer4-1.html" "Mozilla/4.0 (compatible; MSIE 6.0; Windows NT 5.1)" -
61.234.149.44 - - [26/May/2004:00:21:58 +0800] "GET /~nghoongk/lyrics/m.gif HTTP/1.1" 200 872 "http://www.comp.nus.edu.sg/~nghoongk/lyrics/singer4-2.html" "Mozilla/4.0 (compatible; MSIE 6.0; Windows NT 5.1)" -
200.175.208.32 - - [26/May/2004:00:21:58 +0800] "GET /~sunyuan/images/index_r2_c2_f2.gif HTTP/1.1" 200 0 "http://www.comp.nus.edu.sg/~sunyuan/" "Mozilla/4.0 (compatible; MSIE 6.0; Windows NT 5.1; .NET CLR 1.1.4322)" -
62.68.228.155 - - [26/May/2004:00:22:01 +0800] "GET /~cs2102/slides/intro.pdf HTTP/1.1" 200 0 "-" "Mozilla/4.0 (compatible; MSIE 5.5; Windows 98; Win 9x 4.90)" -
62.68.228.155 - - [26/May/2004:00:22:03 +0800] "GET /~cs2102/slides/intro.pdf HTTP/1.1" 206 0 "-" "contype" -
62.68.228.155 - - [26/May/2004:00:22:05 +0800] "GET /~cs2102/slides/sql.pdf HTTP/1.1" 200 0 "-" "Mozilla/4.0 (compatible; MSIE 5.5; Windows 98; Win 9x 4.90)" -
62.68.228.155 - - [26/May/2004:00:22:05 +0800] "GET /~cs2102/slides/intro.pdf HTTP/1.1" 206 0 "-" "Mozilla/4.0 (compatible; MSIE 5.5; Windows 98; Win 9x 4.90)" -
61.234.149.44 - - [26/May/2004:00:22:07 +0800] "GET /~nghoongk/lyrics/singer4-1.html HTTP/1.1" 200 13716 "http://www.comp.nus.edu.sg/~nghoongk/lyrics/singer4-2.html" "Mozilla/4.0 (compatible; MSIE 6.0; Windows NT 5.1)" -
lj1222.inktomisearch.com - - [26/May/2004:00:22:07 +0800] "GET /~limtsuhw HTTP/1.0" 301 317 "-" "Mozilla/5.0 (compatible; Yahoo! Slurp; http://help.yahoo.com/help/us/ysearch/slurp)" -
ded146.uniweb.net.co - - [26/May/2004:00:22:07 +0800] "GET /~sunyuan/images/nemo.gif HTTP/1.0" 200 98407 "http://www.comp.nus.edu.sg/~sunyuan/" "Mozilla/4.0 (compatible; MSIE 6.0; Windows 98)" -
62.68.228.155 - - [26/May/2004:00:22:07 +0800] "GET /~cs2102/slides/sql.pdf HTTP/1.1" 206 0 "-" "contype" -
lj1222.inktomisearch.com - - [26/May/2004:00:22:07 +0800] "GET /~limtsuhw/ HTTP/1.0" 200 459 "-" "Mozilla/5.0 (compatible; Yahoo! Slurp; http://help.yahoo.com/help/us/ysearch/slurp)" -
lj1106.inktomisearch.com - - [26/May/2004:00:22:08 +0800] "GET /~fangll/jdk1.2.2/docs/api/javax/swing/plaf/basic/class-use/BasicInternalFrameTitlePane.PropertyChangeHandler.html HTTP/1.0" 404 383 "-" "Mozilla/5.0 (compatible; Yahoo! Slurp; http://help.yahoo.com/help/us/ysearch/slurp)" -
195.162.168.4 - - [26/May/2004:00:22:09 +0800] "GET /~sunyuan/images/nemo.gif HTTP/1.1" 200 98407 "http://www.mittelerde-fest.ch/ikonboard/ikonboard.cgi?s=1d384f0d247e8e156e375ad6911067b3;act=ST;f=1;t=141;st=170;r=1;&#entry174" "Mozilla/4.0 (compatible; MSIE 6.0; Windows 98)" -
221.124.79.116 - - [26/May/2004:00:22:09 +0800] "GET /~nghoongk/lyrics/singer133-2.html HTTP/1.1" 200 20232 "http://search.hk.yahoo.com/yc/hk?p=%a4Q%a4%c0%a4Q%a4G%a4o+%baq%b5%fc&u=B" "Mozilla/4.0 (compatible; MSIE 6.0; Windows 98; Q312461; Hotbar 4.4.5.0; .NET CLR 1.0.3705)" -
62.68.228.155 - - [26/May/2004:00:22:10 +0800] "GET /~cs2102/slides/sql.pdf HTTP/1.1" 206 0 "-" "Mozilla/4.0 (compatible; MSIE 5.5; Windows 98; Win 9x 4.90)" -
221.124.79.116 - - [26/May/2004:00:22:10 +0800] "GET /~nghoongk/lyrics/c.gif HTTP/1.1" 200 870 "http://www.comp.nus.edu.sg/~nghoongk/lyrics/singer133-2.html" "Mozilla/4.0 (compatible; MSIE 6.0; Windows 98; Q312461; Hotbar 4.4.5.0; .NET CLR 1.0.3705)" -
221.124.79.116 - - [26/May/2004:00:22:10 +0800] "GET /~nghoongk/lyrics/m.gif HTTP/1.1" 200 872 "http://www.comp.nus.edu.sg/~nghoongk/lyrics/singer133-2.html" "Mozilla/4.0 (compatible; MSIE 6.0; Windows 98; Q312461; Hotbar 4.4.5.0; .NET CLR 1.0.3705)" -
221.124.79.116 - - [26/May/2004:00:22:11 +0800] "GET /~nghoongk/lyrics/o.gif HTTP/1.1" 200 907 "http://www.comp.nus.edu.sg/~nghoongk/lyrics/singer133-2.html" "Mozilla/4.0 (compatible; MSIE 6.0; Windows 98; Q312461; Hotbar 4.4.5.0; .NET CLR 1.0.3705)" -
roo.wmin.ac.uk - - [26/May/2004:00:22:11 +0800] "GET /~tranhong/screenshots/screeenshots.html HTTP/1.0" 200 2306 "http://www.google.com/search?q=freebsd+screenshots&hl=en&lr=&ie=UTF-8&start=10&sa=N" "Mozilla/5.0 (X11; U; Linux i686; en-US; rv:1.2.1) Gecko/20030225" 161.74.165.27
roo.wmin.ac.uk - - [26/May/2004:00:22:12 +0800] "GET /~tranhong/screenshots/dae_up3.gif HTTP/1.0" 200 2739 "http://www.comp.nus.edu.sg/~tranhong/screenshots/screeenshots.html" "Mozilla/5.0 (X11; U; Linux i686; en-US; rv:1.2.1) Gecko/20030225" 161.74.165.27
roo.wmin.ac.uk - - [26/May/2004:00:22:12 +0800] "GET /~tranhong/screenshots/tn_afterstep1.jpg HTTP/1.0" 200 8122 "http://www.comp.nus.edu.sg/~tranhong/screenshots/screeenshots.html" "Mozilla/5.0 (X11; U; Linux i686; en-US; rv:1.2.1) Gecko/20030225" 161.74.165.27
roo.wmin.ac.uk - - [26/May/2004:00:22:12 +0800] "GET /~tranhong/screenshots/tn_afterstept2.jpg HTTP/1.0" 200 9156 "http://www.comp.nus.edu.sg/~tranhong/screenshots/screeenshots.html" "Mozilla/5.0 (X11; U; Linux i686; en-US; rv:1.2.1) Gecko/20030225" 161.74.165.27
roo.wmin.ac.uk - - [26/May/2004:00:22:12 +0800] "GET /~tranhong/screenshots/tn_fvwm1.jpg HTTP/1.0" 200 10546 "http://www.comp.nus.edu.sg/~tranhong/screenshots/screeenshots.html" "Mozilla/5.0 (X11; U; Linux i686; en-US; rv:1.2.1) Gecko/20030225" 161.74.165.27
roo.wmin.ac.uk - - [26/May/2004:00:22:13 +0800] "GET /~tranhong/screenshots/tn_fvwm2.jpg HTTP/1.0" 200 10117 "http://www.comp.nus.edu.sg/~tranhong/screenshots/screeenshots.html" "Mozilla/5.0 (X11; U; Linux i686; en-US; rv:1.2.1) Gecko/20030225" 161.74.165.27
roo.wmin.ac.uk - - [26/May/2004:00:22:13 +0800] "GET /~tranhong/screenshots/tn_openbox2.jpg HTTP/1.0" 200 5146 "http://www.comp.nus.edu.sg/~tranhong/screenshots/screeenshots.html" "Mozilla/5.0 (X11; U; Linux i686; en-US; rv:1.2.1) Gecko/20030225" 161.74.165.27
211.75.91.2 - - [26/May/2004:00:22:13 +0800] "GET /~wanghui/Disney%20Sea/imagepages/image10.html HTTP/1.0" 200 3605 "-" "Mozilla/3.01 (compatible;)" -
roo.wmin.ac.uk - - [26/May/2004:00:22:13 +0800] "GET /~tranhong/screenshots/tn_openbox1.jpg HTTP/1.0" 200 9879 "http://www.comp.nus.edu.sg/~tranhong/screenshots/screeenshots.html" "Mozilla/5.0 (X11; U; Linux i686; en-US; rv:1.2.1) Gecko/20030225" 161.74.165.27
220-142-7-186.dynamic.hinet.net - - [26/May/2004:00:22:14 +0800] "GET /~nghoongk/lyrics/singer319-1.html HTTP/1.1" 200 2243 "http://tw.search.yahoo.com/search/kimo?p=%B6%C0%AB%7E%ABa" "Mozilla/4.0 (compatible; MSIE 6.0; Windows NT 5.1; .NET CLR 1.0.3705)" -
218.111.25.66 - - [26/May/2004:00:22:14 +0800] "GET /~leekaich/grey/img/link.gif HTTP/1.1" 200 228213 "http://www.sheares.nus.edu.sg/phpBB/viewtopic.php?t=1698" "Mozilla/4.0 (compatible; MSIE 6.0; Windows NT 5.1; FunWebProducts)" -
10-149.242.81.adsl.skynet.be - - [26/May/2004:00:22:15 +0800] "GET /~sunyuan/ HTTP/1.1" 200 3152 "-" "Mozilla/4.0 (compatible; MSIE 5.01; Windows NT 5.0)" -
roo.wmin.ac.uk - - [26/May/2004:00:22:15 +0800] "GET /~tranhong/screenshots/afterstep1.html HTTP/1.0" 200 1086 "http://www.comp.nus.edu.sg/~tranhong/screenshots/screeenshots.html" "Mozilla/5.0 (X11; U; Linux i686; en-US; rv:1.2.1) Gecko/20030225" 161.74.165.27
10-149.242.81.adsl.skynet.be - - [26/May/2004:00:22:16 +0800] "GET /~sunyuan/images/index_r1_c1.gif HTTP/1.1" 200 1887 "-" "Mozilla/4.0 (compatible; MSIE 5.01; Windows NT 5.0)" -
roo.wmin.ac.uk - - [26/May/2004:00:22:16 +0800] "GET /~tranhong/screenshots/bw_index.gif HTTP/1.0" 200 972 "http://www.comp.nus.edu.sg/~tranhong/screenshots/afterstep1.html" "Mozilla/5.0 (X11; U; Linux i686; en-US; rv:1.2.1) Gecko/20030225" 161.74.165.27
roo.wmin.ac.uk - - [26/May/2004:00:22:16 +0800] "GET /~tranhong/screenshots/bw_next.gif HTTP/1.0" 200 972 "http://www.comp.nus.edu.sg/~tranhong/screenshots/afterstep1.html" "Mozilla/5.0 (X11; U; Linux i686; en-US; rv:1.2.1) Gecko/20030225" 161.74.165.27
roo.wmin.ac.uk - - [26/May/2004:00:22:16 +0800] "GET /~tranhong/screenshots/bw_last.gif HTTP/1.0" 200 988 "http://www.comp.nus.edu.sg/~tranhong/screenshots/afterstep1.html" "Mozilla/5.0 (X11; U; Linux i686; en-US; rv:1.2.1) Gecko/20030225" 161.74.165.27
roo.wmin.ac.uk - - [26/May/2004:00:22:19 +0800] "GET /~tranhong/screenshots/afterstep1.jpg HTTP/1.0" 200 143727 "http://www.comp.nus.edu.sg/~tranhong/screenshots/afterstep1.html" "Mozilla/5.0 (X11; U; Linux i686; en-US; rv:1.2.1) Gecko/20030225" 161.74.165.27
wll-36-pppoe016.t-net.net.ve - - [26/May/2004:00:22:21 +0800] "GET /~sunyuan/images/nemo.gif HTTP/1.1" 200 98407 "http://email.mipunto.com/cgi-bin/cwmail.cgi" "Mozilla/4.0 (compatible; MSIE 5.0; Windows 98; DigExt)" -
10-149.242.81.adsl.skynet.be - - [26/May/2004:00:22:21 +0800] "GET /~sunyuan/images/index_r2_c1.gif HTTP/1.1" 200 12459 "-" "Mozilla/4.0 (compatible; MSIE 5.01; Windows NT 5.0)" -
bridgeport.cuc.com - - [26/May/2004:00:22:21 +0800] "GET /~ooibc/courses/sql/plsql.htm HTTP/1.0" 200 16572 "http://www.google.com/search?hl=en&ie=UTF-8&q=print+boolean+with+dbms_output" "Mozilla/4.0 (compatible; MSIE 6.0; Windows NT 5.0)" 172.21.76.75
bridgeport.cuc.com - - [26/May/2004:00:22:22 +0800] "GET /~ooibc/courses/sql/image014.gif HTTP/1.0" 200 3138 "http://www.comp.nus.edu.sg/~ooibc/courses/sql/plsql.htm" "Mozilla/4.0 (compatible; MSIE 6.0; Windows NT 5.0)" 172.21.76.75
roo.wmin.ac.uk - - [26/May/2004:00:22:23 +0800] "GET /~tranhong/screenshots/fvwm1.html HTTP/1.0" 200 1220 "http://www.comp.nus.edu.sg/~tranhong/screenshots/screeenshots.html" "Mozilla/5.0 (X11; U; Linux i686; en-US; rv:1.2.1) Gecko/20030225" 161.74.165.27
10-149.242.81.adsl.skynet.be - - [26/May/2004:00:22:23 +0800] "GET /~sunyuan/images/nemo.gif HTTP/1.1" 200 65536 "-" "Mozilla/4.0 (compatible; MSIE 5.01; Windows NT 5.0)" -
roo.wmin.ac.uk - - [26/May/2004:00:22:24 +0800] "GET /~tranhong/screenshots/bw_first.gif HTTP/1.0" 200 990 "http://www.comp.nus.edu.sg/~tranhong/screenshots/fvwm1.html" "Mozilla/5.0 (X11; U; Linux i686; en-US; rv:1.2.1) Gecko/20030225" 161.74.165.27
roo.wmin.ac.uk - - [26/May/2004:00:22:24 +0800] "GET /~tranhong/screenshots/bw_prev.gif HTTP/1.0" 200 972 "http://www.comp.nus.edu.sg/~tranhong/screenshots/fvwm1.html" "Mozilla/5.0 (X11; U; Linux i686; en-US; rv:1.2.1) Gecko/20030225" 161.74.165.27
roo.wmin.ac.uk - - [26/May/2004:00:22:25 +0800] "GET /~tranhong/screenshots/fvwm1.jpg HTTP/1.0" 200 112787 "http://www.comp.nus.edu.sg/~tranhong/screenshots/fvwm1.html" "Mozilla/5.0 (X11; U; Linux i686; en-US; rv:1.2.1) Gecko/20030225" 161.74.165.27
62.68.228.155 - - [26/May/2004:00:22:28 +0800] "GET /~cs2102/slides/sql.pdf HTTP/1.1" 206 8380 "-" "Mozilla/4.0 (compatible; MSIE 5.5; Windows 98; Win 9x 4.90)" -
62.68.228.155 - - [26/May/2004:00:22:30 +0800] "GET /~cs2102/slides/intro.pdf HTTP/1.1" 206 67555 "-" "Mozilla/4.0 (compatible; MSIE 5.5; Windows 98; Win 9x 4.90)" -
lj1047.inktomisearch.com - - [26/May/2004:00:22:33 +0800] "GET /~luajooha/left.htm HTTP/1.0" 200 6826 "-" "Mozilla/5.0 (compatible; Yahoo! Slurp; http://help.yahoo.com/help/us/ysearch/slurp)" -
lj1047.inktomisearch.com - - [26/May/2004:00:22:34 +0800] "GET /~luajooha/blank01.htm HTTP/1.0" 200 101 "-" "Mozilla/5.0 (compatible; Yahoo! Slurp; http://help.yahoo.com/help/us/ysearch/slurp)" -
62.68.228.155 - - [26/May/2004:00:22:35 +0800] "GET /~cs2102/slides/relational.pdf HTTP/1.1" 200 0 "-" "Mozilla/4.0 (compatible; MSIE 5.5; Windows 98; Win 9x 4.90)" -
62.68.228.155 - - [26/May/2004:00:22:37 +0800] "GET /~cs2102/slides/relational.pdf HTTP/1.1" 206 0 "-" "contype" -
66.196.90.84 - - [26/May/2004:00:22:39 +0800] "GET /~fuwei/books/sjjs/_vti_cnf/sjjs07.html HTTP/1.0" 404 308 "-" "Mozilla/5.0 (compatible; Yahoo! Slurp; http://help.yahoo.com/help/us/ysearch/slurp)" -
roo.wmin.ac.uk - - [26/May/2004:00:22:40 +0800] "GET /~tranhong/screenshots/openbox1.html HTTP/1.0" 200 1220 "http://www.comp.nus.edu.sg/~tranhong/screenshots/screeenshots.html" "Mozilla/5.0 (X11; U; Linux i686; en-US; rv:1.2.1) Gecko/20030225" 161.74.165.27
roo.wmin.ac.uk - - [26/May/2004:00:22:43 +0800] "GET /~tranhong/screenshots/openbox1.jpg HTTP/1.0" 200 112366 "http://www.comp.nus.edu.sg/~tranhong/screenshots/openbox1.html" "Mozilla/5.0 (X11; U; Linux i686; en-US; rv:1.2.1) Gecko/20030225" 161.74.165.27
62.68.228.155 - - [26/May/2004:00:22:44 +0800] "GET /~cs2102/slides/relational.pdf HTTP/1.1" 206 0 "-" "Mozilla/4.0 (compatible; MSIE 5.5; Windows 98; Win 9x 4.90)" -
c7.nkhc.edu.tw - - [26/May/2004:00:22:46 +0800] "GET /~nghoongk/lyrics/m.gif HTTP/1.1" 304 - "http://www.comp.nus.edu.sg/~nghoongk/lyrics/singer239-1.html" "Mozilla/4.0 (compatible; MSIE 6.0; Windows NT 5.1; KKman2.0)" -
c7.nkhc.edu.tw - - [26/May/2004:00:22:46 +0800] "GET /~nghoongk/lyrics/c.gif HTTP/1.1" 304 - "http://www.comp.nus.edu.sg/~nghoongk/lyrics/singer239-1.html" "Mozilla/4.0 (compatible; MSIE 6.0; Windows NT 5.1; KKman2.0)" -
c7.nkhc.edu.tw - - [26/May/2004:00:22:46 +0800] "GET /~nghoongk/lyrics/singer239-1.html HTTP/1.1" 200 15934 "http://tw.search.yahoo.com/search/kimo?p=%B2%F6%A4%E5%BD%AB%BAq%B5%FC&ykd=1" "Mozilla/4.0 (compatible; MSIE 6.0; Windows NT 5.1; KKman2.0)" -
c7.nkhc.edu.tw - - [26/May/2004:00:22:46 +0800] "GET /~nghoongk/lyrics/o.gif HTTP/1.1" 304 - "http://www.comp.nus.edu.sg/~nghoongk/lyrics/singer239-1.html" "Mozilla/4.0 (compatible; MSIE 6.0; Windows NT 5.1; KKman2.0)" -
crawl22-public.alexa.com - - [26/May/2004:00:22:47 +0800] "GET /~teoym/cs6205/9900/L1/tsld019.htm HTTP/1.0" 200 1230 "-" "ia_archiver" -
roo.wmin.ac.uk - - [26/May/2004:00:22:48 +0800] "GET /~tranhong/screenshots/openbox2.html HTTP/1.0" 200 1085 "http://www.comp.nus.edu.sg/~tranhong/screenshots/screeenshots.html" "Mozilla/5.0 (X11; U; Linux i686; en-US; rv:1.2.1) Gecko/20030225" 161.74.165.27
168.176.212.5 - - [26/May/2004:00:22:49 +0800] "GET /~sma5505/project/group9/final_report.doc HTTP/1.1" 200 327168 "-" "Mozilla/4.0 (compatible; MSIE 5.01; Windows NT 5.0)" -
197-30.priv.nus.edu.sg - - [26/May/2004:00:22:49 +0800] "GET /~cs5223 HTTP/1.1" 301 327 "http://www.comp.nus.edu.sg/~kzhu/" "Mozilla/4.0 (compatible; MSIE 6.0; Windows NT 5.1)" -
197-30.priv.nus.edu.sg - - [26/May/2004:00:22:50 +0800] "GET /~cs5223/ HTTP/1.1" 200 11005 "http://www.comp.nus.edu.sg/~kzhu/" "Mozilla/4.0 (compatible; MSIE 6.0; Windows NT 5.1)" -
197-30.priv.nus.edu.sg - - [26/May/2004:00:22:50 +0800] "GET /~cs2104/sclogo.gif HTTP/1.1" 200 14588 "http://www.comp.nus.edu.sg/~cs5223/" "Mozilla/4.0 (compatible; MSIE 6.0; Windows NT 5.1)" -
roo.wmin.ac.uk - - [26/May/2004:00:22:50 +0800] "GET /~tranhong/screenshots/openbox2.jpg HTTP/1.0" 200 44406 "http://www.comp.nus.edu.sg/~tranhong/screenshots/openbox2.html" "Mozilla/5.0 (X11; U; Linux i686; en-US; rv:1.2.1) Gecko/20030225" 161.74.165.27
219.93.174.101 - - [26/May/2004:00:22:56 +0800] "GET /~liub/dm2.html HTTP/1.1" 200 12625 "http://www.google.com.my/search?q=research+proposal&hl=en&lr=&ie=UTF-8&start=10&sa=N" "Mozilla/4.0 (compatible; MSIE 6.0; Windows NT 5.1; .NET CLR 1.1.4322)" -
202.156.2.51 - - [26/May/2004:00:22:57 +0800] "GET / HTTP/1.1" 200 8789 "-" "Mozilla/4.0 (compatible; MSIE 6.0; Windows NT 5.1; (R1 1.3))" 218.212.67.195
202.156.2.51 - - [26/May/2004:00:22:57 +0800] "GET /nusstyles.css HTTP/1.1" 304 - "http://www.comp.nus.edu.sg/" "Mozilla/4.0 (compatible; MSIE 6.0; Windows NT 5.1; (R1 1.3))" 218.212.67.195
202.156.2.51 - - [26/May/2004:00:22:57 +0800] "GET /images/nussocbanner.gif HTTP/1.1" 304 - "http://www.comp.nus.edu.sg/" "Mozilla/4.0 (compatible; MSIE 6.0; Windows NT 5.1; (R1 1.3))" 218.212.67.195
202.156.2.51 - - [26/May/2004:00:22:57 +0800] "GET /images/facenghd.gif HTTP/1.1" 304 - "http://www.comp.nus.edu.sg/" "Mozilla/4.0 (compatible; MSIE 6.0; Windows NT 5.1; (R1 1.3))" 218.212.67.195
202.156.2.51 - - [26/May/2004:00:22:57 +0800] "GET /images/socmain_r3_c6.jpg HTTP/1.1" 304 - "http://www.comp.nus.edu.sg/" "Mozilla/4.0 (compatible; MSIE 6.0; Windows NT 5.1; (R1 1.3))" 218.212.67.195
202.156.2.51 - - [26/May/2004:00:22:57 +0800] "GET /images/socmain_r3_c10.jpg HTTP/1.1" 304 - "http://www.comp.nus.edu.sg/" "Mozilla/4.0 (compatible; MSIE 6.0; Windows NT 5.1; (R1 1.3))" 218.212.67.195
202.156.2.51 - - [26/May/2004:00:22:57 +0800] "GET /images/socmain_r3_c8.jpg HTTP/1.1" 304 - "http://www.comp.nus.edu.sg/" "Mozilla/4.0 (compatible; MSIE 6.0; Windows NT 5.1; (R1 1.3))" 218.212.67.195
202.156.2.51 - - [26/May/2004:00:22:57 +0800] "GET /images/socmain_r3_c11.jpg HTTP/1.1" 304 - "http://www.comp.nus.edu.sg/" "Mozilla/4.0 (compatible; MSIE 6.0; Windows NT 5.1; (R1 1.3))" 218.212.67.195
202.156.2.51 - - [26/May/2004:00:22:57 +0800] "GET /images/socmain_r3_c13.jpg HTTP/1.1" 304 - "http://www.comp.nus.edu.sg/" "Mozilla/4.0 (compatible; MSIE 6.0; Windows NT 5.1; (R1 1.3))" 218.212.67.195
202.156.2.51 - - [26/May/2004:00:22:57 +0800] "GET /images/recruitment.jpg HTTP/1.1" 304 - "http://www.comp.nus.edu.sg/" "Mozilla/4.0 (compatible; MSIE 6.0; Windows NT 5.1; (R1 1.3))" 218.212.67.195
202.156.2.51 - - [26/May/2004:00:22:57 +0800] "GET /images/socmain_r3_c15.jpg HTTP/1.1" 304 - "http://www.comp.nus.edu.sg/" "Mozilla/4.0 (compatible; MSIE 6.0; Windows NT 5.1; (R1 1.3))" 218.212.67.195
202.156.2.51 - - [26/May/2004:00:22:58 +0800] "GET /images/socmain_r3_c16.jpg HTTP/1.1" 304 - "http://www.comp.nus.edu.sg/" "Mozilla/4.0 (compatible; MSIE 6.0; Windows NT 5.1; (R1 1.3))" 218.212.67.195
202.156.2.51 - - [26/May/2004:00:22:58 +0800] "GET /images/socmain_r5_c12.jpg HTTP/1.1" 304 - "http://www.comp.nus.edu.sg/" "Mozilla/4.0 (compatible; MSIE 6.0; Windows NT 5.1; (R1 1.3))" 218.212.67.195
202.156.2.51 - - [26/May/2004:00:22:58 +0800] "GET /images/socmain_r5_c13.jpg HTTP/1.1" 304 - "http://www.comp.nus.edu.sg/" "Mozilla/4.0 (compatible; MSIE 6.0; Windows NT 5.1; (R1 1.3))" 218.212.67.195
202.156.2.51 - - [26/May/2004:00:22:58 +0800] "GET /images/socmain_r5_c14.jpg HTTP/1.1" 304 - "http://www.comp.nus.edu.sg/" "Mozilla/4.0 (compatible; MSIE 6.0; Windows NT 5.1; (R1 1.3))" 218.212.67.195
lj1174.inktomisearch.com - - [26/May/2004:00:22:58 +0800] "GET /~nurpus/Urop/UROP-News.htm HTTP/1.0" 403 501 "-" "Mozilla/5.0 (compatible; Yahoo! Slurp; http://help.yahoo.com/help/us/ysearch/slurp)" -
202.156.2.51 - - [26/May/2004:00:22:58 +0800] "GET /images/trans.gif HTTP/1.1" 304 - "http://www.comp.nus.edu.sg/" "Mozilla/4.0 (compatible; MSIE 6.0; Windows NT 5.1; (R1 1.3))" 218.212.67.195
202.156.2.51 - - [26/May/2004:00:22:58 +0800] "GET /images/sip.gif HTTP/1.1" 304 - "http://www.comp.nus.edu.sg/" "Mozilla/4.0 (compatible; MSIE 6.0; Windows NT 5.1; (R1 1.3))" 218.212.67.195
202.156.2.51 - - [26/May/2004:00:22:58 +0800] "GET /images/sem-events.gif HTTP/1.1" 304 - "http://www.comp.nus.edu.sg/" "Mozilla/4.0 (compatible; MSIE 6.0; Windows NT 5.1; (R1 1.3))" 218.212.67.195
202.156.2.51 - - [26/May/2004:00:22:58 +0800] "GET /images/socimage.jpg HTTP/1.1" 304 - "http://www.comp.nus.edu.sg/" "Mozilla/4.0 (compatible; MSIE 6.0; Windows NT 5.1; (R1 1.3))" 218.212.67.195
202.156.2.51 - - [26/May/2004:00:22:58 +0800] "GET /images/socmain_r7_c1.jpg HTTP/1.1" 304 - "http://www.comp.nus.edu.sg/" "Mozilla/4.0 (compatible; MSIE 6.0; Windows NT 5.1; (R1 1.3))" 218.212.67.195
202.156.2.51 - - [26/May/2004:00:22:58 +0800] "GET /images/socmain_r7_c2.jpg HTTP/1.1" 304 - "http://www.comp.nus.edu.sg/" "Mozilla/4.0 (compatible; MSIE 6.0; Windows NT 5.1; (R1 1.3))" 218.212.67.195
202.156.2.51 - - [26/May/2004:00:22:58 +0800] "GET /images/socmain_r7_c4.jpg HTTP/1.1" 304 - "http://www.comp.nus.edu.sg/" "Mozilla/4.0 (compatible; MSIE 6.0; Windows NT 5.1; (R1 1.3))" 218.212.67.195
197-65.priv.nus.edu.sg - - [26/May/2004:00:22:59 +0800] "GET /~heyingju/bookmark.html HTTP/1.1" 200 358 "-" "Mozilla/4.0 (compatible; MSIE 6.0; Windows NT 5.1)" -
202.156.2.51 - - [26/May/2004:00:22:59 +0800] "GET /images/socmain_r7_c5.jpg HTTP/1.1" 304 - "http://www.comp.nus.edu.sg/" "Mozilla/4.0 (compatible; MSIE 6.0; Windows NT 5.1; (R1 1.3))" 218.212.67.195
202.156.2.51 - - [26/May/2004:00:22:59 +0800] "GET /images/socmain_r7_c7.jpg HTTP/1.1" 304 - "http://www.comp.nus.edu.sg/" "Mozilla/4.0 (compatible; MSIE 6.0; Windows NT 5.1; (R1 1.3))" 218.212.67.195
202.156.2.51 - - [26/May/2004:00:22:59 +0800] "GET /images/socmain_r7_c9f.jpg HTTP/1.1" 304 - "http://www.comp.nus.edu.sg/" "Mozilla/4.0 (compatible; MSIE 6.0; Windows NT 5.1; (R1 1.3))" 218.212.67.195
202.156.2.51 - - [26/May/2004:00:22:59 +0800] "GET /images/grey.gif HTTP/1.1" 304 - "http://www.comp.nus.edu.sg/" "Mozilla/4.0 (compatible; MSIE 6.0; Windows NT 5.1; (R1 1.3))" 218.212.67.195
197-65.priv.nus.edu.sg - - [26/May/2004:00:22:59 +0800] "GET /~heyingju/left.html HTTP/1.1" 200 1100 "http://www.comp.nus.edu.sg/~heyingju/bookmark.html" "Mozilla/4.0 (compatible; MSIE 6.0; Windows NT 5.1)" -
197-65.priv.nus.edu.sg - - [26/May/2004:00:22:59 +0800] "GET /~heyingju/rite.html HTTP/1.1" 200 266 "http://www.comp.nus.edu.sg/~heyingju/bookmark.html" "Mozilla/4.0 (compatible; MSIE 6.0; Windows NT 5.1)" -
197-65.priv.nus.edu.sg - - [26/May/2004:00:22:59 +0800] "GET /~heyingju/pics/S100804L.jpg HTTP/1.1" 304 - "http://www.comp.nus.edu.sg/~heyingju/rite.html" "Mozilla/4.0 (compatible; MSIE 6.0; Windows NT 5.1)" -
63.117.201.120 - - [26/May/2004:00:23:02 +0800] "GET /is/nus_life.htm HTTP/1.1" 200 8445 "http://images.search.yahoo.com/search/images/view?back=http%3a//images.search.yahoo.com/search/images%3fsrch=1%26p=landscaping%26ei=UTF-8%26n=20%26fl=0&h=480&w=640&imgcurl=www.comp.nus.edu.sg/is/Landscaping.jpg&imgurl=www.comp.nus.edu.sg/is/Landscaping.jpg&name=%3cb%3eLandscaping%3c/b%3e.jpg&p=landscaping&rurl=http%3a//www.comp.nus.edu.sg/is/nus_life.htm&rcurl=http%3a//www.comp.nus.edu.sg/is/nus_life.htm&type=jpeg&no=1&tt=58,429" "Mozilla/4.0 (compatible; MSIE 5.5; Windows NT 5.0)" -
237fw155.nec.com - - [26/May/2004:00:23:03 +0800] "GET /~cs5248/02-rateadapt/02-rateadapt-web.ppt HTTP/1.1" 200 331776 "http://www.google.com/search?hl=en&lr=&ie=UTF-8&q=estimating+delay+%22receiver+report%22" "Mozilla/4.0 (compatible; MSIE 6.0; Windows NT 5.1)" -
63.117.201.120 - - [26/May/2004:00:23:03 +0800] "GET /is/imageK4D.JPG HTTP/1.1" 200 8372 "http://www.comp.nus.edu.sg/is/nus_life.htm" "Mozilla/4.0 (compatible; MSIE 5.5; Windows NT 5.0)" -
cm203-168-193-2.hkcable.com.hk - - [26/May/2004:00:23:03 +0800] "GET /~nghoongk/lyrics/singer508-1.html HTTP/1.1" 200 2913 "http://search.hk.yahoo.com/yc/hk?tab=&p=%A5%D8%A4%A3%C2%E0%B7%FA-%ADJ%AB%DB%D9y+&u=B&tx=d&s=-ut&k=%A5%D8%A4%A3%C2%E0%B7%FA-%ADJ%AB%DB%D9y+" "Mozilla/4.0 (compatible; MSIE 6.0; Windows NT 5.1)" 61.10.134.238
63.117.201.120 - - [26/May/2004:00:23:04 +0800] "GET /is/Landscaping.jpg HTTP/1.1" 200 54856 "http://images.search.yahoo.com/search/images/view?frame=top&back=http%3a//images.search.yahoo.com/search/images%3fsrch=1%26p=landscaping%26ei=UTF-8%26n=20%26fl=0&h=480&w=640&imgcurl=www.comp.nus.edu.sg/is/Landscaping.jpg&imgurl=www.comp.nus.edu.sg/is/Landscaping.jpg&name=%3cb%3eLandscaping%3c/b%3e.jpg&p=landscaping&rurl=http%3a//www.comp.nus.edu.sg/is/nus_life.htm&rcurl=http%3a//www.comp.nus.edu.sg/is/nus_life.htm&type=jpeg&no=1&tt=58,429" "Mozilla/4.0 (compatible; MSIE 5.5; Windows NT 5.0)" -
63.117.201.120 - - [26/May/2004:00:23:04 +0800] "GET /is/Landscaping.jpg HTTP/1.1" 200 54856 "http://www.comp.nus.edu.sg/is/nus_life.htm" "Mozilla/4.0 (compatible; MSIE 5.5; Windows NT 5.0)" -
ded146.uniweb.net.co - - [26/May/2004:00:23:07 +0800] "GET /~sunyuan/images/nemo.gif HTTP/1.0" 200 98407 "http://www.comp.nus.edu.sg/~sunyuan/" "Mozilla/4.0 (compatible; MSIE 6.0; Windows 98)" -
gatekeeper.upe.ac.za - - [26/May/2004:00:23:16 +0800] "GET /~cs5234/2002/Projects/LEDA-Assign1/ HTTP/1.0" 200 6644 "http://www.google.com/search?hl=en&ie=UTF-8&q=illustrate+a+running+of+Dijkstra%27s+algorithm+on+this+graph" "Mozilla/4.0 (compatible; MSIE 6.0; Windows NT 5.1; .NET CLR 1.1.4322)" -
adsl20.dyn239.pacific.net.sg - - [26/May/2004:00:23:17 +0800] "GET /~ngziming/ HTTP/1.1" 200 885 "-" "Mozilla/4.0 (compatible; MSIE 6.0; Windows NT 5.1)" -
adsl20.dyn239.pacific.net.sg - - [26/May/2004:00:23:17 +0800] "GET /~ngziming/jukebox.swf HTTP/1.1" 200 618 "-" "Mozilla/4.0 (compatible; MSIE 6.0; Windows NT 5.1)" -
211.22.33.18 - - [26/May/2004:00:23:18 +0800] "GET /_vti_bin/owssvr.dll?UL=1&ACT=4&BUILD=2614&STRMVER=4&CAPREQ=0 HTTP/1.0" 404 289 "-" "Mozilla/4.0 (compatible; MSIE 6.0; Windows NT 5.1)" -
211.22.33.18 - - [26/May/2004:00:23:19 +0800] "GET /MSOffice/cltreq.asp?UL=1&ACT=4&BUILD=2614&STRMVER=4&CAPREQ=0 HTTP/1.0" 404 289 "-" "Mozilla/4.0 (compatible; MSIE 6.0; Windows NT 5.1)" -
