ip51cc92ae.speed.planet.nl - - [26/May/2004:00:38:12 +0800] "GET /~xuemingq/funPlace/left.gif HTTP/1.1" 304 - "http://www.jeeyer.com/forum/viewtopic.php?t=5" "Mozilla/4.0 (compatible; MSIE 6.0; Windows NT 5.1)" -
66.46.185.66 - - [26/May/2004:00:38:12 +0800] "GET /~dcheong/ HTTP/1.0" 404 279 "http://images.google.ca/imgres?imgurl=www.comp.nus.edu.sg/~dcheong/ghost.jpg&imgrefurl=http://www.comp.nus.edu.sg/~dcheong/&h=600&w=800&sz=74&tbnid=EqAVt3UWRtMJ:&tbnh=106&tbnw=141&start=3&prev=/images%3Fq%3Dghost%26hl%3Den%26lr%3D%26ie%3DUTF-8" "Mozilla/4.0 (compatible; MSIE 6.0; Windows NT 5.1; .NET CLR 1.0.3705; .NET CLR 1.1.4322)" -
66.46.185.66 - - [26/May/2004:00:38:13 +0800] "GET /~dcheong/ghost.jpg HTTP/1.0" 404 288 "http://images.google.ca/imgres?imgurl=www.comp.nus.edu.sg/~dcheong/ghost.jpg&imgrefurl=http://www.comp.nus.edu.sg/~dcheong/&h=600&w=800&sz=74&tbnid=EqAVt3UWRtMJ:&tbnh=106&tbnw=141&prev=/images%3Fq%3Dghost%26hl%3Den%26lr%3D%26ie%3DUTF-8&frame=small" "Mozilla/4.0 (compatible; MSIE 6.0; Windows NT 5.1; .NET CLR 1.0.3705; .NET CLR 1.1.4322)" -
66.46.185.66 - - [26/May/2004:00:38:14 +0800] "GET /~dcheong/ HTTP/1.0" 404 279 "http://images.google.ca/imgres?imgurl=www.comp.nus.edu.sg/~dcheong/ghost.jpg&imgrefurl=http://www.comp.nus.edu.sg/~dcheong/&h=600&w=800&sz=74&tbnid=EqAVt3UWRtMJ:&tbnh=106&tbnw=141&start=3&prev=/images%3Fq%3Dghost%26hl%3Den%26lr%3D%26ie%3DUTF-8" "Mozilla/4.0 (compatible; MSIE 6.0; Windows NT 5.1; .NET CLR 1.0.3705; .NET CLR 1.1.4322)" -
rupee.cc.strath.ac.uk - - [26/May/2004:00:38:14 +0800] "GET /~sunyuan/images/nemo.gif HTTP/1.0" 200 98407 "http://gt4oc.unstable.org.uk/viewtopic.php?t=10416&sid=ff09ebc03790d5398ec78510f774962e" "Mozilla/4.0 (compatible; MSIE 6.0; Windows NT 5.0)" 130.159.84.221
centmdc2.centrica.co.uk - - [26/May/2004:00:38:15 +0800] "GET /~keexuyua/pictures/skillz.gif HTTP/1.1" 304 - "-" "Mozilla/4.0 (compatible;)" -
66.46.185.66 - - [26/May/2004:00:38:16 +0800] "GET /~dcheong/ HTTP/1.0" 404 279 "http://images.google.ca/imgres?imgurl=www.comp.nus.edu.sg/~dcheong/ghost.jpg&imgrefurl=http://www.comp.nus.edu.sg/~dcheong/&h=600&w=800&sz=74&tbnid=EqAVt3UWRtMJ:&tbnh=106&tbnw=141&prev=/images%3Fq%3Dghost%26hl%3Den%26lr%3D%26ie%3DUTF-8&frame=small" "Mozilla/4.0 (compatible; MSIE 6.0; Windows NT 5.1; .NET CLR 1.0.3705; .NET CLR 1.1.4322)" -
66.46.185.66 - - [26/May/2004:00:38:17 +0800] "GET /favicon.ico HTTP/1.0" 404 281 "-" "-" -
bruckner.theo-physik.uni-kiel.de - - [26/May/2004:00:38:18 +0800] "GET /~pris/SelfOrganizingMaps/ HTTP/1.0" 200 2904 "-" "Mozilla/4.8 [en] (X11; U; Linux 2.4.20-64GB-SMP i686)" -
66.46.185.66 - - [26/May/2004:00:38:18 +0800] "GET /~dcheong/ HTTP/1.0" 404 279 "http://images.google.ca/imgres?imgurl=www.comp.nus.edu.sg/~dcheong/ghost.jpg&imgrefurl=http://www.comp.nus.edu.sg/~dcheong/&h=600&w=800&sz=74&tbnid=EqAVt3UWRtMJ:&tbnh=106&tbnw=141&start=3&prev=/images%3Fq%3Dghost%26hl%3Den%26lr%3D%26ie%3DUTF-8" "Mozilla/4.0 (compatible; MSIE 6.0; Windows NT 5.1; .NET CLR 1.0.3705; .NET CLR 1.1.4322)" -
134.245.67.113 - - [26/May/2004:00:38:18 +0800] "GET /icons/blank.gif HTTP/1.0" 200 148 "http://www.comp.nus.edu.sg/~pris/SelfOrganizingMaps/" "Mozilla/4.8 [en] (X11; U; Linux 2.4.20-64GB-SMP i686)" -
134.245.67.113 - - [26/May/2004:00:38:18 +0800] "GET /icons/text.gif HTTP/1.0" 200 229 "http://www.comp.nus.edu.sg/~pris/SelfOrganizingMaps/" "Mozilla/4.8 [en] (X11; U; Linux 2.4.20-64GB-SMP i686)" -
134.245.67.113 - - [26/May/2004:00:38:18 +0800] "GET /icons/folder.gif HTTP/1.0" 200 225 "http://www.comp.nus.edu.sg/~pris/SelfOrganizingMaps/" "Mozilla/4.8 [en] (X11; U; Linux 2.4.20-64GB-SMP i686)" -
134.245.67.113 - - [26/May/2004:00:38:18 +0800] "GET /icons/back.gif HTTP/1.0" 200 216 "http://www.comp.nus.edu.sg/~pris/SelfOrganizingMaps/" "Mozilla/4.8 [en] (X11; U; Linux 2.4.20-64GB-SMP i686)" -
134.245.67.113 - - [26/May/2004:00:38:19 +0800] "GET /icons/unknown.gif HTTP/1.0" 200 245 "http://www.comp.nus.edu.sg/~pris/SelfOrganizingMaps/" "Mozilla/4.8 [en] (X11; U; Linux 2.4.20-64GB-SMP i686)" -
134.245.67.113 - - [26/May/2004:00:38:19 +0800] "GET /icons/image2.gif HTTP/1.0" 200 309 "http://www.comp.nus.edu.sg/~pris/SelfOrganizingMaps/" "Mozilla/4.8 [en] (X11; U; Linux 2.4.20-64GB-SMP i686)" -
134.245.67.113 - - [26/May/2004:00:38:19 +0800] "GET /icons/a.gif HTTP/1.0" 200 246 "http://www.comp.nus.edu.sg/~pris/SelfOrganizingMaps/" "Mozilla/4.8 [en] (X11; U; Linux 2.4.20-64GB-SMP i686)" -
201.128.88.193 - - [26/May/2004:00:38:20 +0800] "GET /~tankl/ HTTP/1.1" 200 4960 "http://www.comp.nus.edu.sg/~rprisc/people.htm" "Mozilla/4.0 (compatible; MSIE 6.0; Windows 98; Win 9x 4.90)" -
201.128.88.193 - - [26/May/2004:00:38:20 +0800] "GET /~tankl/gif/hline.gif HTTP/1.1" 200 1314 "http://www.comp.nus.edu.sg/~tankl/" "Mozilla/4.0 (compatible; MSIE 6.0; Windows 98; Win 9x 4.90)" -
lj1006.inktomisearch.com - - [26/May/2004:00:38:20 +0800] "GET /~cuihang/final/link.htm HTTP/1.0" 404 293 "-" "Mozilla/5.0 (compatible; Yahoo! Slurp; http://help.yahoo.com/help/us/ysearch/slurp)" -
211.75.91.2 - - [26/May/2004:00:38:21 +0800] "GET /~nghoongk/lyrics/singer12-1.html HTTP/1.0" 200 2649 "-" "Mozilla/3.01 (compatible;)" -
201.128.88.193 - - [26/May/2004:00:38:21 +0800] "GET /images/staffphoto/tankl.gif HTTP/1.1" 200 18906 "http://www.comp.nus.edu.sg/~tankl/" "Mozilla/4.0 (compatible; MSIE 6.0; Windows 98; Win 9x 4.90)" -
pcd635119.netvigator.com - - [26/May/2004:00:38:22 +0800] "GET /~nghoongk/lyrics/singer242-6.html HTTP/1.1" 200 15532 "http://www.comp.nus.edu.sg/~nghoongk/lyrics/singer242-5.html" "Mozilla/4.0 (compatible; MSIE 6.0; Windows NT 5.1)" -
cache42.156ce.maxonline.com.sg - - [26/May/2004:00:38:23 +0800] "GET /~daike HTTP/1.1" 301 326 "http://www.comp.nus.edu.sg/~wangcaix/friends.htm" "Mozilla/4.0 (compatible; MSIE 6.0; Windows NT 5.1)" 218.186.168.127
cache42.156ce.maxonline.com.sg - - [26/May/2004:00:38:23 +0800] "GET /~daike/ HTTP/1.1" 200 5945 "http://www.comp.nus.edu.sg/~wangcaix/friends.htm" "Mozilla/4.0 (compatible; MSIE 6.0; Windows NT 5.1)" 218.186.168.127
cache42.156ce.maxonline.com.sg - - [26/May/2004:00:38:24 +0800] "GET /~daike/apple.jpg HTTP/1.1" 200 47050 "http://www.comp.nus.edu.sg/~daike/" "Mozilla/4.0 (compatible; MSIE 6.0; Windows NT 5.1)" 218.186.168.127
kf-ron-fp01-213.dial.kabelfoon.nl - - [26/May/2004:00:38:26 +0800] "GET /~sunyuan/images/nemo.gif HTTP/1.1" 200 0 "http://www.cu2.nl/browse.php?id=2657796" "Mozilla/4.0 (compatible; MSIE 5.0; Windows 98; DigExt)" -
crawl22-public.alexa.com - - [26/May/2004:00:38:26 +0800] "GET /~teoym/cs6205/9900/L1/tsld021.htm HTTP/1.0" 200 2114 "-" "ia_archiver" -
svl-ext-proxy02.amd.com - - [26/May/2004:00:38:29 +0800] "GET /~nghoongk/lyrics/m.gif HTTP/1.0" 200 872 "http://www.comp.nus.edu.sg/~nghoongk/lyrics/" "Mozilla/4.0 (compatible; MSIE 5.5; Windows NT 5.0)" -
svl-ext-proxy02.amd.com - - [26/May/2004:00:38:29 +0800] "GET /~nghoongk/lyrics/c.gif HTTP/1.0" 200 870 "http://www.comp.nus.edu.sg/~nghoongk/lyrics/" "Mozilla/4.0 (compatible; MSIE 5.5; Windows NT 5.0)" -
svl-ext-proxy02.amd.com - - [26/May/2004:00:38:29 +0800] "GET /~nghoongk/lyrics/o.gif HTTP/1.0" 200 907 "http://www.comp.nus.edu.sg/~nghoongk/lyrics/" "Mozilla/4.0 (compatible; MSIE 5.5; Windows NT 5.0)" -
211.75.91.2 - - [26/May/2004:00:38:29 +0800] "GET /~nghoongk/lyrics/singer301-1.html HTTP/1.0" 200 13490 "-" "Mozilla/3.01 (compatible;)" -
svl-ext-proxy02.amd.com - - [26/May/2004:00:38:29 +0800] "GET /~nghoongk/lyrics/ HTTP/1.0" 200 59586 "http://www.google.com/search?hl=en&ie=UTF-8&q=chinese+song" "Mozilla/4.0 (compatible; MSIE 5.5; Windows NT 5.0)" -
202.165.96.141 - - [26/May/2004:00:38:30 +0800] "GET /robots.txt HTTP/1.0" 404 280 "-" "Openfind data gatherer, Openbot/3.0+(robot-response@openfind.com.tw;+http://www.openfind.com.tw/robot.html)" -
svl-ext-proxy02.amd.com - - [26/May/2004:00:38:31 +0800] "GET /~nghoongk/lyrics/million.gif HTTP/1.0" 200 1162 "http://www.comp.nus.edu.sg/~nghoongk/lyrics/" "Mozilla/4.0 (compatible; MSIE 5.5; Windows NT 5.0)" -
213.231.81.95 - - [26/May/2004:00:38:31 +0800] "GET /~cmcurric/soc23AppendA.pdf HTTP/1.1" 200 0 "http://www.google.es/search?hl=es&ie=UTF-8&q=%2B%22hill+ciphers%22%2B%22pascal%22&meta=" "Mozilla/4.0 (compatible; MSIE 6.0; Windows NT 5.1)" -
cpc2-papw1-4-0-cust92.cmbg.cable.ntl.com - - [26/May/2004:00:38:32 +0800] "GET /~keexuyua/pictures/skillz.gif HTTP/1.1" 304 - "http://www.koptalk.org/forums/showflat.php/Cat/0/Number/274120/page/0/view/collapsed/sb/5/o/all/fpart/1" "Mozilla/4.0 (compatible; MSIE 5.22; Mac_PowerPC)" -
213.231.81.95 - - [26/May/2004:00:38:33 +0800] "GET /~cmcurric/soc23AppendA.pdf HTTP/1.1" 206 0 "-" "Mozilla/4.0 (compatible; MSIE 6.0; Windows NT 5.1)" -
cache138.156ce.maxonline.com.sg - - [26/May/2004:00:38:33 +0800] "GET /~mazumdar/sportsclub/index.htm HTTP/1.1" 200 1108 "http://www.nussportsclub.com" "Mozilla/4.0 (compatible; MSIE 6.0; Windows NT 5.1; .NET CLR 1.1.4322)" 202.156.244.49
142.33.41.98 - - [26/May/2004:00:38:33 +0800] "GET /~sunyuan/ HTTP/1.1" 200 3152 "-" "Mozilla/4.0 (compatible; MSIE 5.0; Mac_PowerPC)" -
cache138.156ce.maxonline.com.sg - - [26/May/2004:00:38:33 +0800] "GET /~mazumdar/sportsclub/top.htm HTTP/1.1" 200 1204 "http://www.comp.nus.edu.sg/~mazumdar/sportsclub/index.htm" "Mozilla/4.0 (compatible; MSIE 6.0; Windows NT 5.1; .NET CLR 1.1.4322)" 202.156.244.49
217.23.37.85 - - [26/May/2004:00:38:33 +0800] "GET /~cs1101/pe/ HTTP/1.1" 404 293 "http://www.google.com/search?hl=en&lr=&ie=UTF-8&q=%22java%22%2B%22practical+exam%22" "Mozilla/4.0 (compatible; MSIE 6.0; Windows NT 5.1)" 217.23.37.35
cache138.156ce.maxonline.com.sg - - [26/May/2004:00:38:34 +0800] "GET /~mazumdar/sportsclub/sports.htm HTTP/1.1" 200 2298 "http://www.comp.nus.edu.sg/~mazumdar/sportsclub/index.htm" "Mozilla/4.0 (compatible; MSIE 6.0; Windows NT 5.1; .NET CLR 1.1.4322)" 202.156.244.49
cache138.156ce.maxonline.com.sg - - [26/May/2004:00:38:34 +0800] "GET /~mazumdar/sportsclub/UntitledFrame-3.htm HTTP/1.1" 200 940 "http://www.comp.nus.edu.sg/~mazumdar/sportsclub/index.htm" "Mozilla/4.0 (compatible; MSIE 6.0; Windows NT 5.1; .NET CLR 1.1.4322)" 202.156.244.49
cache138.156ce.maxonline.com.sg - - [26/May/2004:00:38:34 +0800] "GET /~mazumdar/sportsclub/sportsbutton.jpg HTTP/1.1" 304 - "http://www.comp.nus.edu.sg/~mazumdar/sportsclub/top.htm" "Mozilla/4.0 (compatible; MSIE 6.0; Windows NT 5.1; .NET CLR 1.1.4322)" 202.156.244.49
cache138.156ce.maxonline.com.sg - - [26/May/2004:00:38:34 +0800] "GET /~mazumdar/sportsclub/external.htm HTTP/1.1" 200 1962 "http://www.comp.nus.edu.sg/~mazumdar/sportsclub/sports.htm" "Mozilla/4.0 (compatible; MSIE 6.0; Windows NT 5.1; .NET CLR 1.1.4322)" 202.156.244.49
142.33.41.98 - - [26/May/2004:00:38:34 +0800] "GET /~sunyuan/images/index_r1_c1.gif HTTP/1.1" 200 1887 "http://www.comp.nus.edu.sg/~sunyuan/" "Mozilla/4.0 (compatible; MSIE 5.0; Mac_PowerPC)" -
cache138.156ce.maxonline.com.sg - - [26/May/2004:00:38:34 +0800] "GET /~mazumdar/sportsclub/Pilates%20min1.jpg HTTP/1.1" 304 - "http://www.comp.nus.edu.sg/~mazumdar/sportsclub/sports.htm" "Mozilla/4.0 (compatible; MSIE 6.0; Windows NT 5.1; .NET CLR 1.1.4322)" 202.156.244.49
cache138.156ce.maxonline.com.sg - - [26/May/2004:00:38:34 +0800] "GET /~mazumdar/sportsclub/sportsbase.jpg HTTP/1.1" 304 - "http://www.comp.nus.edu.sg/~mazumdar/sportsclub/UntitledFrame-3.htm" "Mozilla/4.0 (compatible; MSIE 6.0; Windows NT 5.1; .NET CLR 1.1.4322)" 202.156.244.49
142.33.41.98 - - [26/May/2004:00:38:34 +0800] "GET /~sunyuan/images/index_r3_c2.gif HTTP/1.1" 200 8177 "http://www.comp.nus.edu.sg/~sunyuan/" "Mozilla/4.0 (compatible; MSIE 5.0; Mac_PowerPC)" -
142.33.41.98 - - [26/May/2004:00:38:35 +0800] "GET /~sunyuan/images/index_r2_c1.gif HTTP/1.1" 200 12459 "http://www.comp.nus.edu.sg/~sunyuan/" "Mozilla/4.0 (compatible; MSIE 5.0; Mac_PowerPC)" -
142.33.41.98 - - [26/May/2004:00:38:35 +0800] "GET /~sunyuan/images/index_r2_c3.gif HTTP/1.1" 200 11308 "http://www.comp.nus.edu.sg/~sunyuan/" "Mozilla/4.0 (compatible; MSIE 5.0; Mac_PowerPC)" -
cache162.156ce.maxonline.com.sg - - [26/May/2004:00:38:35 +0800] "GET /~angpheng/benefits.html HTTP/1.1" 200 9679 "http://sg.search.yahoo.com/search/sg?p=Garage+R+Trading+&ei=UTF-8&y=Singapore" "Mozilla/4.0 (compatible; MSIE 6.0; Windows NT 5.1; .NET CLR 1.1.4322)" 202.156.215.250
201.128.88.193 - - [26/May/2004:00:38:35 +0800] "GET /is/bio/iwoon.html HTTP/1.1" 200 13194 "http://www.comp.nus.edu.sg/~rprisc/people.htm" "Mozilla/4.0 (compatible; MSIE 6.0; Windows 98; Win 9x 4.90)" -
cache162.156ce.maxonline.com.sg - - [26/May/2004:00:38:36 +0800] "GET /~angpheng/benefits/nusmc.gif HTTP/1.1" 200 1439 "http://www.comp.nus.edu.sg/~angpheng/benefits.html" "Mozilla/4.0 (compatible; MSIE 6.0; Windows NT 5.1; .NET CLR 1.1.4322)" 202.156.215.250
cache162.156ce.maxonline.com.sg - - [26/May/2004:00:38:36 +0800] "GET /~angpheng/benefits/benefitretail.gif HTTP/1.1" 200 915 "http://www.comp.nus.edu.sg/~angpheng/benefits.html" "Mozilla/4.0 (compatible; MSIE 6.0; Windows NT 5.1; .NET CLR 1.1.4322)" 202.156.215.250
cache162.156ce.maxonline.com.sg - - [26/May/2004:00:38:36 +0800] "GET /~angpheng/benefits/sectionbenefits.gif HTTP/1.1" 200 1004 "http://www.comp.nus.edu.sg/~angpheng/benefits.html" "Mozilla/4.0 (compatible; MSIE 6.0; Windows NT 5.1; .NET CLR 1.1.4322)" 202.156.215.250
bruckner.theo-physik.uni-kiel.de - - [26/May/2004:00:38:36 +0800] "GET /~pris/SelfOrganizingMaps/SelfOrganizingMapsIndex.html HTTP/1.0" 200 652 "http://www.comp.nus.edu.sg/~pris/SelfOrganizingMaps/" "Mozilla/4.8 [en] (X11; U; Linux 2.4.20-64GB-SMP i686)" -
201.128.88.193 - - [26/May/2004:00:38:36 +0800] "GET /is/bio/photos/woon.JPG HTTP/1.1" 200 2930 "http://www.comp.nus.edu.sg/is/bio/iwoon.html" "Mozilla/4.0 (compatible; MSIE 6.0; Windows 98; Win 9x 4.90)" -
cache162.156ce.maxonline.com.sg - - [26/May/2004:00:38:36 +0800] "GET /~angpheng/benefits/benefitclub.gif HTTP/1.1" 200 857 "http://www.comp.nus.edu.sg/~angpheng/benefits.html" "Mozilla/4.0 (compatible; MSIE 6.0; Windows NT 5.1; .NET CLR 1.1.4322)" 202.156.215.250
cache162.156ce.maxonline.com.sg - - [26/May/2004:00:38:36 +0800] "GET /~angpheng/benefits/benefitorganisation.gif HTTP/1.1" 200 1257 "http://www.comp.nus.edu.sg/~angpheng/benefits.html" "Mozilla/4.0 (compatible; MSIE 6.0; Windows NT 5.1; .NET CLR 1.1.4322)" 202.156.215.250
cache162.156ce.maxonline.com.sg - - [26/May/2004:00:38:36 +0800] "GET /~angpheng/benefits/tel.gif HTTP/1.1" 200 302 "http://www.comp.nus.edu.sg/~angpheng/benefits.html" "Mozilla/4.0 (compatible; MSIE 6.0; Windows NT 5.1; .NET CLR 1.1.4322)" 202.156.215.250
cache162.156ce.maxonline.com.sg - - [26/May/2004:00:38:36 +0800] "GET /~angpheng/benefits/mosiacbenefit1.jpg HTTP/1.1" 200 6546 "http://www.comp.nus.edu.sg/~angpheng/benefits.html" "Mozilla/4.0 (compatible; MSIE 6.0; Windows NT 5.1; .NET CLR 1.1.4322)" 202.156.215.250
cache162.156ce.maxonline.com.sg - - [26/May/2004:00:38:36 +0800] "GET /~angpheng/benefits/mosiacbenefit2.jpg HTTP/1.1" 200 13206 "http://www.comp.nus.edu.sg/~angpheng/benefits.html" "Mozilla/4.0 (compatible; MSIE 6.0; Windows NT 5.1; .NET CLR 1.1.4322)" 202.156.215.250
cache162.156ce.maxonline.com.sg - - [26/May/2004:00:38:36 +0800] "GET /~angpheng/benefits/mosiacbenefit3.jpg HTTP/1.1" 200 12480 "http://www.comp.nus.edu.sg/~angpheng/benefits.html" "Mozilla/4.0 (compatible; MSIE 6.0; Windows NT 5.1; .NET CLR 1.1.4322)" 202.156.215.250
adsl20.dyn239.pacific.net.sg - - [26/May/2004:00:38:36 +0800] "GET /~ngziming/P1010039.jpg HTTP/1.1" 404 304 "-" "Mozilla/4.0 (compatible; MSIE 6.0; Windows NT 5.1)" -
ip503de5cf.speed.planet.nl - - [26/May/2004:00:38:36 +0800] "GET /~sunyuan/images/nemo.gif HTTP/1.1" 200 98407 "http://harryweb.proboards21.com/index.cgi?board=pictures&action=display&num=1084986513&start=75" "Mozilla/4.0 (compatible; MSIE 6.0; Windows NT 5.1; FunWebProducts; Hotbar 4.4.6.0)" -
bruckner.theo-physik.uni-kiel.de - - [26/May/2004:00:38:37 +0800] "GET /~pris/css/pstyle.css HTTP/1.0" 200 280 "http://www.comp.nus.edu.sg/~pris/SelfOrganizingMaps/SelfOrganizingMapsIndex.html" "Mozilla/4.8 [en] (X11; U; Linux 2.4.20-64GB-SMP i686)" -
142.33.41.98 - - [26/May/2004:00:38:37 +0800] "GET /~sunyuan/images/nemo.gif HTTP/1.1" 200 98407 "http://www.comp.nus.edu.sg/~sunyuan/" "Mozilla/4.0 (compatible; MSIE 5.0; Mac_PowerPC)" -
pcd635119.netvigator.com - - [26/May/2004:00:38:37 +0800] "GET /~nghoongk/lyrics/singer242-7.html HTTP/1.1" 200 11225 "http://www.comp.nus.edu.sg/~nghoongk/lyrics/singer242-6.html" "Mozilla/4.0 (compatible; MSIE 6.0; Windows NT 5.1)" -
bruckner.theo-physik.uni-kiel.de - - [26/May/2004:00:38:37 +0800] "GET /~pris/pris_header.htm HTTP/1.0" 200 482 "http://www.comp.nus.edu.sg/~pris/SelfOrganizingMaps/" "Mozilla/4.8 [en] (X11; U; Linux 2.4.20-64GB-SMP i686)" -
bruckner.theo-physik.uni-kiel.de - - [26/May/2004:00:38:37 +0800] "GET /~pris/SelfOrganizingMaps/SelfOrganizingMapsMenu.html HTTP/1.0" 200 3725 "http://www.comp.nus.edu.sg/~pris/SelfOrganizingMaps/" "Mozilla/4.8 [en] (X11; U; Linux 2.4.20-64GB-SMP i686)" -
bruckner.theo-physik.uni-kiel.de - - [26/May/2004:00:38:38 +0800] "GET /~pris/SelfOrganizingMaps/Overview.html HTTP/1.0" 200 6190 "http://www.comp.nus.edu.sg/~pris/SelfOrganizingMaps/" "Mozilla/4.8 [en] (X11; U; Linux 2.4.20-64GB-SMP i686)" -
142.33.41.98 - - [26/May/2004:00:38:38 +0800] "GET /~sunyuan/images/index_r2_c2_f2.gif HTTP/1.1" 200 23678 "http://www.comp.nus.edu.sg/~sunyuan/" "Mozilla/4.0 (compatible; MSIE 5.0; Mac_PowerPC)" -
bruckner.theo-physik.uni-kiel.de - - [26/May/2004:00:38:38 +0800] "GET /~pris/Images/bluedot.jpg HTTP/1.0" 200 1857 "http://www.comp.nus.edu.sg/~pris/SelfOrganizingMaps/SelfOrganizingMapsMenu.html" "Mozilla/4.8 [en] (X11; U; Linux 2.4.20-64GB-SMP i686)" -
62.114.99.227 - - [26/May/2004:00:38:38 +0800] "GET /~cs2102 HTTP/1.1" 301 327 "-" "Mozilla/4.0 (compatible; MSIE 5.5; Windows 98; Win 9x 4.90)" -
bruckner.theo-physik.uni-kiel.de - - [26/May/2004:00:38:38 +0800] "GET /~pris/Images/vertbar1.jpg HTTP/1.0" 200 2095 "http://www.comp.nus.edu.sg/~pris/pris_header.htm" "Mozilla/4.8 [en] (X11; U; Linux 2.4.20-64GB-SMP i686)" -
bruckner.theo-physik.uni-kiel.de - - [26/May/2004:00:38:38 +0800] "GET /~pris/Images/box_top.jpg HTTP/1.0" 200 2744 "http://www.comp.nus.edu.sg/~pris/SelfOrganizingMaps/SelfOrganizingMapsMenu.html" "Mozilla/4.8 [en] (X11; U; Linux 2.4.20-64GB-SMP i686)" -
bruckner.theo-physik.uni-kiel.de - - [26/May/2004:00:38:39 +0800] "GET /~pris/Images/box_bot.jpg HTTP/1.0" 200 4832 "http://www.comp.nus.edu.sg/~pris/SelfOrganizingMaps/SelfOrganizingMapsMenu.html" "Mozilla/4.8 [en] (X11; U; Linux 2.4.20-64GB-SMP i686)" -
bruckner.theo-physik.uni-kiel.de - - [26/May/2004:00:38:39 +0800] "GET /~pris/Images/box_leftv2.jpg HTTP/1.0" 200 2396 "http://www.comp.nus.edu.sg/~pris/SelfOrganizingMaps/SelfOrganizingMapsMenu.html" "Mozilla/4.8 [en] (X11; U; Linux 2.4.20-64GB-SMP i686)" -
bruckner.theo-physik.uni-kiel.de - - [26/May/2004:00:38:39 +0800] "GET /~pris/Images/box_rightv2.jpg HTTP/1.0" 200 2375 "http://www.comp.nus.edu.sg/~pris/SelfOrganizingMaps/SelfOrganizingMapsMenu.html" "Mozilla/4.8 [en] (X11; U; Linux 2.4.20-64GB-SMP i686)" -
bruckner.theo-physik.uni-kiel.de - - [26/May/2004:00:38:39 +0800] "GET /~pris/Buttons/ZoomInButton.gif HTTP/1.0" 200 249 "http://www.comp.nus.edu.sg/~pris/SelfOrganizingMaps/Overview.html" "Mozilla/4.8 [en] (X11; U; Linux 2.4.20-64GB-SMP i686)" -
bruckner.theo-physik.uni-kiel.de - - [26/May/2004:00:38:39 +0800] "GET /~pris/SelfOrganizingMaps/Images/2Drectangular.jpg HTTP/1.0" 200 17563 "http://www.comp.nus.edu.sg/~pris/SelfOrganizingMaps/Overview.html" "Mozilla/4.8 [en] (X11; U; Linux 2.4.20-64GB-SMP i686)" -
bruckner.theo-physik.uni-kiel.de - - [26/May/2004:00:38:39 +0800] "GET /~pris/Images/pris_topbar_v2.jpg HTTP/1.0" 200 22535 "http://www.comp.nus.edu.sg/~pris/pris_header.htm" "Mozilla/4.8 [en] (X11; U; Linux 2.4.20-64GB-SMP i686)" -
62.114.99.227 - - [26/May/2004:00:38:40 +0800] "GET /~cs2102/ HTTP/1.1" 200 8360 "-" "Mozilla/4.0 (compatible; MSIE 5.5; Windows 98; Win 9x 4.90)" -
cache42.156ce.maxonline.com.sg - - [26/May/2004:00:38:40 +0800] "GET /~daike/birthday/photo.html HTTP/1.1" 404 308 "http://www.comp.nus.edu.sg/~daike/" "Mozilla/4.0 (compatible; MSIE 6.0; Windows NT 5.1)" 218.186.168.127
bruckner.theo-physik.uni-kiel.de - - [26/May/2004:00:38:40 +0800] "GET /~pris/SelfOrganizingMaps/Images/2Dhoneycomb.jpg HTTP/1.0" 200 24153 "http://www.comp.nus.edu.sg/~pris/SelfOrganizingMaps/Overview.html" "Mozilla/4.8 [en] (X11; U; Linux 2.4.20-64GB-SMP i686)" -
bruckner.theo-physik.uni-kiel.de - - [26/May/2004:00:38:41 +0800] "GET /~pris/SelfOrganizingMaps/Images/Algorithm1.jpg HTTP/1.0" 200 37834 "http://www.comp.nus.edu.sg/~pris/SelfOrganizingMaps/Overview.html" "Mozilla/4.8 [en] (X11; U; Linux 2.4.20-64GB-SMP i686)" -
213.231.81.95 - - [26/May/2004:00:38:41 +0800] "GET /~cmcurric/soc23AppendA.pdf HTTP/1.1" 206 87532 "-" "Mozilla/4.0 (compatible; MSIE 6.0; Windows NT 5.1)" -
bruckner.theo-physik.uni-kiel.de - - [26/May/2004:00:38:41 +0800] "GET /~pris/SelfOrganizingMaps/Images/Algorithm2.jpg HTTP/1.0" 200 33810 "http://www.comp.nus.edu.sg/~pris/SelfOrganizingMaps/Overview.html" "Mozilla/4.8 [en] (X11; U; Linux 2.4.20-64GB-SMP i686)" -
217.23.37.85 - - [26/May/2004:00:38:43 +0800] "GET /~cs1101/pe/questions/ HTTP/1.1" 404 303 "http://www.google.com/search?hl=en&lr=&ie=UTF-8&q=%22java%22%2B%22practical+exam%22" "Mozilla/4.0 (compatible; MSIE 6.0; Windows NT 5.1)" 217.23.37.35
213.231.81.95 - - [26/May/2004:00:38:44 +0800] "GET /~cmcurric/AY2003_4/soc34chap4_description.pdf HTTP/1.1" 200 0 "http://www.google.es/search?hl=es&ie=UTF-8&q=%2B%22hill+ciphers%22%2B%22pascal%22&meta=" "Mozilla/4.0 (compatible; MSIE 6.0; Windows NT 5.1)" -
cache42.156ce.maxonline.com.sg - - [26/May/2004:00:38:44 +0800] "GET /~wangcaix/friends.htm HTTP/1.1" 200 3945 "-" "Mozilla/4.0 (compatible; MSIE 6.0; Windows NT 5.1)" 218.186.168.127
cache42.156ce.maxonline.com.sg - - [26/May/2004:00:38:44 +0800] "GET /~wangcaix/bg.bmp HTTP/1.1" 304 - "http://www.comp.nus.edu.sg/~wangcaix/friends.htm" "Mozilla/4.0 (compatible; MSIE 6.0; Windows NT 5.1)" 218.186.168.127
cache42.156ce.maxonline.com.sg - - [26/May/2004:00:38:44 +0800] "GET /~wangcaix/caoyang.JPG HTTP/1.1" 304 - "http://www.comp.nus.edu.sg/~wangcaix/friends.htm" "Mozilla/4.0 (compatible; MSIE 6.0; Windows NT 5.1)" 218.186.168.127
cache42.156ce.maxonline.com.sg - - [26/May/2004:00:38:44 +0800] "GET /~wangcaix/aiting.jpg HTTP/1.1" 304 - "http://www.comp.nus.edu.sg/~wangcaix/friends.htm" "Mozilla/4.0 (compatible; MSIE 6.0; Windows NT 5.1)" 218.186.168.127
cache42.156ce.maxonline.com.sg - - [26/May/2004:00:38:44 +0800] "GET /~wangcaix/chengxiaoyi.jpg HTTP/1.1" 304 - "http://www.comp.nus.edu.sg/~wangcaix/friends.htm" "Mozilla/4.0 (compatible; MSIE 6.0; Windows NT 5.1)" 218.186.168.127
cache42.156ce.maxonline.com.sg - - [26/May/2004:00:38:44 +0800] "GET /~wangcaix/zhoulei.jpg HTTP/1.1" 304 - "http://www.comp.nus.edu.sg/~wangcaix/friends.htm" "Mozilla/4.0 (compatible; MSIE 6.0; Windows NT 5.1)" 218.186.168.127
cache42.156ce.maxonline.com.sg - - [26/May/2004:00:38:44 +0800] "GET /~wangcaix/donnysoh.jpg HTTP/1.1" 304 - "http://www.comp.nus.edu.sg/~wangcaix/friends.htm" "Mozilla/4.0 (compatible; MSIE 6.0; Windows NT 5.1)" 218.186.168.127
cache42.156ce.maxonline.com.sg - - [26/May/2004:00:38:44 +0800] "GET /~wangcaix/daipeng.jpg HTTP/1.1" 304 - "http://www.comp.nus.edu.sg/~wangcaix/friends.htm" "Mozilla/4.0 (compatible; MSIE 6.0; Windows NT 5.1)" 218.186.168.127
cache42.156ce.maxonline.com.sg - - [26/May/2004:00:38:44 +0800] "GET /~wangcaix/xujin.jpg HTTP/1.1" 304 - "http://www.comp.nus.edu.sg/~wangcaix/friends.htm" "Mozilla/4.0 (compatible; MSIE 6.0; Windows NT 5.1)" 218.186.168.127
cache42.156ce.maxonline.com.sg - - [26/May/2004:00:38:44 +0800] "GET /~wangcaix/philiptaneikyeow.jpg HTTP/1.1" 304 - "http://www.comp.nus.edu.sg/~wangcaix/friends.htm" "Mozilla/4.0 (compatible; MSIE 6.0; Windows NT 5.1)" 218.186.168.127
cache42.156ce.maxonline.com.sg - - [26/May/2004:00:38:44 +0800] "GET /~wangcaix/daike.bmp HTTP/1.1" 304 - "http://www.comp.nus.edu.sg/~wangcaix/friends.htm" "Mozilla/4.0 (compatible; MSIE 6.0; Windows NT 5.1)" 218.186.168.127
cache42.156ce.maxonline.com.sg - - [26/May/2004:00:38:44 +0800] "GET /~wangcaix/zhangjiahui.jpg HTTP/1.1" 304 - "http://www.comp.nus.edu.sg/~wangcaix/friends.htm" "Mozilla/4.0 (compatible; MSIE 6.0; Windows NT 5.1)" 218.186.168.127
chapix01.tva.gov - - [26/May/2004:00:38:46 +0800] "GET /~ooibc/courses/sql/dml_query_single.htm HTTP/1.1" 200 9822 "http://www.google.com/search?q=TO_NUMBER+function&hl=en&lr=&ie=UTF-8&start=10&sa=N" "Mozilla/4.0 (compatible; MSIE 6.0; Windows NT 5.0; .NET CLR 1.1.4322)" -
pcd635119.netvigator.com - - [26/May/2004:00:38:48 +0800] "GET /~nghoongk/lyrics/singer242-6.html HTTP/1.1" 200 15532 "http://www.comp.nus.edu.sg/~nghoongk/lyrics/singer242-7.html" "Mozilla/4.0 (compatible; MSIE 6.0; Windows NT 5.1)" -
142.33.41.98 - - [26/May/2004:00:38:48 +0800] "GET /~sunyuan/main.html HTTP/1.1" 200 18772 "http://www.comp.nus.edu.sg/~sunyuan/" "Mozilla/4.0 (compatible; MSIE 5.0; Mac_PowerPC)" -
cache42.156ce.maxonline.com.sg - - [26/May/2004:00:38:48 +0800] "GET /~zhoule1 HTTP/1.1" 301 328 "http://www.comp.nus.edu.sg/~wangcaix/friends.htm" "Mozilla/4.0 (compatible; MSIE 6.0; Windows NT 5.1)" 218.186.168.127
cache42.156ce.maxonline.com.sg - - [26/May/2004:00:38:49 +0800] "GET /~zhoule1/ HTTP/1.1" 200 3213 "http://www.comp.nus.edu.sg/~wangcaix/friends.htm" "Mozilla/4.0 (compatible; MSIE 6.0; Windows NT 5.1)" 218.186.168.127
142.33.41.98 - - [26/May/2004:00:38:49 +0800] "GET /~sunyuan/images/main_r1_c1.gif HTTP/1.1" 200 155 "http://www.comp.nus.edu.sg/~sunyuan/main.html" "Mozilla/4.0 (compatible; MSIE 5.0; Mac_PowerPC)" -
142.33.41.98 - - [26/May/2004:00:38:49 +0800] "GET /~sunyuan/images/main_r2_c1.gif HTTP/1.1" 200 226 "http://www.comp.nus.edu.sg/~sunyuan/main.html" "Mozilla/4.0 (compatible; MSIE 5.0; Mac_PowerPC)" -
142.33.41.98 - - [26/May/2004:00:38:49 +0800] "GET /~sunyuan/images/main_r2_c6.gif HTTP/1.1" 200 1280 "http://www.comp.nus.edu.sg/~sunyuan/main.html" "Mozilla/4.0 (compatible; MSIE 5.0; Mac_PowerPC)" -
cache42.156ce.maxonline.com.sg - - [26/May/2004:00:38:49 +0800] "GET /~zhoule1/sma_logo.gif HTTP/1.1" 200 1728 "http://www.comp.nus.edu.sg/~zhoule1/" "Mozilla/4.0 (compatible; MSIE 6.0; Windows NT 5.1)" 218.186.168.127
202.156.2.42 - - [26/May/2004:00:38:49 +0800] "GET /_themes/pixel/pixbkgnd.gif HTTP/1.1" 404 308 "http://www.comp.nus.edu.sg/~zhoule1/" "Mozilla/4.0 (compatible; MSIE 6.0; Windows NT 5.1)" 218.186.168.127
cache42.156ce.maxonline.com.sg - - [26/May/2004:00:38:49 +0800] "GET /~zhoule1/sma_redtitle.gif HTTP/1.1" 200 1276 "http://www.comp.nus.edu.sg/~zhoule1/" "Mozilla/4.0 (compatible; MSIE 6.0; Windows NT 5.1)" 218.186.168.127
142.33.41.98 - - [26/May/2004:00:38:49 +0800] "GET /~sunyuan/images/main_r2_c7.gif HTTP/1.1" 200 969 "http://www.comp.nus.edu.sg/~sunyuan/main.html" "Mozilla/4.0 (compatible; MSIE 5.0; Mac_PowerPC)" -
142.33.41.98 - - [26/May/2004:00:38:49 +0800] "GET /~sunyuan/images/main_r3_c1.gif HTTP/1.1" 200 13300 "http://www.comp.nus.edu.sg/~sunyuan/main.html" "Mozilla/4.0 (compatible; MSIE 5.0; Mac_PowerPC)" -
142.33.41.98 - - [26/May/2004:00:38:49 +0800] "GET /~sunyuan/images/main_r7_c4.gif HTTP/1.1" 200 97 "http://www.comp.nus.edu.sg/~sunyuan/main.html" "Mozilla/4.0 (compatible; MSIE 5.0; Mac_PowerPC)" -
142.33.41.98 - - [26/May/2004:00:38:49 +0800] "GET /~sunyuan/images/main_r4_c1.gif HTTP/1.1" 200 629 "http://www.comp.nus.edu.sg/~sunyuan/main.html" "Mozilla/4.0 (compatible; MSIE 5.0; Mac_PowerPC)" -
142.33.41.98 - - [26/May/2004:00:38:49 +0800] "GET /~sunyuan/images/main_r4_c2.gif HTTP/1.1" 200 1757 "http://www.comp.nus.edu.sg/~sunyuan/main.html" "Mozilla/4.0 (compatible; MSIE 5.0; Mac_PowerPC)" -
142.33.41.98 - - [26/May/2004:00:38:50 +0800] "GET /~sunyuan/images/main_r7_c2.gif HTTP/1.1" 200 116 "http://www.comp.nus.edu.sg/~sunyuan/main.html" "Mozilla/4.0 (compatible; MSIE 5.0; Mac_PowerPC)" -
201.128.88.193 - - [26/May/2004:00:38:50 +0800] "GET /~ryap HTTP/1.1" 301 325 "http://www.comp.nus.edu.sg/~rprisc/people.htm" "Mozilla/4.0 (compatible; MSIE 6.0; Windows 98; Win 9x 4.90)" -
142.33.41.98 - - [26/May/2004:00:38:50 +0800] "GET /~sunyuan/images/main_r4_c6.gif HTTP/1.1" 200 2064 "http://www.comp.nus.edu.sg/~sunyuan/main.html" "Mozilla/4.0 (compatible; MSIE 5.0; Mac_PowerPC)" -
142.33.41.98 - - [26/May/2004:00:38:50 +0800] "GET /~sunyuan/images/main_r4_c5.gif HTTP/1.1" 200 2230 "http://www.comp.nus.edu.sg/~sunyuan/main.html" "Mozilla/4.0 (compatible; MSIE 5.0; Mac_PowerPC)" -
142.33.41.98 - - [26/May/2004:00:38:50 +0800] "GET /~sunyuan/images/main_r4_c4.gif HTTP/1.1" 200 9517 "http://www.comp.nus.edu.sg/~sunyuan/main.html" "Mozilla/4.0 (compatible; MSIE 5.0; Mac_PowerPC)" -
142.33.41.98 - - [26/May/2004:00:38:50 +0800] "GET /~sunyuan/images/main_r4_c3.gif HTTP/1.1" 200 1481 "http://www.comp.nus.edu.sg/~sunyuan/main.html" "Mozilla/4.0 (compatible; MSIE 5.0; Mac_PowerPC)" -
142.33.41.98 - - [26/May/2004:00:38:50 +0800] "GET /~sunyuan/images/main_r6_c2.gif HTTP/1.1" 200 210 "http://www.comp.nus.edu.sg/~sunyuan/main.html" "Mozilla/4.0 (compatible; MSIE 5.0; Mac_PowerPC)" -
142.33.41.98 - - [26/May/2004:00:38:50 +0800] "GET /~sunyuan/images/main_r5_c2.gif HTTP/1.1" 200 1489 "http://www.comp.nus.edu.sg/~sunyuan/main.html" "Mozilla/4.0 (compatible; MSIE 5.0; Mac_PowerPC)" -
201.128.88.193 - - [26/May/2004:00:38:50 +0800] "GET /~ryap/ HTTP/1.1" 200 1767 "http://www.comp.nus.edu.sg/~rprisc/people.htm" "Mozilla/4.0 (compatible; MSIE 6.0; Windows 98; Win 9x 4.90)" -
197-30.priv.nus.edu.sg - - [26/May/2004:00:38:51 +0800] "GET /~leonghw/research.html HTTP/1.1" 200 1536 "http://www.comp.nus.edu.sg/~leonghw/" "Mozilla/4.0 (compatible; MSIE 6.0; Windows NT 5.1)" -
cm107.gamma180.maxonline.com.sg - - [26/May/2004:00:38:53 +0800] "GET /~nghoongk/lyrics/singer421-1.html HTTP/1.1" 200 11211 "-" "Mozilla/4.0 (compatible; MSIE 6.0; Windows NT 5.1; FunWebProducts; Hotbar 4.4.5.0)" -
bruckner.theo-physik.uni-kiel.de - - [26/May/2004:00:38:53 +0800] "GET /~pris/SelfOrganizingMaps/SourceCode.html HTTP/1.0" 200 2080 "http://www.comp.nus.edu.sg/~pris/SelfOrganizingMaps/SelfOrganizingMapsMenu.html" "Mozilla/4.8 [en] (X11; U; Linux 2.4.20-64GB-SMP i686)" -
130.207.237.99 - - [26/May/2004:00:38:54 +0800] "GET /~cs4274/termpapers/0304-I/group1/present.ppt HTTP/1.1" 200 408576 "http://www.google.com/search?hl=en&lr=&ie=UTF-8&q=misbehaving+%26+ad+hoc&btnG=Search" "Mozilla/5.0 (Windows; U; Windows NT 5.1; en-US; rv:1.6) Gecko/20040210 Firefox/0.8" -
pcd635119.netvigator.com - - [26/May/2004:00:38:54 +0800] "GET /~nghoongk/lyrics/singer242-5.html HTTP/1.1" 200 15530 "http://www.comp.nus.edu.sg/~nghoongk/lyrics/singer242-6.html" "Mozilla/4.0 (compatible; MSIE 6.0; Windows NT 5.1)" -
62.114.99.227 - - [26/May/2004:00:38:55 +0800] "GET /~cs2102/slides/calculusII.pdf HTTP/1.1" 200 0 "-" "Mozilla/4.0 (compatible; MSIE 5.5; Windows 98; Win 9x 4.90)" -
bruckner.theo-physik.uni-kiel.de - - [26/May/2004:00:38:56 +0800] "GET /~pris/SelfOrganizingMaps/FAQ.html HTTP/1.0" 200 3822 "http://www.comp.nus.edu.sg/~pris/SelfOrganizingMaps/SelfOrganizingMapsMenu.html" "Mozilla/4.8 [en] (X11; U; Linux 2.4.20-64GB-SMP i686)" -
pcd635119.netvigator.com - - [26/May/2004:00:38:56 +0800] "GET /~nghoongk/lyrics/singer242-4.html HTTP/1.1" 200 13273 "http://www.comp.nus.edu.sg/~nghoongk/lyrics/singer242-5.html" "Mozilla/4.0 (compatible; MSIE 6.0; Windows NT 5.1)" -
221.217.47.75 - - [26/May/2004:00:38:57 +0800] "GET /~nghoongk/lyrics/singer355-1.html HTTP/1.1" 200 4993 "-" "Mozilla/4.0 (compatible; MSIE 6.0; Windows NT 5.1)" -
bruckner.theo-physik.uni-kiel.de - - [26/May/2004:00:38:57 +0800] "GET /~pris/SelfOrganizingMaps/FAQ.html HTTP/1.0" 200 3822 "http://www.comp.nus.edu.sg/~pris/SelfOrganizingMaps/SelfOrganizingMapsMenu.html" "Mozilla/4.8 [en] (X11; U; Linux 2.4.20-64GB-SMP i686)" -
cm107.gamma180.maxonline.com.sg - - [26/May/2004:00:38:57 +0800] "GET /~nghoongk/lyrics/m.gif HTTP/1.1" 200 872 "http://www.comp.nus.edu.sg/~nghoongk/lyrics/singer421-1.html" "Mozilla/4.0 (compatible; MSIE 6.0; Windows NT 5.1; FunWebProducts; Hotbar 4.4.5.0)" -
62.114.99.227 - - [26/May/2004:00:38:58 +0800] "GET /~cs2102/slides/calculusII.pdf HTTP/1.1" 206 0 "-" "contype" -
pcd635119.netvigator.com - - [26/May/2004:00:38:58 +0800] "GET /~nghoongk/lyrics/singer242-5.html HTTP/1.1" 200 15530 "http://www.comp.nus.edu.sg/~nghoongk/lyrics/singer242-4.html" "Mozilla/4.0 (compatible; MSIE 6.0; Windows NT 5.1)" -
h176n2fls23o1056.bredband.comhem.se - - [26/May/2004:00:38:59 +0800] "GET /~sunyuan/ HTTP/1.1" 200 3152 "http://images.google.com/imgres?imgurl=www.comp.nus.edu.sg/~sunyuan/images/nemo.gif&imgrefurl=http://www.comp.nus.edu.sg/~sunyuan/&h=248&w=275&sz=97&tbnid=2kEH2rEHlHsJ:&tbnh=98&tbnw=108&start=8&prev=/images%3Fq%3Dnemo%26hl%3Dsv%26lr%3D%26ie%3DUTF-8" "Mozilla/4.0 (compatible; MSIE 6.0; Windows 98)" -
207.35.53.2 - - [26/May/2004:00:38:59 +0800] "GET /~sunyuan/images/main_r1_c1.gif HTTP/1.0" 200 155 "http://www.comp.nus.edu.sg/~sunyuan/main.html" "Mozilla/4.0 (compatible; MSIE 6.0; Windows 98)" -
207.35.53.2 - - [26/May/2004:00:38:59 +0800] "GET /~sunyuan/images/main_r2_c1.gif HTTP/1.0" 200 226 "http://www.comp.nus.edu.sg/~sunyuan/main.html" "Mozilla/4.0 (compatible; MSIE 6.0; Windows 98)" -
207.35.53.2 - - [26/May/2004:00:38:59 +0800] "GET /~sunyuan/images/main_r2_c6.gif HTTP/1.0" 200 1280 "http://www.comp.nus.edu.sg/~sunyuan/main.html" "Mozilla/4.0 (compatible; MSIE 6.0; Windows 98)" -
207.35.53.2 - - [26/May/2004:00:38:59 +0800] "GET /~sunyuan/images/main_r2_c7.gif HTTP/1.0" 200 969 "http://www.comp.nus.edu.sg/~sunyuan/main.html" "Mozilla/4.0 (compatible; MSIE 6.0; Windows 98)" -
pcd635119.netvigator.com - - [26/May/2004:00:39:00 +0800] "GET /~nghoongk/lyrics/singer242-6.html HTTP/1.1" 200 15532 "http://www.comp.nus.edu.sg/~nghoongk/lyrics/singer242-5.html" "Mozilla/4.0 (compatible; MSIE 6.0; Windows NT 5.1)" -
h176n2fls23o1056.bredband.comhem.se - - [26/May/2004:00:39:00 +0800] "GET /~sunyuan/images/index_r1_c1.gif HTTP/1.1" 200 1887 "http://www.comp.nus.edu.sg/~sunyuan/" "Mozilla/4.0 (compatible; MSIE 6.0; Windows 98)" -
bruckner.theo-physik.uni-kiel.de - - [26/May/2004:00:39:00 +0800] "GET /~pris/SelfOrganizingMaps/References.html HTTP/1.0" 200 4962 "http://www.comp.nus.edu.sg/~pris/SelfOrganizingMaps/SelfOrganizingMapsMenu.html" "Mozilla/4.8 [en] (X11; U; Linux 2.4.20-64GB-SMP i686)" -
207.35.53.2 - - [26/May/2004:00:39:01 +0800] "GET /~sunyuan/images/main_r3_c1.gif HTTP/1.0" 200 13300 "http://www.comp.nus.edu.sg/~sunyuan/main.html" "Mozilla/4.0 (compatible; MSIE 6.0; Windows 98)" -
anp25.neoplus.adsl.tpnet.pl - - [26/May/2004:00:39:01 +0800] "GET /~sunyuan/images/nemo.gif HTTP/1.1" 200 98407 "http://syklia.blog.pl/" "Mozilla/4.0 (compatible; MSIE 6.0; Windows NT 5.1)" -
207.35.53.2 - - [26/May/2004:00:39:01 +0800] "GET /~sunyuan/images/main_r4_c1.gif HTTP/1.0" 200 629 "http://www.comp.nus.edu.sg/~sunyuan/main.html" "Mozilla/4.0 (compatible; MSIE 6.0; Windows 98)" -
207.35.53.2 - - [26/May/2004:00:39:01 +0800] "GET /~sunyuan/images/main_r4_c2.gif HTTP/1.0" 200 1757 "http://www.comp.nus.edu.sg/~sunyuan/main.html" "Mozilla/4.0 (compatible; MSIE 6.0; Windows 98)" -
207.35.53.2 - - [26/May/2004:00:39:01 +0800] "GET /~sunyuan/images/main_r5_c2.gif HTTP/1.0" 200 1489 "http://www.comp.nus.edu.sg/~sunyuan/main.html" "Mozilla/4.0 (compatible; MSIE 6.0; Windows 98)" -
207.35.53.2 - - [26/May/2004:00:39:01 +0800] "GET /~sunyuan/images/main_r6_c2.gif HTTP/1.0" 200 210 "http://www.comp.nus.edu.sg/~sunyuan/main.html" "Mozilla/4.0 (compatible; MSIE 6.0; Windows 98)" -
h176n2fls23o1056.bredband.comhem.se - - [26/May/2004:00:39:01 +0800] "GET /~sunyuan/images/index_r2_c1.gif HTTP/1.1" 200 12459 "http://www.comp.nus.edu.sg/~sunyuan/" "Mozilla/4.0 (compatible; MSIE 6.0; Windows 98)" -
sf3.comp.nus.edu.sg - - [26/May/2004:00:39:01 +0800] "GET /~lengocsa/kirimaru-s2.jpg HTTP/1.1" 304 - "http://forum.vncnus.net/viewtopic.php?t=8082" "Mozilla/4.0 (compatible; MSIE 6.0; Windows NT 5.1)" -
h176n2fls23o1056.bredband.comhem.se - - [26/May/2004:00:39:02 +0800] "GET /~sunyuan/images/index_r2_c3.gif HTTP/1.1" 200 11308 "http://www.comp.nus.edu.sg/~sunyuan/" "Mozilla/4.0 (compatible; MSIE 6.0; Windows 98)" -
207.35.53.2 - - [26/May/2004:00:39:02 +0800] "GET /~sunyuan/images/main_r4_c3.gif HTTP/1.0" 200 1481 "http://www.comp.nus.edu.sg/~sunyuan/main.html" "Mozilla/4.0 (compatible; MSIE 6.0; Windows 98)" -
207.35.53.2 - - [26/May/2004:00:39:02 +0800] "GET /~sunyuan/images/main_r4_c4.gif HTTP/1.0" 200 9517 "http://www.comp.nus.edu.sg/~sunyuan/main.html" "Mozilla/4.0 (compatible; MSIE 6.0; Windows 98)" -
dsl-32-160.dsl.netsource.ie - - [26/May/2004:00:39:02 +0800] "GET /~keexuyua/pictures/skillz.gif HTTP/1.1" 200 5857 "http://www.koptalk.org/forums/showflat.php/Cat/0/Number/274120/page/0/view/collapsed/sb/5/o/all/fpart/1" "Mozilla/5.0 (Macintosh; U; PPC Mac OS X; en-us) AppleWebKit/85.7 (KHTML, like Gecko) Safari/85.7" -
207.35.53.2 - - [26/May/2004:00:39:02 +0800] "GET /~sunyuan/images/main_r4_c5.gif HTTP/1.0" 200 2230 "http://www.comp.nus.edu.sg/~sunyuan/main.html" "Mozilla/4.0 (compatible; MSIE 6.0; Windows 98)" -
207.35.53.2 - - [26/May/2004:00:39:02 +0800] "GET /~sunyuan/images/main_r4_c6.gif HTTP/1.0" 200 2064 "http://www.comp.nus.edu.sg/~sunyuan/main.html" "Mozilla/4.0 (compatible; MSIE 6.0; Windows 98)" -
h176n2fls23o1056.bredband.comhem.se - - [26/May/2004:00:39:03 +0800] "GET /~sunyuan/images/index_r3_c2.gif HTTP/1.1" 200 8177 "http://www.comp.nus.edu.sg/~sunyuan/" "Mozilla/4.0 (compatible; MSIE 6.0; Windows 98)" -
bruckner.theo-physik.uni-kiel.de - - [26/May/2004:00:39:03 +0800] "GET /~pris/SelfOrganizingMaps/FAQ.html HTTP/1.0" 200 3822 "http://www.comp.nus.edu.sg/~pris/SelfOrganizingMaps/SelfOrganizingMapsMenu.html" "Mozilla/4.8 [en] (X11; U; Linux 2.4.20-64GB-SMP i686)" -
221.217.47.75 - - [26/May/2004:00:39:03 +0800] "GET /~nghoongk/lyrics/m.gif HTTP/1.1" 200 872 "-" "Mozilla/4.0 (compatible; MSIE 6.0; Windows NT 5.1)" -
207.35.53.2 - - [26/May/2004:00:39:03 +0800] "GET /~sunyuan/images/main_r7_c2.gif HTTP/1.0" 200 116 "http://www.comp.nus.edu.sg/~sunyuan/main.html" "Mozilla/4.0 (compatible; MSIE 6.0; Windows 98)" -
207.35.53.2 - - [26/May/2004:00:39:03 +0800] "GET /~sunyuan/images/main_r7_c4.gif HTTP/1.0" 200 97 "http://www.comp.nus.edu.sg/~sunyuan/main.html" "Mozilla/4.0 (compatible; MSIE 6.0; Windows 98)" -
h176n2fls23o1056.bredband.comhem.se - - [26/May/2004:00:39:04 +0800] "GET /~sunyuan/images/nemo.gif HTTP/1.1" 200 98407 "http://www.comp.nus.edu.sg/~sunyuan/" "Mozilla/4.0 (compatible; MSIE 6.0; Windows 98)" -
65.54.164.110 - - [26/May/2004:00:39:05 +0800] "GET /~tankl/internet/Singapore.htm HTTP/1.0" 404 299 "-" "msnbot/0.11 (+http://search.msn.com/msnbot.htm)" -
c211-30-199-200.rivrw2.nsw.optusnet.com.au - - [26/May/2004:00:39:05 +0800] "GET /~angpheng/rhwebsite/rev%20hard%20title%20alt%202.jpg HTTP/1.1" 304 - "http://forums.clubrsx.com/showthread.php?t=158686&page=5" "Mozilla/4.0 (compatible; MSIE 6.0; Windows NT 5.1)" -
www.paulsboro.k12.nj.us - - [26/May/2004:00:39:05 +0800] "GET /~sunyuan/ HTTP/1.0" 200 3140 "http://images.google.com/imgres?imgurl=www.comp.nus.edu.sg/~sunyuan/images/nemo.gif&imgrefurl=http://www.comp.nus.edu.sg/~sunyuan/&h=248&w=275&sz=97&tbnid=2kEH2rEHlHsJ:&tbnh=98&tbnw=108&start=7&prev=/images%3Fq%3Dnemo%26hl%3Den%26lr%3D%26ie%3DUTF-8%26safe%3Doff" "Mozilla/4.0 (compatible; MSIE 6.0; Windows NT 5.0; .NET CLR 1.0.3705; .NET CLR 1.1.4322)" -
www.paulsboro.k12.nj.us - - [26/May/2004:00:39:06 +0800] "GET /~sunyuan/images/index_r1_c1.gif HTTP/1.0" 200 1887 "http://www.comp.nus.edu.sg/~sunyuan/" "Mozilla/4.0 (compatible; MSIE 6.0; Windows NT 5.0; .NET CLR 1.0.3705; .NET CLR 1.1.4322)" -
65.54.164.110 - - [26/May/2004:00:39:07 +0800] "GET /%7ecs4245/miscfolder/misc_.html HTTP/1.0" 401 473 "-" "msnbot/0.11 (+http://search.msn.com/msnbot.htm)" -
cache42.156ce.maxonline.com.sg - - [26/May/2004:00:39:07 +0800] "GET /~zhoule1/resume.pdf HTTP/1.1" 200 134139 "http://www.comp.nus.edu.sg/~zhoule1/" "Mozilla/4.0 (compatible; MSIE 6.0; Windows NT 5.1)" 218.186.168.127
www.paulsboro.k12.nj.us - - [26/May/2004:00:39:07 +0800] "GET /~sunyuan/images/index_r2_c1.gif HTTP/1.0" 200 0 "http://www.comp.nus.edu.sg/~sunyuan/" "Mozilla/4.0 (compatible; MSIE 6.0; Windows NT 5.0; .NET CLR 1.0.3705; .NET CLR 1.1.4322)" -
www.paulsboro.k12.nj.us - - [26/May/2004:00:39:07 +0800] "GET /~sunyuan/images/index_r3_c2.gif HTTP/1.0" 200 8177 "http://www.comp.nus.edu.sg/~sunyuan/" "Mozilla/4.0 (compatible; MSIE 6.0; Windows NT 5.0; .NET CLR 1.0.3705; .NET CLR 1.1.4322)" -
h176n2fls23o1056.bredband.comhem.se - - [26/May/2004:00:39:07 +0800] "GET /~sunyuan/images/nemo.gif HTTP/1.1" 200 65536 "http://www.comp.nus.edu.sg/~sunyuan/" "Mozilla/4.0 (compatible; MSIE 6.0; Windows 98)" -
cache42.156ce.maxonline.com.sg - - [26/May/2004:00:39:07 +0800] "GET /~zhoule1/resume.pdf HTTP/1.1" 206 129843 "-" "Mozilla/4.0 (compatible; MSIE 6.0; Windows NT 5.1)" 218.186.168.127
cache-frr-ad07.proxy.aol.com - - [26/May/2004:00:39:07 +0800] "GET /~sunyuan/images/nemo.gif HTTP/1.1" 304 - "http://images.google.de/imgres?imgurl=www.comp.nus.edu.sg/~sunyuan/images/nemo.gif&imgrefurl=http://www.comp.nus.edu.sg/~sunyuan/&h=248&w=275&sz=97&tbnid=2kEH2rEHlHsJ:&tbnh=98&tbnw=108&prev=/images%3Fq%3Dnemo%26hl%3Dde%26lr%3D%26ie%3DUTF-8%26sa%3DG&frame=small" "Mozilla/4.0 (compatible; MSIE 6.0; AOL 7.0; Windows NT 5.1; Q312461)" -
h176n2fls23o1056.bredband.comhem.se - - [26/May/2004:00:39:08 +0800] "GET /~sunyuan/images/nemo.gif HTTP/1.1" 206 10971 "http://www.comp.nus.edu.sg/~sunyuan/" "Mozilla/4.0 (compatible; MSIE 6.0; Windows 98)" -
www.paulsboro.k12.nj.us - - [26/May/2004:00:39:09 +0800] "GET /~sunyuan/images/nemo.gif HTTP/1.0" 200 98407 "http://images.google.com/imgres?imgurl=www.comp.nus.edu.sg/~sunyuan/images/nemo.gif&imgrefurl=http://www.comp.nus.edu.sg/~sunyuan/&h=248&w=275&sz=97&tbnid=2kEH2rEHlHsJ:&tbnh=98&tbnw=108&prev=/images%3Fq%3Dnemo%26hl%3Den%26lr%3D%26ie%3DUTF-8%26safe%3Doff&frame=small" "Mozilla/4.0 (compatible; MSIE 6.0; Windows NT 5.0; .NET CLR 1.0.3705; .NET CLR 1.1.4322)" -
h176n2fls23o1056.bredband.comhem.se - - [26/May/2004:00:39:10 +0800] "GET /~sunyuan/images/index_r2_c2_f2.gif HTTP/1.1" 200 23678 "http://www.comp.nus.edu.sg/~sunyuan/" "Mozilla/4.0 (compatible; MSIE 6.0; Windows 98)" -
202.156.2.106 - - [26/May/2004:00:39:10 +0800] "GET / HTTP/1.1" 200 8789 "-" "Mozilla/4.0 (compatible; MSIE 6.0; Windows NT 5.1; SINGNET)" 202.156.193.223
202.156.2.106 - - [26/May/2004:00:39:10 +0800] "GET /nusstyles.css HTTP/1.1" 304 - "http://www.comp.nus.edu.sg/" "Mozilla/4.0 (compatible; MSIE 6.0; Windows NT 5.1; SINGNET)" 202.156.193.223
202.156.2.106 - - [26/May/2004:00:39:10 +0800] "GET /images/nussocbanner.gif HTTP/1.1" 304 - "http://www.comp.nus.edu.sg/" "Mozilla/4.0 (compatible; MSIE 6.0; Windows NT 5.1; SINGNET)" 202.156.193.223
202.156.2.106 - - [26/May/2004:00:39:10 +0800] "GET /images/facenghd.gif HTTP/1.1" 304 - "http://www.comp.nus.edu.sg/" "Mozilla/4.0 (compatible; MSIE 6.0; Windows NT 5.1; SINGNET)" 202.156.193.223
202.156.2.106 - - [26/May/2004:00:39:10 +0800] "GET /images/socmain_r3_c6.jpg HTTP/1.1" 304 - "http://www.comp.nus.edu.sg/" "Mozilla/4.0 (compatible; MSIE 6.0; Windows NT 5.1; SINGNET)" 202.156.193.223
202.156.2.106 - - [26/May/2004:00:39:10 +0800] "GET /images/socmain_r3_c8.jpg HTTP/1.1" 304 - "http://www.comp.nus.edu.sg/" "Mozilla/4.0 (compatible; MSIE 6.0; Windows NT 5.1; SINGNET)" 202.156.193.223
202.156.2.106 - - [26/May/2004:00:39:10 +0800] "GET /images/socmain_r3_c10.jpg HTTP/1.1" 304 - "http://www.comp.nus.edu.sg/" "Mozilla/4.0 (compatible; MSIE 6.0; Windows NT 5.1; SINGNET)" 202.156.193.223
202.156.2.106 - - [26/May/2004:00:39:11 +0800] "GET /images/socmain_r3_c11.jpg HTTP/1.1" 304 - "http://www.comp.nus.edu.sg/" "Mozilla/4.0 (compatible; MSIE 6.0; Windows NT 5.1; SINGNET)" 202.156.193.223
202.156.2.106 - - [26/May/2004:00:39:11 +0800] "GET /images/socmain_r3_c13.jpg HTTP/1.1" 304 - "http://www.comp.nus.edu.sg/" "Mozilla/4.0 (compatible; MSIE 6.0; Windows NT 5.1; SINGNET)" 202.156.193.223
203.64.127.34 - - [26/May/2004:00:39:11 +0800] "GET /~aplas/main.htm HTTP/1.1" 200 15956 "-" "Mozilla/4.0 (compatible; MSIE 6.0; Windows NT 5.1; KKman2.0)" -
202.156.2.106 - - [26/May/2004:00:39:11 +0800] "GET /images/recruitment.jpg HTTP/1.1" 304 - "http://www.comp.nus.edu.sg/" "Mozilla/4.0 (compatible; MSIE 6.0; Windows NT 5.1; SINGNET)" 202.156.193.223
202.156.2.106 - - [26/May/2004:00:39:11 +0800] "GET /images/socmain_r3_c15.jpg HTTP/1.1" 304 - "http://www.comp.nus.edu.sg/" "Mozilla/4.0 (compatible; MSIE 6.0; Windows NT 5.1; SINGNET)" 202.156.193.223
202.156.2.106 - - [26/May/2004:00:39:11 +0800] "GET /images/socmain_r3_c16.jpg HTTP/1.1" 304 - "http://www.comp.nus.edu.sg/" "Mozilla/4.0 (compatible; MSIE 6.0; Windows NT 5.1; SINGNET)" 202.156.193.223
202.156.2.106 - - [26/May/2004:00:39:11 +0800] "GET /images/socmain_r5_c12.jpg HTTP/1.1" 304 - "http://www.comp.nus.edu.sg/" "Mozilla/4.0 (compatible; MSIE 6.0; Windows NT 5.1; SINGNET)" 202.156.193.223
203.64.127.34 - - [26/May/2004:00:39:11 +0800] "GET /~aplas/0,10855,1-0-16-94391-0,00.jpg HTTP/1.1" 304 - "http://www.comp.nus.edu.sg/~aplas/main.htm" "Mozilla/4.0 (compatible; MSIE 6.0; Windows NT 5.1; KKman2.0)" -
202.156.2.106 - - [26/May/2004:00:39:11 +0800] "GET /images/socmain_r5_c13.jpg HTTP/1.1" 304 - "http://www.comp.nus.edu.sg/" "Mozilla/4.0 (compatible; MSIE 6.0; Windows NT 5.1; SINGNET)" 202.156.193.223
143.252.3.11 - - [26/May/2004:00:39:11 +0800] "GET /~upalisat/scripts/garfield.html HTTP/1.1" 404 313 "http://www.kohomban.net/cats/garfield.htm" "Mozilla/4.0 (compatible; MSIE 6.0; Windows NT 5.1)" -
202.156.2.106 - - [26/May/2004:00:39:11 +0800] "GET /images/socmain_r5_c14.jpg HTTP/1.1" 304 - "http://www.comp.nus.edu.sg/" "Mozilla/4.0 (compatible; MSIE 6.0; Windows NT 5.1; SINGNET)" 202.156.193.223
202.156.2.106 - - [26/May/2004:00:39:11 +0800] "GET /images/trans.gif HTTP/1.1" 304 - "http://www.comp.nus.edu.sg/" "Mozilla/4.0 (compatible; MSIE 6.0; Windows NT 5.1; SINGNET)" 202.156.193.223
202.156.2.106 - - [26/May/2004:00:39:12 +0800] "GET /images/sip.gif HTTP/1.1" 304 - "http://www.comp.nus.edu.sg/" "Mozilla/4.0 (compatible; MSIE 6.0; Windows NT 5.1; SINGNET)" 202.156.193.223
202.156.2.106 - - [26/May/2004:00:39:12 +0800] "GET /images/sem-events.gif HTTP/1.1" 304 - "http://www.comp.nus.edu.sg/" "Mozilla/4.0 (compatible; MSIE 6.0; Windows NT 5.1; SINGNET)" 202.156.193.223
202.156.2.106 - - [26/May/2004:00:39:12 +0800] "GET /images/socimage.jpg HTTP/1.1" 304 - "http://www.comp.nus.edu.sg/" "Mozilla/4.0 (compatible; MSIE 6.0; Windows NT 5.1; SINGNET)" 202.156.193.223
202.156.2.106 - - [26/May/2004:00:39:12 +0800] "GET /images/socmain_r7_c1.jpg HTTP/1.1" 304 - "http://www.comp.nus.edu.sg/" "Mozilla/4.0 (compatible; MSIE 6.0; Windows NT 5.1; SINGNET)" 202.156.193.223
202.156.2.106 - - [26/May/2004:00:39:12 +0800] "GET /images/socmain_r7_c2.jpg HTTP/1.1" 304 - "http://www.comp.nus.edu.sg/" "Mozilla/4.0 (compatible; MSIE 6.0; Windows NT 5.1; SINGNET)" 202.156.193.223
202.156.2.106 - - [26/May/2004:00:39:12 +0800] "GET /images/socmain_r7_c5.jpg HTTP/1.1" 304 - "http://www.comp.nus.edu.sg/" "Mozilla/4.0 (compatible; MSIE 6.0; Windows NT 5.1; SINGNET)" 202.156.193.223
202.156.2.106 - - [26/May/2004:00:39:12 +0800] "GET /images/socmain_r7_c4.jpg HTTP/1.1" 304 - "http://www.comp.nus.edu.sg/" "Mozilla/4.0 (compatible; MSIE 6.0; Windows NT 5.1; SINGNET)" 202.156.193.223
svl-ext-proxy02.amd.com - - [26/May/2004:00:39:12 +0800] "GET /~nghoongk/lyrics/singer229-1.html HTTP/1.0" 200 14129 "http://www.comp.nus.edu.sg/~nghoongk/lyrics/" "Mozilla/4.0 (compatible; MSIE 5.5; Windows NT 5.0)" -
202.156.2.106 - - [26/May/2004:00:39:12 +0800] "GET /images/socmain_r7_c7.jpg HTTP/1.1" 304 - "http://www.comp.nus.edu.sg/" "Mozilla/4.0 (compatible; MSIE 6.0; Windows NT 5.1; SINGNET)" 202.156.193.223
202.156.2.106 - - [26/May/2004:00:39:12 +0800] "GET /images/socmain_r7_c9f.jpg HTTP/1.1" 304 - "http://www.comp.nus.edu.sg/" "Mozilla/4.0 (compatible; MSIE 6.0; Windows NT 5.1; SINGNET)" 202.156.193.223
202.156.2.106 - - [26/May/2004:00:39:12 +0800] "GET /images/grey.gif HTTP/1.1" 304 - "http://www.comp.nus.edu.sg/" "Mozilla/4.0 (compatible; MSIE 6.0; Windows NT 5.1; SINGNET)" 202.156.193.223
62.114.99.227 - - [26/May/2004:00:39:13 +0800] "GET /~cs2102/slides/calculusII.pdf HTTP/1.1" 206 32768 "-" "Mozilla/4.0 (compatible; MSIE 5.5; Windows 98; Win 9x 4.90)" -
201.128.88.193 - - [26/May/2004:00:39:14 +0800] "GET /~cheeys HTTP/1.1" 301 327 "http://www.comp.nus.edu./cs/acad_staff.html" "Mozilla/4.0 (compatible; MSIE 6.0; Windows 98; Win 9x 4.90)" -
172.18.76.28 - - [26/May/2004:00:39:15 +0800] "GET /undergradprog/CFM.htm HTTP/1.1" 200 7860 "http://www.cors.nus.edu.sg/ulr/index.html" "Mozilla/4.0 (compatible; MSIE 6.0; Windows NT 5.1; .NET CLR 1.1.4322)" -
201.128.88.193 - - [26/May/2004:00:39:15 +0800] "GET /~cheeys/ HTTP/1.1" 200 4900 "http://www.comp.nus.edu./cs/acad_staff.html" "Mozilla/4.0 (compatible; MSIE 6.0; Windows 98; Win 9x 4.90)" -
197-132.priv.nus.edu.sg - - [26/May/2004:00:39:15 +0800] "GET /~levinhda/matlab/Danaxe%2520TOUR.gif HTTP/1.1" 200 53793 "http://www.vncnus.net/forum/viewtopic.php?t=8067" "Mozilla/4.0 (compatible; MSIE 6.0; Windows NT 5.1; .NET CLR 1.0.3705)" -
172.18.76.28 - - [26/May/2004:00:39:15 +0800] "GET /nusstyles.css HTTP/1.1" 304 - "http://www.comp.nus.edu.sg/undergradprog/CFM.htm" "Mozilla/4.0 (compatible; MSIE 6.0; Windows NT 5.1; .NET CLR 1.1.4322)" -
172.18.76.28 - - [26/May/2004:00:39:16 +0800] "GET /undergradprog/nusstyles.css HTTP/1.1" 304 - "http://www.comp.nus.edu.sg/undergradprog/CFM.htm" "Mozilla/4.0 (compatible; MSIE 6.0; Windows NT 5.1; .NET CLR 1.1.4322)" -
201.128.88.193 - - [26/May/2004:00:39:16 +0800] "GET /~cheeys/mac.gif HTTP/1.1" 200 507 "http://www.comp.nus.edu.sg/~cheeys/" "Mozilla/4.0 (compatible; MSIE 6.0; Windows 98; Win 9x 4.90)" -
