202.156.2.218 - - [26/May/2004:01:03:24 +0800] "GET /cs/images/cs_top5.jpg HTTP/1.1" 304 - "http://www.comp.nus.edu.sg/cs/research.html" "Mozilla/4.0 (compatible; MSIE 6.0; Windows NT 5.0)" 218.186.203.184
202.156.2.218 - - [26/May/2004:01:03:24 +0800] "GET /cs/images/cs_top6.jpg HTTP/1.1" 304 - "http://www.comp.nus.edu.sg/cs/research.html" "Mozilla/4.0 (compatible; MSIE 6.0; Windows NT 5.0)" 218.186.203.184
202.156.2.218 - - [26/May/2004:01:03:24 +0800] "GET /cs/images/cs_foot1.jpg HTTP/1.1" 304 - "http://www.comp.nus.edu.sg/cs/research.html" "Mozilla/4.0 (compatible; MSIE 6.0; Windows NT 5.0)" 218.186.203.184
202.156.2.218 - - [26/May/2004:01:03:24 +0800] "GET /cs/images/cs_foot2.jpg HTTP/1.1" 304 - "http://www.comp.nus.edu.sg/cs/research.html" "Mozilla/4.0 (compatible; MSIE 6.0; Windows NT 5.0)" 218.186.203.184
202.156.2.218 - - [26/May/2004:01:03:24 +0800] "GET /cs/images/cs_foot3.jpg HTTP/1.1" 304 - "http://www.comp.nus.edu.sg/cs/research.html" "Mozilla/4.0 (compatible; MSIE 6.0; Windows NT 5.0)" 218.186.203.184
202.156.2.218 - - [26/May/2004:01:03:24 +0800] "GET /cs/images/cs_foot4.jpg HTTP/1.1" 304 - "http://www.comp.nus.edu.sg/cs/research.html" "Mozilla/4.0 (compatible; MSIE 6.0; Windows NT 5.0)" 218.186.203.184
202.156.2.218 - - [26/May/2004:01:03:24 +0800] "GET /cs/images/cs_foot5.jpg HTTP/1.1" 304 - "http://www.comp.nus.edu.sg/cs/research.html" "Mozilla/4.0 (compatible; MSIE 6.0; Windows NT 5.0)" 218.186.203.184
202.156.2.218 - - [26/May/2004:01:03:24 +0800] "GET /cs/images/cs_foot5-1.jpg HTTP/1.1" 304 - "http://www.comp.nus.edu.sg/cs/research.html" "Mozilla/4.0 (compatible; MSIE 6.0; Windows NT 5.0)" 218.186.203.184
202.156.2.218 - - [26/May/2004:01:03:25 +0800] "GET /cs/images/grey-cs.gif HTTP/1.1" 304 - "http://www.comp.nus.edu.sg/cs/research.html" "Mozilla/4.0 (compatible; MSIE 6.0; Windows NT 5.0)" 218.186.203.184
p508cd6a2.dip0.t-ipconnect.de - - [26/May/2004:01:03:29 +0800] "GET /~sunyuan/main.html HTTP/1.1" 200 18772 "http://www.comp.nus.edu.sg/~sunyuan/" "Mozilla/4.0 (compatible; MSIE 6.0; Windows NT 5.1)" -
bbcache-16.singnet.com.sg - - [26/May/2004:01:03:30 +0800] "GET /~leonghui/gentingtrip/144-4464_IMG.html HTTP/1.1" 200 2294 "-" "Mozilla/4.0 (compatible;)" 165.21.154.158
210.22-200-80.adsl.skynet.be - - [26/May/2004:01:03:32 +0800] "GET /~sunyuan/ HTTP/1.1" 200 3152 "-" "Mozilla/4.0 (compatible; MSIE 6.0; Windows NT 5.1)" -
68.253.185.52 - - [26/May/2004:01:03:33 +0800] "GET /favicon.ico HTTP/1.1" 404 293 "-" "Mozilla/4.0 (compatible; MSIE 6.0; Windows NT 5.1; .NET CLR 1.1.4322; .NET CLR 1.0.3705)" -
210.22-200-80.adsl.skynet.be - - [26/May/2004:01:03:35 +0800] "GET /~sunyuan/images/nemo.gif HTTP/1.1" 200 98407 "-" "Mozilla/4.0 (compatible; MSIE 6.0; Windows NT 5.1)" -
203.113.128.244 - - [26/May/2004:01:03:35 +0800] "GET /~nguyentu/nhactac/mp3ss2d.swf HTTP/1.1" 304 - "-" "Mozilla/4.0 (compatible; MSIE 6.0; Windows NT 5.1)" -
203.113.128.244 - - [26/May/2004:01:03:35 +0800] "GET /~nguyentu/nhactac/mp3ss1d.swf HTTP/1.1" 304 - "-" "Mozilla/4.0 (compatible; MSIE 6.0; Windows NT 5.1)" -
203.113.128.244 - - [26/May/2004:01:03:36 +0800] "GET /~nguyentu/nhactac/mp3ss4d.swf HTTP/1.1" 304 - "-" "Mozilla/4.0 (compatible; MSIE 6.0; Windows NT 5.1)" -
203.113.128.244 - - [26/May/2004:01:03:36 +0800] "GET /~nguyentu/nhactac/mp3ss3d.swf HTTP/1.1" 304 - "-" "Mozilla/4.0 (compatible; MSIE 6.0; Windows NT 5.1)" -
210.22-200-80.adsl.skynet.be - - [26/May/2004:01:03:36 +0800] "GET /~sunyuan/ HTTP/1.1" 200 3152 "-" "Mozilla/4.0 (compatible; MSIE 6.0; Windows NT 5.1)" -
203.113.128.244 - - [26/May/2004:01:03:37 +0800] "GET /~nguyentu/nhactac/mp3ss1d.swf HTTP/1.1" 304 - "-" "Mozilla/4.0 (compatible; MSIE 6.0; Windows NT 5.1)" -
203.113.128.244 - - [26/May/2004:01:03:37 +0800] "GET /~nguyentu/nhactac/mp3ss2d.swf HTTP/1.1" 304 - "-" "Mozilla/4.0 (compatible; MSIE 6.0; Windows NT 5.1)" -
210.22-200-80.adsl.skynet.be - - [26/May/2004:01:03:37 +0800] "GET /~sunyuan/images/index_r1_c1.gif HTTP/1.1" 200 1887 "-" "Mozilla/4.0 (compatible; MSIE 6.0; Windows NT 5.1)" -
203.113.128.244 - - [26/May/2004:01:03:37 +0800] "GET /~nguyentu/nhactac/mp3ss3d.swf HTTP/1.1" 304 - "-" "Mozilla/4.0 (compatible; MSIE 6.0; Windows NT 5.1)" -
203.113.128.244 - - [26/May/2004:01:03:37 +0800] "GET /~nguyentu/nhactac/mp3ss4d.swf HTTP/1.1" 304 - "-" "Mozilla/4.0 (compatible; MSIE 6.0; Windows NT 5.1)" -
lj1106.inktomisearch.com - - [26/May/2004:01:03:41 +0800] "GET /~tantc/prep/slides/trans4/tsld006.htm HTTP/1.0" 200 630 "-" "Mozilla/5.0 (compatible; Yahoo! Slurp; http://help.yahoo.com/help/us/ysearch/slurp)" -
bagnolet-4-82-226-1-64.fbx.proxad.net - - [26/May/2004:01:03:42 +0800] "GET /~sunyuan/images/nemo.gif HTTP/1.1" 200 32768 "-" "Mozilla/4.0 (compatible; MSIE 6.0; Windows NT 5.1)" -
nat2.northshorelij.com - - [26/May/2004:01:03:42 +0800] "GET /~nghoongk/lyrics/singer216-1.html HTTP/1.1" 200 9009 "http://www.comp.nus.edu.sg/~nghoongk/lyrics/" "Mozilla/4.0 (compatible; MSIE 5.5; Windows NT 5.0)" -
cache211.156ce.maxonline.com.sg - - [26/May/2004:01:03:43 +0800] "GET /~ngchinho/Avatar%20Store/spturn.gif HTTP/1.1" 404 315 "http://www.skateline.com.sg/cgi-bin/ikonboard/ikonboard.cgi?s=8c058696ad4376def7e62082bc874138;act=ST;f=3;t=108;st=0;r=1;&#entry6" "Mozilla/4.0 (compatible; MSIE 6.0; Windows NT 5.1; .NET CLR 1.1.4322)" 202.156.63.225
bagnolet-4-82-226-1-64.fbx.proxad.net - - [26/May/2004:01:03:44 +0800] "GET /~sunyuan/ HTTP/1.1" 200 3152 "-" "Mozilla/4.0 (compatible; MSIE 6.0; Windows NT 5.1)" -
p508cd6a2.dip0.t-ipconnect.de - - [26/May/2004:01:03:44 +0800] "GET /~sunyuan/images/main_r1_c1.gif HTTP/1.1" 200 155 "http://www.comp.nus.edu.sg/~sunyuan/main.html" "Mozilla/4.0 (compatible; MSIE 6.0; Windows NT 5.1)" -
p508cd6a2.dip0.t-ipconnect.de - - [26/May/2004:01:03:44 +0800] "GET /~sunyuan/images/main_r2_c1.gif HTTP/1.1" 200 226 "http://www.comp.nus.edu.sg/~sunyuan/main.html" "Mozilla/4.0 (compatible; MSIE 6.0; Windows NT 5.1)" -
p508cd6a2.dip0.t-ipconnect.de - - [26/May/2004:01:03:44 +0800] "GET /~sunyuan/images/main_r2_c6.gif HTTP/1.1" 200 1280 "http://www.comp.nus.edu.sg/~sunyuan/main.html" "Mozilla/4.0 (compatible; MSIE 6.0; Windows NT 5.1)" -
p508cd6a2.dip0.t-ipconnect.de - - [26/May/2004:01:03:45 +0800] "GET /~sunyuan/images/main_r2_c7.gif HTTP/1.1" 200 969 "http://www.comp.nus.edu.sg/~sunyuan/main.html" "Mozilla/4.0 (compatible; MSIE 6.0; Windows NT 5.1)" -
p508cd6a2.dip0.t-ipconnect.de - - [26/May/2004:01:03:45 +0800] "GET /~sunyuan/images/main_r3_c1.gif HTTP/1.1" 200 13300 "http://www.comp.nus.edu.sg/~sunyuan/main.html" "Mozilla/4.0 (compatible; MSIE 6.0; Windows NT 5.1)" -
ip503de5cf.speed.planet.nl - - [26/May/2004:01:03:45 +0800] "GET /~sunyuan/images/nemo.gif HTTP/1.1" 200 0 "http://harryweb.proboards21.com/index.cgi?board=harryjudd&action=display&num=1083957009" "Mozilla/4.0 (compatible; MSIE 6.0; Windows NT 5.1; FunWebProducts; Hotbar 4.4.6.0)" -
p508cd6a2.dip0.t-ipconnect.de - - [26/May/2004:01:03:46 +0800] "GET /~sunyuan/images/main_r4_c1.gif HTTP/1.1" 200 629 "http://www.comp.nus.edu.sg/~sunyuan/main.html" "Mozilla/4.0 (compatible; MSIE 6.0; Windows NT 5.1)" -
pirque.ing.puc.cl - - [26/May/2004:01:03:47 +0800] "GET /%7Eaplas/ HTTP/1.1" 200 386 "-" "Mozilla/4.0 (compatible; MSIE 6.0; Windows NT 5.0)" -
pirque.ing.puc.cl - - [26/May/2004:01:03:47 +0800] "GET /%7Eaplas/index-top.htm HTTP/1.1" 200 2572 "http://www.comp.nus.edu.sg/%7Eaplas/" "Mozilla/4.0 (compatible; MSIE 6.0; Windows NT 5.0)" -
p508cd6a2.dip0.t-ipconnect.de - - [26/May/2004:01:03:47 +0800] "GET /~sunyuan/images/main_r4_c2.gif HTTP/1.1" 200 1757 "http://www.comp.nus.edu.sg/~sunyuan/main.html" "Mozilla/4.0 (compatible; MSIE 6.0; Windows NT 5.1)" -
p508cd6a2.dip0.t-ipconnect.de - - [26/May/2004:01:03:48 +0800] "GET /~sunyuan/images/main_r5_c2.gif HTTP/1.1" 200 1489 "http://www.comp.nus.edu.sg/~sunyuan/main.html" "Mozilla/4.0 (compatible; MSIE 6.0; Windows NT 5.1)" -
pirque.ing.puc.cl - - [26/May/2004:01:03:49 +0800] "GET /%7Eaplas/main.htm HTTP/1.1" 200 15956 "http://www.comp.nus.edu.sg/%7Eaplas/" "Mozilla/4.0 (compatible; MSIE 6.0; Windows NT 5.0)" -
pirque.ing.puc.cl - - [26/May/2004:01:03:49 +0800] "GET /%7Eaplas/0,10855,1-0-16-94391-0,00.jpg HTTP/1.1" 200 6572 "http://www.comp.nus.edu.sg/%7Eaplas/main.htm" "Mozilla/4.0 (compatible; MSIE 6.0; Windows NT 5.0)" -
p508cd6a2.dip0.t-ipconnect.de - - [26/May/2004:01:03:49 +0800] "GET /~sunyuan/images/main_r6_c2.gif HTTP/1.1" 200 210 "http://www.comp.nus.edu.sg/~sunyuan/main.html" "Mozilla/4.0 (compatible; MSIE 6.0; Windows NT 5.1)" -
p508cd6a2.dip0.t-ipconnect.de - - [26/May/2004:01:03:49 +0800] "GET /~sunyuan/images/main_r4_c3.gif HTTP/1.1" 200 1481 "http://www.comp.nus.edu.sg/~sunyuan/main.html" "Mozilla/4.0 (compatible; MSIE 6.0; Windows NT 5.1)" -
p508cd6a2.dip0.t-ipconnect.de - - [26/May/2004:01:03:50 +0800] "GET /~sunyuan/images/main_r4_c4.gif HTTP/1.1" 200 9517 "http://www.comp.nus.edu.sg/~sunyuan/main.html" "Mozilla/4.0 (compatible; MSIE 6.0; Windows NT 5.1)" -
p508cd6a2.dip0.t-ipconnect.de - - [26/May/2004:01:03:50 +0800] "GET /~sunyuan/images/main_r4_c5.gif HTTP/1.1" 200 2230 "http://www.comp.nus.edu.sg/~sunyuan/main.html" "Mozilla/4.0 (compatible; MSIE 6.0; Windows NT 5.1)" -
ip503de5cf.speed.planet.nl - - [26/May/2004:01:03:51 +0800] "GET /~sunyuan/images/nemo.gif HTTP/1.1" 200 98407 "http://harryweb.proboards21.com/index.cgi?board=harryjudd&num=1083957009&action=display&start=75" "Mozilla/4.0 (compatible; MSIE 6.0; Windows NT 5.1; FunWebProducts; Hotbar 4.4.6.0)" -
p508cd6a2.dip0.t-ipconnect.de - - [26/May/2004:01:03:51 +0800] "GET /~sunyuan/images/main_r4_c6.gif HTTP/1.1" 200 2064 "http://www.comp.nus.edu.sg/~sunyuan/main.html" "Mozilla/4.0 (compatible; MSIE 6.0; Windows NT 5.1)" -
202.156.2.218 - - [26/May/2004:01:03:52 +0800] "GET /labs/chime HTTP/1.1" 301 330 "http://www.comp.nus.edu.sg/cs/research.html" "Mozilla/4.0 (compatible; MSIE 6.0; Windows NT 5.0)" 218.186.203.184
p508cd6a2.dip0.t-ipconnect.de - - [26/May/2004:01:03:52 +0800] "GET /~sunyuan/images/main_r7_c4.gif HTTP/1.1" 200 97 "http://www.comp.nus.edu.sg/~sunyuan/main.html" "Mozilla/4.0 (compatible; MSIE 6.0; Windows NT 5.1)" -
66.196.90.60 - - [26/May/2004:01:03:53 +0800] "GET /~linjing/cs1101l.html HTTP/1.0" 404 291 "-" "Mozilla/5.0 (compatible; Yahoo! Slurp; http://help.yahoo.com/help/us/ysearch/slurp)" -
202.156.2.218 - - [26/May/2004:01:03:53 +0800] "GET /labs/chime/ HTTP/1.1" 200 9115 "http://www.comp.nus.edu.sg/cs/research.html" "Mozilla/4.0 (compatible; MSIE 6.0; Windows NT 5.0)" 218.186.203.184
202.156.2.218 - - [26/May/2004:01:03:54 +0800] "GET /labs/chime/main.css HTTP/1.1" 200 1274 "http://www.comp.nus.edu.sg/labs/chime/" "Mozilla/4.0 (compatible; MSIE 6.0; Windows NT 5.0)" 218.186.203.184
p508cd6a2.dip0.t-ipconnect.de - - [26/May/2004:01:03:54 +0800] "GET /~sunyuan/images/main_r7_c2.gif HTTP/1.1" 200 116 "http://www.comp.nus.edu.sg/~sunyuan/main.html" "Mozilla/4.0 (compatible; MSIE 6.0; Windows NT 5.1)" -
202.156.2.218 - - [26/May/2004:01:03:54 +0800] "GET /images/menu/mf_visitors_f2.gif HTTP/1.1" 404 312 "http://www.comp.nus.edu.sg/labs/chime/" "Mozilla/4.0 (compatible; MSIE 6.0; Windows NT 5.0)" 218.186.203.184
202.156.2.218 - - [26/May/2004:01:03:54 +0800] "GET /images/menu/mf_visitors.gif HTTP/1.1" 404 309 "http://www.comp.nus.edu.sg/labs/chime/" "Mozilla/4.0 (compatible; MSIE 6.0; Windows NT 5.0)" 218.186.203.184
202.156.2.218 - - [26/May/2004:01:03:54 +0800] "GET /images/menu/mf_media.gif HTTP/1.1" 404 306 "http://www.comp.nus.edu.sg/labs/chime/" "Mozilla/4.0 (compatible; MSIE 6.0; Windows NT 5.0)" 218.186.203.184
202.156.2.218 - - [26/May/2004:01:03:54 +0800] "GET /images/menu/mf_media_f2.gif HTTP/1.1" 404 309 "http://www.comp.nus.edu.sg/labs/chime/" "Mozilla/4.0 (compatible; MSIE 6.0; Windows NT 5.0)" 218.186.203.184
202.156.2.218 - - [26/May/2004:01:03:54 +0800] "GET /images/menu/mf_partners.gif HTTP/1.1" 404 309 "http://www.comp.nus.edu.sg/labs/chime/" "Mozilla/4.0 (compatible; MSIE 6.0; Windows NT 5.0)" 218.186.203.184
202.156.2.218 - - [26/May/2004:01:03:54 +0800] "GET /images/menu/mf_partners_f2.gif HTTP/1.1" 404 312 "http://www.comp.nus.edu.sg/labs/chime/" "Mozilla/4.0 (compatible; MSIE 6.0; Windows NT 5.0)" 218.186.203.184
202.156.2.218 - - [26/May/2004:01:03:54 +0800] "GET /images/menu/mf_donors.gif HTTP/1.1" 404 307 "http://www.comp.nus.edu.sg/labs/chime/" "Mozilla/4.0 (compatible; MSIE 6.0; Windows NT 5.0)" 218.186.203.184
202.156.2.218 - - [26/May/2004:01:03:54 +0800] "GET /images/menu/mf_donors_f2.gif HTTP/1.1" 404 310 "http://www.comp.nus.edu.sg/labs/chime/" "Mozilla/4.0 (compatible; MSIE 6.0; Windows NT 5.0)" 218.186.203.184
202.156.2.218 - - [26/May/2004:01:03:55 +0800] "GET /images/menu/mf_alumni.gif HTTP/1.1" 404 307 "http://www.comp.nus.edu.sg/labs/chime/" "Mozilla/4.0 (compatible; MSIE 6.0; Windows NT 5.0)" 218.186.203.184
202.156.2.218 - - [26/May/2004:01:03:55 +0800] "GET /images/menu/mf_alumni_f2.gif HTTP/1.1" 404 310 "http://www.comp.nus.edu.sg/labs/chime/" "Mozilla/4.0 (compatible; MSIE 6.0; Windows NT 5.0)" 218.186.203.184
202.156.2.218 - - [26/May/2004:01:03:55 +0800] "GET /images/menu/mf_staff.gif HTTP/1.1" 404 306 "http://www.comp.nus.edu.sg/labs/chime/" "Mozilla/4.0 (compatible; MSIE 6.0; Windows NT 5.0)" 218.186.203.184
202.156.2.218 - - [26/May/2004:01:03:55 +0800] "GET /images/menu/mf_staff_f2.gif HTTP/1.1" 404 309 "http://www.comp.nus.edu.sg/labs/chime/" "Mozilla/4.0 (compatible; MSIE 6.0; Windows NT 5.0)" 218.186.203.184
202.156.2.218 - - [26/May/2004:01:03:55 +0800] "GET /images/menu/mf_students_f2.gif HTTP/1.1" 404 312 "http://www.comp.nus.edu.sg/labs/chime/" "Mozilla/4.0 (compatible; MSIE 6.0; Windows NT 5.0)" 218.186.203.184
202.156.2.218 - - [26/May/2004:01:03:55 +0800] "GET /images/menu/mf_students.gif HTTP/1.1" 404 309 "http://www.comp.nus.edu.sg/labs/chime/" "Mozilla/4.0 (compatible; MSIE 6.0; Windows NT 5.0)" 218.186.203.184
lj1077.inktomisearch.com - - [26/May/2004:01:03:55 +0800] "GET /~nghoongk/lyrics/singer251-1.html HTTP/1.0" 200 14389 "-" "Mozilla/5.0 (compatible; Yahoo! Slurp; http://help.yahoo.com/help/us/ysearch/slurp)" -
202.156.2.218 - - [26/May/2004:01:03:55 +0800] "GET /images/menu/mf_email_f2.gif HTTP/1.1" 404 309 "http://www.comp.nus.edu.sg/labs/chime/" "Mozilla/4.0 (compatible; MSIE 6.0; Windows NT 5.0)" 218.186.203.184
202.156.2.218 - - [26/May/2004:01:03:55 +0800] "GET /images/menu/mf_email.gif HTTP/1.1" 404 306 "http://www.comp.nus.edu.sg/labs/chime/" "Mozilla/4.0 (compatible; MSIE 6.0; Windows NT 5.0)" 218.186.203.184
202.156.2.218 - - [26/May/2004:01:03:55 +0800] "GET /labs/chime/images/nuslogohome.gif HTTP/1.1" 200 3584 "http://www.comp.nus.edu.sg/labs/chime/" "Mozilla/4.0 (compatible; MSIE 6.0; Windows NT 5.0)" 218.186.203.184
202.156.2.218 - - [26/May/2004:01:03:55 +0800] "GET /labs/chime/images/banner.jpg HTTP/1.1" 200 47434 "http://www.comp.nus.edu.sg/labs/chime/" "Mozilla/4.0 (compatible; MSIE 6.0; Windows NT 5.0)" 218.186.203.184
202.156.2.218 - - [26/May/2004:01:03:55 +0800] "GET /labs/chime/images/but_left.gif HTTP/1.1" 200 569 "http://www.comp.nus.edu.sg/labs/chime/" "Mozilla/4.0 (compatible; MSIE 6.0; Windows NT 5.0)" 218.186.203.184
202.156.2.218 - - [26/May/2004:01:03:55 +0800] "GET /labs/chime/images/but_home.gif HTTP/1.1" 200 936 "http://www.comp.nus.edu.sg/labs/chime/" "Mozilla/4.0 (compatible; MSIE 6.0; Windows NT 5.0)" 218.186.203.184
202.156.2.218 - - [26/May/2004:01:03:55 +0800] "GET /labs/chime/images/but_div.gif HTTP/1.1" 200 568 "http://www.comp.nus.edu.sg/labs/chime/" "Mozilla/4.0 (compatible; MSIE 6.0; Windows NT 5.0)" 218.186.203.184
p508b9537.dip0.t-ipconnect.de - - [26/May/2004:01:03:56 +0800] "GET /~sunyuan/images/nemo.gif HTTP/1.1" 304 - "http://knuddelscom.de/homepages/knuddels.de/hp/101/black%5Feyed%5Fpeas14.html" "Mozilla/4.0 (compatible; MSIE 6.0; Windows 98; 1&1 Internet AG by USt)" -
flash.ncnu.edu.tw - - [26/May/2004:01:03:57 +0800] "GET /~nghoongk/lyrics/m.gif HTTP/1.0" 200 872 "http://www.comp.nus.edu.sg/~nghoongk/lyrics/singer154-1.html" "Mozilla/4.0 (compatible; MSIE 6.0; Windows NT 5.1; FunWebProducts; KKman2.0)" 10.10.28.101
203.162.191.147 - - [26/May/2004:01:03:57 +0800] "GET /~nguyentu/nhactac/mp3ss2d.swf HTTP/1.1" 304 - "-" "Mozilla/4.0 (compatible; MSIE 6.0; Windows 98)" -
203.162.191.147 - - [26/May/2004:01:03:57 +0800] "GET /~nguyentu/nhactac/mp3ss1d.swf HTTP/1.1" 304 - "-" "Mozilla/4.0 (compatible; MSIE 6.0; Windows 98)" -
202.156.2.218 - - [26/May/2004:01:03:58 +0800] "GET /labs/chime/images/but_about.gif HTTP/1.1" 200 954 "http://www.comp.nus.edu.sg/labs/chime/" "Mozilla/4.0 (compatible; MSIE 6.0; Windows NT 5.0)" 218.186.203.184
202.156.2.218 - - [26/May/2004:01:03:58 +0800] "GET /labs/chime/images/but_research.gif HTTP/1.1" 200 1164 "http://www.comp.nus.edu.sg/labs/chime/" "Mozilla/4.0 (compatible; MSIE 6.0; Windows NT 5.0)" 218.186.203.184
203.162.191.147 - - [26/May/2004:01:03:58 +0800] "GET /~nguyentu/nhactac/mp3ss3d.swf HTTP/1.1" 304 - "-" "Mozilla/4.0 (compatible; MSIE 6.0; Windows 98)" -
203.162.191.147 - - [26/May/2004:01:03:58 +0800] "GET /~nguyentu/nhactac/mp3ss4d.swf HTTP/1.1" 304 - "-" "Mozilla/4.0 (compatible; MSIE 6.0; Windows 98)" -
202.156.2.218 - - [26/May/2004:01:03:58 +0800] "GET /labs/chime/images/but_contact.gif HTTP/1.1" 200 1092 "http://www.comp.nus.edu.sg/labs/chime/" "Mozilla/4.0 (compatible; MSIE 6.0; Windows NT 5.0)" 218.186.203.184
202.156.2.218 - - [26/May/2004:01:03:58 +0800] "GET /labs/chime/images/but_feedback.gif HTTP/1.1" 200 1212 "http://www.comp.nus.edu.sg/labs/chime/" "Mozilla/4.0 (compatible; MSIE 6.0; Windows NT 5.0)" 218.186.203.184
202.156.2.218 - - [26/May/2004:01:03:58 +0800] "GET /labs/chime/images/but_right.gif HTTP/1.1" 200 565 "http://www.comp.nus.edu.sg/labs/chime/" "Mozilla/4.0 (compatible; MSIE 6.0; Windows NT 5.0)" 218.186.203.184
203.162.191.147 - - [26/May/2004:01:03:58 +0800] "GET /~nguyentu/nhactac/mp3ss1d.swf HTTP/1.1" 304 - "-" "Mozilla/4.0 (compatible; MSIE 6.0; Windows 98)" -
203.162.191.147 - - [26/May/2004:01:03:58 +0800] "GET /~nguyentu/nhactac/mp3ss2d.swf HTTP/1.1" 304 - "-" "Mozilla/4.0 (compatible; MSIE 6.0; Windows 98)" -
202.156.2.218 - - [26/May/2004:01:03:59 +0800] "GET /labs/chime/images/logo.gif HTTP/1.1" 200 4258 "http://www.comp.nus.edu.sg/labs/chime/" "Mozilla/4.0 (compatible; MSIE 6.0; Windows NT 5.0)" 218.186.203.184
202.156.2.218 - - [26/May/2004:01:03:59 +0800] "GET /labs/chime/images/butBG.gif HTTP/1.1" 200 1124 "http://www.comp.nus.edu.sg/labs/chime/" "Mozilla/4.0 (compatible; MSIE 6.0; Windows NT 5.0)" 218.186.203.184
202.156.2.218 - - [26/May/2004:01:03:59 +0800] "GET /labs/chime/images/logoleft.jpg HTTP/1.1" 200 9085 "http://www.comp.nus.edu.sg/labs/chime/" "Mozilla/4.0 (compatible; MSIE 6.0; Windows NT 5.0)" 218.186.203.184
203.162.191.147 - - [26/May/2004:01:03:59 +0800] "GET /~nguyentu/nhactac/mp3ss3d.swf HTTP/1.1" 304 - "-" "Mozilla/4.0 (compatible; MSIE 6.0; Windows 98)" -
202.156.2.218 - - [26/May/2004:01:03:59 +0800] "GET /labs/chime/images/footbar.gif HTTP/1.1" 200 1679 "http://www.comp.nus.edu.sg/labs/chime/" "Mozilla/4.0 (compatible; MSIE 6.0; Windows NT 5.0)" 218.186.203.184
203.162.191.147 - - [26/May/2004:01:03:59 +0800] "GET /~nguyentu/nhactac/mp3ss4d.swf HTTP/1.1" 304 - "-" "Mozilla/4.0 (compatible; MSIE 6.0; Windows 98)" -
203.162.191.147 - - [26/May/2004:01:04:00 +0800] "GET /~nguyentu/nhactac/mp3ss1d.swf HTTP/1.1" 304 - "-" "Mozilla/4.0 (compatible; MSIE 6.0; Windows 98)" -
203.162.191.147 - - [26/May/2004:01:04:00 +0800] "GET /~nguyentu/nhactac/mp3ss2d.swf HTTP/1.1" 304 - "-" "Mozilla/4.0 (compatible; MSIE 6.0; Windows 98)" -
213-140-22-78.fastres.net - - [26/May/2004:01:04:00 +0800] "GET /~sunyuan/ HTTP/1.1" 200 3152 "http://images.google.it/imgres?imgurl=www.comp.nus.edu.sg/~sunyuan/images/nemo.gif&imgrefurl=http://www.comp.nus.edu.sg/~sunyuan/&h=248&w=275&sz=97&tbnid=2kEH2rEHlHsJ:&tbnh=98&tbnw=108&start=8&prev=/images%3Fq%3Dnemo%26hl%3Dit%26lr%3D%26ie%3DUTF-8" "Mozilla/4.0 (compatible; MSIE 6.0; Windows NT 5.0; .NET CLR 1.1.4322)" -
203.162.191.147 - - [26/May/2004:01:04:00 +0800] "GET /~nguyentu/nhactac/mp3ss3d.swf HTTP/1.1" 304 - "-" "Mozilla/4.0 (compatible; MSIE 6.0; Windows 98)" -
202.156.2.218 - - [26/May/2004:01:04:00 +0800] "GET /labs/chime/images/but_about0.gif HTTP/1.1" 200 942 "http://www.comp.nus.edu.sg/labs/chime/" "Mozilla/4.0 (compatible; MSIE 6.0; Windows NT 5.0)" 218.186.203.184
203.162.191.147 - - [26/May/2004:01:04:00 +0800] "GET /~nguyentu/nhactac/mp3ss4d.swf HTTP/1.1" 304 - "-" "Mozilla/4.0 (compatible; MSIE 6.0; Windows 98)" -
flash.ncnu.edu.tw - - [26/May/2004:01:04:00 +0800] "GET /~nghoongk/lyrics/singer154-1.html HTTP/1.0" 200 15472 "http://tw.search.yahoo.com/search/kimo?p=%AB%7E%ABa+%A8%AD%C3%E4" "Mozilla/4.0 (compatible; MSIE 6.0; Windows NT 5.1; FunWebProducts; KKman2.0)" 10.10.28.101
202.156.2.218 - - [26/May/2004:01:04:01 +0800] "GET /labs/chime/images/but_research0.gif HTTP/1.1" 200 1145 "http://www.comp.nus.edu.sg/labs/chime/" "Mozilla/4.0 (compatible; MSIE 6.0; Windows NT 5.0)" 218.186.203.184
213-140-22-78.fastres.net - - [26/May/2004:01:04:01 +0800] "GET /~sunyuan/images/nemo.gif HTTP/1.1" 304 - "http://images.google.it/imgres?imgurl=www.comp.nus.edu.sg/~sunyuan/images/nemo.gif&imgrefurl=http://www.comp.nus.edu.sg/~sunyuan/&h=248&w=275&sz=97&tbnid=2kEH2rEHlHsJ:&tbnh=98&tbnw=108&prev=/images%3Fq%3Dnemo%26hl%3Dit%26lr%3D%26ie%3DUTF-8&frame=small" "Mozilla/4.0 (compatible; MSIE 6.0; Windows NT 5.0; .NET CLR 1.1.4322)" -
203.162.191.147 - - [26/May/2004:01:04:01 +0800] "GET /~nguyentu/nhactac/mp3ss1d.swf HTTP/1.1" 304 - "-" "Mozilla/4.0 (compatible; MSIE 6.0; Windows 98)" -
203.162.191.147 - - [26/May/2004:01:04:01 +0800] "GET /~nguyentu/nhactac/mp3ss2d.swf HTTP/1.1" 304 - "-" "Mozilla/4.0 (compatible; MSIE 6.0; Windows 98)" -
202.156.2.218 - - [26/May/2004:01:04:01 +0800] "GET /labs/chime/images/but_people.gif HTTP/1.1" 200 1021 "http://www.comp.nus.edu.sg/labs/chime/" "Mozilla/4.0 (compatible; MSIE 6.0; Windows NT 5.0)" 218.186.203.184
202.156.2.218 - - [26/May/2004:01:04:01 +0800] "GET /images/menu/ma_nus.gif HTTP/1.1" 404 304 "http://www.comp.nus.edu.sg/labs/chime/" "Mozilla/4.0 (compatible; MSIE 6.0; Windows NT 5.0)" 218.186.203.184
202.156.2.218 - - [26/May/2004:01:04:01 +0800] "GET /images/menu/ma_nus_f2.gif HTTP/1.1" 404 307 "http://www.comp.nus.edu.sg/labs/chime/" "Mozilla/4.0 (compatible; MSIE 6.0; Windows NT 5.0)" 218.186.203.184
202.156.2.218 - - [26/May/2004:01:04:02 +0800] "GET /images/menu/ma_admis_f2.gif HTTP/1.1" 404 309 "http://www.comp.nus.edu.sg/labs/chime/" "Mozilla/4.0 (compatible; MSIE 6.0; Windows NT 5.0)" 218.186.203.184
202.156.2.218 - - [26/May/2004:01:04:02 +0800] "GET /images/menu/ma_admis.gif HTTP/1.1" 404 306 "http://www.comp.nus.edu.sg/labs/chime/" "Mozilla/4.0 (compatible; MSIE 6.0; Windows NT 5.0)" 218.186.203.184
203.162.191.147 - - [26/May/2004:01:04:02 +0800] "GET /~nguyentu/nhactac/mp3ss3d.swf HTTP/1.1" 304 - "-" "Mozilla/4.0 (compatible; MSIE 6.0; Windows 98)" -
202.156.2.218 - - [26/May/2004:01:04:02 +0800] "GET /images/menu/ma_courses.gif HTTP/1.1" 404 308 "http://www.comp.nus.edu.sg/labs/chime/" "Mozilla/4.0 (compatible; MSIE 6.0; Windows NT 5.0)" 218.186.203.184
202.156.2.218 - - [26/May/2004:01:04:02 +0800] "GET /images/menu/ma_courses_f2.gif HTTP/1.1" 404 311 "http://www.comp.nus.edu.sg/labs/chime/" "Mozilla/4.0 (compatible; MSIE 6.0; Windows NT 5.0)" 218.186.203.184
203.162.191.147 - - [26/May/2004:01:04:02 +0800] "GET /~nguyentu/nhactac/mp3ss4d.swf HTTP/1.1" 304 - "-" "Mozilla/4.0 (compatible; MSIE 6.0; Windows 98)" -
202.156.2.218 - - [26/May/2004:01:04:02 +0800] "GET /images/menu/ma_research.gif HTTP/1.1" 404 309 "http://www.comp.nus.edu.sg/labs/chime/" "Mozilla/4.0 (compatible; MSIE 6.0; Windows NT 5.0)" 218.186.203.184
203.162.156.95 - - [26/May/2004:01:04:02 +0800] "GET /~duongdan/images/utsig.jpg HTTP/1.1" 304 - "http://forum.vncnus.net/viewtopic.php?t=7790" "Mozilla/4.0 (compatible; MSIE 6.0; Windows NT 5.1)" -
203.162.156.95 - - [26/May/2004:01:04:02 +0800] "GET /~hinhtinh/images/mouse.gif HTTP/1.1" 206 2749 "http://forum.vncnus.net/viewtopic.php?t=7790" "Mozilla/4.0 (compatible; MSIE 6.0; Windows NT 5.1)" -
202.156.2.218 - - [26/May/2004:01:04:02 +0800] "GET /images/menu/ma_research_f2.gif HTTP/1.1" 404 312 "http://www.comp.nus.edu.sg/labs/chime/" "Mozilla/4.0 (compatible; MSIE 6.0; Windows NT 5.0)" 218.186.203.184
202.156.2.218 - - [26/May/2004:01:04:02 +0800] "GET /images/menu/ma_resrcs.gif HTTP/1.1" 404 307 "http://www.comp.nus.edu.sg/labs/chime/" "Mozilla/4.0 (compatible; MSIE 6.0; Windows NT 5.0)" 218.186.203.184
202.156.2.218 - - [26/May/2004:01:04:02 +0800] "GET /images/menu/ma_resrcs_f2.gif HTTP/1.1" 404 310 "http://www.comp.nus.edu.sg/labs/chime/" "Mozilla/4.0 (compatible; MSIE 6.0; Windows NT 5.0)" 218.186.203.184
202.156.2.218 - - [26/May/2004:01:04:02 +0800] "GET /images/menu/ma_services.gif HTTP/1.1" 404 309 "http://www.comp.nus.edu.sg/labs/chime/" "Mozilla/4.0 (compatible; MSIE 6.0; Windows NT 5.0)" 218.186.203.184
202.156.2.218 - - [26/May/2004:01:04:02 +0800] "GET /images/menu/ma_services_f2.gif HTTP/1.1" 404 312 "http://www.comp.nus.edu.sg/labs/chime/" "Mozilla/4.0 (compatible; MSIE 6.0; Windows NT 5.0)" 218.186.203.184
62.252.96.5 - - [26/May/2004:01:04:02 +0800] "GET /~dcheong/ HTTP/1.1" 404 291 "http://www.google.com/imgres?imgurl=www.comp.nus.edu.sg/~dcheong/ghost.jpg&imgrefurl=http://www.comp.nus.edu.sg/~dcheong/&h=600&w=800&sz=74&tbnid=EqAVt3UWRtMJ:&tbnh=106&tbnw=141&start=3&prev=/images%3Fq%3Dghost%26svnum%3D10%26hl%3Den%26lr%3D%26ie%3DUTF-8%26safe%3Doff%26sa%3DG" "Mozilla/4.0 (compatible; MSIE 6.0; Windows NT 5.1; DigExt)" 213.105.106.179
202.156.2.218 - - [26/May/2004:01:04:02 +0800] "GET /labs/chime/images/but_home0.gif HTTP/1.1" 200 930 "http://www.comp.nus.edu.sg/labs/chime/" "Mozilla/4.0 (compatible; MSIE 6.0; Windows NT 5.0)" 218.186.203.184
202.156.2.218 - - [26/May/2004:01:04:02 +0800] "GET /labs/chime/images/but_people0.gif HTTP/1.1" 200 996 "http://www.comp.nus.edu.sg/labs/chime/" "Mozilla/4.0 (compatible; MSIE 6.0; Windows NT 5.0)" 218.186.203.184
202.156.2.218 - - [26/May/2004:01:04:02 +0800] "GET /labs/chime/images/but_contact0.gif HTTP/1.1" 200 1071 "http://www.comp.nus.edu.sg/labs/chime/" "Mozilla/4.0 (compatible; MSIE 6.0; Windows NT 5.0)" 218.186.203.184
202.156.2.218 - - [26/May/2004:01:04:02 +0800] "GET /labs/chime/images/but_feedback0.gif HTTP/1.1" 200 1200 "http://www.comp.nus.edu.sg/labs/chime/" "Mozilla/4.0 (compatible; MSIE 6.0; Windows NT 5.0)" 218.186.203.184
bbcache-16.singnet.com.sg - - [26/May/2004:01:04:02 +0800] "GET /~leonghui/gentingtrip/144-4465_IMG.html HTTP/1.1" 200 2294 "-" "Mozilla/4.0 (compatible;)" 165.21.154.158
202.156.2.218 - - [26/May/2004:01:04:02 +0800] "GET /labs/chime/images/but_people0.gif HTTP/1.1" 304 - "http://www.comp.nus.edu.sg/labs/chime/" "Mozilla/4.0 (compatible; MSIE 6.0; Windows NT 5.0)" 218.186.203.184
202.156.2.218 - - [26/May/2004:01:04:03 +0800] "GET /labs/chime/people.html HTTP/1.1" 200 58556 "http://www.comp.nus.edu.sg/labs/chime/" "Mozilla/4.0 (compatible; MSIE 6.0; Windows NT 5.0)" 218.186.203.184
202.156.2.218 - - [26/May/2004:01:04:03 +0800] "GET /images/menu/mf_visitors.gif HTTP/1.1" 404 309 "http://www.comp.nus.edu.sg/labs/chime/people.html" "Mozilla/4.0 (compatible; MSIE 6.0; Windows NT 5.0)" 218.186.203.184
202.156.2.218 - - [26/May/2004:01:04:03 +0800] "GET /images/menu/mf_visitors_f2.gif HTTP/1.1" 404 312 "http://www.comp.nus.edu.sg/labs/chime/people.html" "Mozilla/4.0 (compatible; MSIE 6.0; Windows NT 5.0)" 218.186.203.184
62.252.96.5 - - [26/May/2004:01:04:03 +0800] "GET /~dcheong/ghost.jpg HTTP/1.1" 404 300 "http://www.google.com/imgres?imgurl=www.comp.nus.edu.sg/~dcheong/ghost.jpg&imgrefurl=http://www.comp.nus.edu.sg/~dcheong/&h=600&w=800&sz=74&tbnid=EqAVt3UWRtMJ:&tbnh=106&tbnw=141&prev=/images%3Fq%3Dghost%26svnum%3D10%26hl%3Den%26lr%3D%26ie%3DUTF-8%26safe%3Doff%26sa%3DG&frame=small" "Mozilla/4.0 (compatible; MSIE 6.0; Windows NT 5.1; DigExt)" 213.105.106.179
202.156.2.218 - - [26/May/2004:01:04:03 +0800] "GET /images/menu/mf_media.gif HTTP/1.1" 404 306 "http://www.comp.nus.edu.sg/labs/chime/people.html" "Mozilla/4.0 (compatible; MSIE 6.0; Windows NT 5.0)" 218.186.203.184
202.156.2.218 - - [26/May/2004:01:04:03 +0800] "GET /images/menu/mf_media_f2.gif HTTP/1.1" 404 309 "http://www.comp.nus.edu.sg/labs/chime/people.html" "Mozilla/4.0 (compatible; MSIE 6.0; Windows NT 5.0)" 218.186.203.184
202.156.2.218 - - [26/May/2004:01:04:03 +0800] "GET /images/menu/mf_partners_f2.gif HTTP/1.1" 404 312 "http://www.comp.nus.edu.sg/labs/chime/people.html" "Mozilla/4.0 (compatible; MSIE 6.0; Windows NT 5.0)" 218.186.203.184
202.156.2.218 - - [26/May/2004:01:04:03 +0800] "GET /images/menu/mf_partners.gif HTTP/1.1" 404 309 "http://www.comp.nus.edu.sg/labs/chime/people.html" "Mozilla/4.0 (compatible; MSIE 6.0; Windows NT 5.0)" 218.186.203.184
202.156.2.218 - - [26/May/2004:01:04:03 +0800] "GET /images/menu/mf_donors.gif HTTP/1.1" 404 307 "http://www.comp.nus.edu.sg/labs/chime/people.html" "Mozilla/4.0 (compatible; MSIE 6.0; Windows NT 5.0)" 218.186.203.184
202.156.2.218 - - [26/May/2004:01:04:03 +0800] "GET /images/menu/mf_donors_f2.gif HTTP/1.1" 404 310 "http://www.comp.nus.edu.sg/labs/chime/people.html" "Mozilla/4.0 (compatible; MSIE 6.0; Windows NT 5.0)" 218.186.203.184
202.156.2.218 - - [26/May/2004:01:04:03 +0800] "GET /images/menu/mf_alumni.gif HTTP/1.1" 404 307 "http://www.comp.nus.edu.sg/labs/chime/people.html" "Mozilla/4.0 (compatible; MSIE 6.0; Windows NT 5.0)" 218.186.203.184
202.156.2.218 - - [26/May/2004:01:04:03 +0800] "GET /images/menu/mf_alumni_f2.gif HTTP/1.1" 404 310 "http://www.comp.nus.edu.sg/labs/chime/people.html" "Mozilla/4.0 (compatible; MSIE 6.0; Windows NT 5.0)" 218.186.203.184
202.156.2.218 - - [26/May/2004:01:04:04 +0800] "GET /images/menu/mf_staff.gif HTTP/1.1" 404 306 "http://www.comp.nus.edu.sg/labs/chime/people.html" "Mozilla/4.0 (compatible; MSIE 6.0; Windows NT 5.0)" 218.186.203.184
202.156.2.218 - - [26/May/2004:01:04:04 +0800] "GET /images/menu/mf_staff_f2.gif HTTP/1.1" 404 309 "http://www.comp.nus.edu.sg/labs/chime/people.html" "Mozilla/4.0 (compatible; MSIE 6.0; Windows NT 5.0)" 218.186.203.184
202.156.2.218 - - [26/May/2004:01:04:04 +0800] "GET /images/menu/mf_students.gif HTTP/1.1" 404 309 "http://www.comp.nus.edu.sg/labs/chime/people.html" "Mozilla/4.0 (compatible; MSIE 6.0; Windows NT 5.0)" 218.186.203.184
202.156.2.218 - - [26/May/2004:01:04:04 +0800] "GET /images/menu/mf_students_f2.gif HTTP/1.1" 404 312 "http://www.comp.nus.edu.sg/labs/chime/people.html" "Mozilla/4.0 (compatible; MSIE 6.0; Windows NT 5.0)" 218.186.203.184
202.156.2.218 - - [26/May/2004:01:04:04 +0800] "GET /images/menu/mf_email.gif HTTP/1.1" 404 306 "http://www.comp.nus.edu.sg/labs/chime/people.html" "Mozilla/4.0 (compatible; MSIE 6.0; Windows NT 5.0)" 218.186.203.184
202.156.2.218 - - [26/May/2004:01:04:04 +0800] "GET /images/menu/mf_email_f2.gif HTTP/1.1" 404 309 "http://www.comp.nus.edu.sg/labs/chime/people.html" "Mozilla/4.0 (compatible; MSIE 6.0; Windows NT 5.0)" 218.186.203.184
202.156.2.218 - - [26/May/2004:01:04:04 +0800] "GET /labs/chime/images/top.gif HTTP/1.1" 200 1490 "http://www.comp.nus.edu.sg/labs/chime/people.html" "Mozilla/4.0 (compatible; MSIE 6.0; Windows NT 5.0)" 218.186.203.184
202.156.2.218 - - [26/May/2004:01:04:04 +0800] "GET /labs/chime/images/butDir.gif HTTP/1.1" 200 846 "http://www.comp.nus.edu.sg/labs/chime/people.html" "Mozilla/4.0 (compatible; MSIE 6.0; Windows NT 5.0)" 218.186.203.184
202.156.2.218 - - [26/May/2004:01:04:04 +0800] "GET /labs/chime/images/butDH.gif HTTP/1.1" 200 1007 "http://www.comp.nus.edu.sg/labs/chime/people.html" "Mozilla/4.0 (compatible; MSIE 6.0; Windows NT 5.0)" 218.186.203.184
202.156.2.218 - - [26/May/2004:01:04:04 +0800] "GET /labs/chime/images/butMem.gif HTTP/1.1" 200 855 "http://www.comp.nus.edu.sg/labs/chime/people.html" "Mozilla/4.0 (compatible; MSIE 6.0; Windows NT 5.0)" 218.186.203.184
202.156.2.218 - - [26/May/2004:01:04:04 +0800] "GET /labs/chime/images/butRT.gif HTTP/1.1" 200 893 "http://www.comp.nus.edu.sg/labs/chime/people.html" "Mozilla/4.0 (compatible; MSIE 6.0; Windows NT 5.0)" 218.186.203.184
202.156.2.218 - - [26/May/2004:01:04:04 +0800] "GET /labs/chime/images/butPS.gif HTTP/1.1" 200 1012 "http://www.comp.nus.edu.sg/labs/chime/people.html" "Mozilla/4.0 (compatible; MSIE 6.0; Windows NT 5.0)" 218.186.203.184
202.156.2.218 - - [26/May/2004:01:04:05 +0800] "GET /images/menu/ma_nus.gif HTTP/1.1" 404 304 "http://www.comp.nus.edu.sg/labs/chime/people.html" "Mozilla/4.0 (compatible; MSIE 6.0; Windows NT 5.0)" 218.186.203.184
202.156.2.218 - - [26/May/2004:01:04:05 +0800] "GET /images/menu/ma_nus_f2.gif HTTP/1.1" 404 307 "http://www.comp.nus.edu.sg/labs/chime/people.html" "Mozilla/4.0 (compatible; MSIE 6.0; Windows NT 5.0)" 218.186.203.184
202.156.2.218 - - [26/May/2004:01:04:05 +0800] "GET /images/menu/ma_admis.gif HTTP/1.1" 404 306 "http://www.comp.nus.edu.sg/labs/chime/people.html" "Mozilla/4.0 (compatible; MSIE 6.0; Windows NT 5.0)" 218.186.203.184
202.156.2.218 - - [26/May/2004:01:04:05 +0800] "GET /images/menu/ma_admis_f2.gif HTTP/1.1" 404 309 "http://www.comp.nus.edu.sg/labs/chime/people.html" "Mozilla/4.0 (compatible; MSIE 6.0; Windows NT 5.0)" 218.186.203.184
202.156.2.218 - - [26/May/2004:01:04:05 +0800] "GET /images/menu/ma_courses.gif HTTP/1.1" 404 308 "http://www.comp.nus.edu.sg/labs/chime/people.html" "Mozilla/4.0 (compatible; MSIE 6.0; Windows NT 5.0)" 218.186.203.184
202.156.2.218 - - [26/May/2004:01:04:05 +0800] "GET /images/menu/ma_courses_f2.gif HTTP/1.1" 404 311 "http://www.comp.nus.edu.sg/labs/chime/people.html" "Mozilla/4.0 (compatible; MSIE 6.0; Windows NT 5.0)" 218.186.203.184
202.156.2.218 - - [26/May/2004:01:04:05 +0800] "GET /images/menu/ma_research_f2.gif HTTP/1.1" 404 312 "http://www.comp.nus.edu.sg/labs/chime/people.html" "Mozilla/4.0 (compatible; MSIE 6.0; Windows NT 5.0)" 218.186.203.184
202.156.2.218 - - [26/May/2004:01:04:05 +0800] "GET /images/menu/ma_research.gif HTTP/1.1" 404 309 "http://www.comp.nus.edu.sg/labs/chime/people.html" "Mozilla/4.0 (compatible; MSIE 6.0; Windows NT 5.0)" 218.186.203.184
202.156.2.218 - - [26/May/2004:01:04:05 +0800] "GET /images/menu/ma_resrcs.gif HTTP/1.1" 404 307 "http://www.comp.nus.edu.sg/labs/chime/people.html" "Mozilla/4.0 (compatible; MSIE 6.0; Windows NT 5.0)" 218.186.203.184
202.156.2.218 - - [26/May/2004:01:04:05 +0800] "GET /images/menu/ma_resrcs_f2.gif HTTP/1.1" 404 310 "http://www.comp.nus.edu.sg/labs/chime/people.html" "Mozilla/4.0 (compatible; MSIE 6.0; Windows NT 5.0)" 218.186.203.184
202.156.2.218 - - [26/May/2004:01:04:05 +0800] "GET /images/menu/ma_services.gif HTTP/1.1" 404 309 "http://www.comp.nus.edu.sg/labs/chime/people.html" "Mozilla/4.0 (compatible; MSIE 6.0; Windows NT 5.0)" 218.186.203.184
202.156.2.218 - - [26/May/2004:01:04:05 +0800] "GET /images/menu/ma_services_f2.gif HTTP/1.1" 404 312 "http://www.comp.nus.edu.sg/labs/chime/people.html" "Mozilla/4.0 (compatible; MSIE 6.0; Windows NT 5.0)" 218.186.203.184
202.156.2.218 - - [26/May/2004:01:04:05 +0800] "GET /labs/chime/images/butDir0.gif HTTP/1.1" 200 1421 "http://www.comp.nus.edu.sg/labs/chime/people.html" "Mozilla/4.0 (compatible; MSIE 6.0; Windows NT 5.0)" 218.186.203.184
202.156.2.218 - - [26/May/2004:01:04:05 +0800] "GET /labs/chime/images/butDH0.gif HTTP/1.1" 200 2170 "http://www.comp.nus.edu.sg/labs/chime/people.html" "Mozilla/4.0 (compatible; MSIE 6.0; Windows NT 5.0)" 218.186.203.184
202.156.2.218 - - [26/May/2004:01:04:05 +0800] "GET /labs/chime/images/butMem0.gif HTTP/1.1" 200 1405 "http://www.comp.nus.edu.sg/labs/chime/people.html" "Mozilla/4.0 (compatible; MSIE 6.0; Windows NT 5.0)" 218.186.203.184
202.156.2.218 - - [26/May/2004:01:04:05 +0800] "GET /labs/chime/images/butRT0.gif HTTP/1.1" 200 1928 "http://www.comp.nus.edu.sg/labs/chime/people.html" "Mozilla/4.0 (compatible; MSIE 6.0; Windows NT 5.0)" 218.186.203.184
202.156.2.218 - - [26/May/2004:01:04:06 +0800] "GET /labs/chime/images/butPS0.gif HTTP/1.1" 200 2189 "http://www.comp.nus.edu.sg/labs/chime/people.html" "Mozilla/4.0 (compatible; MSIE 6.0; Windows NT 5.0)" 218.186.203.184
213-140-22-78.fastres.net - - [26/May/2004:01:04:06 +0800] "GET /~sunyuan/ HTTP/1.1" 200 3152 "http://images.google.it/imgres?imgurl=www.comp.nus.edu.sg/~sunyuan/images/nemo.gif&imgrefurl=http://www.comp.nus.edu.sg/~sunyuan/&h=248&w=275&sz=97&tbnid=2kEH2rEHlHsJ:&tbnh=98&tbnw=108&start=8&prev=/images%3Fq%3Dnemo%26hl%3Dit%26lr%3D%26ie%3DUTF-8" "Mozilla/4.0 (compatible; MSIE 6.0; Windows NT 5.0; .NET CLR 1.1.4322)" -
62.252.96.5 - - [26/May/2004:01:04:06 +0800] "GET /~dcheong/ HTTP/1.1" 404 291 "http://www.google.com/imgres?imgurl=www.comp.nus.edu.sg/~dcheong/ghost.jpg&imgrefurl=http://www.comp.nus.edu.sg/~dcheong/&h=600&w=800&sz=74&tbnid=EqAVt3UWRtMJ:&tbnh=106&tbnw=141&start=3&prev=/images%3Fq%3Dghost%26svnum%3D10%26hl%3Den%26lr%3D%26ie%3DUTF-8%26safe%3Doff%26sa%3DG" "Mozilla/4.0 (compatible; MSIE 6.0; Windows NT 5.1; DigExt)" 213.105.106.179
66.237.60.96 - - [26/May/2004:01:04:10 +0800] "GET /robots.txt HTTP/1.0" 404 280 "-" "Openfind data gatherer, Openbot/3.0+(robot-response@openfind.com.tw;+http://www.openfind.com.tw/robot.html)" -
xenon2.mot.upv.es - - [26/May/2004:01:04:10 +0800] "GET /~sunyuan/ HTTP/1.1" 200 3152 "http://images.google.es/imgres?imgurl=www.comp.nus.edu.sg/~sunyuan/images/nemo.gif&imgrefurl=http://www.comp.nus.edu.sg/~sunyuan/&h=248&w=275&sz=97&tbnid=2kEH2rEHlHsJ:&tbnh=98&tbnw=108&start=8&prev=/images%3Fq%3Dnemo%26hl%3Des%26lr%3D%26ie%3DUTF-8" "Mozilla/4.0 (compatible; MSIE 5.01; Windows NT 5.0)" -
xenon2.mot.upv.es - - [26/May/2004:01:04:11 +0800] "GET /~sunyuan/images/index_r1_c1.gif HTTP/1.1" 200 1887 "http://www.comp.nus.edu.sg/~sunyuan/" "Mozilla/4.0 (compatible; MSIE 5.01; Windows NT 5.0)" -
cache8.156ce.maxonline.com.sg - - [26/May/2004:01:04:11 +0800] "GET /~nguyentu/nhactac/mp3ss3d.swf HTTP/1.1" 304 - "-" "Mozilla/4.0 (compatible; MSIE 6.0; Windows NT 5.1)" 218.212.224.6
cache8.156ce.maxonline.com.sg - - [26/May/2004:01:04:11 +0800] "GET /~nguyentu/nhactac/mp3ss1d.swf HTTP/1.1" 304 - "-" "Mozilla/4.0 (compatible; MSIE 6.0; Windows NT 5.1)" 218.212.224.6
cache8.156ce.maxonline.com.sg - - [26/May/2004:01:04:11 +0800] "GET /~nguyentu/nhactac/mp3ss2d.swf HTTP/1.1" 304 - "-" "Mozilla/4.0 (compatible; MSIE 6.0; Windows NT 5.1)" 218.212.224.6
cache8.156ce.maxonline.com.sg - - [26/May/2004:01:04:11 +0800] "GET /~nguyentu/nhactac/mp3ss4d.swf HTTP/1.1" 304 - "-" "Mozilla/4.0 (compatible; MSIE 6.0; Windows NT 5.1)" 218.212.224.6
cache8.156ce.maxonline.com.sg - - [26/May/2004:01:04:11 +0800] "GET /~nguyentu/nhactac/mp3ss3d.swf HTTP/1.1" 304 - "-" "Mozilla/4.0 (compatible; MSIE 6.0; Windows NT 5.1)" 218.212.224.6
cache8.156ce.maxonline.com.sg - - [26/May/2004:01:04:11 +0800] "GET /~nguyentu/nhactac/mp3ss2d.swf HTTP/1.1" 304 - "-" "Mozilla/4.0 (compatible; MSIE 6.0; Windows NT 5.1)" 218.212.224.6
cache8.156ce.maxonline.com.sg - - [26/May/2004:01:04:11 +0800] "GET /~nguyentu/nhactac/mp3ss1d.swf HTTP/1.1" 304 - "-" "Mozilla/4.0 (compatible; MSIE 6.0; Windows NT 5.1)" 218.212.224.6
cache8.156ce.maxonline.com.sg - - [26/May/2004:01:04:12 +0800] "GET /~nguyentu/nhactac/mp3ss4d.swf HTTP/1.1" 304 - "-" "Mozilla/4.0 (compatible; MSIE 6.0; Windows NT 5.1)" 218.212.224.6
200.151.128.123 - - [26/May/2004:01:04:13 +0800] "GET /~sunyuan/images/index_r2_c3.gif HTTP/1.1" 200 11308 "http://www.comp.nus.edu.sg/~sunyuan/" "Mozilla/4.0 (compatible; MSIE 6.0; Windows NT 5.1)" -
200.151.128.123 - - [26/May/2004:01:04:13 +0800] "GET /~sunyuan/images/index_r2_c1.gif HTTP/1.1" 200 0 "http://www.comp.nus.edu.sg/~sunyuan/" "Mozilla/4.0 (compatible; MSIE 6.0; Windows NT 5.1)" -
xenon2.mot.upv.es - - [26/May/2004:01:04:13 +0800] "GET /~sunyuan/images/index_r2_c1.gif HTTP/1.1" 200 12459 "http://www.comp.nus.edu.sg/~sunyuan/" "Mozilla/4.0 (compatible; MSIE 5.01; Windows NT 5.0)" -
xenon2.mot.upv.es - - [26/May/2004:01:04:14 +0800] "GET /~sunyuan/images/nemo.gif HTTP/1.1" 200 32768 "http://www.comp.nus.edu.sg/~sunyuan/" "Mozilla/4.0 (compatible; MSIE 5.01; Windows NT 5.0)" -
xenon2.mot.upv.es - - [26/May/2004:01:04:14 +0800] "GET /~sunyuan/images/index_r2_c3.gif HTTP/1.1" 200 11308 "http://www.comp.nus.edu.sg/~sunyuan/" "Mozilla/4.0 (compatible; MSIE 5.01; Windows NT 5.0)" -
cache82.156ce.maxonline.com.sg - - [26/May/2004:01:04:14 +0800] "GET /~prashast/smurf2.JPG HTTP/1.1" 200 12026 "http://u1.swirve.com/scores.cgi?rc=779944" "Mozilla/4.0 (compatible; MSIE 6.0; Windows NT 5.1; i-NavFourF)" 218.186.71.174
194.205.226.68 - - [26/May/2004:01:04:14 +0800] "GET /~sunyuan/images/nemo.gif HTTP/1.0" 200 98407 "http://gt4oc.unstable.org.uk/viewtopic.php?t=10416&sid=9c765e688d8029124afc31bfcdf57521" "Mozilla/4.0 (compatible; MSIE 6.0; Windows NT 5.0)" -
203.162.156.95 - - [26/May/2004:01:04:15 +0800] "GET /~hinhtinh/images/heart.gif HTTP/1.1" 200 11229 "http://forum.vncnus.net/viewtopic.php?t=7790" "Mozilla/4.0 (compatible; MSIE 6.0; Windows NT 5.1)" -
xenon2.mot.upv.es - - [26/May/2004:01:04:15 +0800] "GET /~sunyuan/images/index_r3_c2.gif HTTP/1.1" 200 8177 "http://www.comp.nus.edu.sg/~sunyuan/" "Mozilla/4.0 (compatible; MSIE 5.01; Windows NT 5.0)" -
198.209.13.253 - - [26/May/2004:01:04:15 +0800] "GET /~sunyuan/ HTTP/1.0" 200 3140 "http://images.google.com/imgres?imgurl=www.comp.nus.edu.sg/~sunyuan/images/nemo.gif&imgrefurl=http://www.comp.nus.edu.sg/~sunyuan/&h=248&w=275&sz=97&tbnid=2kEH2rEHlHsJ:&tbnh=98&tbnw=108&start=8&prev=/images%3Fq%3DNemo%26hl%3Den%26lr%3D%26ie%3DUTF-8" "Mozilla/4.0 (compatible; MSIE 6.0; Windows NT 5.1; .NET CLR 1.1.4322)" -
proxy-5v.club-internet.fr - - [26/May/2004:01:04:16 +0800] "GET /~sunyuan/ HTTP/1.1" 200 3152 "http://images.google.fr/imgres?imgurl=www.comp.nus.edu.sg/~sunyuan/images/nemo.gif&imgrefurl=http://www.comp.nus.edu.sg/~sunyuan/&h=248&w=275&sz=97&tbnid=2kEH2rEHlHsJ:&tbnh=98&tbnw=108&start=3&prev=/images%3Fq%3Dn%25C3%25A9mo%26hl%3Dfr%26lr%3D%26ie%3DUTF-8" "Mozilla/4.0 (compatible; MSIE 5.5; Windows 98)" 212.195.5.196
198.209.13.253 - - [26/May/2004:01:04:17 +0800] "GET /~sunyuan/images/nemo.gif HTTP/1.0" 200 98407 "http://images.google.com/imgres?imgurl=www.comp.nus.edu.sg/~sunyuan/images/nemo.gif&imgrefurl=http://www.comp.nus.edu.sg/~sunyuan/&h=248&w=275&sz=97&tbnid=2kEH2rEHlHsJ:&tbnh=98&tbnw=108&prev=/images%3Fq%3DNemo%26hl%3Den%26lr%3D%26ie%3DUTF-8&frame=small" "Mozilla/4.0 (compatible; MSIE 6.0; Windows NT 5.1; .NET CLR 1.1.4322)" -
proxy-5v.club-internet.fr - - [26/May/2004:01:04:18 +0800] "GET /~sunyuan/images/index_r1_c1.gif HTTP/1.1" 200 1887 "http://www.comp.nus.edu.sg/~sunyuan/" "Mozilla/4.0 (compatible; MSIE 5.5; Windows 98)" 212.195.5.196
xenon2.mot.upv.es - - [26/May/2004:01:04:18 +0800] "GET /~sunyuan/images/nemo.gif HTTP/1.1" 200 98407 "http://www.comp.nus.edu.sg/~sunyuan/" "Mozilla/4.0 (compatible; MSIE 5.01; Windows NT 5.0)" -
nat2.northshorelij.com - - [26/May/2004:01:04:19 +0800] "GET /~nghoongk/lyrics/singer235-1.html HTTP/1.1" 200 15368 "http://www.comp.nus.edu.sg/~nghoongk/lyrics/" "Mozilla/4.0 (compatible; MSIE 5.5; Windows NT 5.0)" -
proxy-5v.club-internet.fr - - [26/May/2004:01:04:19 +0800] "GET /~sunyuan/images/index_r2_c1.gif HTTP/1.1" 200 12459 "http://www.comp.nus.edu.sg/~sunyuan/" "Mozilla/4.0 (compatible; MSIE 5.5; Windows 98)" 212.195.5.196
proxy-5v.club-internet.fr - - [26/May/2004:01:04:19 +0800] "GET /~sunyuan/images/index_r2_c3.gif HTTP/1.1" 200 11308 "http://www.comp.nus.edu.sg/~sunyuan/" "Mozilla/4.0 (compatible; MSIE 5.5; Windows 98)" 212.195.5.196
172.18.206.33 - - [26/May/2004:01:04:19 +0800] "GET /cgi-bin/pagecount HTTP/1.1" 200 205 "-" "Mozilla/4.0 (compatible; MSIE 6.0; Windows NT 5.1)" -
proxy-5v.club-internet.fr - - [26/May/2004:01:04:19 +0800] "GET /~sunyuan/images/index_r3_c2.gif HTTP/1.1" 200 8177 "http://www.comp.nus.edu.sg/~sunyuan/" "Mozilla/4.0 (compatible; MSIE 5.5; Windows 98)" 212.195.5.196
xenon2.mot.upv.es - - [26/May/2004:01:04:19 +0800] "GET /~sunyuan/images/index_r2_c2_f2.gif HTTP/1.1" 200 23678 "http://www.comp.nus.edu.sg/~sunyuan/" "Mozilla/4.0 (compatible; MSIE 5.01; Windows NT 5.0)" -
ppp130.freed.dti.ne.jp - - [26/May/2004:01:04:19 +0800] "GET /~nghoongk/lyrics/m.gif HTTP/1.1" 304 - "http://www.comp.nus.edu.sg/~nghoongk/lyrics/index.html" "Mozilla/4.0 (compatible; MSIE 6.0; Windows NT 5.0; .NET CLR 1.0.3705; .NET CLR 1.1.4322)" -
ppp130.freed.dti.ne.jp - - [26/May/2004:01:04:20 +0800] "GET /~nghoongk/lyrics/c.gif HTTP/1.1" 304 - "http://www.comp.nus.edu.sg/~nghoongk/lyrics/index.html" "Mozilla/4.0 (compatible; MSIE 6.0; Windows NT 5.0; .NET CLR 1.0.3705; .NET CLR 1.1.4322)" -
ppp130.freed.dti.ne.jp - - [26/May/2004:01:04:21 +0800] "GET /~nghoongk/lyrics/o.gif HTTP/1.1" 304 - "http://www.comp.nus.edu.sg/~nghoongk/lyrics/index.html" "Mozilla/4.0 (compatible; MSIE 6.0; Windows NT 5.0; .NET CLR 1.0.3705; .NET CLR 1.1.4322)" -
bb220-255-52-209.singnet.com.sg - - [26/May/2004:01:04:21 +0800] "GET /~pidezhan/images/yuan.gif HTTP/1.1" 200 3439 "http://www.singaporebikes.com/forum/index.php?showtopic=38692" "Mozilla/4.0 (compatible; MSIE 5.5; Windows 98; Win 9x 4.90)" -
ppp130.freed.dti.ne.jp - - [26/May/2004:01:04:22 +0800] "GET /~nghoongk/lyrics/index.html HTTP/1.1" 200 59710 "-" "Mozilla/4.0 (compatible; MSIE 6.0; Windows NT 5.0; .NET CLR 1.0.3705; .NET CLR 1.1.4322)" -
sw59-146-37.adsl.seed.net.tw - - [26/May/2004:01:04:23 +0800] "GET /~nghoongk/lyrics/m.gif HTTP/1.1" 200 872 "http://www.comp.nus.edu.sg/~nghoongk/lyrics/singer260-1.html" "Mozilla/4.0 (compatible; MSIE 6.0; Windows NT 5.1; KKman2.0)" -
sw59-146-37.adsl.seed.net.tw - - [26/May/2004:01:04:23 +0800] "GET /~nghoongk/lyrics/singer260-1.html HTTP/1.1" 200 11280 "http://www.google.com.tw/search?q=%E9%99%B3%E6%98%87%EF%BC%8Csummer%EF%BC%8C%E6%AD%8C%E8%A9%9E&ie=UTF-8&hl=zh-TW&lr=" "Mozilla/4.0 (compatible; MSIE 6.0; Windows NT 5.1; KKman2.0)" -
172.18.206.33 - - [26/May/2004:01:04:24 +0800] "GET /cgi-bin HTTP/1.1" 404 289 "-" "Mozilla/4.0 (compatible; MSIE 6.0; Windows NT 5.1)" -
198.209.13.253 - - [26/May/2004:01:04:26 +0800] "GET /~sunyuan/images/nemo.gif HTTP/1.0" 200 98407 "-" "Mozilla/4.0 (compatible; MSIE 6.0; Windows NT 5.1; .NET CLR 1.1.4322)" -
198.209.13.253 - - [26/May/2004:01:04:26 +0800] "GET /~sunyuan/images/nemo.gif HTTP/1.0" 200 98407 "-" "Mozilla/4.0 (compatible; MSIE 6.0; Windows NT 5.1; .NET CLR 1.1.4322)" -
202.156.2.218 - - [26/May/2004:01:04:27 +0800] "GET /images/menu/mf_visitors.gif HTTP/1.1" 404 309 "http://www.comp.nus.edu.sg/labs/chime/" "Mozilla/4.0 (compatible; MSIE 6.0; Windows NT 5.0)" 218.186.203.184
202.156.2.218 - - [26/May/2004:01:04:27 +0800] "GET /images/menu/mf_visitors_f2.gif HTTP/1.1" 404 312 "http://www.comp.nus.edu.sg/labs/chime/" "Mozilla/4.0 (compatible; MSIE 6.0; Windows NT 5.0)" 218.186.203.184
202.156.2.218 - - [26/May/2004:01:04:27 +0800] "GET /images/menu/mf_media_f2.gif HTTP/1.1" 404 309 "http://www.comp.nus.edu.sg/labs/chime/" "Mozilla/4.0 (compatible; MSIE 6.0; Windows NT 5.0)" 218.186.203.184
202.156.2.218 - - [26/May/2004:01:04:27 +0800] "GET /images/menu/mf_media.gif HTTP/1.1" 404 306 "http://www.comp.nus.edu.sg/labs/chime/" "Mozilla/4.0 (compatible; MSIE 6.0; Windows NT 5.0)" 218.186.203.184
202.156.2.218 - - [26/May/2004:01:04:28 +0800] "GET /images/menu/mf_partners.gif HTTP/1.1" 404 309 "http://www.comp.nus.edu.sg/labs/chime/" "Mozilla/4.0 (compatible; MSIE 6.0; Windows NT 5.0)" 218.186.203.184
202.156.2.218 - - [26/May/2004:01:04:28 +0800] "GET /images/menu/mf_partners_f2.gif HTTP/1.1" 404 312 "http://www.comp.nus.edu.sg/labs/chime/" "Mozilla/4.0 (compatible; MSIE 6.0; Windows NT 5.0)" 218.186.203.184
202.156.2.218 - - [26/May/2004:01:04:28 +0800] "GET /images/menu/mf_donors.gif HTTP/1.1" 404 307 "http://www.comp.nus.edu.sg/labs/chime/" "Mozilla/4.0 (compatible; MSIE 6.0; Windows NT 5.0)" 218.186.203.184
202.156.2.218 - - [26/May/2004:01:04:28 +0800] "GET /images/menu/mf_donors_f2.gif HTTP/1.1" 404 310 "http://www.comp.nus.edu.sg/labs/chime/" "Mozilla/4.0 (compatible; MSIE 6.0; Windows NT 5.0)" 218.186.203.184
202.156.2.218 - - [26/May/2004:01:04:28 +0800] "GET /images/menu/mf_alumni.gif HTTP/1.1" 404 307 "http://www.comp.nus.edu.sg/labs/chime/" "Mozilla/4.0 (compatible; MSIE 6.0; Windows NT 5.0)" 218.186.203.184
202.156.2.218 - - [26/May/2004:01:04:28 +0800] "GET /images/menu/mf_alumni_f2.gif HTTP/1.1" 404 310 "http://www.comp.nus.edu.sg/labs/chime/" "Mozilla/4.0 (compatible; MSIE 6.0; Windows NT 5.0)" 218.186.203.184
202.156.2.218 - - [26/May/2004:01:04:28 +0800] "GET /images/menu/mf_staff.gif HTTP/1.1" 404 306 "http://www.comp.nus.edu.sg/labs/chime/" "Mozilla/4.0 (compatible; MSIE 6.0; Windows NT 5.0)" 218.186.203.184
202.156.2.218 - - [26/May/2004:01:04:28 +0800] "GET /images/menu/mf_staff_f2.gif HTTP/1.1" 404 309 "http://www.comp.nus.edu.sg/labs/chime/" "Mozilla/4.0 (compatible; MSIE 6.0; Windows NT 5.0)" 218.186.203.184
202.156.2.218 - - [26/May/2004:01:04:28 +0800] "GET /images/menu/mf_students_f2.gif HTTP/1.1" 404 312 "http://www.comp.nus.edu.sg/labs/chime/" "Mozilla/4.0 (compatible; MSIE 6.0; Windows NT 5.0)" 218.186.203.184
202.156.2.218 - - [26/May/2004:01:04:28 +0800] "GET /images/menu/mf_students.gif HTTP/1.1" 404 309 "http://www.comp.nus.edu.sg/labs/chime/" "Mozilla/4.0 (compatible; MSIE 6.0; Windows NT 5.0)" 218.186.203.184
202.156.2.218 - - [26/May/2004:01:04:28 +0800] "GET /images/menu/mf_email.gif HTTP/1.1" 404 306 "http://www.comp.nus.edu.sg/labs/chime/" "Mozilla/4.0 (compatible; MSIE 6.0; Windows NT 5.0)" 218.186.203.184
202.156.2.218 - - [26/May/2004:01:04:28 +0800] "GET /images/menu/mf_email_f2.gif HTTP/1.1" 404 309 "http://www.comp.nus.edu.sg/labs/chime/" "Mozilla/4.0 (compatible; MSIE 6.0; Windows NT 5.0)" 218.186.203.184
dup-148-221-223-64.prodigy.net.mx - - [26/May/2004:01:04:29 +0800] "GET /~sunyuan/images/nemo.gif HTTP/1.1" 200 98407 "http://images.google.com.mx/imgres?imgurl=www.comp.nus.edu.sg/~sunyuan/images/nemo.gif&imgrefurl=http://www.comp.nus.edu.sg/~sunyuan/&h=248&w=275&sz=97&tbnid=2kEH2rEHlHsJ:&tbnh=98&tbnw=108&prev=/images%3Fq%3Dnemo%26hl%3Des%26lr%3D%26ie%3DUTF-8&frame=small" "Mozilla/4.0 (compatible; MSIE 6.0; Windows NT 5.1)" -
