66.230.19.37 - - [26/May/2004:01:00:02 +0800] "GET /~ssung/research/_derived/research.htm_cmp_Edge110_hbtn.gif HTTP/1.1" 200 266 "http://www.comp.nus.edu.sg/~ssung/research/Association_Rule.htm" "Mozilla/4.0 (compatible; MSIE 6.0; Windows NT 5.1)" -
66.230.19.37 - - [26/May/2004:01:00:02 +0800] "GET /~ssung/research/_derived/research.htm_cmp_Edge110_hbtn_a.gif HTTP/1.1" 200 275 "http://www.comp.nus.edu.sg/~ssung/research/Association_Rule.htm" "Mozilla/4.0 (compatible; MSIE 6.0; Windows NT 5.1)" -
host-148-244-66-21.block.alestra.net.mx - - [26/May/2004:01:00:02 +0800] "GET /~lowsokhu/lalaland/bachelor/css4.css HTTP/1.1" 200 362 "http://www.comp.nus.edu.sg/~lowsokhu/lalaland/bachelor/Contestant4.html" "Mozilla/4.0 (compatible; MSIE 6.0; Windows NT 5.1; Hotbar 4.4.7.0; .NET CLR 1.1.4322)" -
sf0.comp.nus.edu.sg - - [26/May/2004:01:00:02 +0800] "GET /%7Eonline/course_list/courses.html HTTP/1.0" 200 61500 "-" "Wget/1.8.2" -
66.230.19.37 - - [26/May/2004:01:00:02 +0800] "GET /~ssung/research/_derived/Presentations.htm_cmp_Edge110_hbtn.gif HTTP/1.1" 200 296 "http://www.comp.nus.edu.sg/~ssung/research/Association_Rule.htm" "Mozilla/4.0 (compatible; MSIE 6.0; Windows NT 5.1)" -
061093055218.ctinets.com - - [26/May/2004:01:00:03 +0800] "GET /~nghoongk/lyrics/m.gif HTTP/1.0" 200 872 "http://www.comp.nus.edu.sg/~nghoongk/lyrics/singer495-1.html" "Mozilla/4.0 (compatible; MSIE 6.0; Windows 98; FunWebProducts)" -
66.230.19.37 - - [26/May/2004:01:00:03 +0800] "GET /~ssung/research/_derived/Presentations.htm_cmp_Edge110_hbtn_a.gif HTTP/1.1" 200 304 "http://www.comp.nus.edu.sg/~ssung/research/Association_Rule.htm" "Mozilla/4.0 (compatible; MSIE 6.0; Windows NT 5.1)" -
66.230.19.37 - - [26/May/2004:01:00:03 +0800] "GET /~ssung/research/_derived/ReadingList.htm_cmp_Edge110_hbtn.gif HTTP/1.1" 200 291 "http://www.comp.nus.edu.sg/~ssung/research/Association_Rule.htm" "Mozilla/4.0 (compatible; MSIE 6.0; Windows NT 5.1)" -
66.230.19.37 - - [26/May/2004:01:00:03 +0800] "GET /~ssung/research/_derived/ReadingList.htm_cmp_Edge110_hbtn_a.gif HTTP/1.1" 200 305 "http://www.comp.nus.edu.sg/~ssung/research/Association_Rule.htm" "Mozilla/4.0 (compatible; MSIE 6.0; Windows NT 5.1)" -
66.230.19.37 - - [26/May/2004:01:00:03 +0800] "GET /~ssung/research/Association_Rule.htm HTTP/1.1" 200 32326 "-" "Mozilla/4.0 (compatible; MSIE 6.0; Windows NT 5.1)" -
219.238.142.9 - - [26/May/2004:01:00:03 +0800] "GET /~tutorial/strbkgde.gif HTTP/1.1" 404 304 "http://www.comp.nus.edu.sg/~tutorial/" "Mozilla/4.0 (compatible; MSIE 6.0; Windows NT 5.1)" -
66.230.19.37 - - [26/May/2004:01:00:03 +0800] "GET /~ssung/research/_derived/previous_projects.htm_cmp_Edge110_hbtn.gif HTTP/1.1" 200 323 "http://www.comp.nus.edu.sg/~ssung/research/Association_Rule.htm" "Mozilla/4.0 (compatible; MSIE 6.0; Windows NT 5.1)" -
66.230.19.37 - - [26/May/2004:01:00:04 +0800] "GET /~ssung/research/_derived/previous_projects.htm_cmp_Edge110_hbtn_a.gif HTTP/1.1" 200 331 "http://www.comp.nus.edu.sg/~ssung/research/Association_Rule.htm" "Mozilla/4.0 (compatible; MSIE 6.0; Windows NT 5.1)" -
cache146.156ce.maxonline.com.sg - - [26/May/2004:01:00:04 +0800] "GET /~limlihan HTTP/1.1" 301 329 "-" "Mozilla/4.0 (compatible; MSIE 6.0; Windows NT 5.1)" 218.186.20.106
cache146.156ce.maxonline.com.sg - - [26/May/2004:01:00:04 +0800] "GET /~limlihan/ HTTP/1.1" 200 3983 "-" "Mozilla/4.0 (compatible; MSIE 6.0; Windows NT 5.1)" 218.186.20.106
66.230.19.37 - - [26/May/2004:01:00:04 +0800] "GET /~ssung/research/_derived/Association_Rule.htm_cmp_Edge110_hbtn_p.gif HTTP/1.1" 200 303 "http://www.comp.nus.edu.sg/~ssung/research/Association_Rule.htm" "Mozilla/4.0 (compatible; MSIE 6.0; Windows NT 5.1)" -
66.230.19.37 - - [26/May/2004:01:00:04 +0800] "GET /~ssung/images/hyperlink.jpg HTTP/1.1" 200 580 "http://www.comp.nus.edu.sg/~ssung/research/Association_Rule.htm" "Mozilla/4.0 (compatible; MSIE 6.0; Windows NT 5.1)" -
219.238.142.9 - - [26/May/2004:01:00:04 +0800] "GET /~tutorial/sbanner.gif HTTP/1.1" 304 - "http://www.comp.nus.edu.sg/~tutorial/" "Mozilla/4.0 (compatible; MSIE 6.0; Windows NT 5.1)" -
219.238.142.9 - - [26/May/2004:01:00:04 +0800] "GET /~tutorial/ HTTP/1.1" 200 13466 "-" "Mozilla/4.0 (compatible; MSIE 6.0; Windows NT 5.1)" -
host-148-244-66-21.block.alestra.net.mx - - [26/May/2004:01:00:04 +0800] "GET /~lowsokhu/images/lalaland/bachelor/contestant4/divider.GIF HTTP/1.1" 200 2305 "http://www.comp.nus.edu.sg/~lowsokhu/lalaland/bachelor/Contestant4.html" "Mozilla/4.0 (compatible; MSIE 6.0; Windows NT 5.1; Hotbar 4.4.7.0; .NET CLR 1.1.4322)" -
221.133.11.215 - - [26/May/2004:01:00:05 +0800] "GET /~huynhdan/me3.gif HTTP/1.1" 304 - "http://12a4.linhhotel.com/index.php?act=ST&f=19&t=886&s=" "Mozilla/4.0 (compatible; MSIE 6.0; Windows 98)" -
221.133.11.215 - - [26/May/2004:01:00:05 +0800] "GET /~tranviet/buxu.jpg HTTP/1.1" 304 - "http://12a4.linhhotel.com/index.php?act=ST&f=19&t=886&s=" "Mozilla/4.0 (compatible; MSIE 6.0; Windows 98)" -
cache146.156ce.maxonline.com.sg - - [26/May/2004:01:00:05 +0800] "GET /~limlihan/images/background.gif HTTP/1.1" 304 - "http://www.comp.nus.edu.sg/~limlihan/" "Mozilla/4.0 (compatible; MSIE 6.0; Windows NT 5.1)" 218.186.20.106
219.238.142.9 - - [26/May/2004:01:00:05 +0800] "GET /~tutorial/piyo.gif HTTP/1.1" 304 - "http://www.comp.nus.edu.sg/~tutorial/" "Mozilla/4.0 (compatible; MSIE 6.0; Windows NT 5.1)" -
cache146.156ce.maxonline.com.sg - - [26/May/2004:01:00:05 +0800] "GET /~limlihan/journal.htm HTTP/1.1" 200 1743 "http://www.comp.nus.edu.sg/~limlihan/" "Mozilla/4.0 (compatible; MSIE 6.0; Windows NT 5.1)" 218.186.20.106
cache146.156ce.maxonline.com.sg - - [26/May/2004:01:00:05 +0800] "GET /~limlihan/images/birthday_pig_cake_md_blk.gif HTTP/1.1" 304 - "http://www.comp.nus.edu.sg/~limlihan/journal.htm" "Mozilla/4.0 (compatible; MSIE 6.0; Windows NT 5.1)" 218.186.20.106
219.238.142.9 - - [26/May/2004:01:00:05 +0800] "GET /~tutorial/info012.gif HTTP/1.1" 304 - "http://www.comp.nus.edu.sg/~tutorial/" "Mozilla/4.0 (compatible; MSIE 6.0; Windows NT 5.1)" -
cache146.156ce.maxonline.com.sg - - [26/May/2004:01:00:05 +0800] "GET /~limlihan/images/satchel.jpg HTTP/1.1" 304 - "http://www.comp.nus.edu.sg/~limlihan/journal.htm" "Mozilla/4.0 (compatible; MSIE 6.0; Windows NT 5.1)" 218.186.20.106
cache146.156ce.maxonline.com.sg - - [26/May/2004:01:00:05 +0800] "GET /~limlihan/lilfrnds.wav HTTP/1.1" 304 - "-" "contype" 218.186.20.106
cache-loh-aa04.proxy.aol.com - - [26/May/2004:01:00:06 +0800] "GET /~nghoongk/lyrics/singer178-2.html HTTP/1.1" 200 8496 "http://www.comp.nus.edu.sg/~nghoongk/lyrics/singer178-1.html" "Mozilla/4.0 (compatible; MSIE 6.0; AOL 9.0; Windows NT 5.0)" -
219.238.142.9 - - [26/May/2004:01:00:06 +0800] "GET /~tutorial/mail-qzh.gif HTTP/1.1" 304 - "http://www.comp.nus.edu.sg/~tutorial/" "Mozilla/4.0 (compatible; MSIE 6.0; Windows NT 5.1)" -
bbcache-10.singnet.com.sg - - [26/May/2004:01:00:06 +0800] "GET /%7Eangboonw/glink.htm HTTP/1.1" 200 803 "-" "Mozilla/4.0 (compatible;)" 165.21.154.155
host-148-244-66-21.block.alestra.net.mx - - [26/May/2004:01:00:06 +0800] "GET /~lowsokhu/images/lalaland/bachelor/contestant4/linghuchong2.jpg HTTP/1.1" 200 27449 "http://www.comp.nus.edu.sg/~lowsokhu/lalaland/bachelor/Contestant4.html" "Mozilla/4.0 (compatible; MSIE 6.0; Windows NT 5.1; Hotbar 4.4.7.0; .NET CLR 1.1.4322)" -
nat2.northshorelij.com - - [26/May/2004:01:00:07 +0800] "GET /~nghoongk/lyrics/m.gif HTTP/1.1" 200 872 "http://www.comp.nus.edu.sg/~nghoongk/lyrics/" "Mozilla/4.0 (compatible; MSIE 5.5; Windows NT 5.0)" -
153.20.95.69 - - [26/May/2004:01:00:07 +0800] "GET / HTTP/1.1" 200 8789 "-" "Mozilla/4.0 (compatible; MSIE 6.0; Windows NT 5.1; yie6; .NET CLR 1.1.4322)" 153.20.91.21
nat2.northshorelij.com - - [26/May/2004:01:00:07 +0800] "GET /~nghoongk/lyrics/c.gif HTTP/1.1" 200 870 "http://www.comp.nus.edu.sg/~nghoongk/lyrics/" "Mozilla/4.0 (compatible; MSIE 5.5; Windows NT 5.0)" -
nat2.northshorelij.com - - [26/May/2004:01:00:07 +0800] "GET /~nghoongk/lyrics/o.gif HTTP/1.1" 200 907 "http://www.comp.nus.edu.sg/~nghoongk/lyrics/" "Mozilla/4.0 (compatible; MSIE 5.5; Windows NT 5.0)" -
nat2.northshorelij.com - - [26/May/2004:01:00:08 +0800] "GET /~nghoongk/lyrics/ HTTP/1.1" 200 59710 "http://www.google.com/search?hl=en&ie=UTF-8&q=Cantonese+song+lyrics&btnG=Google+Search" "Mozilla/4.0 (compatible; MSIE 5.5; Windows NT 5.0)" -
host-148-244-66-21.block.alestra.net.mx - - [26/May/2004:01:00:08 +0800] "GET /~lowsokhu/images/lalaland/bachelor/contestant4/linghuchong3.jpg HTTP/1.1" 200 25198 "http://www.comp.nus.edu.sg/~lowsokhu/lalaland/bachelor/Contestant4.html" "Mozilla/4.0 (compatible; MSIE 6.0; Windows NT 5.1; Hotbar 4.4.7.0; .NET CLR 1.1.4322)" -
nat2.northshorelij.com - - [26/May/2004:01:00:09 +0800] "GET /~nghoongk/lyrics/million.gif HTTP/1.1" 200 1162 "http://www.comp.nus.edu.sg/~nghoongk/lyrics/" "Mozilla/4.0 (compatible; MSIE 5.5; Windows NT 5.0)" -
user-v8lcqkj.dialup.mindspring.com - - [26/May/2004:01:00:09 +0800] "GET /~angpheng/rhwebsite/rev%20hard%20title%20alt%202.jpg HTTP/1.1" 200 52723 "http://forums.clubrsx.com/showthread.php?t=156473" "Mozilla/4.0 (compatible; MSIE 6.0; Windows NT 5.1; Q312461; .NET CLR 1.0.3705)" -
62.46.208.8 - - [26/May/2004:01:00:09 +0800] "GET /~lohchin1 HTTP/1.1" 404 291 "http://home.pacific.net.sg/~chinhow/connect.htm" "Mozilla/4.0 (compatible; MSIE 6.0; Windows NT 5.1)" -
f01m-24-207.d3.club-internet.fr - - [26/May/2004:01:00:11 +0800] "GET /~sunyuan/images/nemo.gif HTTP/1.1" 200 98407 "http://membres.lycos.fr/shengming/forum/viewtopic.php?p=2047" "Mozilla/4.0 (compatible; MSIE 6.0; Windows NT 5.1; .NET CLR 1.0.3705; .NET CLR 1.1.4322)" -
bbcache-10.singnet.com.sg - - [26/May/2004:01:00:11 +0800] "GET /~leonghui/gentingtrip/144-4470_IMG.html HTTP/1.1" 200 2294 "-" "Mozilla/4.0 (compatible;)" 165.21.154.155
host-148-244-66-21.block.alestra.net.mx - - [26/May/2004:01:00:12 +0800] "GET /~lowsokhu/images/lalaland/bachelor/contestant4/linghuchong1.jpg HTTP/1.1" 200 35772 "http://www.comp.nus.edu.sg/~lowsokhu/lalaland/bachelor/Contestant4.html" "Mozilla/4.0 (compatible; MSIE 6.0; Windows NT 5.1; Hotbar 4.4.7.0; .NET CLR 1.1.4322)" -
urwis.t2.ds.pwr.wroc.pl - - [26/May/2004:01:00:13 +0800] "GET /~stevenha/_themes/blends/blen1010.css HTTP/1.1" 200 10775 "http://www.comp.nus.edu.sg/~stevenha/programming/prog_graph7.html" "Mozilla/4.0 (compatible; MSIE 6.0; Windows NT 5.1)" -
urwis.t2.ds.pwr.wroc.pl - - [26/May/2004:01:00:13 +0800] "GET /~stevenha/programming/prog_graph7.html HTTP/1.1" 200 13194 "http://www.google.pl/search?hl=pl&ie=UTF-8&q=DFS%2Bgraph&lr=" "Mozilla/4.0 (compatible; MSIE 6.0; Windows NT 5.1)" -
urwis.t2.ds.pwr.wroc.pl - - [26/May/2004:01:00:14 +0800] "GET /~stevenha/_borders/nuslogohome.gif HTTP/1.1" 200 3584 "http://www.comp.nus.edu.sg/~stevenha/programming/prog_graph7.html" "Mozilla/4.0 (compatible; MSIE 6.0; Windows NT 5.1)" -
219.238.142.9 - - [26/May/2004:01:00:14 +0800] "GET /~tutorial/fphoverBeanInfo.class HTTP/1.1" 404 313 "-" "Mozilla/4.0 (compatible; MSIE 6.0; Win32)" -
urwis.t2.ds.pwr.wroc.pl - - [26/May/2004:01:00:15 +0800] "GET /~stevenha/images/G.JPG HTTP/1.1" 200 26150 "http://www.comp.nus.edu.sg/~stevenha/programming/prog_graph7.html" "Mozilla/4.0 (compatible; MSIE 6.0; Windows NT 5.1)" -
219.238.142.9 - - [26/May/2004:01:00:15 +0800] "GET /~tutorial/fphover$COMClassObject.class HTTP/1.1" 404 320 "-" "Mozilla/4.0 (compatible; MSIE 6.0; Win32)" -
urwis.t2.ds.pwr.wroc.pl - - [26/May/2004:01:00:15 +0800] "GET /~stevenha/images/GT.JPG HTTP/1.1" 200 26167 "http://www.comp.nus.edu.sg/~stevenha/programming/prog_graph7.html" "Mozilla/4.0 (compatible; MSIE 6.0; Windows NT 5.1)" -
153.20.95.69 - - [26/May/2004:01:00:16 +0800] "GET /recruitment/ HTTP/1.1" 200 7371 "http://www.comp.nus.edu.sg/" "Mozilla/4.0 (compatible; MSIE 6.0; Windows NT 5.1; yie6; .NET CLR 1.1.4322)" 153.20.91.21
aamiens-104-1-2-56.w80-13.abo.wanadoo.fr - - [26/May/2004:01:00:16 +0800] "GET /~sunyuan/ HTTP/1.1" 200 3152 "http://images.google.fr/imgres?imgurl=www.comp.nus.edu.sg/~sunyuan/images/nemo.gif&imgrefurl=http://www.comp.nus.edu.sg/~sunyuan/&h=248&w=275&sz=97&tbnid=2kEH2rEHlHsJ:&tbnh=98&tbnw=108&start=3&prev=/images%3Fq%3Dn%25C3%25A9mo%26hl%3Dfr%26lr%3D%26ie%3DUTF-8" "Mozilla/4.0 (compatible; MSIE 6.0; Windows NT 5.1; FunWebProducts)" -
sf0.comp.nus.edu.sg - - [26/May/2004:01:00:17 +0800] "GET /%7Ehchia/INVEST/invest.txt HTTP/1.0" 200 98 "-" "Wget/1.8.2" -
sf0.comp.nus.edu.sg - - [26/May/2004:01:00:17 +0800] "GET /%7Ehchia/UCC/ucc.txt HTTP/1.0" 200 36 "-" "Wget/1.8.2" -
1-1-5-44a.spa.sth.bostream.se - - [26/May/2004:01:00:18 +0800] "GET /~sunyuan/ HTTP/1.1" 200 3152 "http://images.google.se/imgres?imgurl=www.comp.nus.edu.sg/~sunyuan/images/nemo.gif&imgrefurl=http://www.comp.nus.edu.sg/~sunyuan/&h=248&w=275&sz=97&tbnid=2kEH2rEHlHsJ:&tbnh=98&tbnw=108&start=8&prev=/images%3Fq%3Dnemo%26hl%3Dsv%26lr%3D%26ie%3DUTF-8" "Mozilla/4.0 (compatible; MSIE 6.0; Windows NT 5.1)" -
217.208.227.94 - - [26/May/2004:01:00:18 +0800] "GET /~dcheong/ HTTP/1.1" 404 291 "http://images.google.se/imgres?imgurl=www.comp.nus.edu.sg/~dcheong/ghost.jpg&imgrefurl=http://www.comp.nus.edu.sg/~dcheong/&h=600&w=800&sz=74&tbnid=EqAVt3UWRtMJ:&tbnh=106&tbnw=141&start=3&prev=/images%3Fq%3Dghost%26hl%3Dsv%26lr%3D%26ie%3DUTF-8" "Mozilla/4.0 (compatible; MSIE 6.0; Windows 98)" -
211.75.91.2 - - [26/May/2004:01:00:18 +0800] "GET /~nghoongk/lyrics/singer12-1.html HTTP/1.0" 200 2649 "-" "Mozilla/3.01 (compatible;)" -
217.208.227.94 - - [26/May/2004:01:00:19 +0800] "GET /~dcheong/ghost.jpg HTTP/1.1" 404 300 "http://images.google.se/imgres?imgurl=www.comp.nus.edu.sg/~dcheong/ghost.jpg&imgrefurl=http://www.comp.nus.edu.sg/~dcheong/&h=600&w=800&sz=74&tbnid=EqAVt3UWRtMJ:&tbnh=106&tbnw=141&prev=/images%3Fq%3Dghost%26hl%3Dsv%26lr%3D%26ie%3DUTF-8&frame=small" "Mozilla/4.0 (compatible; MSIE 6.0; Windows 98)" -
aamiens-104-1-2-56.w80-13.abo.wanadoo.fr - - [26/May/2004:01:00:19 +0800] "GET /~sunyuan/images/nemo.gif HTTP/1.1" 200 98407 "http://images.google.fr/imgres?imgurl=www.comp.nus.edu.sg/~sunyuan/images/nemo.gif&imgrefurl=http://www.comp.nus.edu.sg/~sunyuan/&h=248&w=275&sz=97&tbnid=2kEH2rEHlHsJ:&tbnh=98&tbnw=108&prev=/images%3Fq%3Dn%25C3%25A9mo%26hl%3Dfr%26lr%3D%26ie%3DUTF-8&frame=small" "Mozilla/4.0 (compatible; MSIE 6.0; Windows NT 5.1; FunWebProducts)" -
217.208.227.94 - - [26/May/2004:01:00:21 +0800] "GET /~dcheong/ HTTP/1.1" 404 291 "http://images.google.se/imgres?imgurl=www.comp.nus.edu.sg/~dcheong/ghost.jpg&imgrefurl=http://www.comp.nus.edu.sg/~dcheong/&h=600&w=800&sz=74&tbnid=EqAVt3UWRtMJ:&tbnh=106&tbnw=141&start=3&prev=/images%3Fq%3Dghost%26hl%3Dsv%26lr%3D%26ie%3DUTF-8" "Mozilla/4.0 (compatible; MSIE 6.0; Windows 98)" -
219.238.142.9 - - [26/May/2004:01:00:21 +0800] "GET /~tutorial/ACAD04/modules_2.htm HTTP/1.1" 200 46391 "-" "Mozilla/4.0 (compatible; MSIE 6.0; Windows NT 5.1)" -
219.238.142.9 - - [26/May/2004:01:00:21 +0800] "GET /~tutorial/ACAD04/modules_2_files/acad01_2_2318_image001.gif HTTP/1.1" 200 4624 "-" "Mozilla/4.0 (compatible; MSIE 6.0; Windows NT 5.1)" -
traf13.uni-duisburg.de - - [26/May/2004:01:00:26 +0800] "GET /~lauhc/IcssseFull.ps HTTP/1.1" 200 233529 "http://www.google.de/search?hl=de&ie=UTF-8&q=%22An+On-Line+Dynamic+Traffic%22&btnG=Suche&meta=" "Mozilla/5.0 (X11; U; Linux i686; de-AT; rv:1.4.1) Gecko/20031030" -
cm61-18-170-5.hkcable.com.hk - - [26/May/2004:01:00:28 +0800] "GET /~nghoongk/lyrics/singer497-1.html HTTP/1.1" 200 5036 "http://search.hk.yahoo.com/yc/hk?p=%b7%ed%a7A,%baq%b5%fc,%a4%fd%a4%df%ad%e2&u=B" "Mozilla/4.0 (compatible; MSIE 6.0; Windows NT 5.1)" 218.255.97.6
cache218.156ce.maxonline.com.sg - - [26/May/2004:01:00:30 +0800] "GET /~houyuna HTTP/1.1" 301 328 "http://www.comp.nus.edu.sg/~whsu/student.html" "Mozilla/4.0 (compatible; MSIE 6.0; Windows NT 5.0)" 218.186.203.184
cache218.156ce.maxonline.com.sg - - [26/May/2004:01:00:30 +0800] "GET /~houyuna/ HTTP/1.1" 200 16416 "http://www.comp.nus.edu.sg/~whsu/student.html" "Mozilla/4.0 (compatible; MSIE 6.0; Windows NT 5.0)" 218.186.203.184
cache218.156ce.maxonline.com.sg - - [26/May/2004:01:00:30 +0800] "GET /~houyuna/blegtext.gif HTTP/1.1" 200 530 "http://www.comp.nus.edu.sg/~houyuna/" "Mozilla/4.0 (compatible; MSIE 6.0; Windows NT 5.0)" 218.186.203.184
cache218.156ce.maxonline.com.sg - - [26/May/2004:01:00:30 +0800] "GET /~houyuna/botanic.jpg HTTP/1.1" 304 - "http://www.comp.nus.edu.sg/~houyuna/" "Mozilla/4.0 (compatible; MSIE 6.0; Windows NT 5.0)" 218.186.203.184
cache218.156ce.maxonline.com.sg - - [26/May/2004:01:00:30 +0800] "GET /~houyuna/blesepa.gif HTTP/1.1" 304 - "http://www.comp.nus.edu.sg/~houyuna/" "Mozilla/4.0 (compatible; MSIE 6.0; Windows NT 5.0)" 218.186.203.184
cache218.156ce.maxonline.com.sg - - [26/May/2004:01:00:30 +0800] "GET /~houyuna/blebul1a.gif HTTP/1.1" 200 663 "http://www.comp.nus.edu.sg/~houyuna/" "Mozilla/4.0 (compatible; MSIE 6.0; Windows NT 5.0)" 218.186.203.184
nat2.northshorelij.com - - [26/May/2004:01:00:31 +0800] "GET /~nghoongk/lyrics/singer88-1.html HTTP/1.1" 200 4879 "http://www.comp.nus.edu.sg/~nghoongk/lyrics/" "Mozilla/4.0 (compatible; MSIE 5.5; Windows NT 5.0)" -
66.230.19.37 - - [26/May/2004:01:00:34 +0800] "GET /~ssung/research/readings/download_by_sp/mannila94efficient.pdf HTTP/1.1" 200 0 "http://www.comp.nus.edu.sg/~ssung/research/Association_Rule.htm" "Mozilla/4.0 (compatible; MSIE 6.0; Windows NT 5.1)" -
cache162.156ce.maxonline.com.sg - - [26/May/2004:01:00:34 +0800] "GET /~nghoongk/lyrics/ HTTP/1.1" 200 59710 "http://www.google.com.sg/search?hl=en&ie=UTF-8&q=5566+lyrics+chinese&meta=" "Mozilla/4.0 (compatible; MSIE 6.0; Windows NT 5.1)" 202.156.219.118
cache162.156ce.maxonline.com.sg - - [26/May/2004:01:00:34 +0800] "GET /~nghoongk/lyrics/m.gif HTTP/1.1" 304 - "http://www.comp.nus.edu.sg/~nghoongk/lyrics/" "Mozilla/4.0 (compatible; MSIE 6.0; Windows NT 5.1)" 202.156.219.118
cache162.156ce.maxonline.com.sg - - [26/May/2004:01:00:34 +0800] "GET /~nghoongk/lyrics/c.gif HTTP/1.1" 304 - "http://www.comp.nus.edu.sg/~nghoongk/lyrics/" "Mozilla/4.0 (compatible; MSIE 6.0; Windows NT 5.1)" 202.156.219.118
cache162.156ce.maxonline.com.sg - - [26/May/2004:01:00:35 +0800] "GET /~nghoongk/lyrics/o.gif HTTP/1.1" 304 - "http://www.comp.nus.edu.sg/~nghoongk/lyrics/" "Mozilla/4.0 (compatible; MSIE 6.0; Windows NT 5.1)" 202.156.219.118
cm61-18-170-4.hkcable.com.hk - - [26/May/2004:01:00:35 +0800] "GET /~nghoongk/lyrics/singer497-1.html HTTP/1.1" 200 5036 "http://search.hk.yahoo.com/yc/hk?p=%b7%ed%a7A,%baq%b5%fc,%a4%fd%a4%df%ad%e2&u=B" "Mozilla/4.0 (compatible; MSIE 6.0; Windows NT 5.1)" 218.255.97.6
209.226.48.219 - - [26/May/2004:01:00:39 +0800] "GET /~sunyuan/ HTTP/1.1" 200 3152 "http://images.google.ca/imgres?imgurl=www.comp.nus.edu.sg/~sunyuan/images/nemo.gif&imgrefurl=http://www.comp.nus.edu.sg/~sunyuan/&h=248&w=275&sz=97&tbnid=2kEH2rEHlHsJ:&tbnh=98&tbnw=108&start=9&prev=/images%3Fq%3Dnemo%26hl%3Den%26lr%3D%26ie%3DUTF-8" "Mozilla/4.0 (compatible; MSIE 5.5; Windows 98)" -
cache162.156ce.maxonline.com.sg - - [26/May/2004:01:00:40 +0800] "GET /~nghoongk/lyrics/million.gif HTTP/1.1" 304 - "http://www.comp.nus.edu.sg/~nghoongk/lyrics/" "Mozilla/4.0 (compatible; MSIE 6.0; Windows NT 5.1)" 202.156.219.118
pali.nus.edu.sg - - [26/May/2004:01:00:40 +0800] "GET /~lengocsa/kirimaru-s2.jpg HTTP/1.1" 200 3268 "http://www.vncnus.net/forum/viewtopic.php?t=8067" "Mozilla/4.0 (compatible; MSIE 6.0; Windows NT 5.1; SEARCHALOT; .NET CLR 1.0.3705)" 172.18.201.54
209.226.48.219 - - [26/May/2004:01:00:43 +0800] "GET /~sunyuan/images/nemo.gif HTTP/1.1" 200 98407 "http://images.google.ca/imgres?imgurl=www.comp.nus.edu.sg/~sunyuan/images/nemo.gif&imgrefurl=http://www.comp.nus.edu.sg/~sunyuan/&h=248&w=275&sz=97&tbnid=2kEH2rEHlHsJ:&tbnh=98&tbnw=108&prev=/images%3Fq%3Dnemo%26hl%3Den%26lr%3D%26ie%3DUTF-8&frame=small" "Mozilla/4.0 (compatible; MSIE 5.5; Windows 98)" -
212.138.47.20 - - [26/May/2004:01:00:43 +0800] "GET /~caiguany/files/screenshots/alcohol1.gif HTTP/1.0" 404 310 "http://www.absba.org/vb/showthread.php?s=&threadid=95297&perpage=15&pagenumber=6" "Mozilla/4.0 (compatible; MSIE 6.0; Windows NT 5.1; (R1 1.3))" 10.0.0.5, 212.118.158.235
cache162.156ce.maxonline.com.sg - - [26/May/2004:01:00:45 +0800] "GET /~yuxiaoxu/Photos/Singapore/EastCoastBeachSunrising.jpg HTTP/1.1" 304 - "http://the-ger.blogdrive.com/" "Mozilla/4.0 (compatible; MSIE 5.5; Windows 98; FunWebProducts)" 202.156.210.130
209.226.48.219 - - [26/May/2004:01:00:46 +0800] "GET /~sunyuan/ HTTP/1.1" 200 3152 "http://images.google.ca/imgres?imgurl=www.comp.nus.edu.sg/~sunyuan/images/nemo.gif&imgrefurl=http://www.comp.nus.edu.sg/~sunyuan/&h=248&w=275&sz=97&tbnid=2kEH2rEHlHsJ:&tbnh=98&tbnw=108&start=9&prev=/images%3Fq%3Dnemo%26hl%3Den%26lr%3D%26ie%3DUTF-8" "Mozilla/4.0 (compatible; MSIE 5.5; Windows 98)" -
afontenayssb-101-1-1-24.w193-251.abo.wanadoo.fr - - [26/May/2004:01:00:46 +0800] "GET /~wangxia2/publications/ontology-based%20context%20modeling%20and%20reasoning%20using%20OWL.pdf HTTP/1.1" 206 0 "http://www.google.fr/search?hl=fr&ie=UTF-8&q=context+aware+pervasive+ubiquitous+ontology+language&meta=" "Mozilla/4.0 (compatible; MSIE 6.0; Windows NT 5.1; .NET CLR 1.0.3705)" -
209.226.48.219 - - [26/May/2004:01:00:46 +0800] "GET /~sunyuan/images/index_r2_c1.gif HTTP/1.1" 200 12459 "http://www.comp.nus.edu.sg/~sunyuan/" "Mozilla/4.0 (compatible; MSIE 5.5; Windows 98)" -
209.226.48.219 - - [26/May/2004:01:00:47 +0800] "GET /~sunyuan/images/index_r1_c1.gif HTTP/1.1" 200 1887 "http://www.comp.nus.edu.sg/~sunyuan/" "Mozilla/4.0 (compatible; MSIE 5.5; Windows 98)" -
209.226.48.219 - - [26/May/2004:01:00:47 +0800] "GET /~sunyuan/images/index_r2_c3.gif HTTP/1.1" 200 11308 "http://www.comp.nus.edu.sg/~sunyuan/" "Mozilla/4.0 (compatible; MSIE 5.5; Windows 98)" -
afontenayssb-101-1-1-24.w193-251.abo.wanadoo.fr - - [26/May/2004:01:00:47 +0800] "GET /~wangxia2/publications/ontology-based%20context%20modeling%20and%20reasoning%20using%20OWL.pdf HTTP/1.1" 206 0 "-" "Mozilla/4.0 (compatible; MSIE 6.0; Windows NT 5.1; .NET CLR 1.0.3705)" -
209.226.48.219 - - [26/May/2004:01:00:47 +0800] "GET /~sunyuan/images/index_r3_c2.gif HTTP/1.1" 200 8177 "http://www.comp.nus.edu.sg/~sunyuan/" "Mozilla/4.0 (compatible; MSIE 5.5; Windows 98)" -
209.226.48.219 - - [26/May/2004:01:00:49 +0800] "GET /~sunyuan/images/index_r2_c2_f2.gif HTTP/1.1" 200 23678 "http://www.comp.nus.edu.sg/~sunyuan/" "Mozilla/4.0 (compatible; MSIE 5.5; Windows 98)" -
afontenayssb-101-1-1-24.w193-251.abo.wanadoo.fr - - [26/May/2004:01:00:50 +0800] "GET /~wangxia2/publications/ontology-based%20context%20modeling%20and%20reasoning%20using%20OWL.pdf HTTP/1.1" 206 63672 "-" "Mozilla/4.0 (compatible; MSIE 6.0; Windows NT 5.1; .NET CLR 1.0.3705)" -
66.230.19.37 - - [26/May/2004:01:00:51 +0800] "GET /~ssung/research/readings/download_by_sp/mannila94efficient.pdf HTTP/1.1" 206 65536 "-" "Mozilla/4.0 (compatible; MSIE 6.0; Windows NT 5.1)" -
cache162.156ce.maxonline.com.sg - - [26/May/2004:01:00:51 +0800] "GET /~nghoongk/lyrics/singer470-1.html HTTP/1.1" 200 4977 "http://www.comp.nus.edu.sg/~nghoongk/lyrics/" "Mozilla/4.0 (compatible; MSIE 6.0; Windows NT 5.1)" 202.156.219.118
201.128.88.193 - - [26/May/2004:01:00:51 +0800] "GET /nusstyles.css HTTP/1.1" 304 - "http://www.comp.nus.edu./cs/acad_staff.html" "Mozilla/4.0 (compatible; MSIE 6.0; Windows 98; Win 9x 4.90)" -
172.20.206.81 - - [26/May/2004:01:00:52 +0800] "GET / HTTP/1.1" 200 8789 "-" "Mozilla/4.0 (compatible; MSIE 6.0; Windows NT 5.1)" -
172.20.206.81 - - [26/May/2004:01:00:52 +0800] "GET /nusstyles.css HTTP/1.1" 304 - "http://www.comp.nus.edu.sg/" "Mozilla/4.0 (compatible; MSIE 6.0; Windows NT 5.1)" -
172.20.206.81 - - [26/May/2004:01:00:52 +0800] "GET /images/nussocbanner.gif HTTP/1.1" 304 - "http://www.comp.nus.edu.sg/" "Mozilla/4.0 (compatible; MSIE 6.0; Windows NT 5.1)" -
201.128.88.193 - - [26/May/2004:01:00:52 +0800] "GET /images/nussocbanner.gif HTTP/1.1" 304 - "http://www.comp.nus.edu./cs/acad_staff.html" "Mozilla/4.0 (compatible; MSIE 6.0; Windows 98; Win 9x 4.90)" -
172.20.206.81 - - [26/May/2004:01:00:52 +0800] "GET /images/facenghd.gif HTTP/1.1" 304 - "http://www.comp.nus.edu.sg/" "Mozilla/4.0 (compatible; MSIE 6.0; Windows NT 5.1)" -
172.20.206.81 - - [26/May/2004:01:00:52 +0800] "GET /images/socmain_r3_c6.jpg HTTP/1.1" 304 - "http://www.comp.nus.edu.sg/" "Mozilla/4.0 (compatible; MSIE 6.0; Windows NT 5.1)" -
172.20.206.81 - - [26/May/2004:01:00:52 +0800] "GET /images/socmain_r3_c8.jpg HTTP/1.1" 304 - "http://www.comp.nus.edu.sg/" "Mozilla/4.0 (compatible; MSIE 6.0; Windows NT 5.1)" -
172.20.206.81 - - [26/May/2004:01:00:52 +0800] "GET /images/socmain_r3_c11.jpg HTTP/1.1" 304 - "http://www.comp.nus.edu.sg/" "Mozilla/4.0 (compatible; MSIE 6.0; Windows NT 5.1)" -
172.20.206.81 - - [26/May/2004:01:00:52 +0800] "GET /images/socmain_r3_c13.jpg HTTP/1.1" 304 - "http://www.comp.nus.edu.sg/" "Mozilla/4.0 (compatible; MSIE 6.0; Windows NT 5.1)" -
172.20.206.81 - - [26/May/2004:01:00:52 +0800] "GET /images/recruitment.jpg HTTP/1.1" 304 - "http://www.comp.nus.edu.sg/" "Mozilla/4.0 (compatible; MSIE 6.0; Windows NT 5.1)" -
172.20.206.81 - - [26/May/2004:01:00:52 +0800] "GET /images/socmain_r3_c15.jpg HTTP/1.1" 304 - "http://www.comp.nus.edu.sg/" "Mozilla/4.0 (compatible; MSIE 6.0; Windows NT 5.1)" -
172.20.206.81 - - [26/May/2004:01:00:52 +0800] "GET /images/socmain_r3_c10.jpg HTTP/1.1" 304 - "http://www.comp.nus.edu.sg/" "Mozilla/4.0 (compatible; MSIE 6.0; Windows NT 5.1)" -
172.20.206.81 - - [26/May/2004:01:00:52 +0800] "GET /images/socmain_r3_c16.jpg HTTP/1.1" 304 - "http://www.comp.nus.edu.sg/" "Mozilla/4.0 (compatible; MSIE 6.0; Windows NT 5.1)" -
172.20.206.81 - - [26/May/2004:01:00:52 +0800] "GET /images/socmain_r5_c12.jpg HTTP/1.1" 304 - "http://www.comp.nus.edu.sg/" "Mozilla/4.0 (compatible; MSIE 6.0; Windows NT 5.1)" -
172.20.206.81 - - [26/May/2004:01:00:52 +0800] "GET /images/socmain_r5_c13.jpg HTTP/1.1" 304 - "http://www.comp.nus.edu.sg/" "Mozilla/4.0 (compatible; MSIE 6.0; Windows NT 5.1)" -
201.128.88.193 - - [26/May/2004:01:00:52 +0800] "GET /cs/images/cs_banner.gif HTTP/1.1" 304 - "http://www.comp.nus.edu./cs/acad_staff.html" "Mozilla/4.0 (compatible; MSIE 6.0; Windows 98; Win 9x 4.90)" -
172.20.206.81 - - [26/May/2004:01:00:52 +0800] "GET /images/socmain_r5_c14.jpg HTTP/1.1" 304 - "http://www.comp.nus.edu.sg/" "Mozilla/4.0 (compatible; MSIE 6.0; Windows NT 5.1)" -
172.20.206.81 - - [26/May/2004:01:00:52 +0800] "GET /images/trans.gif HTTP/1.1" 304 - "http://www.comp.nus.edu.sg/" "Mozilla/4.0 (compatible; MSIE 6.0; Windows NT 5.1)" -
172.20.206.81 - - [26/May/2004:01:00:52 +0800] "GET /images/sip.gif HTTP/1.1" 304 - "http://www.comp.nus.edu.sg/" "Mozilla/4.0 (compatible; MSIE 6.0; Windows NT 5.1)" -
172.20.206.81 - - [26/May/2004:01:00:52 +0800] "GET /images/sem-events.gif HTTP/1.1" 304 - "http://www.comp.nus.edu.sg/" "Mozilla/4.0 (compatible; MSIE 6.0; Windows NT 5.1)" -
172.20.206.81 - - [26/May/2004:01:00:52 +0800] "GET /images/socimage.jpg HTTP/1.1" 304 - "http://www.comp.nus.edu.sg/" "Mozilla/4.0 (compatible; MSIE 6.0; Windows NT 5.1)" -
172.20.206.81 - - [26/May/2004:01:00:52 +0800] "GET /images/socmain_r7_c1.jpg HTTP/1.1" 304 - "http://www.comp.nus.edu.sg/" "Mozilla/4.0 (compatible; MSIE 6.0; Windows NT 5.1)" -
172.20.206.81 - - [26/May/2004:01:00:52 +0800] "GET /images/socmain_r7_c2.jpg HTTP/1.1" 304 - "http://www.comp.nus.edu.sg/" "Mozilla/4.0 (compatible; MSIE 6.0; Windows NT 5.1)" -
172.20.206.81 - - [26/May/2004:01:00:52 +0800] "GET /images/socmain_r7_c4.jpg HTTP/1.1" 304 - "http://www.comp.nus.edu.sg/" "Mozilla/4.0 (compatible; MSIE 6.0; Windows NT 5.1)" -
172.20.206.81 - - [26/May/2004:01:00:52 +0800] "GET /images/socmain_r7_c5.jpg HTTP/1.1" 304 - "http://www.comp.nus.edu.sg/" "Mozilla/4.0 (compatible; MSIE 6.0; Windows NT 5.1)" -
172.20.206.81 - - [26/May/2004:01:00:52 +0800] "GET /images/socmain_r7_c7.jpg HTTP/1.1" 304 - "http://www.comp.nus.edu.sg/" "Mozilla/4.0 (compatible; MSIE 6.0; Windows NT 5.1)" -
172.20.206.81 - - [26/May/2004:01:00:52 +0800] "GET /images/socmain_r7_c9f.jpg HTTP/1.1" 304 - "http://www.comp.nus.edu.sg/" "Mozilla/4.0 (compatible; MSIE 6.0; Windows NT 5.1)" -
172.20.206.81 - - [26/May/2004:01:00:52 +0800] "GET /images/grey.gif HTTP/1.1" 304 - "http://www.comp.nus.edu.sg/" "Mozilla/4.0 (compatible; MSIE 6.0; Windows NT 5.1)" -
201.128.88.193 - - [26/May/2004:01:00:52 +0800] "GET /cs/images/cs_top1.jpg HTTP/1.1" 304 - "http://www.comp.nus.edu./cs/acad_staff.html" "Mozilla/4.0 (compatible; MSIE 6.0; Windows 98; Win 9x 4.90)" -
201.128.88.193 - - [26/May/2004:01:00:53 +0800] "GET /cs/images/cs_top2.jpg HTTP/1.1" 304 - "http://www.comp.nus.edu./cs/acad_staff.html" "Mozilla/4.0 (compatible; MSIE 6.0; Windows 98; Win 9x 4.90)" -
201.128.88.193 - - [26/May/2004:01:00:53 +0800] "GET /cs/images/cs_top3.jpg HTTP/1.1" 304 - "http://www.comp.nus.edu./cs/acad_staff.html" "Mozilla/4.0 (compatible; MSIE 6.0; Windows 98; Win 9x 4.90)" -
201.128.88.193 - - [26/May/2004:01:00:53 +0800] "GET /cs/acad_staff.html HTTP/1.1" 200 61486 "http://www.comp.nus.edu./cs/" "Mozilla/4.0 (compatible; MSIE 6.0; Windows 98; Win 9x 4.90)" -
201.128.88.193 - - [26/May/2004:01:00:53 +0800] "GET /cs/images/cs_top4.jpg HTTP/1.1" 304 - "http://www.comp.nus.edu./cs/acad_staff.html" "Mozilla/4.0 (compatible; MSIE 6.0; Windows 98; Win 9x 4.90)" -
cache4-brhm.server.ntli.net - - [26/May/2004:01:00:54 +0800] "GET /~keexuyua/pictures/skillz.gif HTTP/1.0" 200 5857 "http://www.koptalk.org/forums/showflat.php/Cat/0/Number/274016/page/0/view/collapsed/sb/5/o/all/fpart/1" "Mozilla/4.0 (compatible; MSIE 6.0; Windows NT 5.1)" 82.5.225.162
201.128.88.193 - - [26/May/2004:01:00:54 +0800] "GET /cs/images/cs_top5.jpg HTTP/1.1" 304 - "http://www.comp.nus.edu./cs/acad_staff.html" "Mozilla/4.0 (compatible; MSIE 6.0; Windows 98; Win 9x 4.90)" -
201.128.88.193 - - [26/May/2004:01:00:54 +0800] "GET /cs/images/cs_top6.jpg HTTP/1.1" 304 - "http://www.comp.nus.edu./cs/acad_staff.html" "Mozilla/4.0 (compatible; MSIE 6.0; Windows 98; Win 9x 4.90)" -
201.128.88.193 - - [26/May/2004:01:00:54 +0800] "GET /cs/images/cs_foot1.jpg HTTP/1.1" 304 - "http://www.comp.nus.edu./cs/acad_staff.html" "Mozilla/4.0 (compatible; MSIE 6.0; Windows 98; Win 9x 4.90)" -
201.128.88.193 - - [26/May/2004:01:00:54 +0800] "GET /cs/images/cs_foot2.jpg HTTP/1.1" 304 - "http://www.comp.nus.edu./cs/acad_staff.html" "Mozilla/4.0 (compatible; MSIE 6.0; Windows 98; Win 9x 4.90)" -
201.128.88.193 - - [26/May/2004:01:00:54 +0800] "GET /cs/images/cs_foot3.jpg HTTP/1.1" 304 - "http://www.comp.nus.edu./cs/acad_staff.html" "Mozilla/4.0 (compatible; MSIE 6.0; Windows 98; Win 9x 4.90)" -
201.128.88.193 - - [26/May/2004:01:00:54 +0800] "GET /cs/images/cs_foot4.jpg HTTP/1.1" 304 - "http://www.comp.nus.edu./cs/acad_staff.html" "Mozilla/4.0 (compatible; MSIE 6.0; Windows 98; Win 9x 4.90)" -
201.128.88.193 - - [26/May/2004:01:00:55 +0800] "GET /cs/images/cs_foot5.jpg HTTP/1.1" 304 - "http://www.comp.nus.edu./cs/acad_staff.html" "Mozilla/4.0 (compatible; MSIE 6.0; Windows 98; Win 9x 4.90)" -
201.128.88.193 - - [26/May/2004:01:00:55 +0800] "GET /cs/images/cs_foot5-1.jpg HTTP/1.1" 304 - "http://www.comp.nus.edu./cs/acad_staff.html" "Mozilla/4.0 (compatible; MSIE 6.0; Windows 98; Win 9x 4.90)" -
201.128.88.193 - - [26/May/2004:01:00:55 +0800] "GET /cs/images/grey-cs.gif HTTP/1.1" 304 - "http://www.comp.nus.edu./cs/acad_staff.html" "Mozilla/4.0 (compatible; MSIE 6.0; Windows 98; Win 9x 4.90)" -
66.230.19.37 - - [26/May/2004:01:00:56 +0800] "GET /~ssung/research/readings/download_by_sp/mannila94efficient.pdf HTTP/1.1" 206 211136 "-" "Mozilla/4.0 (compatible; MSIE 6.0; Windows NT 5.1)" -
201.128.88.193 - - [26/May/2004:01:00:57 +0800] "GET /~chionhew HTTP/1.1" 301 329 "http://www.comp.nus.edu./cs/acad_staff.html" "Mozilla/4.0 (compatible; MSIE 6.0; Windows 98; Win 9x 4.90)" -
172.20.206.81 - - [26/May/2004:01:00:57 +0800] "GET /~trinhthi HTTP/1.1" 403 513 "-" "Mozilla/4.0 (compatible; MSIE 6.0; Windows NT 5.1)" -
201.128.88.193 - - [26/May/2004:01:00:57 +0800] "GET /~chionhew/ HTTP/1.1" 200 1585 "http://www.comp.nus.edu./cs/acad_staff.html" "Mozilla/4.0 (compatible; MSIE 6.0; Windows 98; Win 9x 4.90)" -
n219077068208.netvigator.com - - [26/May/2004:01:00:58 +0800] "GET /~nghoongk/lyrics/singer442-1.html HTTP/1.1" 200 15031 "http://www.comp.nus.edu.sg/~nghoongk/lyrics/singer442-6.html" "Mozilla/4.0 (compatible; MSIE 6.0; Windows NT 5.1; Alexa Toolbar)" -
137.132.3.235 - - [26/May/2004:01:00:59 +0800] "GET /~hongocth/avartar.jpg HTTP/1.1" 200 8533 "http://www.vncnus.net/forum/viewtopic.php?t=8082" "Mozilla/4.0 (compatible; MSIE 6.0; Windows NT 5.1; SEARCHALOT; .NET CLR 1.0.3705)" 172.18.201.54
137.132.3.235 - - [26/May/2004:01:00:59 +0800] "GET /~hongocth/double_egle.jpg HTTP/1.1" 200 21332 "http://www.vncnus.net/forum/viewtopic.php?t=8082" "Mozilla/4.0 (compatible; MSIE 6.0; Windows NT 5.1; SEARCHALOT; .NET CLR 1.0.3705)" 172.18.201.54
201.128.88.193 - - [26/May/2004:01:00:59 +0800] "GET /images/staffphoto/chionhew.gif HTTP/1.1" 200 18453 "http://www.comp.nus.edu.sg/~chionhew/" "Mozilla/4.0 (compatible; MSIE 6.0; Windows 98; Win 9x 4.90)" -
d51a55288.kabel.telenet.be - - [26/May/2004:01:01:00 +0800] "GET /~sunyuan/ HTTP/1.1" 200 3152 "http://images.google.be/imgres?imgurl=www.comp.nus.edu.sg/~sunyuan/images/nemo.gif&imgrefurl=http://www.comp.nus.edu.sg/~sunyuan/&h=248&w=275&sz=97&tbnid=2kEH2rEHlHsJ:&tbnh=98&tbnw=108&start=8&prev=/images%3Fq%3Dnemo%26hl%3Dnl%26lr%3D%26ie%3DUTF-8%26sa%3DN" "Mozilla/4.0 (compatible; MSIE 6.0; Windows 98; FunWebProducts; .NET CLR 1.1.4322)" -
d51a55288.kabel.telenet.be - - [26/May/2004:01:01:01 +0800] "GET /~sunyuan/images/index_r1_c1.gif HTTP/1.1" 200 1887 "http://www.comp.nus.edu.sg/~sunyuan/" "Mozilla/4.0 (compatible; MSIE 6.0; Windows 98; FunWebProducts; .NET CLR 1.1.4322)" -
82-37-176-147.cable.ubr04.wals.blueyonder.co.uk - - [26/May/2004:01:01:02 +0800] "GET /~keexuyua/pictures/skillz.gif HTTP/1.1" 200 5857 "http://www.koptalk.org/forums/showflat.php/Cat/0/Number/274016/page/0/view/collapsed/sb/5/o/all/fpart/1" "Mozilla/4.0 (compatible; MSIE 6.0; Windows NT 5.1)" -
d51a55288.kabel.telenet.be - - [26/May/2004:01:01:02 +0800] "GET /~sunyuan/images/index_r2_c3.gif HTTP/1.1" 200 11308 "http://www.comp.nus.edu.sg/~sunyuan/" "Mozilla/4.0 (compatible; MSIE 6.0; Windows 98; FunWebProducts; .NET CLR 1.1.4322)" -
bbcache-15.singnet.com.sg - - [26/May/2004:01:01:02 +0800] "GET /~nguyenvu/VT_Useful_sites.htm HTTP/1.1" 200 73791 "-" "Mozilla/4.0 (compatible;)" 165.21.154.155
d51a55288.kabel.telenet.be - - [26/May/2004:01:01:02 +0800] "GET /~sunyuan/images/index_r2_c1.gif HTTP/1.1" 200 0 "http://www.comp.nus.edu.sg/~sunyuan/" "Mozilla/4.0 (compatible; MSIE 6.0; Windows 98; FunWebProducts; .NET CLR 1.1.4322)" -
172.18.201.5 - - [26/May/2004:01:01:02 +0800] "GET /~hongocth/avartar.jpg HTTP/1.1" 200 8533 "http://forum.vncnus.net/viewtopic.php?t=8082" "Mozilla/4.0 (compatible; MSIE 6.0; Windows NT 5.1)" -
172.18.201.5 - - [26/May/2004:01:01:02 +0800] "GET /~hongocth/double_egle.jpg HTTP/1.1" 200 21332 "http://forum.vncnus.net/viewtopic.php?t=8082" "Mozilla/4.0 (compatible; MSIE 6.0; Windows NT 5.1)" -
nat2.northshorelij.com - - [26/May/2004:01:01:03 +0800] "GET /~nghoongk/lyrics/singer113-1.html HTTP/1.1" 200 4051 "http://www.comp.nus.edu.sg/~nghoongk/lyrics/" "Mozilla/4.0 (compatible; MSIE 5.5; Windows NT 5.0)" -
n219077068208.netvigator.com - - [26/May/2004:01:01:03 +0800] "GET /~nghoongk/lyrics/singer442-2.html HTTP/1.1" 200 13730 "http://www.comp.nus.edu.sg/~nghoongk/lyrics/singer442-1.html" "Mozilla/4.0 (compatible; MSIE 6.0; Windows NT 5.1; Alexa Toolbar)" -
201.128.88.193 - - [26/May/2004:01:01:04 +0800] "GET /~chuats HTTP/1.1" 301 327 "http://www.comp.nus.edu./cs/acad_staff.html" "Mozilla/4.0 (compatible; MSIE 6.0; Windows 98; Win 9x 4.90)" -
201.128.88.193 - - [26/May/2004:01:01:04 +0800] "GET /~chuats/ HTTP/1.1" 200 6974 "http://www.comp.nus.edu./cs/acad_staff.html" "Mozilla/4.0 (compatible; MSIE 6.0; Windows 98; Win 9x 4.90)" -
201.128.88.193 - - [26/May/2004:01:01:04 +0800] "GET /~chuats/chuats.gif HTTP/1.1" 200 18607 "http://www.comp.nus.edu.sg/~chuats/" "Mozilla/4.0 (compatible; MSIE 6.0; Windows 98; Win 9x 4.90)" -
sapphire.nus.edu.sg - - [26/May/2004:01:01:06 +0800] "GET /cs/ HTTP/1.1" 200 7259 "-" "Java/1.4.2_03" -
sapphire.nus.edu.sg - - [26/May/2004:01:01:06 +0800] "GET /events/events.htm HTTP/1.1" 200 12034 "-" "Java/1.4.2_03" -
afontenayssb-101-1-1-24.w193-251.abo.wanadoo.fr - - [26/May/2004:01:01:07 +0800] "GET /~wangxia2/publications/ExtendedAbstract_A%20Middleware%20for%20Context-Aware%20Mobile%20Services.pdf HTTP/1.1" 206 0 "http://www.google.fr/search?hl=fr&ie=UTF-8&q=context+aware+pervasive+ubiquitous+ontology+language&meta=" "Mozilla/4.0 (compatible; MSIE 6.0; Windows NT 5.1; .NET CLR 1.0.3705)" -
ac93700d.ipt.aol.com - - [26/May/2004:01:01:07 +0800] "GET /~lowsokhu/images/lalaland/bachelor/contestant8/Shingo%20Yabuki4.gif HTTP/1.1" 200 18416 "-" "Mozilla/4.0 (compatible; MSIE 6.0; Windows NT 5.1; .NET CLR 1.1.4322)" -
afontenayssb-101-1-1-24.w193-251.abo.wanadoo.fr - - [26/May/2004:01:01:08 +0800] "GET /~wangxia2/publications/ExtendedAbstract_A%20Middleware%20for%20Context-Aware%20Mobile%20Services.pdf HTTP/1.1" 206 0 "-" "Mozilla/4.0 (compatible; MSIE 6.0; Windows NT 5.1; .NET CLR 1.0.3705)" -
sapphire.nus.edu.sg - - [26/May/2004:01:01:09 +0800] "GET /industry/industry.htm HTTP/1.1" 200 7395 "-" "Java/1.4.2_03" -
sapphire.nus.edu.sg - - [26/May/2004:01:01:09 +0800] "GET /is/ HTTP/1.1" 200 6254 "-" "Java/1.4.2_03" -
sapphire.nus.edu.sg - - [26/May/2004:01:01:09 +0800] "GET /offerletter.pdf HTTP/1.1" 200 195858 "-" "Java/1.4.2_03" -
sapphire.nus.edu.sg - - [26/May/2004:01:01:09 +0800] "GET /programmes/programmes.htm HTTP/1.1" 200 7209 "-" "Java/1.4.2_03" -
sapphire.nus.edu.sg - - [26/May/2004:01:01:09 +0800] "GET /recruitment/ HTTP/1.1" 200 7371 "-" "Java/1.4.2_03" -
201.128.88.193 - - [26/May/2004:01:01:10 +0800] "GET /~dongjs HTTP/1.1" 301 327 "http://www.comp.nus.edu./cs/acad_staff.html" "Mozilla/4.0 (compatible; MSIE 6.0; Windows 98; Win 9x 4.90)" -
201.128.88.193 - - [26/May/2004:01:01:10 +0800] "GET /~dongjs/ HTTP/1.1" 200 26263 "http://www.comp.nus.edu./cs/acad_staff.html" "Mozilla/4.0 (compatible; MSIE 6.0; Windows 98; Win 9x 4.90)" -
201.128.88.193 - - [26/May/2004:01:01:10 +0800] "GET /~dongjs/sbanner.gif HTTP/1.1" 200 2809 "http://www.comp.nus.edu.sg/~dongjs/" "Mozilla/4.0 (compatible; MSIE 6.0; Windows 98; Win 9x 4.90)" -
0x50a1bdc3.albnxx13.adsl.tele.dk - - [26/May/2004:01:01:10 +0800] "GET /~sunyuan/images/nemo.gif HTTP/1.1" 200 98407 "http://harryweb.proboards21.com/index.cgi?board=pictures&action=display&num=1084986513&start=75" "Mozilla/4.0 (compatible; MSIE 6.0; Windows NT 5.1)" -
201.128.88.193 - - [26/May/2004:01:01:11 +0800] "GET /~dongjs/nuslogo.gif HTTP/1.1" 200 2672 "http://www.comp.nus.edu.sg/~dongjs/" "Mozilla/4.0 (compatible; MSIE 6.0; Windows 98; Win 9x 4.90)" -
201.128.88.193 - - [26/May/2004:01:01:11 +0800] "GET /~dongjs/paris.jpg HTTP/1.1" 200 25091 "http://www.comp.nus.edu.sg/~dongjs/" "Mozilla/4.0 (compatible; MSIE 6.0; Windows 98; Win 9x 4.90)" -
afontenayssb-101-1-1-24.w193-251.abo.wanadoo.fr - - [26/May/2004:01:01:11 +0800] "GET /~wangxia2/publications/ExtendedAbstract_A%20Middleware%20for%20Context-Aware%20Mobile%20Services.pdf HTTP/1.1" 206 65577 "-" "Mozilla/4.0 (compatible; MSIE 6.0; Windows NT 5.1; .NET CLR 1.0.3705)" -
201.128.88.193 - - [26/May/2004:01:01:11 +0800] "GET /~dongjs/diamond_red.gif HTTP/1.1" 200 864 "http://www.comp.nus.edu.sg/~dongjs/" "Mozilla/4.0 (compatible; MSIE 6.0; Windows 98; Win 9x 4.90)" -
palo21.pacific.net.sg - - [26/May/2004:01:01:15 +0800] "GET /~seojiayu HTTP/1.0" 301 317 "-" "Mozilla/4.0 (compatible; MSIE 6.0; Windows NT 5.1; Q312461)" 192.169.41.108
palo21.pacific.net.sg - - [26/May/2004:01:01:15 +0800] "GET /~seojiayu/ HTTP/1.0" 200 13121 "-" "Mozilla/4.0 (compatible; MSIE 6.0; Windows NT 5.1; Q312461)" 192.169.41.108
palo21.pacific.net.sg - - [26/May/2004:01:01:16 +0800] "GET /~seojiayu/arrow1.gif HTTP/1.0" 304 - "http://www.comp.nus.edu.sg/~seojiayu/" "Mozilla/4.0 (compatible; MSIE 6.0; Windows NT 5.1; Q312461)" 192.169.41.108
palo21.pacific.net.sg - - [26/May/2004:01:01:16 +0800] "GET /~seojiayu/questionmark.gif HTTP/1.0" 304 - "http://www.comp.nus.edu.sg/~seojiayu/" "Mozilla/4.0 (compatible; MSIE 6.0; Windows NT 5.1; Q312461)" 192.169.41.108
palo21.pacific.net.sg - - [26/May/2004:01:01:17 +0800] "GET /~seojiayu/thbimages/P5170305.gif HTTP/1.0" 304 - "http://www.comp.nus.edu.sg/~seojiayu/" "Mozilla/4.0 (compatible; MSIE 6.0; Windows NT 5.1; Q312461)" 192.169.41.108
palo22.pacific.net.sg - - [26/May/2004:01:01:17 +0800] "GET /~seojiayu/thbimages/P1250263.gif HTTP/1.0" 304 - "http://www.comp.nus.edu.sg/~seojiayu/" "Mozilla/4.0 (compatible; MSIE 6.0; Windows NT 5.1; Q312461)" 192.169.41.108
palo22.pacific.net.sg - - [26/May/2004:01:01:17 +0800] "GET /~seojiayu/exclam.gif HTTP/1.0" 304 - "http://www.comp.nus.edu.sg/~seojiayu/" "Mozilla/4.0 (compatible; MSIE 6.0; Windows NT 5.1; Q312461)" 192.169.41.108
palo21.pacific.net.sg - - [26/May/2004:01:01:17 +0800] "GET /~seojiayu/thbimages/P1250267.gif HTTP/1.0" 304 - "http://www.comp.nus.edu.sg/~seojiayu/" "Mozilla/4.0 (compatible; MSIE 6.0; Windows NT 5.1; Q312461)" 192.169.41.108
palo21.pacific.net.sg - - [26/May/2004:01:01:17 +0800] "GET /~seojiayu/thbimages/P5170310.gif HTTP/1.0" 304 - "http://www.comp.nus.edu.sg/~seojiayu/" "Mozilla/4.0 (compatible; MSIE 6.0; Windows NT 5.1; Q312461)" 192.169.41.108
palo22.pacific.net.sg - - [26/May/2004:01:01:17 +0800] "GET /~seojiayu/thbimages/P2200290.gif HTTP/1.0" 304 - "http://www.comp.nus.edu.sg/~seojiayu/" "Mozilla/4.0 (compatible; MSIE 6.0; Windows NT 5.1; Q312461)" 192.169.41.108
palo22.pacific.net.sg - - [26/May/2004:01:01:17 +0800] "GET /~seojiayu/thbimages/P1250264.gif HTTP/1.0" 304 - "http://www.comp.nus.edu.sg/~seojiayu/" "Mozilla/4.0 (compatible; MSIE 6.0; Windows NT 5.1; Q312461)" 192.169.41.108
kbl-mdb3436.zeelandnet.nl - - [26/May/2004:01:01:20 +0800] "GET /~yuxiaoxu/Photos/KL/KL.htm HTTP/1.1" 200 4005 "http://images.google.nl/imgres?imgurl=www.comp.nus.edu.sg/~yuxiaoxu/Photos/KL/KL103.jpg&imgrefurl=http://www.comp.nus.edu.sg/~yuxiaoxu/Photos/KL/KL.htm&h=600&w=414&sz=267&tbnid=7va3BxFxUicJ:&tbnh=131&tbnw=91&start=236&prev=/images%3Fq%3Dislamic%2Barchitecture%26start%3D220%26hl%3Dnl%26lr%3D%26ie%3DUTF-8%26sa%3DN" "Mozilla/4.0 (compatible; MSIE 6.0; Windows NT 5.1; FunWebProducts-MyWay)" -
palo21.pacific.net.sg - - [26/May/2004:01:01:21 +0800] "GET /~seojiayu/Eventlogs/May2004.html HTTP/1.0" 200 23038 "-" "Mozilla/4.0 (compatible; MSIE 6.0; Windows NT 5.1; Q312461)" 192.169.41.108
palo22.pacific.net.sg - - [26/May/2004:01:01:21 +0800] "GET /~seojiayu/Eventlogs/07%20Track%207.wma HTTP/1.0" 200 65536 "-" "contype" 192.169.41.108
sapphire.nus.edu.sg - - [26/May/2004:01:01:21 +0800] "GET /research/research.htm HTTP/1.1" 200 7884 "-" "Java/1.4.2_03" -
sapphire.nus.edu.sg - - [26/May/2004:01:01:21 +0800] "GET /search.htm HTTP/1.1" 200 8415 "-" "Java/1.4.2_03" -
sapphire.nus.edu.sg - - [26/May/2004:01:01:21 +0800] "GET /services/index.html HTTP/1.1" 200 7211 "-" "Java/1.4.2_03" -
sapphire.nus.edu.sg - - [26/May/2004:01:01:21 +0800] "GET /sip HTTP/1.1" 301 323 "-" "Java/1.4.2_03" -
sapphire.nus.edu.sg - - [26/May/2004:01:01:22 +0800] "GET /sip/ HTTP/1.1" 200 469 "-" "Java/1.4.2_03" -
sapphire.nus.edu.sg - - [26/May/2004:01:01:22 +0800] "GET /sitemap.html HTTP/1.1" 200 26430 "-" "Java/1.4.2_03" -
sapphire.nus.edu.sg - - [26/May/2004:01:01:22 +0800] "GET /students/students.htm HTTP/1.1" 200 8101 "-" "Java/1.4.2_03" -
kbl-mdb3436.zeelandnet.nl - - [26/May/2004:01:01:22 +0800] "GET /~yuxiaoxu/Photos/KL/KL209_Icon.jpg HTTP/1.1" 200 38757 "http://www.comp.nus.edu.sg/~yuxiaoxu/Photos/KL/KL.htm" "Mozilla/4.0 (compatible; MSIE 6.0; Windows NT 5.1; FunWebProducts-MyWay)" -
kbl-mdb3436.zeelandnet.nl - - [26/May/2004:01:01:23 +0800] "GET /~yuxiaoxu/Photos/KL/KL201_Icon.jpg HTTP/1.1" 200 51101 "http://www.comp.nus.edu.sg/~yuxiaoxu/Photos/KL/KL.htm" "Mozilla/4.0 (compatible; MSIE 6.0; Windows NT 5.1; FunWebProducts-MyWay)" -
81.193.26.80 - - [26/May/2004:01:01:23 +0800] "GET /~sunyuan/ HTTP/1.1" 200 3152 "http://images.google.pt/imgres?imgurl=www.comp.nus.edu.sg/~sunyuan/images/nemo.gif&imgrefurl=http://www.comp.nus.edu.sg/~sunyuan/&h=248&w=275&sz=97&tbnid=2kEH2rEHlHsJ:&tbnh=98&tbnw=108&start=8&prev=/images%3Fq%3DNemo%26hl%3Dpt-PT%26lr%3D%26ie%3DUTF-8" "Mozilla/4.0 (compatible; MSIE 6.0; Windows NT 5.1; .NET CLR 1.1.4322)" -
200.151.128.123 - - [26/May/2004:01:01:23 +0800] "GET /~sunyuan/ HTTP/1.1" 200 3152 "http://images.google.com.br/imgres?imgurl=www.comp.nus.edu.sg/~sunyuan/images/nemo.gif&imgrefurl=http://www.comp.nus.edu.sg/~sunyuan/&h=248&w=275&sz=97&tbnid=2kEH2rEHlHsJ:&tbnh=98&tbnw=108&start=8&prev=/images%3Fq%3Dnemo%26hl%3Dpt-BR%26lr%3D%26ie%3DUTF-8%26sa%3DG" "Mozilla/4.0 (compatible; MSIE 6.0; Windows NT 5.1)" -
kbl-mdb3436.zeelandnet.nl - - [26/May/2004:01:01:24 +0800] "GET /~yuxiaoxu/Photos/KL/KL207_Icon.jpg HTTP/1.1" 200 45539 "http://www.comp.nus.edu.sg/~yuxiaoxu/Photos/KL/KL.htm" "Mozilla/4.0 (compatible; MSIE 6.0; Windows NT 5.1; FunWebProducts-MyWay)" -
81.193.26.80 - - [26/May/2004:01:01:24 +0800] "GET /~sunyuan/images/index_r1_c1.gif HTTP/1.1" 200 1887 "http://www.comp.nus.edu.sg/~sunyuan/" "Mozilla/4.0 (compatible; MSIE 6.0; Windows NT 5.1; .NET CLR 1.1.4322)" -
kbl-mdb3436.zeelandnet.nl - - [26/May/2004:01:01:25 +0800] "GET /~yuxiaoxu/Photos/KL/KL217_Icon.jpg HTTP/1.1" 200 39281 "http://www.comp.nus.edu.sg/~yuxiaoxu/Photos/KL/KL.htm" "Mozilla/4.0 (compatible; MSIE 6.0; Windows NT 5.1; FunWebProducts-MyWay)" -
200.151.128.123 - - [26/May/2004:01:01:25 +0800] "GET /~sunyuan/images/index_r1_c1.gif HTTP/1.1" 200 1887 "http://www.comp.nus.edu.sg/~sunyuan/" "Mozilla/4.0 (compatible; MSIE 6.0; Windows NT 5.1)" -
kbl-mdb3436.zeelandnet.nl - - [26/May/2004:01:01:26 +0800] "GET /~yuxiaoxu/Photos/KL/KL218_Icon.jpg HTTP/1.1" 200 60326 "http://www.comp.nus.edu.sg/~yuxiaoxu/Photos/KL/KL.htm" "Mozilla/4.0 (compatible; MSIE 6.0; Windows NT 5.1; FunWebProducts-MyWay)" -
81.193.26.80 - - [26/May/2004:01:01:26 +0800] "GET /~sunyuan/images/index_r2_c1.gif HTTP/1.1" 200 12459 "http://www.comp.nus.edu.sg/~sunyuan/" "Mozilla/4.0 (compatible; MSIE 6.0; Windows NT 5.1; .NET CLR 1.1.4322)" -
81.193.26.80 - - [26/May/2004:01:01:27 +0800] "GET /~sunyuan/images/index_r2_c3.gif HTTP/1.1" 200 11308 "http://www.comp.nus.edu.sg/~sunyuan/" "Mozilla/4.0 (compatible; MSIE 6.0; Windows NT 5.1; .NET CLR 1.1.4322)" -
kbl-mdb3436.zeelandnet.nl - - [26/May/2004:01:01:27 +0800] "GET /~yuxiaoxu/Photos/KL/KL208_Icon.jpg HTTP/1.1" 200 51636 "http://www.comp.nus.edu.sg/~yuxiaoxu/Photos/KL/KL.htm" "Mozilla/4.0 (compatible; MSIE 6.0; Windows NT 5.1; FunWebProducts-MyWay)" -
81.193.26.80 - - [26/May/2004:01:01:27 +0800] "GET /~sunyuan/images/nemo.gif HTTP/1.1" 200 98407 "http://www.comp.nus.edu.sg/~sunyuan/" "Mozilla/4.0 (compatible; MSIE 6.0; Windows NT 5.1; .NET CLR 1.1.4322)" -
81.193.26.80 - - [26/May/2004:01:01:27 +0800] "GET /~sunyuan/images/index_r3_c2.gif HTTP/1.1" 200 8177 "http://www.comp.nus.edu.sg/~sunyuan/" "Mozilla/4.0 (compatible; MSIE 6.0; Windows NT 5.1; .NET CLR 1.1.4322)" -
nat-prf346.natur.cuni.cz - - [26/May/2004:01:01:27 +0800] "GET /~leongty/ HTTP/1.1" 200 3462 "-" "Mozilla/4.0 (compatible; grub-client-1.5.3; Crawl your own stuff with http://grub.org)" -
cache-loh-aa04.proxy.aol.com - - [26/May/2004:01:01:28 +0800] "GET /~nghoongk/lyrics/singer216-1.html HTTP/1.1" 200 9009 "http://www.comp.nus.edu.sg/~nghoongk/lyrics/index.html" "Mozilla/4.0 (compatible; MSIE 6.0; AOL 9.0; Windows NT 5.0)" -
81.193.26.80 - - [26/May/2004:01:01:28 +0800] "GET /~sunyuan/images/nemo.gif HTTP/1.1" 200 0 "http://www.comp.nus.edu.sg/~sunyuan/" "Mozilla/4.0 (compatible; MSIE 6.0; Windows NT 5.1; .NET CLR 1.1.4322)" -
81.193.26.80 - - [26/May/2004:01:01:29 +0800] "GET /~sunyuan/images/nemo.gif HTTP/1.1" 206 2379 "http://www.comp.nus.edu.sg/~sunyuan/" "Mozilla/4.0 (compatible; MSIE 6.0; Windows NT 5.1; .NET CLR 1.1.4322)" -
200.151.128.123 - - [26/May/2004:01:01:29 +0800] "GET /~sunyuan/images/index_r2_c1.gif HTTP/1.1" 200 0 "http://www.comp.nus.edu.sg/~sunyuan/" "Mozilla/4.0 (compatible; MSIE 6.0; Windows NT 5.1)" -
200.151.128.123 - - [26/May/2004:01:01:29 +0800] "GET /~sunyuan/images/nemo.gif HTTP/1.1" 200 0 "http://www.comp.nus.edu.sg/~sunyuan/" "Mozilla/4.0 (compatible; MSIE 6.0; Windows NT 5.1)" -
kbl-mdb3436.zeelandnet.nl - - [26/May/2004:01:01:29 +0800] "GET /~yuxiaoxu/Photos/KL/KL101_Icon.jpg HTTP/1.1" 200 32768 "http://www.comp.nus.edu.sg/~yuxiaoxu/Photos/KL/KL.htm" "Mozilla/4.0 (compatible; MSIE 6.0; Windows NT 5.1; FunWebProducts-MyWay)" -
kbl-mdb3436.zeelandnet.nl - - [26/May/2004:01:01:29 +0800] "GET /~yuxiaoxu/Photos/KL/KL103_Icon.jpg HTTP/1.1" 200 32768 "http://www.comp.nus.edu.sg/~yuxiaoxu/Photos/KL/KL.htm" "Mozilla/4.0 (compatible; MSIE 6.0; Windows NT 5.1; FunWebProducts-MyWay)" -
82-39-97-84.cable.ubr01.newy.blueyonder.co.uk - - [26/May/2004:01:01:29 +0800] "GET /~ssung/research/readings/download_by_sp/srivastava.pdf HTTP/1.1" 200 0 "-" "Mozilla/4.0 (compatible; MSIE 6.0; Windows NT 5.1)" -
81.193.26.80 - - [26/May/2004:01:01:30 +0800] "GET /~sunyuan/images/nemo.gif HTTP/1.1" 200 0 "http://www.comp.nus.edu.sg/~sunyuan/" "Mozilla/4.0 (compatible; MSIE 6.0; Windows NT 5.1; .NET CLR 1.1.4322)" -
200.151.128.123 - - [26/May/2004:01:01:31 +0800] "GET /~sunyuan/images/index_r3_c2.gif HTTP/1.1" 200 8177 "http://www.comp.nus.edu.sg/~sunyuan/" "Mozilla/4.0 (compatible; MSIE 6.0; Windows NT 5.1)" -
81.193.26.80 - - [26/May/2004:01:01:34 +0800] "GET /~sunyuan/images/nemo.gif HTTP/1.1" 206 97274 "http://www.comp.nus.edu.sg/~sunyuan/" "Mozilla/4.0 (compatible; MSIE 6.0; Windows NT 5.1; .NET CLR 1.1.4322)" -
81.193.26.80 - - [26/May/2004:01:01:35 +0800] "GET /~sunyuan/images/index_r2_c2_f2.gif HTTP/1.1" 200 23678 "http://www.comp.nus.edu.sg/~sunyuan/" "Mozilla/4.0 (compatible; MSIE 6.0; Windows NT 5.1; .NET CLR 1.1.4322)" -
