216.20.4.242 - - [26/May/2004:01:04:29 +0800] "GET /~sunyuan/ HTTP/1.1" 200 3152 "http://images.google.com/imgres?imgurl=www.comp.nus.edu.sg/~sunyuan/images/nemo.gif&imgrefurl=http://www.comp.nus.edu.sg/~sunyuan/&h=248&w=275&sz=97&tbnid=2kEH2rEHlHsJ:&tbnh=98&tbnw=108&start=8&prev=/images%3Fq%3Dnemo%26hl%3Den%26lr%3D%26ie%3DUTF-8%26sa%3DG" "Mozilla/4.0 (compatible; MSIE 5.01; Windows 98)" -
t4o906p63.telia.com - - [26/May/2004:01:04:30 +0800] "GET /~sunyuan/ HTTP/1.1" 200 3152 "-" "Mozilla/4.0 (compatible; MSIE 6.0; Windows NT 5.1; .NET CLR 1.1.4322)" -
172.18.206.33 - - [26/May/2004:01:04:30 +0800] "GET / HTTP/1.1" 200 8789 "-" "Mozilla/4.0 (compatible; MSIE 6.0; Windows NT 5.1)" -
172.18.206.33 - - [26/May/2004:01:04:31 +0800] "GET /nusstyles.css HTTP/1.1" 200 804 "http://www.comp.nus.edu.sg/" "Mozilla/4.0 (compatible; MSIE 6.0; Windows NT 5.1)" -
172.18.206.33 - - [26/May/2004:01:04:31 +0800] "GET /images/nussocbanner.gif HTTP/1.1" 200 2693 "http://www.comp.nus.edu.sg/" "Mozilla/4.0 (compatible; MSIE 6.0; Windows NT 5.1)" -
172.18.206.33 - - [26/May/2004:01:04:31 +0800] "GET /images/socmain_r3_c6.jpg HTTP/1.1" 200 1575 "http://www.comp.nus.edu.sg/" "Mozilla/4.0 (compatible; MSIE 6.0; Windows NT 5.1)" -
172.18.206.33 - - [26/May/2004:01:04:31 +0800] "GET /images/facenghd.gif HTTP/1.1" 200 1130 "http://www.comp.nus.edu.sg/" "Mozilla/4.0 (compatible; MSIE 6.0; Windows NT 5.1)" -
172.18.206.33 - - [26/May/2004:01:04:31 +0800] "GET /images/socmain_r3_c8.jpg HTTP/1.1" 200 1624 "http://www.comp.nus.edu.sg/" "Mozilla/4.0 (compatible; MSIE 6.0; Windows NT 5.1)" -
172.18.206.33 - - [26/May/2004:01:04:31 +0800] "GET /images/socmain_r3_c10.jpg HTTP/1.1" 200 1244 "http://www.comp.nus.edu.sg/" "Mozilla/4.0 (compatible; MSIE 6.0; Windows NT 5.1)" -
172.18.206.33 - - [26/May/2004:01:04:31 +0800] "GET /images/recruitment.jpg HTTP/1.1" 200 11411 "http://www.comp.nus.edu.sg/" "Mozilla/4.0 (compatible; MSIE 6.0; Windows NT 5.1)" -
172.18.206.33 - - [26/May/2004:01:04:31 +0800] "GET /images/socmain_r3_c13.jpg HTTP/1.1" 200 7938 "http://www.comp.nus.edu.sg/" "Mozilla/4.0 (compatible; MSIE 6.0; Windows NT 5.1)" -
172.18.206.33 - - [26/May/2004:01:04:31 +0800] "GET /images/socmain_r3_c11.jpg HTTP/1.1" 200 1265 "http://www.comp.nus.edu.sg/" "Mozilla/4.0 (compatible; MSIE 6.0; Windows NT 5.1)" -
172.18.206.33 - - [26/May/2004:01:04:31 +0800] "GET /images/socmain_r3_c15.jpg HTTP/1.1" 200 1177 "http://www.comp.nus.edu.sg/" "Mozilla/4.0 (compatible; MSIE 6.0; Windows NT 5.1)" -
172.18.206.33 - - [26/May/2004:01:04:31 +0800] "GET /images/socmain_r3_c16.jpg HTTP/1.1" 200 1437 "http://www.comp.nus.edu.sg/" "Mozilla/4.0 (compatible; MSIE 6.0; Windows NT 5.1)" -
172.18.206.33 - - [26/May/2004:01:04:31 +0800] "GET /images/socmain_r5_c12.jpg HTTP/1.1" 200 12013 "http://www.comp.nus.edu.sg/" "Mozilla/4.0 (compatible; MSIE 6.0; Windows NT 5.1)" -
172.18.206.33 - - [26/May/2004:01:04:31 +0800] "GET /images/socmain_r5_c13.jpg HTTP/1.1" 200 11451 "http://www.comp.nus.edu.sg/" "Mozilla/4.0 (compatible; MSIE 6.0; Windows NT 5.1)" -
ppp130.freed.dti.ne.jp - - [26/May/2004:01:04:31 +0800] "GET /~nghoongk/lyrics/million.gif HTTP/1.1" 304 - "http://www.comp.nus.edu.sg/~nghoongk/lyrics/index.html" "Mozilla/4.0 (compatible; MSIE 6.0; Windows NT 5.0; .NET CLR 1.0.3705; .NET CLR 1.1.4322)" -
24.211.139.223 - - [26/May/2004:01:04:31 +0800] "GET /~cs4274/termpapers/0304-I/group1/present.ppt HTTP/1.1" 200 408576 "http://www.google.com/search?hl=en&lr=&ie=UTF-8&q=selfish+node+tsn&btnG=Search" "Mozilla/5.0 (Windows; U; Windows NT 5.0; en-US; rv:1.4) Gecko/20030624 Netscape/7.1 (ax)" -
172.18.206.33 - - [26/May/2004:01:04:31 +0800] "GET /images/socmain_r5_c14.jpg HTTP/1.1" 200 4432 "http://www.comp.nus.edu.sg/" "Mozilla/4.0 (compatible; MSIE 6.0; Windows NT 5.1)" -
172.18.206.33 - - [26/May/2004:01:04:31 +0800] "GET /images/sem-events.gif HTTP/1.1" 200 692 "http://www.comp.nus.edu.sg/" "Mozilla/4.0 (compatible; MSIE 6.0; Windows NT 5.1)" -
172.18.206.33 - - [26/May/2004:01:04:31 +0800] "GET /images/trans.gif HTTP/1.1" 200 64 "http://www.comp.nus.edu.sg/" "Mozilla/4.0 (compatible; MSIE 6.0; Windows NT 5.1)" -
172.18.206.33 - - [26/May/2004:01:04:31 +0800] "GET /images/sip.gif HTTP/1.1" 200 791 "http://www.comp.nus.edu.sg/" "Mozilla/4.0 (compatible; MSIE 6.0; Windows NT 5.1)" -
172.18.206.33 - - [26/May/2004:01:04:31 +0800] "GET /images/socmain_r7_c1.jpg HTTP/1.1" 200 1253 "http://www.comp.nus.edu.sg/" "Mozilla/4.0 (compatible; MSIE 6.0; Windows NT 5.1)" -
172.18.206.33 - - [26/May/2004:01:04:31 +0800] "GET /images/socimage.jpg HTTP/1.1" 200 41463 "http://www.comp.nus.edu.sg/" "Mozilla/4.0 (compatible; MSIE 6.0; Windows NT 5.1)" -
172.18.206.33 - - [26/May/2004:01:04:31 +0800] "GET /images/socmain_r7_c2.jpg HTTP/1.1" 200 1164 "http://www.comp.nus.edu.sg/" "Mozilla/4.0 (compatible; MSIE 6.0; Windows NT 5.1)" -
172.18.206.33 - - [26/May/2004:01:04:32 +0800] "GET /images/socmain_r7_c4.jpg HTTP/1.1" 200 804 "http://www.comp.nus.edu.sg/" "Mozilla/4.0 (compatible; MSIE 6.0; Windows NT 5.1)" -
172.18.206.33 - - [26/May/2004:01:04:32 +0800] "GET /images/socmain_r7_c5.jpg HTTP/1.1" 200 882 "http://www.comp.nus.edu.sg/" "Mozilla/4.0 (compatible; MSIE 6.0; Windows NT 5.1)" -
172.18.206.33 - - [26/May/2004:01:04:32 +0800] "GET /images/socmain_r7_c7.jpg HTTP/1.1" 200 1020 "http://www.comp.nus.edu.sg/" "Mozilla/4.0 (compatible; MSIE 6.0; Windows NT 5.1)" -
172.18.206.33 - - [26/May/2004:01:04:32 +0800] "GET /images/socmain_r7_c9f.jpg HTTP/1.1" 200 816 "http://www.comp.nus.edu.sg/" "Mozilla/4.0 (compatible; MSIE 6.0; Windows NT 5.1)" -
172.18.206.33 - - [26/May/2004:01:04:32 +0800] "GET /images/grey.gif HTTP/1.1" 200 133 "http://www.comp.nus.edu.sg/" "Mozilla/4.0 (compatible; MSIE 6.0; Windows NT 5.1)" -
198.209.13.253 - - [26/May/2004:01:04:33 +0800] "GET /~sunyuan/ HTTP/1.0" 200 3140 "http://images.google.com/imgres?imgurl=www.comp.nus.edu.sg/~sunyuan/images/nemo.gif&imgrefurl=http://www.comp.nus.edu.sg/~sunyuan/&h=248&w=275&sz=97&tbnid=2kEH2rEHlHsJ:&tbnh=98&tbnw=108&start=8&prev=/images%3Fq%3DNemo%26hl%3Den%26lr%3D%26ie%3DUTF-8" "Mozilla/4.0 (compatible; MSIE 6.0; Windows NT 5.1; .NET CLR 1.1.4322)" -
p6003-ipad203souka.saitama.ocn.ne.jp - - [26/May/2004:01:04:33 +0800] "GET /~pradeepk/Photos/IIFA/page_01.htm HTTP/1.1" 200 7705 "http://www.comp.nus.edu.sg/~pradeepk/Photos/IIFA/" "Mozilla/4.0 (compatible; MSIE 6.0; Windows NT 5.1)" -
198.209.13.253 - - [26/May/2004:01:04:33 +0800] "GET /~sunyuan/images/index_r1_c1.gif HTTP/1.0" 200 1887 "http://www.comp.nus.edu.sg/~sunyuan/" "Mozilla/4.0 (compatible; MSIE 6.0; Windows NT 5.1; .NET CLR 1.1.4322)" -
216.20.4.242 - - [26/May/2004:01:04:33 +0800] "GET /~sunyuan/images/nemo.gif HTTP/1.1" 200 98407 "http://images.google.com/imgres?imgurl=www.comp.nus.edu.sg/~sunyuan/images/nemo.gif&imgrefurl=http://www.comp.nus.edu.sg/~sunyuan/&h=248&w=275&sz=97&tbnid=2kEH2rEHlHsJ:&tbnh=98&tbnw=108&prev=/images%3Fq%3Dnemo%26hl%3Den%26lr%3D%26ie%3DUTF-8%26sa%3DG&frame=small" "Mozilla/4.0 (compatible; MSIE 5.01; Windows 98)" -
p6003-ipad203souka.saitama.ocn.ne.jp - - [26/May/2004:01:04:34 +0800] "GET /~pradeepk/Photos/IIFA/TN_Its%20my%20family%20with%20SHEKHAR%20KAPOOR%20and%20his%20wife.JPG HTTP/1.1" 200 3844 "http://www.comp.nus.edu.sg/~pradeepk/Photos/IIFA/page_01.htm" "Mozilla/4.0 (compatible; MSIE 6.0; Windows NT 5.1)" -
p6003-ipad203souka.saitama.ocn.ne.jp - - [26/May/2004:01:04:34 +0800] "GET /~pradeepk/Photos/IIFA/TN_Manisha%20and%20Gunu%20with%20SHEKHAR%20KAPOOR.JPG HTTP/1.1" 200 4129 "http://www.comp.nus.edu.sg/~pradeepk/Photos/IIFA/page_01.htm" "Mozilla/4.0 (compatible; MSIE 6.0; Windows NT 5.1)" -
198.209.13.253 - - [26/May/2004:01:04:34 +0800] "GET /~sunyuan/images/index_r2_c1.gif HTTP/1.0" 200 12459 "http://www.comp.nus.edu.sg/~sunyuan/" "Mozilla/4.0 (compatible; MSIE 6.0; Windows NT 5.1; .NET CLR 1.1.4322)" -
172.18.206.33 - - [26/May/2004:01:04:34 +0800] "GET /services/index.html HTTP/1.1" 200 7211 "http://www.comp.nus.edu.sg/" "Mozilla/4.0 (compatible; MSIE 6.0; Windows NT 5.1)" -
p6003-ipad203souka.saitama.ocn.ne.jp - - [26/May/2004:01:04:34 +0800] "GET /~pradeepk/Photos/IIFA/TN_Manisha%20and%20Akanksha%20with%20Great%20SHABANA%20AZMI.JPG HTTP/1.1" 200 6039 "http://www.comp.nus.edu.sg/~pradeepk/Photos/IIFA/page_01.htm" "Mozilla/4.0 (compatible; MSIE 6.0; Windows NT 5.1)" -
172.18.206.33 - - [26/May/2004:01:04:34 +0800] "GET /services/images/sars.gif HTTP/1.1" 200 4515 "http://www.comp.nus.edu.sg/services/index.html" "Mozilla/4.0 (compatible; MSIE 6.0; Windows NT 5.1)" -
198.209.13.253 - - [26/May/2004:01:04:35 +0800] "GET /~sunyuan/images/index_r2_c3.gif HTTP/1.0" 200 11308 "http://www.comp.nus.edu.sg/~sunyuan/" "Mozilla/4.0 (compatible; MSIE 6.0; Windows NT 5.1; .NET CLR 1.1.4322)" -
p6003-ipad203souka.saitama.ocn.ne.jp - - [26/May/2004:01:04:35 +0800] "GET /~pradeepk/Photos/IIFA/TN_My%20kids%20with%20RAMESH%20SIPPY%20(Director%20of%20Sholay,%20Shaan,%20Shakti,%20...).JPG HTTP/1.1" 200 3975 "http://www.comp.nus.edu.sg/~pradeepk/Photos/IIFA/page_01.htm" "Mozilla/4.0 (compatible; MSIE 6.0; Windows NT 5.1)" -
198.209.13.253 - - [26/May/2004:01:04:35 +0800] "GET /~sunyuan/images/index_r3_c2.gif HTTP/1.0" 200 8177 "http://www.comp.nus.edu.sg/~sunyuan/" "Mozilla/4.0 (compatible; MSIE 6.0; Windows NT 5.1; .NET CLR 1.1.4322)" -
p6003-ipad203souka.saitama.ocn.ne.jp - - [26/May/2004:01:04:35 +0800] "GET /~pradeepk/Photos/IIFA/TN_My%20daughter%20with%20JAVED%20AKHTAR...%20waiting%20for%20the%20autograph.JPG HTTP/1.1" 200 3964 "http://www.comp.nus.edu.sg/~pradeepk/Photos/IIFA/page_01.htm" "Mozilla/4.0 (compatible; MSIE 6.0; Windows NT 5.1)" -
198.209.13.253 - - [26/May/2004:01:04:35 +0800] "GET /~sunyuan/images/nemo.gif HTTP/1.0" 200 98407 "http://www.comp.nus.edu.sg/~sunyuan/" "Mozilla/4.0 (compatible; MSIE 6.0; Windows NT 5.1; .NET CLR 1.1.4322)" -
p6003-ipad203souka.saitama.ocn.ne.jp - - [26/May/2004:01:04:35 +0800] "GET /~pradeepk/Photos/IIFA/TN_Its%20me%20with%20Legendary%20JAVED%20AKHTAR.JPG HTTP/1.1" 200 4452 "http://www.comp.nus.edu.sg/~pradeepk/Photos/IIFA/page_01.htm" "Mozilla/4.0 (compatible; MSIE 6.0; Windows NT 5.1)" -
p6003-ipad203souka.saitama.ocn.ne.jp - - [26/May/2004:01:04:35 +0800] "GET /~pradeepk/Photos/IIFA/TN_With%20BOMMY%20IRANI-Ready%20for%20a%20pose.JPG HTTP/1.1" 200 3137 "http://www.comp.nus.edu.sg/~pradeepk/Photos/IIFA/page_01.htm" "Mozilla/4.0 (compatible; MSIE 6.0; Windows NT 5.1)" -
211.75.107.247 - - [26/May/2004:01:04:35 +0800] "GET /~nghoongk/lyrics/c.gif HTTP/1.1" 200 870 "http://www.comp.nus.edu.sg/~nghoongk/lyrics/singer4-1.html" "Mozilla/4.0 (compatible; MSIE 6.0; Windows 98)" -
cache-loh-aa02.proxy.aol.com - - [26/May/2004:01:04:35 +0800] "GET /~keexuyua/pictures/skillz.gif HTTP/1.1" 200 5857 "http://www.koptalk.org/forums/showflat.php/Cat/0/Number/274120/page/0/view/collapsed/sb/5/o/all/fpart/1" "Mozilla/4.0 (compatible; MSIE 6.0; AOL 9.0; Windows NT 5.1; .NET CLR 1.1.4322)" -
198.209.13.253 - - [26/May/2004:01:04:35 +0800] "GET /~sunyuan/images/index_r2_c2_f2.gif HTTP/1.0" 200 23678 "http://www.comp.nus.edu.sg/~sunyuan/" "Mozilla/4.0 (compatible; MSIE 6.0; Windows NT 5.1; .NET CLR 1.1.4322)" -
egspd42404.teoma.com - - [26/May/2004:01:04:35 +0800] "GET /~smadellz/ HTTP/1.0" 200 1541 "-" "Mozilla/2.0 (compatible; Ask Jeeves/Teoma)" -
p6003-ipad203souka.saitama.ocn.ne.jp - - [26/May/2004:01:04:36 +0800] "GET /~pradeepk/Photos/IIFA/TN_RAJKUMAR%20HIRANI%20(Director%20of%20Munna%20Bhai%20MBBS).JPG HTTP/1.1" 200 5170 "http://www.comp.nus.edu.sg/~pradeepk/Photos/IIFA/page_01.htm" "Mozilla/4.0 (compatible; MSIE 6.0; Windows NT 5.1)" -
198.209.13.253 - - [26/May/2004:01:04:36 +0800] "GET /~sunyuan/images/nemo.gif HTTP/1.0" 200 98407 "http://www.comp.nus.edu.sg/~sunyuan/" "Mozilla/4.0 (compatible; MSIE 6.0; Windows NT 5.1; .NET CLR 1.1.4322)" -
p6003-ipad203souka.saitama.ocn.ne.jp - - [26/May/2004:01:04:36 +0800] "GET /~pradeepk/Photos/IIFA/TN_My%20kid%20and%20me%20with%20BOMY%20IRANI%20(Dean%20of%20Munna%20Bhai%20MBBS...He%20won%20the%20best%20award%20for%20comic%20role%20at%20IIFA04).JPG HTTP/1.1" 200 3582 "http://www.comp.nus.edu.sg/~pradeepk/Photos/IIFA/page_01.htm" "Mozilla/4.0 (compatible; MSIE 6.0; Windows NT 5.1)" -
211.75.107.247 - - [26/May/2004:01:04:36 +0800] "GET /~nghoongk/lyrics/singer4-1.html HTTP/1.1" 200 13716 "http://tw.search.yahoo.com/search/kimo?p=%B5L%BA%C9%AA%C5%B5%EA%BAq%B5%FC" "Mozilla/4.0 (compatible; MSIE 6.0; Windows 98)" -
p6003-ipad203souka.saitama.ocn.ne.jp - - [26/May/2004:01:04:36 +0800] "GET /~pradeepk/Photos/IIFA/TN_Receiving%20autographs%20from%20RAJKUMAR%20HIRANI.JPG HTTP/1.1" 200 4078 "http://www.comp.nus.edu.sg/~pradeepk/Photos/IIFA/page_01.htm" "Mozilla/4.0 (compatible; MSIE 6.0; Windows NT 5.1)" -
p6003-ipad203souka.saitama.ocn.ne.jp - - [26/May/2004:01:04:36 +0800] "GET /~pradeepk/Photos/IIFA/TN_Its%20SHILA%20SHETTY...Gunu%20approched%20her%20for%20receiving%20autograph.JPG HTTP/1.1" 200 3352 "http://www.comp.nus.edu.sg/~pradeepk/Photos/IIFA/page_01.htm" "Mozilla/4.0 (compatible; MSIE 6.0; Windows NT 5.1)" -
81-178-98-22.dsl.pipex.com - - [26/May/2004:01:04:36 +0800] "GET /~sunyuan/ HTTP/1.1" 200 3152 "http://images.google.com/imgres?imgurl=www.comp.nus.edu.sg/~sunyuan/images/nemo.gif&imgrefurl=http://www.comp.nus.edu.sg/~sunyuan/&h=248&w=275&sz=97&tbnid=2kEH2rEHlHsJ:&tbnh=98&tbnw=108&start=8&prev=/images%3Fq%3DNemo%26hl%3Den%26lr%3D%26ie%3DUTF-8" "Mozilla/4.0 (compatible; MSIE 6.0; Windows NT 5.1; FunWebProducts)" -
p6003-ipad203souka.saitama.ocn.ne.jp - - [26/May/2004:01:04:36 +0800] "GET /~pradeepk/Photos/IIFA/TN_BOMY%20IRANI%20signing%20autographs.JPG HTTP/1.1" 200 3090 "http://www.comp.nus.edu.sg/~pradeepk/Photos/IIFA/page_01.htm" "Mozilla/4.0 (compatible; MSIE 6.0; Windows NT 5.1)" -
p6003-ipad203souka.saitama.ocn.ne.jp - - [26/May/2004:01:04:36 +0800] "GET /~pradeepk/Photos/IIFA/TN_One%20more%20with%20BOMY%20IRANI.JPG HTTP/1.1" 200 4245 "http://www.comp.nus.edu.sg/~pradeepk/Photos/IIFA/page_01.htm" "Mozilla/4.0 (compatible; MSIE 6.0; Windows NT 5.1)" -
ip503de5cf.speed.planet.nl - - [26/May/2004:01:04:37 +0800] "GET /~sunyuan/images/nemo.gif HTTP/1.1" 200 98407 "http://harryweb.proboards21.com/index.cgi?board=harryjudd&action=display&num=1084884625" "Mozilla/4.0 (compatible; MSIE 6.0; Windows NT 5.1; FunWebProducts; Hotbar 4.4.6.0)" -
p6003-ipad203souka.saitama.ocn.ne.jp - - [26/May/2004:01:04:37 +0800] "GET /~pradeepk/Photos/IIFA/TN_We%20are%20having%20Coke%20at%20the%20Grand%20Hyatt%20hotel%20in%20Singapore.JPG HTTP/1.1" 200 2585 "http://www.comp.nus.edu.sg/~pradeepk/Photos/IIFA/page_01.htm" "Mozilla/4.0 (compatible; MSIE 6.0; Windows NT 5.1)" -
p6003-ipad203souka.saitama.ocn.ne.jp - - [26/May/2004:01:04:37 +0800] "GET /~pradeepk/Photos/IIFA/TN_Prem%20Chopra.Rakesh%20Roshan.Anil%20Kapoor%20passing%20by....JPG HTTP/1.1" 200 2792 "http://www.comp.nus.edu.sg/~pradeepk/Photos/IIFA/page_01.htm" "Mozilla/4.0 (compatible; MSIE 6.0; Windows NT 5.1)" -
p6003-ipad203souka.saitama.ocn.ne.jp - - [26/May/2004:01:04:37 +0800] "GET /~pradeepk/Photos/IIFA/TN_The%20legendary%20Amitabh%20Bachchan.JPG HTTP/1.1" 200 4388 "http://www.comp.nus.edu.sg/~pradeepk/Photos/IIFA/page_01.htm" "Mozilla/4.0 (compatible; MSIE 6.0; Windows NT 5.1)" -
p6003-ipad203souka.saitama.ocn.ne.jp - - [26/May/2004:01:04:37 +0800] "GET /~pradeepk/Photos/IIFA/TN_Another%20one%20of%20AB.JPG HTTP/1.1" 200 4388 "http://www.comp.nus.edu.sg/~pradeepk/Photos/IIFA/page_01.htm" "Mozilla/4.0 (compatible; MSIE 6.0; Windows NT 5.1)" -
172.18.206.33 - - [26/May/2004:01:04:37 +0800] "GET /cf-pub/index1.html HTTP/1.1" 200 11708 "http://www.comp.nus.edu.sg/services/index.html" "Mozilla/4.0 (compatible; MSIE 6.0; Windows NT 5.1)" -
216.20.4.242 - - [26/May/2004:01:04:37 +0800] "GET /~sunyuan/images/nemo.gif HTTP/1.1" 304 - "-" "Mozilla/4.0 (compatible; MSIE 5.01; Windows 98)" -
81-178-98-22.dsl.pipex.com - - [26/May/2004:01:04:37 +0800] "GET /~sunyuan/images/index_r1_c1.gif HTTP/1.1" 200 1887 "http://www.comp.nus.edu.sg/~sunyuan/" "Mozilla/4.0 (compatible; MSIE 6.0; Windows NT 5.1; FunWebProducts)" -
p6003-ipad203souka.saitama.ocn.ne.jp - - [26/May/2004:01:04:37 +0800] "GET /~pradeepk/Photos/IIFA/TN_RAJ%20KUMAR%20HIRANI%20with%20my%20friend%20Kapil...I%20shot%20the%20photo.JPG HTTP/1.1" 200 3971 "http://www.comp.nus.edu.sg/~pradeepk/Photos/IIFA/page_01.htm" "Mozilla/4.0 (compatible; MSIE 6.0; Windows NT 5.1)" -
172.18.206.33 - - [26/May/2004:01:04:37 +0800] "GET /cf-pub/images/main_img.jpg HTTP/1.1" 200 10367 "http://www.comp.nus.edu.sg/cf-pub/index1.html" "Mozilla/4.0 (compatible; MSIE 6.0; Windows NT 5.1)" -
172.18.206.33 - - [26/May/2004:01:04:37 +0800] "GET /cf-pub/images/right_arrow.gif HTTP/1.1" 200 56 "http://www.comp.nus.edu.sg/cf-pub/index1.html" "Mozilla/4.0 (compatible; MSIE 6.0; Windows NT 5.1)" -
172.18.206.33 - - [26/May/2004:01:04:37 +0800] "GET /cf-pub/images/labs.jpg HTTP/1.1" 200 12140 "http://www.comp.nus.edu.sg/cf-pub/index1.html" "Mozilla/4.0 (compatible; MSIE 6.0; Windows NT 5.1)" -
81-178-98-22.dsl.pipex.com - - [26/May/2004:01:04:39 +0800] "GET /~sunyuan/images/index_r2_c1.gif HTTP/1.1" 200 12459 "http://www.comp.nus.edu.sg/~sunyuan/" "Mozilla/4.0 (compatible; MSIE 6.0; Windows NT 5.1; FunWebProducts)" -
81-178-98-22.dsl.pipex.com - - [26/May/2004:01:04:39 +0800] "GET /~sunyuan/images/index_r2_c3.gif HTTP/1.1" 200 11308 "http://www.comp.nus.edu.sg/~sunyuan/" "Mozilla/4.0 (compatible; MSIE 6.0; Windows NT 5.1; FunWebProducts)" -
81-178-98-22.dsl.pipex.com - - [26/May/2004:01:04:40 +0800] "GET /~sunyuan/images/nemo.gif HTTP/1.1" 200 98407 "http://www.comp.nus.edu.sg/~sunyuan/" "Mozilla/4.0 (compatible; MSIE 6.0; Windows NT 5.1; FunWebProducts)" -
abovenet4.openfind.com - - [26/May/2004:01:04:40 +0800] "GET /%7Ehengak/INGHO/ingho.html HTTP/1.0" 200 1825 "-" "Openfind data gatherer, Openbot/3.0+(robot-response@openfind.com.tw;+http://www.openfind.com.tw/robot.html)" -
81-178-98-22.dsl.pipex.com - - [26/May/2004:01:04:40 +0800] "GET /~sunyuan/images/index_r3_c2.gif HTTP/1.1" 200 8177 "http://www.comp.nus.edu.sg/~sunyuan/" "Mozilla/4.0 (compatible; MSIE 6.0; Windows NT 5.1; FunWebProducts)" -
198.65.155.205 - - [26/May/2004:01:04:41 +0800] "GET /labs/<b>parallel</b>/<b>parallel</b>.html HTTP/1.0" 404 335 "-" "Mozilla/3.01Gold (Macintosh; I; 68K)" -
82.101.135.48 - - [26/May/2004:01:04:41 +0800] "GET /~leonghw/uit2201/Fa2003/syllabus.html HTTP/1.0" 200 14617 "http://msxml.webcrawler.com/info.wbcrwl/search/web/Lecture%2Bpdf%2Bnotes%2Bsimulation/1/20/1/-/-/0/1/1/1/1/-/n172/Lecture/on4%253A1085504251102%253A0%253A/n172/1/-/-/-/-/-/-/-/-/-/-/-/-/-/-/-/-/-/-/-/-/-/Lecture%2Bpdf%2Bnotes%2Bsimulation/pdf%252Bnotes%252Bsimulation/Lecture" "Mozilla/4.0 (compatible; MSIE 6.0; Windows NT 5.1)" -
abovenet4.openfind.com - - [26/May/2004:01:04:43 +0800] "GET /%7Ehengak/INGHO/YINGFO/yingfo.htm HTTP/1.0" 200 10284 "-" "Openfind data gatherer, Openbot/3.0+(robot-response@openfind.com.tw;+http://www.openfind.com.tw/robot.html)" -
81-178-98-22.dsl.pipex.com - - [26/May/2004:01:04:44 +0800] "GET /~sunyuan/images/index_r2_c2_f2.gif HTTP/1.1" 200 23678 "http://www.comp.nus.edu.sg/~sunyuan/" "Mozilla/4.0 (compatible; MSIE 6.0; Windows NT 5.1; FunWebProducts)" -
lj1134.inktomisearch.com - - [26/May/2004:01:04:45 +0800] "GET /~fangll/jdk1.2.2/docs/api/java/sql/class-use/SQLException.html HTTP/1.0" 404 332 "-" "Mozilla/5.0 (compatible; Yahoo! Slurp; http://help.yahoo.com/help/us/ysearch/slurp)" -
bbcache-17.singnet.com.sg - - [26/May/2004:01:04:45 +0800] "GET /~leonghui/gentingtrip/144-4466_IMG.html HTTP/1.1" 200 2294 "-" "Mozilla/4.0 (compatible;)" 165.21.154.158
abovenet4.openfind.com - - [26/May/2004:01:04:45 +0800] "GET /%7Ehengak/INGHO/main.html HTTP/1.0" 200 4103 "-" "Openfind data gatherer, Openbot/3.0+(robot-response@openfind.com.tw;+http://www.openfind.com.tw/robot.html)" -
212.158.244.134 - - [26/May/2004:01:04:46 +0800] "GET /~ooibc/courses/sql/plsql.htm HTTP/1.1" 200 16616 "http://www.google.com/search?q=boolean+values+in+sql+select+statements&hl=en&lr=&ie=UTF-8" "Mozilla/4.0 (compatible; MSIE 6.0; Windows NT 5.1; .NET CLR 1.0.3705; .NET CLR 1.1.4322)" -
66.237.60.15 - - [26/May/2004:01:04:46 +0800] "GET /%7Eluakt/postgrad/pen.html HTTP/1.0" 404 294 "-" "Openfind data gatherer, Openbot/3.0+(robot-response@openfind.com.tw;+http://www.openfind.com.tw/robot.html)" -
212.158.244.134 - - [26/May/2004:01:04:47 +0800] "GET /~ooibc/courses/sql/image014.gif HTTP/1.1" 200 3138 "http://www.comp.nus.edu.sg/~ooibc/courses/sql/plsql.htm" "Mozilla/4.0 (compatible; MSIE 6.0; Windows NT 5.1; .NET CLR 1.0.3705; .NET CLR 1.1.4322)" -
t4o906p63.telia.com - - [26/May/2004:01:04:48 +0800] "GET /~sunyuan/images/nemo.gif HTTP/1.1" 200 98407 "-" "Mozilla/4.0 (compatible; MSIE 6.0; Windows NT 5.1; .NET CLR 1.1.4322)" -
bb220-255-62-38.singnet.com.sg - - [26/May/2004:01:04:51 +0800] "GET /~khooanqi/mymusic/ganbugan.mp3 HTTP/1.1" 200 1900544 "http://darlingdar.pitas.com" "Mozilla/4.0 (compatible; MSIE 6.0; Windows NT 5.1)" -
cache218.156ce.maxonline.com.sg - - [26/May/2004:01:04:52 +0800] "GET /~teoym/cslab/index.htm HTTP/1.1" 200 9148 "http://www.comp.nus.edu.sg/cs/research.html" "Mozilla/4.0 (compatible; MSIE 6.0; Windows NT 5.0)" 218.186.203.184
cache218.156ce.maxonline.com.sg - - [26/May/2004:01:04:52 +0800] "GET /~teoym/cslab/Computer%20System%20Lab_files/nusstyles.css HTTP/1.1" 304 - "http://www.comp.nus.edu.sg/~teoym/cslab/index.htm" "Mozilla/4.0 (compatible; MSIE 6.0; Windows NT 5.0)" 218.186.203.184
cache218.156ce.maxonline.com.sg - - [26/May/2004:01:04:52 +0800] "GET /~teoym/cslab/Computer%20System%20Lab_files/nussocbanner.gif HTTP/1.1" 304 - "http://www.comp.nus.edu.sg/~teoym/cslab/index.htm" "Mozilla/4.0 (compatible; MSIE 6.0; Windows NT 5.0)" 218.186.203.184
cache218.156ce.maxonline.com.sg - - [26/May/2004:01:04:52 +0800] "GET /~teoym/cslab/Computer%20System%20Lab_files/facenghd2.gif HTTP/1.1" 304 - "http://www.comp.nus.edu.sg/~teoym/cslab/index.htm" "Mozilla/4.0 (compatible; MSIE 6.0; Windows NT 5.0)" 218.186.203.184
cache218.156ce.maxonline.com.sg - - [26/May/2004:01:04:52 +0800] "GET /~teoym/cslab/Computer%20System%20Lab_files/member%20icon.gif HTTP/1.1" 304 - "http://www.comp.nus.edu.sg/~teoym/cslab/index.htm" "Mozilla/4.0 (compatible; MSIE 6.0; Windows NT 5.0)" 218.186.203.184
cache218.156ce.maxonline.com.sg - - [26/May/2004:01:04:52 +0800] "GET /~teoym/cslab/Computer%20System%20Lab_files/research%20stu%20icon.gif HTTP/1.1" 304 - "http://www.comp.nus.edu.sg/~teoym/cslab/index.htm" "Mozilla/4.0 (compatible; MSIE 6.0; Windows NT 5.0)" 218.186.203.184
cache218.156ce.maxonline.com.sg - - [26/May/2004:01:04:52 +0800] "GET /~teoym/cslab/Computer%20System%20Lab_files/project%20icon.gif HTTP/1.1" 304 - "http://www.comp.nus.edu.sg/~teoym/cslab/index.htm" "Mozilla/4.0 (compatible; MSIE 6.0; Windows NT 5.0)" 218.186.203.184
cache218.156ce.maxonline.com.sg - - [26/May/2004:01:04:52 +0800] "GET /~teoym/cslab/AnFade.jar HTTP/1.1" 304 - "-" "Mozilla/4.0 (compatible; MSIE 6.0; Win32)" 218.186.203.184
cache218.156ce.maxonline.com.sg - - [26/May/2004:01:04:52 +0800] "GET /~teoym/cslab/Computer%20System%20Lab_files/industry%20partner%20icon.gif HTTP/1.1" 304 - "http://www.comp.nus.edu.sg/~teoym/cslab/index.htm" "Mozilla/4.0 (compatible; MSIE 6.0; Windows NT 5.0)" 218.186.203.184
cache218.156ce.maxonline.com.sg - - [26/May/2004:01:04:53 +0800] "GET /~teoym/cslab/Computer%20System%20Lab_files/collaboration%20icon.gif HTTP/1.1" 304 - "http://www.comp.nus.edu.sg/~teoym/cslab/index.htm" "Mozilla/4.0 (compatible; MSIE 6.0; Windows NT 5.0)" 218.186.203.184
203.162.54.163 - - [26/May/2004:01:04:53 +0800] "GET /~nguyentu/girl.gif HTTP/1.1" 200 0 "-" "Mozilla/4.0 (compatible; MSIE 6.0; Windows NT 5.1)" -
cache218.156ce.maxonline.com.sg - - [26/May/2004:01:04:53 +0800] "GET /~teoym/cslab/WS%20clusters.JPG HTTP/1.1" 200 822540 "-" "Mozilla/4.0 (compatible; MSIE 6.0; Win32)" 218.186.203.184
172.18.206.33 - - [26/May/2004:01:04:54 +0800] "GET /students/students.htm HTTP/1.1" 200 8101 "http://www.comp.nus.edu.sg/cf-pub/index1.html" "Mozilla/4.0 (compatible; MSIE 6.0; Windows NT 5.1)" -
cache8.156ce.maxonline.com.sg - - [26/May/2004:01:04:55 +0800] "GET /~zhangli/hobby.htm HTTP/1.1" 200 647 "http://www.comp.nus.edu.sg/~zhangli/index.htm" "Mozilla/4.0 (compatible; MSIE 6.0; Windows NT 5.1)" 218.186.176.228
cache8.156ce.maxonline.com.sg - - [26/May/2004:01:04:56 +0800] "GET /~zhangli/hobby_top.htm HTTP/1.1" 200 1897 "http://www.comp.nus.edu.sg/~zhangli/hobby.htm" "Mozilla/4.0 (compatible; MSIE 6.0; Windows NT 5.1)" 218.186.176.228
cache8.156ce.maxonline.com.sg - - [26/May/2004:01:04:56 +0800] "GET /~zhangli/hobby_left.htm HTTP/1.1" 200 3106 "http://www.comp.nus.edu.sg/~zhangli/hobby.htm" "Mozilla/4.0 (compatible; MSIE 6.0; Windows NT 5.1)" 218.186.176.228
cache8.156ce.maxonline.com.sg - - [26/May/2004:01:04:56 +0800] "GET /~zhangli/hobby_main.htm HTTP/1.1" 200 2561 "http://www.comp.nus.edu.sg/~zhangli/hobby.htm" "Mozilla/4.0 (compatible; MSIE 6.0; Windows NT 5.1)" 218.186.176.228
cm108211-b.maast1.lb.home.nl - - [26/May/2004:01:04:57 +0800] "GET /~sunyuan/ HTTP/1.1" 200 3152 "http://images.google.com/imgres?imgurl=www.comp.nus.edu.sg/~sunyuan/images/nemo.gif&imgrefurl=http://www.comp.nus.edu.sg/~sunyuan/&h=248&w=275&sz=97&tbnid=2kEH2rEHlHsJ:&tbnh=98&tbnw=108&start=8&prev=/images%3Fq%3Dnemo%26hl%3Den%26lr%3D%26ie%3DUTF-8%26sa%3DN" "Mozilla/5.0 (Macintosh; U; PPC Mac OS X; en) AppleWebKit/124 (KHTML, like Gecko) Safari/125.1" -
crawl22-public.alexa.com - - [26/May/2004:01:04:58 +0800] "GET /~nguyenvu/Lyrics/English/Britney_Spears---(You_drive_me)_Crazy.htm HTTP/1.0" 404 336 "-" "ia_archiver" -
cache218.156ce.maxonline.com.sg - - [26/May/2004:01:04:58 +0800] "GET /~teoym/cslab/DELL%20cluster.JPG HTTP/1.1" 200 811900 "-" "Mozilla/4.0 (compatible; MSIE 6.0; Win32)" 218.186.203.184
137.132.12.122 - - [26/May/2004:01:04:59 +0800] "GET /~jchionh/ HTTP/1.1" 404 291 "-" "Java/1.4.2_03" -
sapphire.nus.edu.sg - - [26/May/2004:01:04:59 +0800] "GET /~ksung/ HTTP/1.1" 200 2757 "-" "Java/1.4.2_03" -
sapphire.nus.edu.sg - - [26/May/2004:01:04:59 +0800] "GET /~xiezp/ HTTP/1.1" 404 289 "-" "Java/1.4.2_03" -
sapphire.nus.edu.sg - - [26/May/2004:01:04:59 +0800] "GET /~zeyaraun/ HTTP/1.1" 200 5887 "-" "Java/1.4.2_03" -
cm184.omega203.maxonline.com.sg - - [26/May/2004:01:05:00 +0800] "GET /~teoym/cslab/members.htm HTTP/1.1" 200 50202 "http://www.comp.nus.edu.sg/~teoym/cslab/index.htm" "Mozilla/4.0 (compatible; MSIE 6.0; Windows NT 5.0)" SSLv3 RC4-MD5 "-"
apx233.neoplus.adsl.tpnet.pl - - [26/May/2004:01:05:01 +0800] "GET /~huangxi2/flash/pucca/%b1%f9%b9%fb%cd%e2%b4%ab.swf HTTP/1.1" 200 0 "http://bunia15.blog.onet.pl" "Mozilla/4.0 (compatible; MSIE 6.0; Windows 98)" -
h244-35.ntcu.net - - [26/May/2004:01:05:01 +0800] "GET /~stevenha/programming/problem_category.html HTTP/1.1" 200 34387 "-" "Mozilla/3.01 (compatible;)" -
bb220-255-52-209.singnet.com.sg - - [26/May/2004:01:05:01 +0800] "GET /~chualyek/lycheejoann/images/Playboy-Poster---Dry1.jpg HTTP/1.1" 200 195720 "http://www.singaporebikes.com/forum/index.php?showtopic=1628" "Mozilla/4.0 (compatible; MSIE 5.5; Windows 98; Win 9x 4.90)" -
cm108211-b.maast1.lb.home.nl - - [26/May/2004:01:05:01 +0800] "GET /~sunyuan/images/nemo.gif HTTP/1.1" 200 98407 "http://images.google.com/imgres?imgurl=www.comp.nus.edu.sg/~sunyuan/images/nemo.gif&imgrefurl=http://www.comp.nus.edu.sg/~sunyuan/&h=248&w=275&sz=97&tbnid=2kEH2rEHlHsJ:&tbnh=98&tbnw=108&prev=/images%3Fq%3Dnemo%26hl%3Den%26lr%3D%26ie%3DUTF-8%26sa%3DN&frame=small" "Mozilla/5.0 (Macintosh; U; PPC Mac OS X; en) AppleWebKit/124 (KHTML, like Gecko) Safari/125.1" -
cm108211-b.maast1.lb.home.nl - - [26/May/2004:01:05:02 +0800] "GET /favicon.ico HTTP/1.1" 404 293 "-" "Mozilla/5.0 (Macintosh; U; PPC Mac OS X; en) AppleWebKit/124 (KHTML, like Gecko) Safari/125.1" -
cache218.156ce.maxonline.com.sg - - [26/May/2004:01:05:03 +0800] "GET /~teoym/cslab/DELL%20cluster.JPG HTTP/1.1" 200 811900 "-" "Mozilla/4.0 (compatible; MSIE 6.0; Win32)" 218.186.203.184
nat2.northshorelij.com - - [26/May/2004:01:05:05 +0800] "GET /~nghoongk/lyrics/singer235-1.html HTTP/1.1" 200 15368 "http://www.comp.nus.edu.sg/~nghoongk/lyrics/" "Mozilla/4.0 (compatible; MSIE 5.5; Windows NT 5.0)" -
172.20.204.109 - - [26/May/2004:01:05:05 +0800] "GET /favicon.ico HTTP/1.1" 404 293 "-" "Mozilla/4.0 (compatible; MSIE 6.0; Windows NT 5.1; (R1 1.5))" -
lj1015.inktomisearch.com - - [26/May/2004:01:05:05 +0800] "GET /~cs3283/ftp/Java/swingConnect/text/concurrency/pre13/LayoutQueue.java HTTP/1.0" 404 339 "-" "Mozilla/5.0 (compatible; Yahoo! Slurp; http://help.yahoo.com/help/us/ysearch/slurp)" -
cache218.156ce.maxonline.com.sg - - [26/May/2004:01:05:05 +0800] "GET /~teoym/cslab/WS%20clusters.JPG HTTP/1.1" 304 - "-" "Mozilla/4.0 (compatible; MSIE 6.0; Win32)" 218.186.203.184
ppp-203.144.143.102.revip.asianet.co.th - - [26/May/2004:01:05:06 +0800] "GET /~tancs/comics/fengyun/images/fengyun.jpg HTTP/1.1" 200 15023 "http://www.burapat.com/phpbb2/viewtopic.php?t=139&postdays=0&postorder=asc&start=50&sid=ef967ff5771f6c2e00d3419458000408" "Mozilla/4.0 (compatible; MSIE 6.0; Windows NT 5.1)" 203.118.69.78
210-64-64-118.adsl.dynamic.seed.net.tw - - [26/May/2004:01:05:06 +0800] "GET /~nghoongk/lyrics/m.gif HTTP/1.1" 304 - "http://www.comp.nus.edu.sg/~nghoongk/lyrics/singer24-1.html" "Mozilla/4.0 (compatible; MSIE 5.0; Windows 98; DigExt)" -
210-64-64-118.adsl.dynamic.seed.net.tw - - [26/May/2004:01:05:06 +0800] "GET /~nghoongk/lyrics/singer24-1.html HTTP/1.1" 200 16895 "http://www.google.com.tw/search?q=%AAi%B4%B5%BF%DF%BAq%B5%FC&ie=Big5&hl=zh-TW&lr=lang_zh-TW" "Mozilla/4.0 (compatible; MSIE 5.0; Windows 98; DigExt)" -
ip503de5cf.speed.planet.nl - - [26/May/2004:01:05:07 +0800] "GET /~sunyuan/images/nemo.gif HTTP/1.1" 200 98407 "http://harryweb.proboards21.com/index.cgi?board=harryjudd&action=display&num=1084884625&start=0" "Mozilla/4.0 (compatible; MSIE 6.0; Windows NT 5.1; FunWebProducts; Hotbar 4.4.6.0)" -
bb220-255-52-209.singnet.com.sg - - [26/May/2004:01:05:07 +0800] "GET /~chualyek/lycheejoann/images/Noob.gif HTTP/1.1" 200 89191 "http://www.singaporebikes.com/forum/index.php?showtopic=1628" "Mozilla/4.0 (compatible; MSIE 5.5; Windows 98; Win 9x 4.90)" -
202.123.8.169 - - [26/May/2004:01:05:08 +0800] "GET / HTTP/1.1" 200 8789 "http://www.nus.edu.sg/nusbulletin/0304/comp/index.htm" "Mozilla/4.0 (compatible; MSIE 6.0; Windows NT 5.1)" -
nat2.northshorelij.com - - [26/May/2004:01:05:08 +0800] "GET /~nghoongk/lyrics/singer235-2.html HTTP/1.1" 200 13674 "http://www.comp.nus.edu.sg/~nghoongk/lyrics/singer235-1.html" "Mozilla/4.0 (compatible; MSIE 5.5; Windows NT 5.0)" -
lj1169.inktomisearch.com - - [26/May/2004:01:05:08 +0800] "GET /~cs2104s/01-02-2/Quiz/quiz02sessions/U008509X13-07115857-1.html HTTP/1.0" 200 12319 "-" "Mozilla/5.0 (compatible; Yahoo! Slurp; http://help.yahoo.com/help/us/ysearch/slurp)" -
s01060004e242faa3.vc.shawcable.net - - [26/May/2004:01:05:09 +0800] "GET /~wangzhiy/football/qm3.gif HTTP/1.1" 200 408332 "http://216.127.92.125/~admin4/cgi-bin/leoboard.cgi" "Mozilla/4.0 (compatible; MSIE 6.0; Windows NT 5.1)" -
cache218.156ce.maxonline.com.sg - - [26/May/2004:01:05:09 +0800] "GET /~rprisc HTTP/1.1" 301 327 "http://www.comp.nus.edu.sg/cs/research.html" "Mozilla/4.0 (compatible; MSIE 6.0; Windows NT 5.0)" 218.186.203.184
202.123.8.169 - - [26/May/2004:01:05:10 +0800] "GET /nusstyles.css HTTP/1.1" 200 804 "http://www.comp.nus.edu.sg/" "Mozilla/4.0 (compatible; MSIE 6.0; Windows NT 5.1)" -
cache218.156ce.maxonline.com.sg - - [26/May/2004:01:05:10 +0800] "GET /~rprisc/ HTTP/1.1" 200 7646 "http://www.comp.nus.edu.sg/cs/research.html" "Mozilla/4.0 (compatible; MSIE 6.0; Windows NT 5.0)" 218.186.203.184
cache218.156ce.maxonline.com.sg - - [26/May/2004:01:05:10 +0800] "GET /~rprisc/nuslogohome.gif HTTP/1.1" 304 - "http://www.comp.nus.edu.sg/~rprisc/" "Mozilla/4.0 (compatible; MSIE 6.0; Windows NT 5.0)" 218.186.203.184
cache218.156ce.maxonline.com.sg - - [26/May/2004:01:05:10 +0800] "GET /~rprisc/_themes/nature/nabkgnd.jpg HTTP/1.1" 304 - "http://www.comp.nus.edu.sg/~rprisc/" "Mozilla/4.0 (compatible; MSIE 6.0; Windows NT 5.0)" 218.186.203.184
cache218.156ce.maxonline.com.sg - - [26/May/2004:01:05:10 +0800] "GET /~rprisc/_derived/home_cmp_blitz100_hbtn_p.gif HTTP/1.1" 304 - "http://www.comp.nus.edu.sg/~rprisc/" "Mozilla/4.0 (compatible; MSIE 6.0; Windows NT 5.0)" 218.186.203.184
62.252.96.5 - - [26/May/2004:01:05:10 +0800] "GET /~dcheong/ HTTP/1.1" 404 291 "http://www.google.com/imgres?imgurl=www.comp.nus.edu.sg/~dcheong/ghost.jpg&imgrefurl=http://www.comp.nus.edu.sg/~dcheong/&h=600&w=800&sz=74&tbnid=EqAVt3UWRtMJ:&tbnh=106&tbnw=141&start=3&prev=/images%3Fq%3Dghost%26svnum%3D10%26hl%3Den%26lr%3D%26ie%3DUTF-8%26safe%3Doff%26sa%3DG" "Mozilla/4.0 (compatible; MSIE 6.0; Windows NT 5.1; DigExt)" 213.105.106.179
cache218.156ce.maxonline.com.sg - - [26/May/2004:01:05:10 +0800] "GET /~rprisc/_derived/people.htm_cmp_blitz100_hbtn.gif HTTP/1.1" 304 - "http://www.comp.nus.edu.sg/~rprisc/" "Mozilla/4.0 (compatible; MSIE 6.0; Windows NT 5.0)" 218.186.203.184
cache218.156ce.maxonline.com.sg - - [26/May/2004:01:05:10 +0800] "GET /~rprisc/_derived/research.htm_cmp_blitz100_hbtn.gif HTTP/1.1" 304 - "http://www.comp.nus.edu.sg/~rprisc/" "Mozilla/4.0 (compatible; MSIE 6.0; Windows NT 5.0)" 218.186.203.184
cache218.156ce.maxonline.com.sg - - [26/May/2004:01:05:10 +0800] "GET /~rprisc/_derived/group_talk.htm_cmp_blitz100_hbtn.gif HTTP/1.1" 304 - "http://www.comp.nus.edu.sg/~rprisc/" "Mozilla/4.0 (compatible; MSIE 6.0; Windows NT 5.0)" 218.186.203.184
cache218.156ce.maxonline.com.sg - - [26/May/2004:01:05:10 +0800] "GET /~rprisc/_derived/resources.htm_cmp_blitz100_hbtn.gif HTTP/1.1" 304 - "http://www.comp.nus.edu.sg/~rprisc/" "Mozilla/4.0 (compatible; MSIE 6.0; Windows NT 5.0)" 218.186.203.184
cache218.156ce.maxonline.com.sg - - [26/May/2004:01:05:10 +0800] "GET /~rprisc/_derived/feedback.htm_cmp_blitz100_hbtn.gif HTTP/1.1" 304 - "http://www.comp.nus.edu.sg/~rprisc/" "Mozilla/4.0 (compatible; MSIE 6.0; Windows NT 5.0)" 218.186.203.184
202.123.8.169 - - [26/May/2004:01:05:10 +0800] "GET /images/nussocbanner.gif HTTP/1.1" 200 2693 "http://www.comp.nus.edu.sg/" "Mozilla/4.0 (compatible; MSIE 6.0; Windows NT 5.1)" -
203.172.10.89 - - [26/May/2004:01:05:11 +0800] "GET /~xiaofei/images/love1.jpg HTTP/1.1" 200 0 "http://images.google.com.ph/imgres?imgurl=www.comp.nus.edu.sg/~xiaofei/images/love1.jpg&imgrefurl=http://www.comp.nus.edu.sg/~xiaofei/photo.htm&h=320&w=208&sz=22&tbnid=NX88JVNYPUkJ:&tbnh=112&tbnw=73&prev=/images%3Fq%3DENDLESS%2BLOVE%2B1%26start%3D20%26hl%3Dtl%26lr%3D%26ie%3DUTF-8%26sa%3DN&frame=small" "Mozilla/4.0 (compatible; MSIE 6.0; Windows NT 5.1; FunWebProducts)" -
203.172.10.89 - - [26/May/2004:01:05:11 +0800] "GET /~xiaofei/photo.htm HTTP/1.1" 200 0 "http://images.google.com.ph/imgres?imgurl=www.comp.nus.edu.sg/~xiaofei/images/love1.jpg&imgrefurl=http://www.comp.nus.edu.sg/~xiaofei/photo.htm&h=320&w=208&sz=22&tbnid=NX88JVNYPUkJ:&tbnh=112&tbnw=73&start=27&prev=/images%3Fq%3DENDLESS%2BLOVE%2B1%26start%3D20%26hl%3Dtl%26lr%3D%26ie%3DUTF-8%26sa%3DN" "Mozilla/4.0 (compatible; MSIE 6.0; Windows NT 5.1; FunWebProducts)" -
66.196.90.6 - - [26/May/2004:01:05:11 +0800] "GET /~wangj/webpic/home2.html HTTP/1.0" 404 294 "-" "Mozilla/5.0 (compatible; Yahoo! Slurp; http://help.yahoo.com/help/us/ysearch/slurp)" -
202.123.8.169 - - [26/May/2004:01:05:12 +0800] "GET /images/facenghd.gif HTTP/1.1" 200 1130 "http://www.comp.nus.edu.sg/" "Mozilla/4.0 (compatible; MSIE 6.0; Windows NT 5.1)" -
203.172.10.89 - - [26/May/2004:01:05:12 +0800] "GET /~xiaofei/images/love1.jpg HTTP/1.1" 200 21584 "http://images.google.com.ph/imgres?imgurl=www.comp.nus.edu.sg/~xiaofei/images/love1.jpg&imgrefurl=http://www.comp.nus.edu.sg/~xiaofei/photo.htm&h=320&w=208&sz=22&tbnid=NX88JVNYPUkJ:&tbnh=112&tbnw=73&prev=/images%3Fq%3DENDLESS%2BLOVE%2B1%26start%3D20%26hl%3Dtl%26lr%3D%26ie%3DUTF-8%26sa%3DN&frame=small" "Mozilla/4.0 (compatible; MSIE 6.0; Windows NT 5.1; FunWebProducts)" -
202.123.8.169 - - [26/May/2004:01:05:12 +0800] "GET /images/socmain_r3_c6.jpg HTTP/1.1" 200 1575 "http://www.comp.nus.edu.sg/" "Mozilla/4.0 (compatible; MSIE 6.0; Windows NT 5.1)" -
lj1237.inktomisearch.com - - [26/May/2004:01:05:13 +0800] "GET /~zhouyong/research/IUCS/subsubsection1.8.0.1.1.1.html HTTP/1.0" 200 3286 "-" "Mozilla/5.0 (compatible; Yahoo! Slurp; http://help.yahoo.com/help/us/ysearch/slurp)" -
202.123.8.169 - - [26/May/2004:01:05:13 +0800] "GET /images/socmain_r3_c8.jpg HTTP/1.1" 200 1624 "http://www.comp.nus.edu.sg/" "Mozilla/4.0 (compatible; MSIE 6.0; Windows NT 5.1)" -
202.123.8.169 - - [26/May/2004:01:05:13 +0800] "GET /images/socmain_r3_c10.jpg HTTP/1.1" 200 1244 "http://www.comp.nus.edu.sg/" "Mozilla/4.0 (compatible; MSIE 6.0; Windows NT 5.1)" -
cache218.156ce.maxonline.com.sg - - [26/May/2004:01:05:14 +0800] "GET /~rprisc/research.htm HTTP/1.1" 200 36563 "http://www.comp.nus.edu.sg/~rprisc/" "Mozilla/4.0 (compatible; MSIE 6.0; Windows NT 5.0)" 218.186.203.184
cache218.156ce.maxonline.com.sg - - [26/May/2004:01:05:14 +0800] "GET /~teoym/cslab/DELL%20cluster.JPG HTTP/1.1" 206 795516 "-" "Mozilla/4.0 (compatible; MSIE 6.0; Win32)" 218.186.203.184
202.123.8.169 - - [26/May/2004:01:05:14 +0800] "GET /images/socmain_r3_c11.jpg HTTP/1.1" 200 1265 "http://www.comp.nus.edu.sg/" "Mozilla/4.0 (compatible; MSIE 6.0; Windows NT 5.1)" -
dup-148-221-223-64.prodigy.net.mx - - [26/May/2004:01:05:14 +0800] "GET /~sunyuan/images/nemo.gif HTTP/1.1" 200 98407 "-" "Mozilla/4.0 (compatible; MSIE 6.0; Windows NT 5.1)" -
apx233.neoplus.adsl.tpnet.pl - - [26/May/2004:01:05:14 +0800] "GET /~huangxi2/flash/pucca/%b1%f9%b9%fb%cd%e2%b4%ab.swf HTTP/1.1" 206 135599 "-" "Mozilla/4.0 (compatible; MSIE 6.0; Windows 98)" -
cache218.156ce.maxonline.com.sg - - [26/May/2004:01:05:14 +0800] "GET /~rprisc/_derived/home_cmp_blitz100_hbtn.gif HTTP/1.1" 304 - "http://www.comp.nus.edu.sg/~rprisc/research.htm" "Mozilla/4.0 (compatible; MSIE 6.0; Windows NT 5.0)" 218.186.203.184
cache218.156ce.maxonline.com.sg - - [26/May/2004:01:05:14 +0800] "GET /~rprisc/_derived/research.htm_cmp_blitz100_hbtn_p.gif HTTP/1.1" 304 - "http://www.comp.nus.edu.sg/~rprisc/research.htm" "Mozilla/4.0 (compatible; MSIE 6.0; Windows NT 5.0)" 218.186.203.184
cache218.156ce.maxonline.com.sg - - [26/May/2004:01:05:14 +0800] "GET /~rprisc/_themes/nature/anabull1.gif HTTP/1.1" 304 - "http://www.comp.nus.edu.sg/~rprisc/research.htm" "Mozilla/4.0 (compatible; MSIE 6.0; Windows NT 5.0)" 218.186.203.184
cache218.156ce.maxonline.com.sg - - [26/May/2004:01:05:14 +0800] "GET /~rprisc/_themes/nature/anarule.gif HTTP/1.1" 304 - "http://www.comp.nus.edu.sg/~rprisc/research.htm" "Mozilla/4.0 (compatible; MSIE 6.0; Windows NT 5.0)" 218.186.203.184
202.123.8.169 - - [26/May/2004:01:05:14 +0800] "GET /images/recruitment.jpg HTTP/1.1" 200 11411 "http://www.comp.nus.edu.sg/" "Mozilla/4.0 (compatible; MSIE 6.0; Windows NT 5.1)" -
202.123.8.169 - - [26/May/2004:01:05:15 +0800] "GET /images/socmain_r3_c13.jpg HTTP/1.1" 200 7938 "http://www.comp.nus.edu.sg/" "Mozilla/4.0 (compatible; MSIE 6.0; Windows NT 5.1)" -
cache218.156ce.maxonline.com.sg - - [26/May/2004:01:05:15 +0800] "GET /~teoym/cslab/DELL%20cluster.JPG HTTP/1.1" 200 811900 "-" "Mozilla/4.0 (compatible; MSIE 6.0; Win32)" 218.186.203.184
66.237.60.15 - - [26/May/2004:01:05:16 +0800] "GET /labs/software/consult3ShortCourse.htm HTTP/1.0" 200 15407 "-" "Openfind data gatherer, Openbot/3.0+(robot-response@openfind.com.tw;+http://www.openfind.com.tw/robot.html)" -
202.123.8.169 - - [26/May/2004:01:05:17 +0800] "GET /images/socmain_r3_c15.jpg HTTP/1.1" 200 1177 "http://www.comp.nus.edu.sg/" "Mozilla/4.0 (compatible; MSIE 6.0; Windows NT 5.1)" -
202.123.8.169 - - [26/May/2004:01:05:20 +0800] "GET /programmes/programmes.htm HTTP/1.1" 200 7209 "http://www.comp.nus.edu.sg/" "Mozilla/4.0 (compatible; MSIE 6.0; Windows NT 5.1)" -
cache51.156ce.maxonline.com.sg - - [26/May/2004:01:05:21 +0800] "GET /~leehoayp/tutu43.gif HTTP/1.1" 304 - "http://155.69.230.244/dispbbs.asp?BoardID=32&id=66160&replyID=140401&star=2&skin=" "Mozilla/4.0 (compatible; MSIE 6.0; Windows NT 5.1)" 218.212.66.177
cache51.156ce.maxonline.com.sg - - [26/May/2004:01:05:21 +0800] "GET /~leehoayp/image1.jpg HTTP/1.1" 200 89983 "http://155.69.230.244/dispbbs.asp?BoardID=32&id=66160&replyID=140401&star=2&skin=" "Mozilla/4.0 (compatible; MSIE 6.0; Windows NT 5.1)" 218.212.66.177
202.123.8.169 - - [26/May/2004:01:05:23 +0800] "GET /images/recruitment.jpg HTTP/1.1" 206 1510 "http://www.comp.nus.edu.sg/programmes/programmes.htm" "Mozilla/4.0 (compatible; MSIE 6.0; Windows NT 5.1)" -
24-90-118-216.nyc.rr.com - - [26/May/2004:01:05:23 +0800] "GET /~sunyuan/images/nemo.gif HTTP/1.1" 200 98407 "http://members.migente.com/mg_new_graphicz" "Mozilla/4.0 (compatible; MSIE 6.0; Windows NT 5.1)" -
202.123.8.169 - - [26/May/2004:01:05:23 +0800] "GET /images/socmain_r3_c15.jpg HTTP/1.1" 200 1177 "http://www.comp.nus.edu.sg/programmes/programmes.htm" "Mozilla/4.0 (compatible; MSIE 6.0; Windows NT 5.1)" -
202.123.8.169 - - [26/May/2004:01:05:24 +0800] "GET /images/socmain_r3_c16.jpg HTTP/1.1" 200 1437 "http://www.comp.nus.edu.sg/programmes/programmes.htm" "Mozilla/4.0 (compatible; MSIE 6.0; Windows NT 5.1)" -
202.123.8.169 - - [26/May/2004:01:05:25 +0800] "GET /images/socmain_r5_c12.jpg HTTP/1.1" 200 12013 "http://www.comp.nus.edu.sg/programmes/programmes.htm" "Mozilla/4.0 (compatible; MSIE 6.0; Windows NT 5.1)" -
62.53.56.67 - - [26/May/2004:01:05:25 +0800] "GET /~dcheong/ HTTP/1.1" 404 291 "http://images.google.com/imgres?imgurl=www.comp.nus.edu.sg/~dcheong/ghost.jpg&imgrefurl=http://www.comp.nus.edu.sg/~dcheong/&h=600&w=800&sz=74&tbnid=EqAVt3UWRtMJ:&tbnh=106&tbnw=141&start=3&prev=/images%3Fq%3Dghost%26hl%3Den%26lr%3D%26ie%3DUTF-8%26sa%3DG" "Mozilla/4.0 (compatible; MSIE 5.0; Windows 98; DigExt)" -
202.123.8.169 - - [26/May/2004:01:05:25 +0800] "GET /images/socmain_r5_c14.jpg HTTP/1.1" 200 4432 "http://www.comp.nus.edu.sg/programmes/programmes.htm" "Mozilla/4.0 (compatible; MSIE 6.0; Windows NT 5.1)" -
mail.scpa.ro - - [26/May/2004:01:05:26 +0800] "GET /~gheorghe/misc/awardsRomAcad2000.html HTTP/1.1" 200 17075 "http://www.google.ro/search?hl=ro&lr=&ie=UTF-8&as_qdr=all&q=+%22opere+fundamentale%22&as_q=enciclopedic&btnG=Cauta+in+rezultate" "Mozilla/4.0 (compatible; MSIE 6.0; Windows NT 5.1; Q312461)" -
nat2.northshorelij.com - - [26/May/2004:01:05:26 +0800] "GET /~nghoongk/lyrics/singer238-1.html HTTP/1.1" 200 14384 "http://www.comp.nus.edu.sg/~nghoongk/lyrics/" "Mozilla/4.0 (compatible; MSIE 5.5; Windows NT 5.0)" -
202.123.8.169 - - [26/May/2004:01:05:27 +0800] "GET /images/socmain_r5_c13.jpg HTTP/1.1" 200 11451 "http://www.comp.nus.edu.sg/programmes/programmes.htm" "Mozilla/4.0 (compatible; MSIE 6.0; Windows NT 5.1)" -
bbcache-11.singnet.com.sg - - [26/May/2004:01:05:27 +0800] "GET /~leonghui/gentingtrip/144-4494_IMG.html HTTP/1.1" 200 2294 "-" "Mozilla/4.0 (compatible;)" 165.21.154.158
zd-c-12c64.adsl.wanadoo.nl - - [26/May/2004:01:05:28 +0800] "GET /~sunyuan/images/nemo.gif HTTP/1.1" 304 - "http://www.partypeeps2000.com/asp/AccountInfo.asp?nAccountID=91945" "Mozilla/4.0 (compatible; MSIE 6.0; Windows NT 5.1; Wanadoo43NL)" -
cpc2-belc1-4-0-cust66.blfs.cable.ntl.com - - [26/May/2004:01:05:28 +0800] "GET /~keexuyua/pictures/skillz.gif HTTP/1.1" 304 - "http://www.koptalk.org/forums/showflat.php/Cat/0/Number/274016/page/0/view/collapsed/sb/5/o/all/fpart/1" "Mozilla/4.0 (compatible; MSIE 6.0; Windows NT 5.1; FunWebProducts)" -
bbcache-11.singnet.com.sg - - [26/May/2004:01:05:29 +0800] "GET /~leonghui/gentingtrip/144-4483_IMG.html HTTP/1.1" 200 2294 "-" "Mozilla/4.0 (compatible;)" 165.21.154.158
202.123.8.169 - - [26/May/2004:01:05:30 +0800] "GET /images/socmain_r7_c1.jpg HTTP/1.1" 200 1253 "http://www.comp.nus.edu.sg/programmes/programmes.htm" "Mozilla/4.0 (compatible; MSIE 6.0; Windows NT 5.1)" -
202.123.8.169 - - [26/May/2004:01:05:30 +0800] "GET /images/socmain_r7_c2.jpg HTTP/1.1" 200 1164 "http://www.comp.nus.edu.sg/programmes/programmes.htm" "Mozilla/4.0 (compatible; MSIE 6.0; Windows NT 5.1)" -
62.53.56.67 - - [26/May/2004:01:05:31 +0800] "GET /~dcheong/ghost.jpg HTTP/1.1" 404 300 "http://images.google.com/imgres?imgurl=www.comp.nus.edu.sg/~dcheong/ghost.jpg&imgrefurl=http://www.comp.nus.edu.sg/~dcheong/&h=600&w=800&sz=74&tbnid=EqAVt3UWRtMJ:&tbnh=106&tbnw=141&prev=/images%3Fq%3Dghost%26hl%3Den%26lr%3D%26ie%3DUTF-8%26sa%3DG&frame=small" "Mozilla/4.0 (compatible; MSIE 5.0; Windows 98; DigExt)" -
202.123.8.169 - - [26/May/2004:01:05:32 +0800] "GET /images/socmain_r7_c4.jpg HTTP/1.1" 200 804 "http://www.comp.nus.edu.sg/programmes/programmes.htm" "Mozilla/4.0 (compatible; MSIE 6.0; Windows NT 5.1)" -
202.123.8.169 - - [26/May/2004:01:05:33 +0800] "GET /images/socmain_r7_c5.jpg HTTP/1.1" 200 882 "http://www.comp.nus.edu.sg/programmes/programmes.htm" "Mozilla/4.0 (compatible; MSIE 6.0; Windows NT 5.1)" -
202.123.8.169 - - [26/May/2004:01:05:35 +0800] "GET /images/socmain_r7_c7.jpg HTTP/1.1" 200 1020 "http://www.comp.nus.edu.sg/programmes/programmes.htm" "Mozilla/4.0 (compatible; MSIE 6.0; Windows NT 5.1)" -
202.123.8.169 - - [26/May/2004:01:05:36 +0800] "GET /images/socmain_r7_c9f.jpg HTTP/1.1" 200 816 "http://www.comp.nus.edu.sg/programmes/programmes.htm" "Mozilla/4.0 (compatible; MSIE 6.0; Windows NT 5.1)" -
193.1.100.102 - - [26/May/2004:01:05:36 +0800] "GET /~keexuyua/pictures/skillz.gif HTTP/1.0" 200 5857 "http://www.koptalk.org/forums/showflat.php/Cat/0/Number/274120/page/0/view/collapsed/sb/5/o/all/fpart/1" "Mozilla/4.0 (compatible; MSIE 6.0; Windows NT 5.0; University of Limerick, Ireland; T312461)" -
dialin-212-144-049-179.arcor-ip.net - - [26/May/2004:01:05:37 +0800] "GET /~sunyuan/ HTTP/1.1" 200 3152 "http://images.google.de/imgres?imgurl=www.comp.nus.edu.sg/~sunyuan/images/nemo.gif&imgrefurl=http://www.comp.nus.edu.sg/~sunyuan/&h=248&w=275&sz=97&tbnid=2kEH2rEHlHsJ:&tbnh=98&tbnw=108&start=8&prev=/images%3Fq%3DNemo%26hl%3Dde%26lr%3D%26ie%3DUTF-8" "Mozilla/4.0 (compatible; MSIE 6.0; Windows NT 5.1)" -
h-64-105-232-195.chcgilgm.covad.net - - [26/May/2004:01:05:38 +0800] "GET /~ooibc/courses/sql/reference.htm HTTP/1.1" 200 1041 "http://www.comp.nus.edu.sg/~ooibc/courses/sql/plsql.htm" "Mozilla/4.0 (compatible; MSIE 6.0; Windows NT 5.1)" -
66.237.60.15 - - [26/May/2004:01:05:38 +0800] "GET /labs/learning/hmd.htm HTTP/1.0" 200 6387 "-" "Openfind data gatherer, Openbot/3.0+(robot-response@openfind.com.tw;+http://www.openfind.com.tw/robot.html)" -
203.162.175.166 - - [26/May/2004:01:05:38 +0800] "GET /~cs1101c/Lectures/chap1.ppt HTTP/1.0" 206 491520 "http://www.comp.nus.edu.sg/~cs1101c/notes.htm" "Mozilla/4.0 (compatible; MSIE 5.00; Windows 98)" 210.245.9.138
emn-agsl-ba99.adsl.wanadoo.nl - - [26/May/2004:01:05:40 +0800] "GET /~zhangdon/photo/wc2002/ballack.jpg HTTP/1.1" 304 - "http://www.look2me.nl/profiel_show.php?user=kayajax" "Mozilla/4.0 (compatible; MSIE 6.0; Windows NT 5.1)" -
202.123.8.169 - - [26/May/2004:01:05:42 +0800] "GET /nusstyles.css HTTP/1.1" 304 - "http://www.comp.nus.edu.sg/undergradprog/" "Mozilla/4.0 (compatible; MSIE 6.0; Windows NT 5.1)" -
202.123.8.169 - - [26/May/2004:01:05:44 +0800] "GET /images/nussocbanner.gif HTTP/1.1" 304 - "http://www.comp.nus.edu.sg/undergradprog/" "Mozilla/4.0 (compatible; MSIE 6.0; Windows NT 5.1)" -
202.123.8.169 - - [26/May/2004:01:05:44 +0800] "GET /undergradprog/ HTTP/1.1" 200 18965 "http://www.comp.nus.edu.sg/programmes/programmes.htm" "Mozilla/4.0 (compatible; MSIE 6.0; Windows NT 5.1)" -
202.156.2.218 - - [26/May/2004:01:05:45 +0800] "GET /labs/mminfo/mminfo.html HTTP/1.1" 200 520 "http://www.comp.nus.edu.sg/cs/research.html" "Mozilla/4.0 (compatible; MSIE 6.0; Windows NT 5.0)" 218.186.203.184
203.162.175.166 - - [26/May/2004:01:05:45 +0800] "GET /~cs1101c/Lectures/chap1.ppt HTTP/1.0" 206 119882 "http://www.comp.nus.edu.sg/~cs1101c/notes.htm" "Mozilla/4.0 (compatible; MSIE 5.00; Windows 98)" 210.245.9.138
202.156.2.218 - - [26/May/2004:01:05:45 +0800] "GET /labs/mminfo/index1.htm HTTP/1.1" 200 2778 "http://www.comp.nus.edu.sg/labs/mminfo/mminfo.html" "Mozilla/4.0 (compatible; MSIE 6.0; Windows NT 5.0)" 218.186.203.184
202.156.2.218 - - [26/May/2004:01:05:45 +0800] "GET /labs/mminfo/body.htm HTTP/1.1" 200 16820 "http://www.comp.nus.edu.sg/labs/mminfo/mminfo.html" "Mozilla/4.0 (compatible; MSIE 6.0; Windows NT 5.0)" 218.186.203.184
202.156.2.218 - - [26/May/2004:01:05:45 +0800] "GET /labs/mminfo/purple-m.gif HTTP/1.1" 200 960 "http://www.comp.nus.edu.sg/labs/mminfo/index1.htm" "Mozilla/4.0 (compatible; MSIE 6.0; Windows NT 5.0)" 218.186.203.184
202.156.2.218 - - [26/May/2004:01:05:45 +0800] "GET /labs/mminfo/nuslogo3a.gif HTTP/1.1" 200 6150 "http://www.comp.nus.edu.sg/labs/mminfo/index1.htm" "Mozilla/4.0 (compatible; MSIE 6.0; Windows NT 5.0)" 218.186.203.184
202.123.8.169 - - [26/May/2004:01:05:46 +0800] "GET /images/facenghd.gif HTTP/1.1" 304 - "http://www.comp.nus.edu.sg/undergradprog/" "Mozilla/4.0 (compatible; MSIE 6.0; Windows NT 5.1)" -
202.123.8.169 - - [26/May/2004:01:05:49 +0800] "GET /images/socmain_r3_c6.jpg HTTP/1.1" 304 - "http://www.comp.nus.edu.sg/undergradprog/" "Mozilla/4.0 (compatible; MSIE 6.0; Windows NT 5.1)" -
202.123.8.169 - - [26/May/2004:01:05:50 +0800] "GET /images/socmain_r3_c8.jpg HTTP/1.1" 304 - "http://www.comp.nus.edu.sg/undergradprog/" "Mozilla/4.0 (compatible; MSIE 6.0; Windows NT 5.1)" -
202.123.8.169 - - [26/May/2004:01:05:51 +0800] "GET /images/socmain_r3_c10.jpg HTTP/1.1" 304 - "http://www.comp.nus.edu.sg/undergradprog/" "Mozilla/4.0 (compatible; MSIE 6.0; Windows NT 5.1)" -
adsl-67-38-237-6.dsl.bcvloh.ameritech.net - - [26/May/2004:01:05:52 +0800] "GET /~cs3241/vanDam-1998/04_4_Scan_Polygon.pdf HTTP/1.1" 200 82773 "http://www.google.com/search?hl=en&lr=&ie=UTF-8&q=how+many+edge+tables+should+there+be+for+scanline+conversion%3F&btnG=Search" "Mozilla/5.0 (Windows; U; Windows NT 5.0; en-US; rv:1.6) Gecko/20040113" -
202.123.8.169 - - [26/May/2004:01:05:53 +0800] "GET /images/socmain_r3_c11.jpg HTTP/1.1" 304 - "http://www.comp.nus.edu.sg/undergradprog/" "Mozilla/4.0 (compatible; MSIE 6.0; Windows NT 5.1)" -
