adsl20.dyn239.pacific.net.sg - - [26/May/2004:00:23:22 +0800] "GET /~ngziming/nice.mp3 HTTP/1.1" 200 139102 "-" "Mozilla/4.0 (compatible; MSIE 6.0; Windows NT 5.1)" -
cache-loh-ac07.proxy.aol.com - - [26/May/2004:00:23:27 +0800] "GET /~huangxi2/desktop/mashimaro/ HTTP/1.1" 200 1481 "http://images.google.com/imgres?imgurl=www.comp.nus.edu.sg/~huangxi2/desktop/mashimaro/mashimaro_14.jpg&imgrefurl=http://www.comp.nus.edu.sg/~huangxi2/desktop/mashimaro/&h=600&w=800&sz=16&tbnid=7E9nxOuZpeUJ:&tbnh=106&tbnw=141&start=54&prev=/images%3Fq%3DMashimaro%26start%3D40%26hl%3Den%26lr%3D%26ie%3DUTF-8%26sa%3DN" "Mozilla/4.0 (compatible; MSIE 6.0; AOL 8.0; Windows NT 5.1)" -
160.96.130.7 - - [26/May/2004:00:23:27 +0800] "GET /~cmcurric/AY2003_4/soc34chap4_areas.pdf HTTP/1.0" 304 - "-" "Mozilla/3.01 (compatible;)" -
193-43.priv.nus.edu.sg - - [26/May/2004:00:23:28 +0800] "GET /~levinhda/matlab/Dave%2520R.%2520Axe%2520kick%2520copy.jpg HTTP/1.1" 200 12229 "http://www.forum.vncnus.net/viewtopic.php?t=7794&postdays=0&postorder=asc&start=45" "Mozilla/4.0 (compatible; MSIE 6.0; Windows NT 5.1)" -
193-43.priv.nus.edu.sg - - [26/May/2004:00:23:28 +0800] "GET /~nguyentu/nhactac/mp3ss1d.swf HTTP/1.1" 200 3186 "-" "Mozilla/4.0 (compatible; MSIE 6.0; Windows NT 5.1)" -
193-43.priv.nus.edu.sg - - [26/May/2004:00:23:29 +0800] "GET /~levinhda/matlab/Danaxe%2520TOUR.gif HTTP/1.1" 200 53793 "http://www.forum.vncnus.net/viewtopic.php?t=7794&postdays=0&postorder=asc&start=45" "Mozilla/4.0 (compatible; MSIE 6.0; Windows NT 5.1)" -
202.156.2.130 - - [26/May/2004:00:23:30 +0800] "GET /corpcomm HTTP/1.1" 301 328 "-" "Mozilla/4.0 (compatible; MSIE 6.0; Windows NT 5.1; Hotbar 4.4.5.0)" 218.186.52.235
202.156.2.130 - - [26/May/2004:00:23:30 +0800] "GET /corpcomm/ HTTP/1.1" 200 3133 "-" "Mozilla/4.0 (compatible; MSIE 6.0; Windows NT 5.1; Hotbar 4.4.5.0)" 218.186.52.235
202.156.2.130 - - [26/May/2004:00:23:30 +0800] "GET /corpcomm/animate.js HTTP/1.1" 200 14860 "http://www.comp.nus.edu.sg/corpcomm/" "Mozilla/4.0 (compatible; MSIE 6.0; Windows NT 5.1; Hotbar 4.4.5.0)" 218.186.52.235
202.156.2.130 - - [26/May/2004:00:23:31 +0800] "GET /corpcomm/header.js HTTP/1.1" 200 7194 "http://www.comp.nus.edu.sg/corpcomm/" "Mozilla/4.0 (compatible; MSIE 6.0; Windows NT 5.1; Hotbar 4.4.5.0)" 218.186.52.235
202.156.2.130 - - [26/May/2004:00:23:31 +0800] "GET /corpcomm/images/greytop.jpg HTTP/1.1" 200 10742 "http://www.comp.nus.edu.sg/corpcomm/" "Mozilla/4.0 (compatible; MSIE 6.0; Windows NT 5.1; Hotbar 4.4.5.0)" 218.186.52.235
202.156.2.130 - - [26/May/2004:00:23:31 +0800] "GET /corpcomm/images/nuslogo.jpg HTTP/1.1" 200 13054 "http://www.comp.nus.edu.sg/corpcomm/" "Mozilla/4.0 (compatible; MSIE 6.0; Windows NT 5.1; Hotbar 4.4.5.0)" 218.186.52.235
202.156.2.130 - - [26/May/2004:00:23:31 +0800] "GET /corpcomm/images/orangetop.jpg HTTP/1.1" 200 11858 "http://www.comp.nus.edu.sg/corpcomm/" "Mozilla/4.0 (compatible; MSIE 6.0; Windows NT 5.1; Hotbar 4.4.5.0)" 218.186.52.235
202.156.2.130 - - [26/May/2004:00:23:31 +0800] "GET /corpcomm/images/orange.jpg HTTP/1.1" 200 2387 "http://www.comp.nus.edu.sg/corpcomm/" "Mozilla/4.0 (compatible; MSIE 6.0; Windows NT 5.1; Hotbar 4.4.5.0)" 218.186.52.235
202.156.2.130 - - [26/May/2004:00:23:31 +0800] "GET /corpcomm/images/aboutSCC1.jpg HTTP/1.1" 200 8704 "http://www.comp.nus.edu.sg/corpcomm/" "Mozilla/4.0 (compatible; MSIE 6.0; Windows NT 5.1; Hotbar 4.4.5.0)" 218.186.52.235
202.156.2.130 - - [26/May/2004:00:23:31 +0800] "GET /corpcomm/images/events1.jpg HTTP/1.1" 200 10760 "http://www.comp.nus.edu.sg/corpcomm/" "Mozilla/4.0 (compatible; MSIE 6.0; Windows NT 5.1; Hotbar 4.4.5.0)" 218.186.52.235
202.156.2.130 - - [26/May/2004:00:23:31 +0800] "GET /corpcomm/images/people1.jpg HTTP/1.1" 304 - "http://www.comp.nus.edu.sg/corpcomm/" "Mozilla/4.0 (compatible; MSIE 6.0; Windows NT 5.1; Hotbar 4.4.5.0)" 218.186.52.235
202.156.2.130 - - [26/May/2004:00:23:31 +0800] "GET /corpcomm/images/contact1.jpg HTTP/1.1" 200 5778 "http://www.comp.nus.edu.sg/corpcomm/" "Mozilla/4.0 (compatible; MSIE 6.0; Windows NT 5.1; Hotbar 4.4.5.0)" 218.186.52.235
210.243.15.125 - - [26/May/2004:00:23:31 +0800] "GET /~nghoongk/lyrics/singer497-1.html HTTP/1.0" 200 5016 "-" "Mozilla/3.01 (compatible;)" -
202.156.2.130 - - [26/May/2004:00:23:32 +0800] "GET /corpcomm/images/intranet1.jpg HTTP/1.1" 200 8906 "http://www.comp.nus.edu.sg/corpcomm/" "Mozilla/4.0 (compatible; MSIE 6.0; Windows NT 5.1; Hotbar 4.4.5.0)" 218.186.52.235
202.156.2.130 - - [26/May/2004:00:23:32 +0800] "GET /corpcomm/images/corpaffiliates1.jpg HTTP/1.1" 200 13607 "http://www.comp.nus.edu.sg/corpcomm/" "Mozilla/4.0 (compatible; MSIE 6.0; Windows NT 5.1; Hotbar 4.4.5.0)" 218.186.52.235
202.156.2.130 - - [26/May/2004:00:23:32 +0800] "GET /corpcomm/images/bookprizes1.jpg HTTP/1.1" 304 - "http://www.comp.nus.edu.sg/corpcomm/" "Mozilla/4.0 (compatible; MSIE 6.0; Windows NT 5.1; Hotbar 4.4.5.0)" 218.186.52.235
202.156.2.130 - - [26/May/2004:00:23:32 +0800] "GET /corpcomm/images/studentplacement1.jpg HTTP/1.1" 200 13298 "http://www.comp.nus.edu.sg/corpcomm/" "Mozilla/4.0 (compatible; MSIE 6.0; Windows NT 5.1; Hotbar 4.4.5.0)" 218.186.52.235
202.156.2.130 - - [26/May/2004:00:23:32 +0800] "GET /corpcomm/images/IA1.jpg HTTP/1.1" 200 14306 "http://www.comp.nus.edu.sg/corpcomm/" "Mozilla/4.0 (compatible; MSIE 6.0; Windows NT 5.1; Hotbar 4.4.5.0)" 218.186.52.235
202.156.2.130 - - [26/May/2004:00:23:33 +0800] "GET /corpcomm/images/body.jpg HTTP/1.1" 200 77321 "http://www.comp.nus.edu.sg/corpcomm/" "Mozilla/4.0 (compatible; MSIE 6.0; Windows NT 5.1; Hotbar 4.4.5.0)" 218.186.52.235
193-43.priv.nus.edu.sg - - [26/May/2004:00:23:33 +0800] "GET /~nguyentu/nhactac/mp3ss2d.swf HTTP/1.1" 200 3186 "-" "Mozilla/4.0 (compatible; MSIE 6.0; Windows NT 5.1)" -
193-43.priv.nus.edu.sg - - [26/May/2004:00:23:33 +0800] "GET /~nguyentu/nhactac/mp3ss3d.swf HTTP/1.1" 200 4170 "-" "Mozilla/4.0 (compatible; MSIE 6.0; Windows NT 5.1)" -
202.156.2.130 - - [26/May/2004:00:23:33 +0800] "GET /corpcomm/images/aboutSCC3.jpg HTTP/1.1" 200 12429 "http://www.comp.nus.edu.sg/corpcomm/" "Mozilla/4.0 (compatible; MSIE 6.0; Windows NT 5.1; Hotbar 4.4.5.0)" 218.186.52.235
193-43.priv.nus.edu.sg - - [26/May/2004:00:23:33 +0800] "GET /~nguyentu/nhactac/mp3ss4d.swf HTTP/1.1" 200 4170 "-" "Mozilla/4.0 (compatible; MSIE 6.0; Windows NT 5.1)" -
202.156.2.130 - - [26/May/2004:00:23:33 +0800] "GET /corpcomm/images/events3.jpg HTTP/1.1" 200 19598 "http://www.comp.nus.edu.sg/corpcomm/" "Mozilla/4.0 (compatible; MSIE 6.0; Windows NT 5.1; Hotbar 4.4.5.0)" 218.186.52.235
202.156.2.130 - - [26/May/2004:00:23:33 +0800] "GET /corpcomm/images/people3.jpg HTTP/1.1" 200 18100 "http://www.comp.nus.edu.sg/corpcomm/" "Mozilla/4.0 (compatible; MSIE 6.0; Windows NT 5.1; Hotbar 4.4.5.0)" 218.186.52.235
202.156.2.130 - - [26/May/2004:00:23:33 +0800] "GET /corpcomm/images/contact3.jpg HTTP/1.1" 200 10332 "http://www.comp.nus.edu.sg/corpcomm/" "Mozilla/4.0 (compatible; MSIE 6.0; Windows NT 5.1; Hotbar 4.4.5.0)" 218.186.52.235
202.156.2.130 - - [26/May/2004:00:23:34 +0800] "GET /corpcomm/images/webmaster.jpg HTTP/1.1" 200 30122 "http://www.comp.nus.edu.sg/corpcomm/" "Mozilla/4.0 (compatible; MSIE 6.0; Windows NT 5.1; Hotbar 4.4.5.0)" 218.186.52.235
202.156.2.130 - - [26/May/2004:00:23:34 +0800] "GET /corpcomm/footer.js HTTP/1.1" 200 1833 "http://www.comp.nus.edu.sg/corpcomm/" "Mozilla/4.0 (compatible; MSIE 6.0; Windows NT 5.1; Hotbar 4.4.5.0)" 218.186.52.235
202.156.2.130 - - [26/May/2004:00:23:34 +0800] "GET /corpcomm/images/greyfooter.jpg HTTP/1.1" 200 3463 "http://www.comp.nus.edu.sg/corpcomm/" "Mozilla/4.0 (compatible; MSIE 6.0; Windows NT 5.1; Hotbar 4.4.5.0)" 218.186.52.235
d51a54ff5.kabel.telenet.be - - [26/May/2004:00:23:35 +0800] "GET /~sunyuan/images/nemo.gif HTTP/1.1" 200 98407 "http://www.kindertent.nl/template.php?id=291960&tid=39" "Mozilla/4.0 (compatible; MSIE 6.0; Windows NT 5.1)" -
62.68.228.155 - - [26/May/2004:00:23:36 +0800] "GET /~cs2102/slides/relational.pdf HTTP/1.1" 206 90220 "-" "Mozilla/4.0 (compatible; MSIE 5.5; Windows 98; Win 9x 4.90)" -
195.93.32.7 - - [26/May/2004:00:23:38 +0800] "GET /icons/back.gif HTTP/1.0" 200 216 "http://www.comp.nus.edu.sg/~huangxi2/desktop/mashimaro/" "Mozilla/4.0 (compatible; MSIE 6.0; AOL 8.0; Windows NT 5.1)" -
24-90-118-216.nyc.rr.com - - [26/May/2004:00:23:39 +0800] "GET /~sunyuan/images/nemo.gif HTTP/1.1" 200 98407 "http://members.migente.com/Mg_New_GraphicZ/" "Mozilla/4.0 (compatible; MSIE 6.0; Windows NT 5.1)" -
25-210070163.cju.edu.tw - - [26/May/2004:00:23:41 +0800] "GET /~nghoongk/lyrics/singer543-1.html HTTP/1.1" 200 2581 "http://tw.search.yahoo.com/search/kimo?p=%C0%B9%B7R%AC%C2%B9%EF%AA%BA%A4H&ykd=1" "Mozilla/4.0 (compatible; MSIE 6.0; Windows NT 5.1; KKman2.0; .NET CLR 1.1.4322)" -
195.93.32.9 - - [26/May/2004:00:23:41 +0800] "GET /icons/blank.gif HTTP/1.1" 200 148 "http://www.comp.nus.edu.sg/~huangxi2/desktop/mashimaro/" "Mozilla/4.0 (compatible; MSIE 6.0; AOL 8.0; Windows NT 5.1)" -
195.93.32.10 - - [26/May/2004:00:23:41 +0800] "GET /icons/image2.gif HTTP/1.1" 200 309 "http://www.comp.nus.edu.sg/~huangxi2/desktop/mashimaro/" "Mozilla/4.0 (compatible; MSIE 6.0; AOL 8.0; Windows NT 5.1)" -
25-210070163.cju.edu.tw - - [26/May/2004:00:23:41 +0800] "GET /~nghoongk/lyrics/m.gif HTTP/1.1" 304 - "http://www.comp.nus.edu.sg/~nghoongk/lyrics/singer543-1.html" "Mozilla/4.0 (compatible; MSIE 6.0; Windows NT 5.1; KKman2.0; .NET CLR 1.1.4322)" -
p3ee0d14c.dip.t-dialin.net - - [26/May/2004:00:23:41 +0800] "GET /~sunyuan/ HTTP/1.1" 200 3152 "http://images.google.de/imgres?imgurl=www.comp.nus.edu.sg/~sunyuan/images/nemo.gif&imgrefurl=http://www.comp.nus.edu.sg/~sunyuan/&h=248&w=275&sz=97&tbnid=2kEH2rEHlHsJ:&tbnh=98&tbnw=108&start=8&prev=/images%3Fq%3Dnemo%26hl%3Dde%26lr%3D%26ie%3DUTF-8" "Mozilla/4.0 (compatible; MSIE 5.0; Windows 98; DigExt)" -
yahoobb219004012012.bbtec.net - - [26/May/2004:00:23:42 +0800] "GET /~angpheng/rhwebsite/hondacity.html HTTP/1.1" 200 10522 "http://www.google.co.th/search?hl=th&ie=UTF-8&q=honda+city+thai&meta=" "Mozilla/4.0 (compatible; MSIE 6.0; Windows NT 5.0; .NET CLR 1.1.4322)" -
p3ee0d14c.dip.t-dialin.net - - [26/May/2004:00:23:44 +0800] "GET /~sunyuan/images/nemo.gif HTTP/1.1" 200 0 "http://images.google.de/imgres?imgurl=www.comp.nus.edu.sg/~sunyuan/images/nemo.gif&imgrefurl=http://www.comp.nus.edu.sg/~sunyuan/&h=248&w=275&sz=97&tbnid=2kEH2rEHlHsJ:&tbnh=98&tbnw=108&prev=/images%3Fq%3Dnemo%26hl%3Dde%26lr%3D%26ie%3DUTF-8&frame=small" "Mozilla/4.0 (compatible; MSIE 5.0; Windows 98; DigExt)" -
yahoobb219004012012.bbtec.net - - [26/May/2004:00:23:44 +0800] "GET /~angpheng/rhwebsite/rev%20hard%20title%20alt%202.jpg HTTP/1.1" 200 52723 "http://www.comp.nus.edu.sg/~angpheng/rhwebsite/hondacity.html" "Mozilla/4.0 (compatible; MSIE 6.0; Windows NT 5.0; .NET CLR 1.1.4322)" -
yahoobb219004012012.bbtec.net - - [26/May/2004:00:23:45 +0800] "GET /~angpheng/rhwebsite/Motorin%20club/city/city%20backside.jpg HTTP/1.1" 200 72919 "http://www.comp.nus.edu.sg/~angpheng/rhwebsite/hondacity.html" "Mozilla/4.0 (compatible; MSIE 6.0; Windows NT 5.0; .NET CLR 1.1.4322)" -
yahoobb219004012012.bbtec.net - - [26/May/2004:00:23:45 +0800] "GET /~angpheng/rhwebsite/Motorin%20club/city/city%20eye%20lights.jpg HTTP/1.1" 200 44618 "http://www.comp.nus.edu.sg/~angpheng/rhwebsite/hondacity.html" "Mozilla/4.0 (compatible; MSIE 6.0; Windows NT 5.0; .NET CLR 1.1.4322)" -
yahoobb219004012012.bbtec.net - - [26/May/2004:00:23:46 +0800] "GET /~angpheng/rhwebsite/city%20title%20words%20shrink.jpg HTTP/1.1" 200 226150 "http://www.comp.nus.edu.sg/~angpheng/rhwebsite/hondacity.html" "Mozilla/4.0 (compatible; MSIE 6.0; Windows NT 5.0; .NET CLR 1.1.4322)" -
yahoobb219004012012.bbtec.net - - [26/May/2004:00:23:46 +0800] "GET /~angpheng/rhwebsite/Motorin%20club/city/city%20merged.jpg HTTP/1.1" 200 75671 "http://www.comp.nus.edu.sg/~angpheng/rhwebsite/hondacity.html" "Mozilla/4.0 (compatible; MSIE 6.0; Windows NT 5.0; .NET CLR 1.1.4322)" -
yahoobb219004012012.bbtec.net - - [26/May/2004:00:23:46 +0800] "GET /~angpheng/rhwebsite/Motorin%20club/city/city%20engine.jpg HTTP/1.1" 200 85910 "http://www.comp.nus.edu.sg/~angpheng/rhwebsite/hondacity.html" "Mozilla/4.0 (compatible; MSIE 6.0; Windows NT 5.0; .NET CLR 1.1.4322)" -
202.156.2.130 - - [26/May/2004:00:23:47 +0800] "GET /corpcomm/images/contact4.jpg HTTP/1.1" 200 12365 "http://www.comp.nus.edu.sg/corpcomm/" "Mozilla/4.0 (compatible; MSIE 6.0; Windows NT 5.1; Hotbar 4.4.5.0)" 218.186.52.235
yahoobb219004012012.bbtec.net - - [26/May/2004:00:23:47 +0800] "GET /~angpheng/rhwebsite/city%20bootspace.jpg HTTP/1.1" 200 36486 "http://www.comp.nus.edu.sg/~angpheng/rhwebsite/hondacity.html" "Mozilla/4.0 (compatible; MSIE 6.0; Windows NT 5.0; .NET CLR 1.1.4322)" -
yahoobb219004012012.bbtec.net - - [26/May/2004:00:23:48 +0800] "GET /~angpheng/rhwebsite/Motorin%20club/city/city%20button.jpg HTTP/1.1" 200 46617 "http://www.comp.nus.edu.sg/~angpheng/rhwebsite/hondacity.html" "Mozilla/4.0 (compatible; MSIE 6.0; Windows NT 5.0; .NET CLR 1.1.4322)" -
62.68.228.155 - - [26/May/2004:00:23:48 +0800] "GET /~cs2102/slides/relational.pdf HTTP/1.1" 206 54471 "-" "Mozilla/4.0 (compatible; MSIE 5.5; Windows 98; Win 9x 4.90)" -
62.139.127.35 - - [26/May/2004:00:23:49 +0800] "GET /~ctank/msc_thesis.pdf HTTP/1.1" 206 158203 "http://www.comp.nus.edu.sg/~ctank/pubs.htm" "Mozilla/4.0 (compatible; MSIE 5.00; Windows 98)" -
yahoobb219004012012.bbtec.net - - [26/May/2004:00:23:49 +0800] "GET /~angpheng/rhwebsite/Motorin%20club/city/city%20interior%20backseats.jpg HTTP/1.1" 200 82040 "http://www.comp.nus.edu.sg/~angpheng/rhwebsite/hondacity.html" "Mozilla/4.0 (compatible; MSIE 6.0; Windows NT 5.0; .NET CLR 1.1.4322)" -
206-18.priv.nus.edu.sg - - [26/May/2004:00:23:49 +0800] "GET /~nguyentu/nhactac/mp3ss2d.swf HTTP/1.1" 304 - "-" "Mozilla/4.0 (compatible; MSIE 6.0; Windows NT 5.1)" -
206-18.priv.nus.edu.sg - - [26/May/2004:00:23:49 +0800] "GET /~nguyentu/nhactac/mp3ss1d.swf HTTP/1.1" 304 - "-" "Mozilla/4.0 (compatible; MSIE 6.0; Windows NT 5.1)" -
206-18.priv.nus.edu.sg - - [26/May/2004:00:23:49 +0800] "GET /~nguyentu/nhactac/mp3ss3d.swf HTTP/1.1" 304 - "-" "Mozilla/4.0 (compatible; MSIE 6.0; Windows NT 5.1)" -
206-18.priv.nus.edu.sg - - [26/May/2004:00:23:49 +0800] "GET /~nguyentu/nhactac/mp3ss4d.swf HTTP/1.1" 304 - "-" "Mozilla/4.0 (compatible; MSIE 6.0; Windows NT 5.1)" -
206-18.priv.nus.edu.sg - - [26/May/2004:00:23:49 +0800] "GET /~huynhthi/chickendance.gif HTTP/1.1" 304 - "http://forum.vncnus.net/viewtopic.php?t=8074&highlight=" "Mozilla/4.0 (compatible; MSIE 6.0; Windows NT 5.1)" -
202.156.2.130 - - [26/May/2004:00:23:50 +0800] "GET /corpcomm/images/corpaffiliates2.jpg HTTP/1.1" 200 13570 "http://www.comp.nus.edu.sg/corpcomm/" "Mozilla/4.0 (compatible; MSIE 6.0; Windows NT 5.1; Hotbar 4.4.5.0)" 218.186.52.235
202.156.2.130 - - [26/May/2004:00:23:50 +0800] "GET /corpcomm/images/aboutSCC2.jpg HTTP/1.1" 200 8974 "http://www.comp.nus.edu.sg/corpcomm/" "Mozilla/4.0 (compatible; MSIE 6.0; Windows NT 5.1; Hotbar 4.4.5.0)" 218.186.52.235
cache-loh-ac06.proxy.aol.com - - [26/May/2004:00:23:50 +0800] "GET /~huangxi2/desktop/mashimaro/mashimaro_14.jpg HTTP/1.1" 200 15419 "http://images.google.com/imgres?imgurl=www.comp.nus.edu.sg/~huangxi2/desktop/mashimaro/mashimaro_14.jpg&imgrefurl=http://www.comp.nus.edu.sg/~huangxi2/desktop/mashimaro/&h=600&w=800&sz=16&tbnid=7E9nxOuZpeUJ:&tbnh=106&tbnw=141&prev=/images%3Fq%3DMashimaro%26start%3D40%26hl%3Den%26lr%3D%26ie%3DUTF-8%26sa%3DN&frame=small" "Mozilla/4.0 (compatible; MSIE 6.0; AOL 8.0; Windows NT 5.1)" -
202.156.2.130 - - [26/May/2004:00:23:51 +0800] "GET /corpcomm/aboutscc.htm HTTP/1.1" 200 11789 "http://www.comp.nus.edu.sg/corpcomm/" "Mozilla/4.0 (compatible; MSIE 6.0; Windows NT 5.1; Hotbar 4.4.5.0)" 218.186.52.235
202.156.2.130 - - [26/May/2004:00:23:51 +0800] "GET /corpcomm/images/bullet2.jpg HTTP/1.1" 200 2374 "http://www.comp.nus.edu.sg/corpcomm/aboutscc.htm" "Mozilla/4.0 (compatible; MSIE 6.0; Windows NT 5.1; Hotbar 4.4.5.0)" 218.186.52.235
202.156.2.130 - - [26/May/2004:00:23:51 +0800] "GET /corpcomm/images/pic_aboutus.jpg HTTP/1.1" 200 62953 "http://www.comp.nus.edu.sg/corpcomm/aboutscc.htm" "Mozilla/4.0 (compatible; MSIE 6.0; Windows NT 5.1; Hotbar 4.4.5.0)" 218.186.52.235
202.156.2.130 - - [26/May/2004:00:23:51 +0800] "GET /corpcomm/images/bullet.jpg HTTP/1.1" 200 2407 "http://www.comp.nus.edu.sg/corpcomm/aboutscc.htm" "Mozilla/4.0 (compatible; MSIE 6.0; Windows NT 5.1; Hotbar 4.4.5.0)" 218.186.52.235
202.156.2.130 - - [26/May/2004:00:23:52 +0800] "GET /corpcomm/images/SCC_logo.jpg HTTP/1.1" 200 21273 "http://www.comp.nus.edu.sg/corpcomm/aboutscc.htm" "Mozilla/4.0 (compatible; MSIE 6.0; Windows NT 5.1; Hotbar 4.4.5.0)" 218.186.52.235
202.156.2.130 - - [26/May/2004:00:23:52 +0800] "GET /corpcomm/images/pic_aboutus2.jpg HTTP/1.1" 200 21140 "http://www.comp.nus.edu.sg/corpcomm/aboutscc.htm" "Mozilla/4.0 (compatible; MSIE 6.0; Windows NT 5.1; Hotbar 4.4.5.0)" 218.186.52.235
202.156.2.130 - - [26/May/2004:00:23:52 +0800] "GET /corpcomm/images/border_middleleft.jpg HTTP/1.1" 200 1895 "http://www.comp.nus.edu.sg/corpcomm/aboutscc.htm" "Mozilla/4.0 (compatible; MSIE 6.0; Windows NT 5.1; Hotbar 4.4.5.0)" 218.186.52.235
202.156.2.130 - - [26/May/2004:00:23:52 +0800] "GET /corpcomm/images/border_middleright.jpg HTTP/1.1" 200 1895 "http://www.comp.nus.edu.sg/corpcomm/aboutscc.htm" "Mozilla/4.0 (compatible; MSIE 6.0; Windows NT 5.1; Hotbar 4.4.5.0)" 218.186.52.235
202.156.2.130 - - [26/May/2004:00:23:52 +0800] "GET /corpcomm/images/border_bottom.jpg HTTP/1.1" 200 3245 "http://www.comp.nus.edu.sg/corpcomm/aboutscc.htm" "Mozilla/4.0 (compatible; MSIE 6.0; Windows NT 5.1; Hotbar 4.4.5.0)" 218.186.52.235
197-30.priv.nus.edu.sg - - [26/May/2004:00:23:54 +0800] "GET /~cs3211 HTTP/1.1" 301 327 "http://www.comp.nus.edu.sg/~kzhu/" "Mozilla/4.0 (compatible; MSIE 6.0; Windows NT 5.1)" -
82-37-176-147.cable.ubr04.wals.blueyonder.co.uk - - [26/May/2004:00:23:54 +0800] "GET /~keexuyua/pictures/skillz.gif HTTP/1.1" 200 5857 "http://www.koptalk.org/forums/showflat.php/Cat/0/Number/274120/page/0/view/collapsed/sb/5/o/all/fpart/1" "Mozilla/4.0 (compatible; MSIE 6.0; Windows NT 5.1)" -
197-30.priv.nus.edu.sg - - [26/May/2004:00:23:54 +0800] "GET /~cs3211/images/nus.gif HTTP/1.1" 200 3584 "http://www.comp.nus.edu.sg/~cs3211/" "Mozilla/4.0 (compatible; MSIE 6.0; Windows NT 5.1)" -
197-30.priv.nus.edu.sg - - [26/May/2004:00:23:55 +0800] "GET /~cs3211/ HTTP/1.1" 200 15116 "http://www.comp.nus.edu.sg/~kzhu/" "Mozilla/4.0 (compatible; MSIE 6.0; Windows NT 5.1)" -
197-30.priv.nus.edu.sg - - [26/May/2004:00:23:55 +0800] "GET /~cs3211/images/fond008.jpg HTTP/1.1" 200 2747 "http://www.comp.nus.edu.sg/~cs3211/" "Mozilla/4.0 (compatible; MSIE 6.0; Windows NT 5.1)" -
197-30.priv.nus.edu.sg - - [26/May/2004:00:23:55 +0800] "GET /~cs3211/images/nusSoc.gif HTTP/1.1" 200 2468 "http://www.comp.nus.edu.sg/~cs3211/" "Mozilla/4.0 (compatible; MSIE 6.0; Windows NT 5.1)" -
202.156.2.130 - - [26/May/2004:00:23:55 +0800] "GET /corpcomm/images/aboutSCC1.jpg HTTP/1.1" 304 - "http://www.comp.nus.edu.sg/corpcomm/aboutscc.htm" "Mozilla/4.0 (compatible; MSIE 6.0; Windows NT 5.1; Hotbar 4.4.5.0)" 218.186.52.235
197-30.priv.nus.edu.sg - - [26/May/2004:00:23:55 +0800] "GET /~cs3211/images/ag_new2.gif HTTP/1.1" 200 3186 "http://www.comp.nus.edu.sg/~cs3211/" "Mozilla/4.0 (compatible; MSIE 6.0; Windows NT 5.1)" -
202.156.2.130 - - [26/May/2004:00:23:55 +0800] "GET /corpcomm/images/bookprizes1.jpg HTTP/1.1" 304 - "http://www.comp.nus.edu.sg/corpcomm/aboutscc.htm" "Mozilla/4.0 (compatible; MSIE 6.0; Windows NT 5.1; Hotbar 4.4.5.0)" 218.186.52.235
197-30.priv.nus.edu.sg - - [26/May/2004:00:23:55 +0800] "GET /~cs3211/images/star99.gif HTTP/1.1" 200 137 "http://www.comp.nus.edu.sg/~cs3211/" "Mozilla/4.0 (compatible; MSIE 6.0; Windows NT 5.1)" -
197-30.priv.nus.edu.sg - - [26/May/2004:00:23:55 +0800] "GET /~cs3211/images/wilAl.jpg HTTP/1.1" 200 1702 "http://www.comp.nus.edu.sg/~cs3211/" "Mozilla/4.0 (compatible; MSIE 6.0; Windows NT 5.1)" -
202.156.2.51 - - [26/May/2004:00:23:58 +0800] "GET / HTTP/1.1" 200 8789 "-" "Mozilla/4.0 (compatible; MSIE 6.0; Windows NT 5.1; Q312461)" 218.212.68.173
202.156.2.51 - - [26/May/2004:00:23:59 +0800] "GET /nusstyles.css HTTP/1.1" 304 - "http://www.comp.nus.edu.sg/" "Mozilla/4.0 (compatible; MSIE 6.0; Windows NT 5.1; Q312461)" 218.212.68.173
202.156.2.51 - - [26/May/2004:00:23:59 +0800] "GET /images/nussocbanner.gif HTTP/1.1" 304 - "http://www.comp.nus.edu.sg/" "Mozilla/4.0 (compatible; MSIE 6.0; Windows NT 5.1; Q312461)" 218.212.68.173
202.156.2.51 - - [26/May/2004:00:23:59 +0800] "GET /images/facenghd.gif HTTP/1.1" 304 - "http://www.comp.nus.edu.sg/" "Mozilla/4.0 (compatible; MSIE 6.0; Windows NT 5.1; Q312461)" 218.212.68.173
202.156.2.51 - - [26/May/2004:00:23:59 +0800] "GET /images/socmain_r3_c6.jpg HTTP/1.1" 304 - "http://www.comp.nus.edu.sg/" "Mozilla/4.0 (compatible; MSIE 6.0; Windows NT 5.1; Q312461)" 218.212.68.173
202.156.2.51 - - [26/May/2004:00:23:59 +0800] "GET /images/socmain_r3_c8.jpg HTTP/1.1" 304 - "http://www.comp.nus.edu.sg/" "Mozilla/4.0 (compatible; MSIE 6.0; Windows NT 5.1; Q312461)" 218.212.68.173
202.156.2.51 - - [26/May/2004:00:23:59 +0800] "GET /images/socmain_r3_c10.jpg HTTP/1.1" 304 - "http://www.comp.nus.edu.sg/" "Mozilla/4.0 (compatible; MSIE 6.0; Windows NT 5.1; Q312461)" 218.212.68.173
202.156.2.51 - - [26/May/2004:00:23:59 +0800] "GET /images/socmain_r3_c11.jpg HTTP/1.1" 304 - "http://www.comp.nus.edu.sg/" "Mozilla/4.0 (compatible; MSIE 6.0; Windows NT 5.1; Q312461)" 218.212.68.173
202.156.2.51 - - [26/May/2004:00:23:59 +0800] "GET /images/socmain_r3_c13.jpg HTTP/1.1" 304 - "http://www.comp.nus.edu.sg/" "Mozilla/4.0 (compatible; MSIE 6.0; Windows NT 5.1; Q312461)" 218.212.68.173
202.156.2.51 - - [26/May/2004:00:23:59 +0800] "GET /images/recruitment.jpg HTTP/1.1" 304 - "http://www.comp.nus.edu.sg/" "Mozilla/4.0 (compatible; MSIE 6.0; Windows NT 5.1; Q312461)" 218.212.68.173
202.156.2.51 - - [26/May/2004:00:23:59 +0800] "GET /images/socmain_r3_c15.jpg HTTP/1.1" 304 - "http://www.comp.nus.edu.sg/" "Mozilla/4.0 (compatible; MSIE 6.0; Windows NT 5.1; Q312461)" 218.212.68.173
202.156.2.51 - - [26/May/2004:00:23:59 +0800] "GET /images/socmain_r3_c16.jpg HTTP/1.1" 304 - "http://www.comp.nus.edu.sg/" "Mozilla/4.0 (compatible; MSIE 6.0; Windows NT 5.1; Q312461)" 218.212.68.173
202.156.2.51 - - [26/May/2004:00:23:59 +0800] "GET /images/socmain_r5_c12.jpg HTTP/1.1" 304 - "http://www.comp.nus.edu.sg/" "Mozilla/4.0 (compatible; MSIE 6.0; Windows NT 5.1; Q312461)" 218.212.68.173
202.156.2.218 - - [26/May/2004:00:23:59 +0800] "GET / HTTP/1.1" 200 8789 "-" "Mozilla/4.0 (compatible; MSIE 6.0; Windows NT 5.1; .NET CLR 1.1.4322)" 218.212.206.120
202.156.2.51 - - [26/May/2004:00:23:59 +0800] "GET /images/socmain_r5_c13.jpg HTTP/1.1" 304 - "http://www.comp.nus.edu.sg/" "Mozilla/4.0 (compatible; MSIE 6.0; Windows NT 5.1; Q312461)" 218.212.68.173
202.156.2.51 - - [26/May/2004:00:23:59 +0800] "GET /images/socmain_r5_c14.jpg HTTP/1.1" 304 - "http://www.comp.nus.edu.sg/" "Mozilla/4.0 (compatible; MSIE 6.0; Windows NT 5.1; Q312461)" 218.212.68.173
202.156.2.51 - - [26/May/2004:00:23:59 +0800] "GET /images/trans.gif HTTP/1.1" 304 - "http://www.comp.nus.edu.sg/" "Mozilla/4.0 (compatible; MSIE 6.0; Windows NT 5.1; Q312461)" 218.212.68.173
202.156.2.51 - - [26/May/2004:00:23:59 +0800] "GET /images/sip.gif HTTP/1.1" 304 - "http://www.comp.nus.edu.sg/" "Mozilla/4.0 (compatible; MSIE 6.0; Windows NT 5.1; Q312461)" 218.212.68.173
202.156.2.51 - - [26/May/2004:00:23:59 +0800] "GET /images/sem-events.gif HTTP/1.1" 304 - "http://www.comp.nus.edu.sg/" "Mozilla/4.0 (compatible; MSIE 6.0; Windows NT 5.1; Q312461)" 218.212.68.173
202.156.2.51 - - [26/May/2004:00:24:00 +0800] "GET /images/socimage.jpg HTTP/1.1" 304 - "http://www.comp.nus.edu.sg/" "Mozilla/4.0 (compatible; MSIE 6.0; Windows NT 5.1; Q312461)" 218.212.68.173
202.156.2.51 - - [26/May/2004:00:24:00 +0800] "GET /images/socmain_r7_c1.jpg HTTP/1.1" 304 - "http://www.comp.nus.edu.sg/" "Mozilla/4.0 (compatible; MSIE 6.0; Windows NT 5.1; Q312461)" 218.212.68.173
202.156.2.51 - - [26/May/2004:00:24:00 +0800] "GET /images/socmain_r7_c2.jpg HTTP/1.1" 304 - "http://www.comp.nus.edu.sg/" "Mozilla/4.0 (compatible; MSIE 6.0; Windows NT 5.1; Q312461)" 218.212.68.173
202.156.2.51 - - [26/May/2004:00:24:00 +0800] "GET /images/socmain_r7_c4.jpg HTTP/1.1" 304 - "http://www.comp.nus.edu.sg/" "Mozilla/4.0 (compatible; MSIE 6.0; Windows NT 5.1; Q312461)" 218.212.68.173
202.156.2.51 - - [26/May/2004:00:24:00 +0800] "GET /images/socmain_r7_c5.jpg HTTP/1.1" 304 - "http://www.comp.nus.edu.sg/" "Mozilla/4.0 (compatible; MSIE 6.0; Windows NT 5.1; Q312461)" 218.212.68.173
202.156.2.51 - - [26/May/2004:00:24:00 +0800] "GET /images/socmain_r7_c7.jpg HTTP/1.1" 304 - "http://www.comp.nus.edu.sg/" "Mozilla/4.0 (compatible; MSIE 6.0; Windows NT 5.1; Q312461)" 218.212.68.173
202.156.2.51 - - [26/May/2004:00:24:00 +0800] "GET /images/socmain_r7_c9f.jpg HTTP/1.1" 304 - "http://www.comp.nus.edu.sg/" "Mozilla/4.0 (compatible; MSIE 6.0; Windows NT 5.1; Q312461)" 218.212.68.173
202.156.2.51 - - [26/May/2004:00:24:00 +0800] "GET /images/grey.gif HTTP/1.1" 304 - "http://www.comp.nus.edu.sg/" "Mozilla/4.0 (compatible; MSIE 6.0; Windows NT 5.1; Q312461)" 218.212.68.173
66.196.90.157 - - [26/May/2004:00:24:00 +0800] "GET /~dcheong/Japan3/pages/P1010025.html HTTP/1.0" 404 305 "-" "Mozilla/5.0 (compatible; Yahoo! Slurp; http://help.yahoo.com/help/us/ysearch/slurp)" -
bbcache-11.singnet.com.sg - - [26/May/2004:00:24:01 +0800] "GET /~angpheng HTTP/1.1" 301 329 "http://www.nusmc.owns.it/" "Mozilla/4.0 (compatible; MSIE 6.0; Windows NT 5.1)" 220.255.41.125, 165.21.154.145
lj1141.inktomisearch.com - - [26/May/2004:00:24:02 +0800] "GET /~leonghw/uit2201/Fa2003/info.html HTTP/1.0" 200 3769 "-" "Mozilla/5.0 (compatible; Yahoo! Slurp; http://help.yahoo.com/help/us/ysearch/slurp)" -
202.156.2.51 - - [26/May/2004:00:24:02 +0800] "GET /students/students.htm HTTP/1.1" 200 8101 "http://www.comp.nus.edu.sg/" "Mozilla/4.0 (compatible; MSIE 6.0; Windows NT 5.1; Q312461)" 218.212.68.173
202.156.2.51 - - [26/May/2004:00:24:03 +0800] "GET /nusstyles.css HTTP/1.1" 304 - "http://www.comp.nus.edu.sg/students/students.htm" "Mozilla/4.0 (compatible; MSIE 6.0; Windows NT 5.1; Q312461)" 218.212.68.173
202.156.2.51 - - [26/May/2004:00:24:03 +0800] "GET /images/nussocbanner.gif HTTP/1.1" 304 - "http://www.comp.nus.edu.sg/students/students.htm" "Mozilla/4.0 (compatible; MSIE 6.0; Windows NT 5.1; Q312461)" 218.212.68.173
202.156.2.51 - - [26/May/2004:00:24:03 +0800] "GET /images/facenghd.gif HTTP/1.1" 304 - "http://www.comp.nus.edu.sg/students/students.htm" "Mozilla/4.0 (compatible; MSIE 6.0; Windows NT 5.1; Q312461)" 218.212.68.173
202.156.2.51 - - [26/May/2004:00:24:03 +0800] "GET /images/socmain_r3_c6.jpg HTTP/1.1" 304 - "http://www.comp.nus.edu.sg/students/students.htm" "Mozilla/4.0 (compatible; MSIE 6.0; Windows NT 5.1; Q312461)" 218.212.68.173
202.156.2.51 - - [26/May/2004:00:24:03 +0800] "GET /images/socmain_r3_c8.jpg HTTP/1.1" 304 - "http://www.comp.nus.edu.sg/students/students.htm" "Mozilla/4.0 (compatible; MSIE 6.0; Windows NT 5.1; Q312461)" 218.212.68.173
202.156.2.51 - - [26/May/2004:00:24:03 +0800] "GET /images/socmain_r3_c10.jpg HTTP/1.1" 304 - "http://www.comp.nus.edu.sg/students/students.htm" "Mozilla/4.0 (compatible; MSIE 6.0; Windows NT 5.1; Q312461)" 218.212.68.173
202.156.2.51 - - [26/May/2004:00:24:03 +0800] "GET /images/socmain_r3_c11.jpg HTTP/1.1" 304 - "http://www.comp.nus.edu.sg/students/students.htm" "Mozilla/4.0 (compatible; MSIE 6.0; Windows NT 5.1; Q312461)" 218.212.68.173
202.156.2.51 - - [26/May/2004:00:24:03 +0800] "GET /images/socmain_r3_c13.jpg HTTP/1.1" 304 - "http://www.comp.nus.edu.sg/students/students.htm" "Mozilla/4.0 (compatible; MSIE 6.0; Windows NT 5.1; Q312461)" 218.212.68.173
202.156.2.51 - - [26/May/2004:00:24:03 +0800] "GET /images/recruitment.jpg HTTP/1.1" 304 - "http://www.comp.nus.edu.sg/students/students.htm" "Mozilla/4.0 (compatible; MSIE 6.0; Windows NT 5.1; Q312461)" 218.212.68.173
202.156.2.51 - - [26/May/2004:00:24:03 +0800] "GET /images/socmain_r3_c15.jpg HTTP/1.1" 304 - "http://www.comp.nus.edu.sg/students/students.htm" "Mozilla/4.0 (compatible; MSIE 6.0; Windows NT 5.1; Q312461)" 218.212.68.173
202.156.2.51 - - [26/May/2004:00:24:03 +0800] "GET /images/socmain_r3_c16.jpg HTTP/1.1" 304 - "http://www.comp.nus.edu.sg/students/students.htm" "Mozilla/4.0 (compatible; MSIE 6.0; Windows NT 5.1; Q312461)" 218.212.68.173
202.156.2.51 - - [26/May/2004:00:24:03 +0800] "GET /images/socmain_r5_c12.jpg HTTP/1.1" 304 - "http://www.comp.nus.edu.sg/students/students.htm" "Mozilla/4.0 (compatible; MSIE 6.0; Windows NT 5.1; Q312461)" 218.212.68.173
202.156.2.51 - - [26/May/2004:00:24:03 +0800] "GET /images/socmain_r5_c13.jpg HTTP/1.1" 304 - "http://www.comp.nus.edu.sg/students/students.htm" "Mozilla/4.0 (compatible; MSIE 6.0; Windows NT 5.1; Q312461)" 218.212.68.173
202.156.2.51 - - [26/May/2004:00:24:03 +0800] "GET /images/socmain_r5_c14.jpg HTTP/1.1" 304 - "http://www.comp.nus.edu.sg/students/students.htm" "Mozilla/4.0 (compatible; MSIE 6.0; Windows NT 5.1; Q312461)" 218.212.68.173
202.156.2.51 - - [26/May/2004:00:24:03 +0800] "GET /images/socmain_r7_c1.jpg HTTP/1.1" 304 - "http://www.comp.nus.edu.sg/students/students.htm" "Mozilla/4.0 (compatible; MSIE 6.0; Windows NT 5.1; Q312461)" 218.212.68.173
202.156.2.51 - - [26/May/2004:00:24:03 +0800] "GET /images/socmain_r7_c2.jpg HTTP/1.1" 304 - "http://www.comp.nus.edu.sg/students/students.htm" "Mozilla/4.0 (compatible; MSIE 6.0; Windows NT 5.1; Q312461)" 218.212.68.173
202.156.2.51 - - [26/May/2004:00:24:03 +0800] "GET /images/socmain_r7_c4.jpg HTTP/1.1" 304 - "http://www.comp.nus.edu.sg/students/students.htm" "Mozilla/4.0 (compatible; MSIE 6.0; Windows NT 5.1; Q312461)" 218.212.68.173
202.156.2.51 - - [26/May/2004:00:24:03 +0800] "GET /images/socmain_r7_c5.jpg HTTP/1.1" 304 - "http://www.comp.nus.edu.sg/students/students.htm" "Mozilla/4.0 (compatible; MSIE 6.0; Windows NT 5.1; Q312461)" 218.212.68.173
202.156.2.51 - - [26/May/2004:00:24:03 +0800] "GET /images/socmain_r7_c7.jpg HTTP/1.1" 304 - "http://www.comp.nus.edu.sg/students/students.htm" "Mozilla/4.0 (compatible; MSIE 6.0; Windows NT 5.1; Q312461)" 218.212.68.173
202.156.2.51 - - [26/May/2004:00:24:03 +0800] "GET /images/socmain_r7_c9f.jpg HTTP/1.1" 304 - "http://www.comp.nus.edu.sg/students/students.htm" "Mozilla/4.0 (compatible; MSIE 6.0; Windows NT 5.1; Q312461)" 218.212.68.173
206-18.priv.nus.edu.sg - - [26/May/2004:00:24:04 +0800] "GET /~nguyentu/nhactac/mp3ss1d.swf HTTP/1.1" 304 - "-" "Mozilla/4.0 (compatible; MSIE 6.0; Windows NT 5.1)" -
206-18.priv.nus.edu.sg - - [26/May/2004:00:24:04 +0800] "GET /~nguyentu/nhactac/mp3ss2d.swf HTTP/1.1" 304 - "-" "Mozilla/4.0 (compatible; MSIE 6.0; Windows NT 5.1)" -
202.156.2.51 - - [26/May/2004:00:24:04 +0800] "GET /images/grey.gif HTTP/1.1" 304 - "http://www.comp.nus.edu.sg/students/students.htm" "Mozilla/4.0 (compatible; MSIE 6.0; Windows NT 5.1; Q312461)" 218.212.68.173
206-18.priv.nus.edu.sg - - [26/May/2004:00:24:04 +0800] "GET /~nguyentu/nhactac/mp3ss3d.swf HTTP/1.1" 304 - "-" "Mozilla/4.0 (compatible; MSIE 6.0; Windows NT 5.1)" -
206-18.priv.nus.edu.sg - - [26/May/2004:00:24:04 +0800] "GET /~nguyentu/nhactac/mp3ss4d.swf HTTP/1.1" 304 - "-" "Mozilla/4.0 (compatible; MSIE 6.0; Windows NT 5.1)" -
202.156.2.130 - - [26/May/2004:00:24:04 +0800] "GET /corpcomm/images/bookprizes1.jpg HTTP/1.1" 304 - "http://www.comp.nus.edu.sg/corpcomm/aboutscc.htm" "Mozilla/4.0 (compatible; MSIE 6.0; Windows NT 5.1; Hotbar 4.4.5.0)" 218.186.52.235
202.156.2.130 - - [26/May/2004:00:24:05 +0800] "GET /corpcomm/images/people2.jpg HTTP/1.1" 200 10666 "http://www.comp.nus.edu.sg/corpcomm/aboutscc.htm" "Mozilla/4.0 (compatible; MSIE 6.0; Windows NT 5.1; Hotbar 4.4.5.0)" 218.186.52.235
202.156.2.130 - - [26/May/2004:00:24:05 +0800] "GET /corpcomm/images/people1.jpg HTTP/1.1" 304 - "http://www.comp.nus.edu.sg/corpcomm/aboutscc.htm" "Mozilla/4.0 (compatible; MSIE 6.0; Windows NT 5.1; Hotbar 4.4.5.0)" 218.186.52.235
202.156.2.130 - - [26/May/2004:00:24:05 +0800] "GET /corpcomm/images/bookprizes2.jpg HTTP/1.1" 200 14646 "http://www.comp.nus.edu.sg/corpcomm/aboutscc.htm" "Mozilla/4.0 (compatible; MSIE 6.0; Windows NT 5.1; Hotbar 4.4.5.0)" 218.186.52.235
201.128.88.193 - - [26/May/2004:00:24:05 +0800] "GET /~ante HTTP/1.1" 301 325 "http://academ01.mor.itesm.mx/mail/MessageRead?sid=B52E9D54F7A90ECA896EEAD83CF05BF988E2CCE8&userid=00379417@academ01.mor.itesm.mx&seq=C&auth=HZS0POXX3QYVE3PA&srcfolder=INBOX&uid=602&srch=0&language=default" "Mozilla/4.0 (compatible; MSIE 6.0; Windows 98; Win 9x 4.90)" -
bbcache-11.singnet.com.sg - - [26/May/2004:00:24:06 +0800] "GET /~angpheng/index/advert.gif HTTP/1.1" 200 2915 "http://www.comp.nus.edu.sg/~angpheng/" "Mozilla/4.0 (compatible; MSIE 6.0; Windows NT 5.1)" 220.255.41.125, 165.21.154.143
202.156.2.130 - - [26/May/2004:00:24:06 +0800] "GET /corpcomm/images/contact2.jpg HTTP/1.1" 200 14012 "http://www.comp.nus.edu.sg/corpcomm/aboutscc.htm" "Mozilla/4.0 (compatible; MSIE 6.0; Windows NT 5.1; Hotbar 4.4.5.0)" 218.186.52.235
202.156.2.130 - - [26/May/2004:00:24:06 +0800] "GET /corpcomm/images/contact1.jpg HTTP/1.1" 304 - "http://www.comp.nus.edu.sg/corpcomm/aboutscc.htm" "Mozilla/4.0 (compatible; MSIE 6.0; Windows NT 5.1; Hotbar 4.4.5.0)" 218.186.52.235
202.156.2.218 - - [26/May/2004:00:24:06 +0800] "GET /images/nussocbanner.gif HTTP/1.1" 304 - "http://www.comp.nus.edu.sg/" "Mozilla/4.0 (compatible; MSIE 6.0; Windows NT 5.1; .NET CLR 1.1.4322)" 218.212.206.120
202.156.2.130 - - [26/May/2004:00:24:07 +0800] "GET /corpcomm/images/events2.jpg HTTP/1.1" 200 10705 "http://www.comp.nus.edu.sg/corpcomm/aboutscc.htm" "Mozilla/4.0 (compatible; MSIE 6.0; Windows NT 5.1; Hotbar 4.4.5.0)" 218.186.52.235
218.66.89.146 - - [26/May/2004:00:24:07 +0800] "GET /nusstyles.css HTTP/1.1" 304 - "http://www.comp.nus.edu.sg/undergradprog/" "Mozilla/4.0 (compatible; MSIE 6.0; Windows NT 5.1; .NET CLR 1.1.4322)" -
206-18.priv.nus.edu.sg - - [26/May/2004:00:24:07 +0800] "GET /~lengocsa/kirimaru-s2.jpg HTTP/1.1" 304 - "http://forum.vncnus.net/viewtopic.php?t=8070&highlight=" "Mozilla/4.0 (compatible; MSIE 6.0; Windows NT 5.1)" -
218.66.89.146 - - [26/May/2004:00:24:07 +0800] "GET /images/nussocbanner.gif HTTP/1.1" 304 - "http://www.comp.nus.edu.sg/undergradprog/" "Mozilla/4.0 (compatible; MSIE 6.0; Windows NT 5.1; .NET CLR 1.1.4322)" -
202.156.2.130 - - [26/May/2004:00:24:07 +0800] "GET /corpcomm/events.htm HTTP/1.1" 200 3737 "http://www.comp.nus.edu.sg/corpcomm/aboutscc.htm" "Mozilla/4.0 (compatible; MSIE 6.0; Windows NT 5.1; Hotbar 4.4.5.0)" 218.186.52.235
202.156.2.130 - - [26/May/2004:00:24:07 +0800] "GET /corpcomm/header.js HTTP/1.1" 304 - "http://www.comp.nus.edu.sg/corpcomm/events.htm" "Mozilla/4.0 (compatible; MSIE 6.0; Windows NT 5.1; Hotbar 4.4.5.0)" 218.186.52.235
218.66.89.146 - - [26/May/2004:00:24:07 +0800] "GET /images/facenghd.gif HTTP/1.1" 304 - "http://www.comp.nus.edu.sg/undergradprog/" "Mozilla/4.0 (compatible; MSIE 6.0; Windows NT 5.1; .NET CLR 1.1.4322)" -
202.156.2.130 - - [26/May/2004:00:24:07 +0800] "GET /corpcomm/images/greytop.jpg HTTP/1.1" 304 - "http://www.comp.nus.edu.sg/corpcomm/events.htm" "Mozilla/4.0 (compatible; MSIE 6.0; Windows NT 5.1; Hotbar 4.4.5.0)" 218.186.52.235
202.156.2.130 - - [26/May/2004:00:24:08 +0800] "GET /corpcomm/images/nuslogo.jpg HTTP/1.1" 304 - "http://www.comp.nus.edu.sg/corpcomm/events.htm" "Mozilla/4.0 (compatible; MSIE 6.0; Windows NT 5.1; Hotbar 4.4.5.0)" 218.186.52.235
218.66.89.146 - - [26/May/2004:00:24:08 +0800] "GET /undergradprog/ HTTP/1.1" 200 18965 "http://www.comp.nus.edu.sg/programmes/programmes.htm" "Mozilla/4.0 (compatible; MSIE 6.0; Windows NT 5.1; .NET CLR 1.1.4322)" -
202.156.2.130 - - [26/May/2004:00:24:08 +0800] "GET /corpcomm/images/orangetop.jpg HTTP/1.1" 304 - "http://www.comp.nus.edu.sg/corpcomm/events.htm" "Mozilla/4.0 (compatible; MSIE 6.0; Windows NT 5.1; Hotbar 4.4.5.0)" 218.186.52.235
202.156.2.130 - - [26/May/2004:00:24:08 +0800] "GET /corpcomm/images/orange.jpg HTTP/1.1" 304 - "http://www.comp.nus.edu.sg/corpcomm/events.htm" "Mozilla/4.0 (compatible; MSIE 6.0; Windows NT 5.1; Hotbar 4.4.5.0)" 218.186.52.235
202.156.2.130 - - [26/May/2004:00:24:08 +0800] "GET /corpcomm/images/aboutSCC1.jpg HTTP/1.1" 304 - "http://www.comp.nus.edu.sg/corpcomm/events.htm" "Mozilla/4.0 (compatible; MSIE 6.0; Windows NT 5.1; Hotbar 4.4.5.0)" 218.186.52.235
202.156.2.130 - - [26/May/2004:00:24:08 +0800] "GET /corpcomm/images/events1.jpg HTTP/1.1" 304 - "http://www.comp.nus.edu.sg/corpcomm/events.htm" "Mozilla/4.0 (compatible; MSIE 6.0; Windows NT 5.1; Hotbar 4.4.5.0)" 218.186.52.235
202.156.2.130 - - [26/May/2004:00:24:08 +0800] "GET /corpcomm/images/people1.jpg HTTP/1.1" 304 - "http://www.comp.nus.edu.sg/corpcomm/events.htm" "Mozilla/4.0 (compatible; MSIE 6.0; Windows NT 5.1; Hotbar 4.4.5.0)" 218.186.52.235
202.156.2.130 - - [26/May/2004:00:24:08 +0800] "GET /corpcomm/images/contact1.jpg HTTP/1.1" 304 - "http://www.comp.nus.edu.sg/corpcomm/events.htm" "Mozilla/4.0 (compatible; MSIE 6.0; Windows NT 5.1; Hotbar 4.4.5.0)" 218.186.52.235
218.66.89.146 - - [26/May/2004:00:24:08 +0800] "GET /images/socmain_r3_c6.jpg HTTP/1.1" 304 - "http://www.comp.nus.edu.sg/undergradprog/" "Mozilla/4.0 (compatible; MSIE 6.0; Windows NT 5.1; .NET CLR 1.1.4322)" -
202.156.2.130 - - [26/May/2004:00:24:08 +0800] "GET /corpcomm/images/intranet1.jpg HTTP/1.1" 304 - "http://www.comp.nus.edu.sg/corpcomm/events.htm" "Mozilla/4.0 (compatible; MSIE 6.0; Windows NT 5.1; Hotbar 4.4.5.0)" 218.186.52.235
202.156.2.130 - - [26/May/2004:00:24:08 +0800] "GET /corpcomm/images/corpaffiliates1.jpg HTTP/1.1" 304 - "http://www.comp.nus.edu.sg/corpcomm/events.htm" "Mozilla/4.0 (compatible; MSIE 6.0; Windows NT 5.1; Hotbar 4.4.5.0)" 218.186.52.235
218.66.89.146 - - [26/May/2004:00:24:08 +0800] "GET /images/socmain_r3_c8.jpg HTTP/1.1" 304 - "http://www.comp.nus.edu.sg/undergradprog/" "Mozilla/4.0 (compatible; MSIE 6.0; Windows NT 5.1; .NET CLR 1.1.4322)" -
202.156.2.130 - - [26/May/2004:00:24:08 +0800] "GET /corpcomm/images/bookprizes1.jpg HTTP/1.1" 304 - "http://www.comp.nus.edu.sg/corpcomm/events.htm" "Mozilla/4.0 (compatible; MSIE 6.0; Windows NT 5.1; Hotbar 4.4.5.0)" 218.186.52.235
201.128.88.193 - - [26/May/2004:00:24:08 +0800] "GET /~ante/ HTTP/1.1" 200 54254 "http://academ01.mor.itesm.mx/mail/MessageRead?sid=B52E9D54F7A90ECA896EEAD83CF05BF988E2CCE8&userid=00379417@academ01.mor.itesm.mx&seq=C&auth=HZS0POXX3QYVE3PA&srcfolder=INBOX&uid=602&srch=0&language=default" "Mozilla/4.0 (compatible; MSIE 6.0; Windows 98; Win 9x 4.90)" -
202.156.2.130 - - [26/May/2004:00:24:08 +0800] "GET /corpcomm/images/studentplacement1.jpg HTTP/1.1" 304 - "http://www.comp.nus.edu.sg/corpcomm/events.htm" "Mozilla/4.0 (compatible; MSIE 6.0; Windows NT 5.1; Hotbar 4.4.5.0)" 218.186.52.235
202.156.2.130 - - [26/May/2004:00:24:08 +0800] "GET /corpcomm/images/IA1.jpg HTTP/1.1" 304 - "http://www.comp.nus.edu.sg/corpcomm/events.htm" "Mozilla/4.0 (compatible; MSIE 6.0; Windows NT 5.1; Hotbar 4.4.5.0)" 218.186.52.235
202.156.2.130 - - [26/May/2004:00:24:08 +0800] "GET /corpcomm/pic_events.jpg HTTP/1.1" 200 48643 "http://www.comp.nus.edu.sg/corpcomm/events.htm" "Mozilla/4.0 (compatible; MSIE 6.0; Windows NT 5.1; Hotbar 4.4.5.0)" 218.186.52.235
218.66.89.146 - - [26/May/2004:00:24:08 +0800] "GET /images/socmain_r3_c10.jpg HTTP/1.1" 304 - "http://www.comp.nus.edu.sg/undergradprog/" "Mozilla/4.0 (compatible; MSIE 6.0; Windows NT 5.1; .NET CLR 1.1.4322)" -
202.156.2.130 - - [26/May/2004:00:24:08 +0800] "GET /corpcomm/bullet.jpg HTTP/1.1" 200 2407 "http://www.comp.nus.edu.sg/corpcomm/events.htm" "Mozilla/4.0 (compatible; MSIE 6.0; Windows NT 5.1; Hotbar 4.4.5.0)" 218.186.52.235
202.156.2.130 - - [26/May/2004:00:24:08 +0800] "GET /corpcomm/footer.js HTTP/1.1" 304 - "http://www.comp.nus.edu.sg/corpcomm/events.htm" "Mozilla/4.0 (compatible; MSIE 6.0; Windows NT 5.1; Hotbar 4.4.5.0)" 218.186.52.235
218.66.89.146 - - [26/May/2004:00:24:08 +0800] "GET /images/socmain_r3_c11.jpg HTTP/1.1" 304 - "http://www.comp.nus.edu.sg/undergradprog/" "Mozilla/4.0 (compatible; MSIE 6.0; Windows NT 5.1; .NET CLR 1.1.4322)" -
202.156.2.130 - - [26/May/2004:00:24:09 +0800] "GET /corpcomm/pic_events2.jpg HTTP/1.1" 200 18823 "http://www.comp.nus.edu.sg/corpcomm/events.htm" "Mozilla/4.0 (compatible; MSIE 6.0; Windows NT 5.1; Hotbar 4.4.5.0)" 218.186.52.235
202.156.2.130 - - [26/May/2004:00:24:09 +0800] "GET /corpcomm/images/greyfooter.jpg HTTP/1.1" 304 - "http://www.comp.nus.edu.sg/corpcomm/events.htm" "Mozilla/4.0 (compatible; MSIE 6.0; Windows NT 5.1; Hotbar 4.4.5.0)" 218.186.52.235
218.66.89.146 - - [26/May/2004:00:24:09 +0800] "GET /images/socmain_r3_c13.jpg HTTP/1.1" 304 - "http://www.comp.nus.edu.sg/undergradprog/" "Mozilla/4.0 (compatible; MSIE 6.0; Windows NT 5.1; .NET CLR 1.1.4322)" -
cache51.156ce.maxonline.com.sg - - [26/May/2004:00:24:09 +0800] "GET /~online/ HTTP/1.1" 200 534 "http://www.comp.nus.edu.sg/students/students.htm" "Mozilla/4.0 (compatible; MSIE 6.0; Windows NT 5.1; Q312461)" 218.212.68.173
218.66.89.146 - - [26/May/2004:00:24:09 +0800] "GET /images/recruitment.jpg HTTP/1.1" 304 - "http://www.comp.nus.edu.sg/undergradprog/" "Mozilla/4.0 (compatible; MSIE 6.0; Windows NT 5.1; .NET CLR 1.1.4322)" -
cache51.156ce.maxonline.com.sg - - [26/May/2004:00:24:09 +0800] "GET /~online/nav_top.html HTTP/1.1" 200 1039 "http://www.comp.nus.edu.sg/~online/" "Mozilla/4.0 (compatible; MSIE 6.0; Windows NT 5.1; Q312461)" 218.212.68.173
218.66.89.146 - - [26/May/2004:00:24:09 +0800] "GET /images/socmain_r3_c15.jpg HTTP/1.1" 304 - "http://www.comp.nus.edu.sg/undergradprog/" "Mozilla/4.0 (compatible; MSIE 6.0; Windows NT 5.1; .NET CLR 1.1.4322)" -
cache51.156ce.maxonline.com.sg - - [26/May/2004:00:24:09 +0800] "GET /~online/nav_main.html HTTP/1.1" 200 2500 "http://www.comp.nus.edu.sg/~online/" "Mozilla/4.0 (compatible; MSIE 6.0; Windows NT 5.1; Q312461)" 218.212.68.173
218.66.89.146 - - [26/May/2004:00:24:09 +0800] "GET /images/socmain_r3_c16.jpg HTTP/1.1" 304 - "http://www.comp.nus.edu.sg/undergradprog/" "Mozilla/4.0 (compatible; MSIE 6.0; Windows NT 5.1; .NET CLR 1.1.4322)" -
cache51.156ce.maxonline.com.sg - - [26/May/2004:00:24:09 +0800] "GET /~online/nav_side.html HTTP/1.1" 200 772 "http://www.comp.nus.edu.sg/~online/" "Mozilla/4.0 (compatible; MSIE 6.0; Windows NT 5.1; Q312461)" 218.212.68.173
cache51.156ce.maxonline.com.sg - - [26/May/2004:00:24:09 +0800] "GET /~online/images/nussocbanner.gif HTTP/1.1" 304 - "http://www.comp.nus.edu.sg/~online/nav_top.html" "Mozilla/4.0 (compatible; MSIE 6.0; Windows NT 5.1; Q312461)" 218.212.68.173
cache51.156ce.maxonline.com.sg - - [26/May/2004:00:24:09 +0800] "GET /~online/images/trans.gif HTTP/1.1" 304 - "http://www.comp.nus.edu.sg/~online/nav_top.html" "Mozilla/4.0 (compatible; MSIE 6.0; Windows NT 5.1; Q312461)" 218.212.68.173
cache51.156ce.maxonline.com.sg - - [26/May/2004:00:24:09 +0800] "GET /~online/images/facenghd.gif HTTP/1.1" 304 - "http://www.comp.nus.edu.sg/~online/nav_top.html" "Mozilla/4.0 (compatible; MSIE 6.0; Windows NT 5.1; Q312461)" 218.212.68.173
218.66.89.146 - - [26/May/2004:00:24:10 +0800] "GET /images/socmain_r5_c12.jpg HTTP/1.1" 304 - "http://www.comp.nus.edu.sg/undergradprog/" "Mozilla/4.0 (compatible; MSIE 6.0; Windows NT 5.1; .NET CLR 1.1.4322)" -
218.66.89.146 - - [26/May/2004:00:24:10 +0800] "GET /images/socmain_r5_c13.jpg HTTP/1.1" 304 - "http://www.comp.nus.edu.sg/undergradprog/" "Mozilla/4.0 (compatible; MSIE 6.0; Windows NT 5.1; .NET CLR 1.1.4322)" -
202.156.2.218 - - [26/May/2004:00:24:10 +0800] "GET /nusstyles.css HTTP/1.1" 304 - "http://www.comp.nus.edu.sg/" "Mozilla/4.0 (compatible; MSIE 6.0; Windows NT 5.1; .NET CLR 1.1.4322)" 218.212.206.120
202.156.2.162 - - [26/May/2004:00:24:10 +0800] "GET /corpcomm/images/corpaffiliates2.jpg HTTP/1.1" 206 4978 "http://www.comp.nus.edu.sg/corpcomm/aboutscc.htm" "Mozilla/4.0 (compatible; MSIE 6.0; Windows NT 5.1; .NET CLR 1.1.4322)" 202.156.177.254
218.66.89.146 - - [26/May/2004:00:24:10 +0800] "GET /images/socmain_r5_c14.jpg HTTP/1.1" 304 - "http://www.comp.nus.edu.sg/undergradprog/" "Mozilla/4.0 (compatible; MSIE 6.0; Windows NT 5.1; .NET CLR 1.1.4322)" -
202.156.2.162 - - [26/May/2004:00:24:10 +0800] "GET /corpcomm/images/bookprizes2.jpg HTTP/1.1" 304 - "http://www.comp.nus.edu.sg/corpcomm/aboutscc.htm" "Mozilla/4.0 (compatible; MSIE 6.0; Windows NT 5.1; .NET CLR 1.1.4322)" 202.156.177.254
bbcache-11.singnet.com.sg - - [26/May/2004:00:24:10 +0800] "GET /~tancs/buddhism/great_compassion.htm HTTP/1.1" 200 2161 "http://sg.search.yahoo.com/search/sg?p=great+compassion+mantra" "Mozilla/4.0 (compatible; MSIE 6.0; Windows 98; HTMLAB)" 220.255.172.170, 165.21.154.143
202.156.2.162 - - [26/May/2004:00:24:10 +0800] "GET /corpcomm/images/events2.jpg HTTP/1.1" 304 - "http://www.comp.nus.edu.sg/corpcomm/aboutscc.htm" "Mozilla/4.0 (compatible; MSIE 6.0; Windows NT 5.1; .NET CLR 1.1.4322)" 202.156.177.254
218.66.89.146 - - [26/May/2004:00:24:10 +0800] "GET /images/socmain_r7_c1.jpg HTTP/1.1" 304 - "http://www.comp.nus.edu.sg/undergradprog/" "Mozilla/4.0 (compatible; MSIE 6.0; Windows NT 5.1; .NET CLR 1.1.4322)" -
202.156.2.162 - - [26/May/2004:00:24:10 +0800] "GET /corpcomm/images/aboutSCC2.jpg HTTP/1.1" 304 - "http://www.comp.nus.edu.sg/corpcomm/aboutscc.htm" "Mozilla/4.0 (compatible; MSIE 6.0; Windows NT 5.1; .NET CLR 1.1.4322)" 202.156.177.254
218.66.89.146 - - [26/May/2004:00:24:10 +0800] "GET /images/socmain_r7_c2.jpg HTTP/1.1" 304 - "http://www.comp.nus.edu.sg/undergradprog/" "Mozilla/4.0 (compatible; MSIE 6.0; Windows NT 5.1; .NET CLR 1.1.4322)" -
202.156.2.162 - - [26/May/2004:00:24:10 +0800] "GET /corpcomm/aboutscc.htm HTTP/1.1" 200 11789 "http://www.comp.nus.edu.sg/corpcomm/aboutscc.htm" "Mozilla/4.0 (compatible; MSIE 6.0; Windows NT 5.1; .NET CLR 1.1.4322)" 202.156.177.254
218.66.89.146 - - [26/May/2004:00:24:10 +0800] "GET /images/socmain_r7_c4.jpg HTTP/1.1" 304 - "http://www.comp.nus.edu.sg/undergradprog/" "Mozilla/4.0 (compatible; MSIE 6.0; Windows NT 5.1; .NET CLR 1.1.4322)" -
218.66.89.146 - - [26/May/2004:00:24:11 +0800] "GET /images/socmain_r7_c5.jpg HTTP/1.1" 304 - "http://www.comp.nus.edu.sg/undergradprog/" "Mozilla/4.0 (compatible; MSIE 6.0; Windows NT 5.1; .NET CLR 1.1.4322)" -
bbcache-9.singnet.com.sg - - [26/May/2004:00:24:11 +0800] "GET /~tancs/images/apache_pb.gif HTTP/1.1" 200 1806 "http://www.comp.nus.edu.sg/~tancs/buddhism/great_compassion.htm" "Mozilla/4.0 (compatible; MSIE 6.0; Windows 98; HTMLAB)" 220.255.172.170, 165.21.154.134
218.66.89.146 - - [26/May/2004:00:24:11 +0800] "GET /images/socmain_r7_c7.jpg HTTP/1.1" 304 - "http://www.comp.nus.edu.sg/undergradprog/" "Mozilla/4.0 (compatible; MSIE 6.0; Windows NT 5.1; .NET CLR 1.1.4322)" -
218.66.89.146 - - [26/May/2004:00:24:11 +0800] "GET /images/socmain_r7_c9f.jpg HTTP/1.1" 304 - "http://www.comp.nus.edu.sg/undergradprog/" "Mozilla/4.0 (compatible; MSIE 6.0; Windows NT 5.1; .NET CLR 1.1.4322)" -
202.156.2.130 - - [26/May/2004:00:24:11 +0800] "GET /corpcomm/images/bookprizes2.jpg HTTP/1.1" 304 - "http://www.comp.nus.edu.sg/corpcomm/events.htm" "Mozilla/4.0 (compatible; MSIE 6.0; Windows NT 5.1; Hotbar 4.4.5.0)" 218.186.52.235
218.66.89.146 - - [26/May/2004:00:24:11 +0800] "GET /images/grey.gif HTTP/1.1" 304 - "http://www.comp.nus.edu.sg/undergradprog/" "Mozilla/4.0 (compatible; MSIE 6.0; Windows NT 5.1; .NET CLR 1.1.4322)" -
bbcache-11.singnet.com.sg - - [26/May/2004:00:24:12 +0800] "GET /~tancs/buddhism/images/great_compassion.gif HTTP/1.1" 200 256431 "http://www.comp.nus.edu.sg/~tancs/buddhism/great_compassion.htm" "Mozilla/4.0 (compatible; MSIE 6.0; Windows 98; HTMLAB)" 220.255.172.170, 165.21.154.143
202.156.2.130 - - [26/May/2004:00:24:12 +0800] "GET /corpcomm/images/studentplacement2.jpg HTTP/1.1" 200 13179 "http://www.comp.nus.edu.sg/corpcomm/events.htm" "Mozilla/4.0 (compatible; MSIE 6.0; Windows NT 5.1; Hotbar 4.4.5.0)" 218.186.52.235
202.156.2.130 - - [26/May/2004:00:24:12 +0800] "GET /corpcomm/images/contact2.jpg HTTP/1.1" 304 - "http://www.comp.nus.edu.sg/corpcomm/events.htm" "Mozilla/4.0 (compatible; MSIE 6.0; Windows NT 5.1; Hotbar 4.4.5.0)" 218.186.52.235
202.156.2.218 - - [26/May/2004:00:24:13 +0800] "GET /images/facenghd.gif HTTP/1.1" 304 - "http://www.comp.nus.edu.sg/" "Mozilla/4.0 (compatible; MSIE 6.0; Windows NT 5.1; .NET CLR 1.1.4322)" 218.212.206.120
202.156.2.130 - - [26/May/2004:00:24:14 +0800] "GET /corpcomm/contact.htm HTTP/1.1" 200 2238 "http://www.comp.nus.edu.sg/corpcomm/events.htm" "Mozilla/4.0 (compatible; MSIE 6.0; Windows NT 5.1; Hotbar 4.4.5.0)" 218.186.52.235
202.156.2.130 - - [26/May/2004:00:24:14 +0800] "GET /corpcomm/pic_contactus.jpg HTTP/1.1" 200 56635 "http://www.comp.nus.edu.sg/corpcomm/contact.htm" "Mozilla/4.0 (compatible; MSIE 6.0; Windows NT 5.1; Hotbar 4.4.5.0)" 218.186.52.235
202.156.2.130 - - [26/May/2004:00:24:14 +0800] "GET /corpcomm/pic_contactus2.jpg HTTP/1.1" 200 22400 "http://www.comp.nus.edu.sg/corpcomm/contact.htm" "Mozilla/4.0 (compatible; MSIE 6.0; Windows NT 5.1; Hotbar 4.4.5.0)" 218.186.52.235
202.156.2.130 - - [26/May/2004:00:24:14 +0800] "GET /corpcomm/border_bottom.jpg HTTP/1.1" 200 3245 "http://www.comp.nus.edu.sg/corpcomm/contact.htm" "Mozilla/4.0 (compatible; MSIE 6.0; Windows NT 5.1; Hotbar 4.4.5.0)" 218.186.52.235
147.83.148.68 - - [26/May/2004:00:24:14 +0800] "GET /favicon.ico HTTP/1.1" 404 293 "-" "Mozilla/5.0 (X11; U; Linux i686; en-US; rv:1.0.2) Gecko/20021120 Netscape/7.01" -
202.156.2.130 - - [26/May/2004:00:24:14 +0800] "GET /corpcomm/images/contact1.jpg HTTP/1.1" 304 - "http://www.comp.nus.edu.sg/corpcomm/contact.htm" "Mozilla/4.0 (compatible; MSIE 6.0; Windows NT 5.1; Hotbar 4.4.5.0)" 218.186.52.235
202.156.2.130 - - [26/May/2004:00:24:14 +0800] "GET /corpcomm/images/studentplacement1.jpg HTTP/1.1" 304 - "http://www.comp.nus.edu.sg/corpcomm/contact.htm" "Mozilla/4.0 (compatible; MSIE 6.0; Windows NT 5.1; Hotbar 4.4.5.0)" 218.186.52.235
