62.68.228.155 - - [26/May/2004:00:24:15 +0800] "GET /~cs2102/slides/relational.pdf HTTP/1.1" 206 0 "-" "Mozilla/4.0 (compatible; MSIE 5.5; Windows 98; Win 9x 4.90)" -
c6s302pc21.fib.upc.es - - [26/May/2004:00:24:15 +0800] "GET /~stevenha/_themes/blends/blen1010.css HTTP/1.1" 200 10775 "http://www.comp.nus.edu.sg/~stevenha/programming/volC1.html" "Mozilla/5.0 (X11; U; Linux i686; en-US; rv:1.0.2) Gecko/20021120 Netscape/7.01" -
h000d5664488a.ne.client2.attbi.com - - [26/May/2004:00:24:15 +0800] "GET /~xuemingq/style/cartoon.gif HTTP/1.1" 200 1489 "http://members.migente.com/dymekisses/" "Mozilla/4.0 (compatible; MSIE 6.0; Windows NT 5.1; .NET CLR 1.1.4322)" -
c6s302pc21.fib.upc.es - - [26/May/2004:00:24:16 +0800] "GET /~stevenha/programming/volC1.html HTTP/1.1" 200 107728 "http://www.google.es/search?hl=es&ie=UTF-8&q=yahtzee+dynamic+programming+&btnG=B%C3%BAsqueda&meta=" "Mozilla/5.0 (X11; U; Linux i686; en-US; rv:1.0.2) Gecko/20021120 Netscape/7.01" -
62.68.228.155 - - [26/May/2004:00:24:16 +0800] "GET /~cs2102/slides/relational.pdf HTTP/1.1" 206 0 "-" "contype" -
c6s302pc21.fib.upc.es - - [26/May/2004:00:24:17 +0800] "GET /~stevenha/_borders/nuslogohome.gif HTTP/1.1" 200 3584 "http://www.comp.nus.edu.sg/~stevenha/programming/volC1.html" "Mozilla/5.0 (X11; U; Linux i686; en-US; rv:1.0.2) Gecko/20021120 Netscape/7.01" -
201.128.88.193 - - [26/May/2004:00:24:17 +0800] "GET /~ante/index_files/image343.jpg HTTP/1.1" 200 80266 "-" "Mozilla/4.0 (compatible; MSIE 6.0; Windows 98; Win 9x 4.90)" -
202.156.2.130 - - [26/May/2004:00:24:17 +0800] "GET /corpcomm/scc/index.htm HTTP/1.1" 200 5500 "http://www.comp.nus.edu.sg/corpcomm/contact.htm" "Mozilla/4.0 (compatible; MSIE 6.0; Windows NT 5.1; Hotbar 4.4.5.0)" 218.186.52.235
218.66.89.146 - - [26/May/2004:00:24:17 +0800] "GET /services/index.html HTTP/1.1" 200 7211 "http://www.comp.nus.edu.sg/undergradprog/" "Mozilla/4.0 (compatible; MSIE 6.0; Windows NT 5.1; .NET CLR 1.1.4322)" -
202.156.2.130 - - [26/May/2004:00:24:17 +0800] "GET /corpcomm/scc/group1.jpg HTTP/1.1" 200 22373 "http://www.comp.nus.edu.sg/corpcomm/scc/index.htm" "Mozilla/4.0 (compatible; MSIE 6.0; Windows NT 5.1; Hotbar 4.4.5.0)" 218.186.52.235
202.156.2.130 - - [26/May/2004:00:24:17 +0800] "GET /corpcomm/scc/hcjc1.jpg HTTP/1.1" 200 42950 "http://www.comp.nus.edu.sg/corpcomm/scc/index.htm" "Mozilla/4.0 (compatible; MSIE 6.0; Windows NT 5.1; Hotbar 4.4.5.0)" 218.186.52.235
202.156.2.218 - - [26/May/2004:00:24:18 +0800] "GET /images/socmain_r3_c6.jpg HTTP/1.1" 304 - "http://www.comp.nus.edu.sg/" "Mozilla/4.0 (compatible; MSIE 6.0; Windows NT 5.1; .NET CLR 1.1.4322)" 218.212.206.120
211.75.91.18 - - [26/May/2004:00:24:18 +0800] "GET /~nghoongk/lyrics/singer227-1.html HTTP/1.0" 200 14018 "-" "Mozilla/3.01 (compatible;)" -
202.156.2.130 - - [26/May/2004:00:24:18 +0800] "GET /corpcomm/scc/retreat.jpg HTTP/1.1" 200 48058 "http://www.comp.nus.edu.sg/corpcomm/scc/index.htm" "Mozilla/4.0 (compatible; MSIE 6.0; Windows NT 5.1; Hotbar 4.4.5.0)" 218.186.52.235
158.122.131.2 - - [26/May/2004:00:24:18 +0800] "GET /~dcheong/ HTTP/1.0" 404 279 "http://images.google.com.mx/imgres?imgurl=www.comp.nus.edu.sg/~dcheong/ghost.jpg&imgrefurl=http://www.comp.nus.edu.sg/~dcheong/&h=600&w=800&sz=74&tbnid=EqAVt3UWRtMJ:&tbnh=106&tbnw=141&start=3&prev=/images%3Fq%3Dghost%26hl%3Des%26lr%3D%26ie%3DUTF-8" "Mozilla/4.0 (compatible; MSIE 6.0; Windows NT 5.0)" -
218.66.89.146 - - [26/May/2004:00:24:18 +0800] "GET /services/images/sars.gif HTTP/1.1" 200 4515 "http://www.comp.nus.edu.sg/services/index.html" "Mozilla/4.0 (compatible; MSIE 6.0; Windows NT 5.1; .NET CLR 1.1.4322)" -
158.122.131.2 - - [26/May/2004:00:24:18 +0800] "GET /~dcheong/ghost.jpg HTTP/1.0" 404 288 "http://images.google.com.mx/imgres?imgurl=www.comp.nus.edu.sg/~dcheong/ghost.jpg&imgrefurl=http://www.comp.nus.edu.sg/~dcheong/&h=600&w=800&sz=74&tbnid=EqAVt3UWRtMJ:&tbnh=106&tbnw=141&prev=/images%3Fq%3Dghost%26hl%3Des%26lr%3D%26ie%3DUTF-8&frame=small" "Mozilla/4.0 (compatible; MSIE 6.0; Windows NT 5.0)" -
bruckner.theo-physik.uni-kiel.de - - [26/May/2004:00:24:19 +0800] "GET /~pris/SelfOrganizingMaps/References.html HTTP/1.0" 200 4962 "http://www.google.com/search?as_q=&num=50&hl=en&ie=ISO-8859-1&btnG=Google+Search&as_epq=topographic+organization+of+nerve+fields&as_oq=&as_eq=&lr=&as_ft=i&as_filetype=&as_qdr=all&as_nlo=&as_nhi=&as_occt=any&as_dt=i&as_sitesearch=&safe=images" "Mozilla/4.8 [en] (X11; U; Linux 2.4.20-64GB-SMP i686)" -
pd9e3845b.dip.t-dialin.net - - [26/May/2004:00:24:19 +0800] "GET /~sunyuan/ HTTP/1.1" 200 3152 "http://images.google.de/imgres?imgurl=www.comp.nus.edu.sg/~sunyuan/images/nemo.gif&imgrefurl=http://www.comp.nus.edu.sg/~sunyuan/&h=248&w=275&sz=97&tbnid=2kEH2rEHlHsJ:&tbnh=98&tbnw=108&start=8&prev=/images%3Fq%3Dnemo%26hl%3Dde%26lr%3D%26ie%3DUTF-8%26sa%3DN" "Mozilla/4.0 (compatible; MSIE 6.0; Windows NT 5.1)" -
bruckner.theo-physik.uni-kiel.de - - [26/May/2004:00:24:21 +0800] "GET /~pris/Buttons/NextButton.gif HTTP/1.0" 200 1498 "http://www.comp.nus.edu.sg/~pris/SelfOrganizingMaps/References.html" "Mozilla/4.8 [en] (X11; U; Linux 2.4.20-64GB-SMP i686)" -
bruckner.theo-physik.uni-kiel.de - - [26/May/2004:00:24:21 +0800] "GET /~pris/Buttons/PreviousButton.gif HTTP/1.0" 200 1500 "http://www.comp.nus.edu.sg/~pris/SelfOrganizingMaps/References.html" "Mozilla/4.8 [en] (X11; U; Linux 2.4.20-64GB-SMP i686)" -
bruckner.theo-physik.uni-kiel.de - - [26/May/2004:00:24:21 +0800] "GET /~pris/Buttons/TopButton.jpg HTTP/1.0" 200 7867 "http://www.comp.nus.edu.sg/~pris/SelfOrganizingMaps/References.html" "Mozilla/4.8 [en] (X11; U; Linux 2.4.20-64GB-SMP i686)" -
218.66.89.146 - - [26/May/2004:00:24:21 +0800] "GET /aboutsoc/about_us.htm HTTP/1.1" 200 7253 "http://www.comp.nus.edu.sg/services/index.html" "Mozilla/4.0 (compatible; MSIE 6.0; Windows NT 5.1; .NET CLR 1.1.4322)" -
216.98.60.147 - - [26/May/2004:00:24:22 +0800] "GET /~cz3204/CZ3204_01/render2.ppt HTTP/1.1" 200 227328 "http://www.google.com/search?q=specular+formula&hl=en&lr=&ie=UTF-8&start=20&sa=N" "Mozilla/4.0 (compatible; MSIE 6.0; Windows NT 5.1; FunWebProducts; .NET CLR 1.1.4322)" -
202.156.2.218 - - [26/May/2004:00:24:22 +0800] "GET /images/socmain_r3_c8.jpg HTTP/1.1" 304 - "http://www.comp.nus.edu.sg/" "Mozilla/4.0 (compatible; MSIE 6.0; Windows NT 5.1; .NET CLR 1.1.4322)" 218.212.206.120
adsl20.dyn239.pacific.net.sg - - [26/May/2004:00:24:24 +0800] "GET /~ngziming/safari%20duo%20playd-a-live.mp3 HTTP/1.1" 200 3231744 "-" "Mozilla/4.0 (compatible; MSIE 6.0; Windows NT 5.1)" -
202.156.2.218 - - [26/May/2004:00:24:25 +0800] "GET /images/socmain_r3_c10.jpg HTTP/1.1" 304 - "http://www.comp.nus.edu.sg/" "Mozilla/4.0 (compatible; MSIE 6.0; Windows NT 5.1; .NET CLR 1.1.4322)" 218.212.206.120
137.132.90.55 - - [26/May/2004:00:24:29 +0800] "GET /~hongocth/avartar.jpg HTTP/1.1" 200 8533 "http://forum.vncnus.net/viewtopic.php?p=96592" "Mozilla/4.0 (compatible; MSIE 6.0; Windows NT 5.1)" -
137.132.90.55 - - [26/May/2004:00:24:29 +0800] "GET /~hongocth/double_egle.jpg HTTP/1.1" 200 21332 "http://forum.vncnus.net/viewtopic.php?p=96592" "Mozilla/4.0 (compatible; MSIE 6.0; Windows NT 5.1)" -
202.156.2.218 - - [26/May/2004:00:24:30 +0800] "GET /images/socmain_r3_c11.jpg HTTP/1.1" 304 - "http://www.comp.nus.edu.sg/" "Mozilla/4.0 (compatible; MSIE 6.0; Windows NT 5.1; .NET CLR 1.1.4322)" 218.212.206.120
201.128.88.193 - - [26/May/2004:00:24:31 +0800] "GET /~ante/index_files/image1659.jpg HTTP/1.1" 200 585644 "-" "Mozilla/4.0 (compatible; MSIE 6.0; Windows 98; Win 9x 4.90)" -
202.156.2.218 - - [26/May/2004:00:24:32 +0800] "GET /images/recruitment.jpg HTTP/1.1" 304 - "http://www.comp.nus.edu.sg/" "Mozilla/4.0 (compatible; MSIE 6.0; Windows NT 5.1; .NET CLR 1.1.4322)" 218.212.206.120
218.66.89.146 - - [26/May/2004:00:24:33 +0800] "GET /students/students.htm HTTP/1.1" 200 8101 "http://www.comp.nus.edu.sg/aboutsoc/about_us.htm" "Mozilla/4.0 (compatible; MSIE 6.0; Windows NT 5.1; .NET CLR 1.1.4322)" -
62.68.228.155 - - [26/May/2004:00:24:33 +0800] "GET /~cs2102/slides/relational.pdf HTTP/1.1" 206 32768 "-" "Mozilla/4.0 (compatible; MSIE 5.5; Windows 98; Win 9x 4.90)" -
bb220-255-57-201.singnet.com.sg - - [26/May/2004:00:24:34 +0800] "GET /~onglaykh/hamster.jpg HTTP/1.1" 200 262144 "http://chilliz.blogspot.com/" "Mozilla/4.0 (compatible; MSIE 6.0; Windows 98)" -
66.196.90.193 - - [26/May/2004:00:24:34 +0800] "GET /~gohkoksi/cs3246/lab5/ HTTP/1.0" 404 292 "-" "Mozilla/5.0 (compatible; Yahoo! Slurp; http://help.yahoo.com/help/us/ysearch/slurp)" -
200.53.115.202 - - [26/May/2004:00:24:34 +0800] "GET / HTTP/1.1" 200 8789 "http://search.windowsmedia.com/search/ClickTracking/Redir.htm?dest=http%3A//www.comp.nus.edu.sg" "Mozilla/4.0 (compatible; MSIE 5.5; Windows NT 5.0)" -
202.156.2.218 - - [26/May/2004:00:24:35 +0800] "GET /images/socmain_r3_c13.jpg HTTP/1.1" 304 - "http://www.comp.nus.edu.sg/" "Mozilla/4.0 (compatible; MSIE 6.0; Windows NT 5.1; .NET CLR 1.1.4322)" 218.212.206.120
200.53.115.202 - - [26/May/2004:00:24:36 +0800] "GET /nusstyles.css HTTP/1.1" 200 804 "http://www.comp.nus.edu.sg/" "Mozilla/4.0 (compatible; MSIE 5.5; Windows NT 5.0)" -
200.53.115.202 - - [26/May/2004:00:24:36 +0800] "GET /images/nussocbanner.gif HTTP/1.1" 200 2693 "http://www.comp.nus.edu.sg/" "Mozilla/4.0 (compatible; MSIE 5.5; Windows NT 5.0)" -
200.53.115.202 - - [26/May/2004:00:24:36 +0800] "GET /images/facenghd.gif HTTP/1.1" 200 1130 "http://www.comp.nus.edu.sg/" "Mozilla/4.0 (compatible; MSIE 5.5; Windows NT 5.0)" -
200.53.115.202 - - [26/May/2004:00:24:37 +0800] "GET /images/socmain_r3_c6.jpg HTTP/1.1" 200 1575 "http://www.comp.nus.edu.sg/" "Mozilla/4.0 (compatible; MSIE 5.5; Windows NT 5.0)" -
200.53.115.202 - - [26/May/2004:00:24:37 +0800] "GET /images/socmain_r3_c10.jpg HTTP/1.1" 200 1244 "http://www.comp.nus.edu.sg/" "Mozilla/4.0 (compatible; MSIE 5.5; Windows NT 5.0)" -
200.53.115.202 - - [26/May/2004:00:24:37 +0800] "GET /images/socmain_r3_c11.jpg HTTP/1.1" 200 1265 "http://www.comp.nus.edu.sg/" "Mozilla/4.0 (compatible; MSIE 5.5; Windows NT 5.0)" -
200.53.115.202 - - [26/May/2004:00:24:38 +0800] "GET /images/socmain_r3_c13.jpg HTTP/1.1" 200 7938 "http://www.comp.nus.edu.sg/" "Mozilla/4.0 (compatible; MSIE 5.5; Windows NT 5.0)" -
200.53.115.202 - - [26/May/2004:00:24:38 +0800] "GET /images/recruitment.jpg HTTP/1.1" 200 11411 "http://www.comp.nus.edu.sg/" "Mozilla/4.0 (compatible; MSIE 5.5; Windows NT 5.0)" -
200.53.115.202 - - [26/May/2004:00:24:38 +0800] "GET /images/socmain_r3_c15.jpg HTTP/1.1" 200 1177 "http://www.comp.nus.edu.sg/" "Mozilla/4.0 (compatible; MSIE 5.5; Windows NT 5.0)" -
200.53.115.202 - - [26/May/2004:00:24:38 +0800] "GET /images/socmain_r3_c8.jpg HTTP/1.1" 200 1624 "http://www.comp.nus.edu.sg/" "Mozilla/4.0 (compatible; MSIE 5.5; Windows NT 5.0)" -
200.53.115.202 - - [26/May/2004:00:24:39 +0800] "GET /images/socmain_r3_c16.jpg HTTP/1.1" 200 1437 "http://www.comp.nus.edu.sg/" "Mozilla/4.0 (compatible; MSIE 5.5; Windows NT 5.0)" -
200.53.115.202 - - [26/May/2004:00:24:39 +0800] "GET /images/socmain_r5_c13.jpg HTTP/1.1" 200 11451 "http://www.comp.nus.edu.sg/" "Mozilla/4.0 (compatible; MSIE 5.5; Windows NT 5.0)" -
lj1047.inktomisearch.com - - [26/May/2004:00:24:39 +0800] "GET /~luajooha/centre.htm HTTP/1.0" 200 10661 "-" "Mozilla/5.0 (compatible; Yahoo! Slurp; http://help.yahoo.com/help/us/ysearch/slurp)" -
200.53.115.202 - - [26/May/2004:00:24:39 +0800] "GET /images/socmain_r5_c12.jpg HTTP/1.1" 200 12013 "http://www.comp.nus.edu.sg/" "Mozilla/4.0 (compatible; MSIE 5.5; Windows NT 5.0)" -
200.53.115.202 - - [26/May/2004:00:24:39 +0800] "GET /images/socmain_r5_c14.jpg HTTP/1.1" 200 4432 "http://www.comp.nus.edu.sg/" "Mozilla/4.0 (compatible; MSIE 5.5; Windows NT 5.0)" -
200.53.115.202 - - [26/May/2004:00:24:40 +0800] "GET /images/trans.gif HTTP/1.1" 200 64 "http://www.comp.nus.edu.sg/" "Mozilla/4.0 (compatible; MSIE 5.5; Windows NT 5.0)" -
200.53.115.202 - - [26/May/2004:00:24:40 +0800] "GET /images/sip.gif HTTP/1.1" 200 791 "http://www.comp.nus.edu.sg/" "Mozilla/4.0 (compatible; MSIE 5.5; Windows NT 5.0)" -
200.53.115.202 - - [26/May/2004:00:24:40 +0800] "GET /images/sem-events.gif HTTP/1.1" 200 692 "http://www.comp.nus.edu.sg/" "Mozilla/4.0 (compatible; MSIE 5.5; Windows NT 5.0)" -
ip51cccae5.speed.planet.nl - - [26/May/2004:00:24:40 +0800] "GET /~huangxi2/flash/I%20love%20you%20baby.swf HTTP/1.1" 200 121179 "http://www.neukia.nl/weblog/archives/archive_2003-w51.php" "Mozilla/4.0 (compatible; MSIE 6.0; Windows NT 5.1)" -
200.53.115.202 - - [26/May/2004:00:24:40 +0800] "GET /images/socmain_r7_c1.jpg HTTP/1.1" 200 1253 "http://www.comp.nus.edu.sg/" "Mozilla/4.0 (compatible; MSIE 5.5; Windows NT 5.0)" -
200.53.115.202 - - [26/May/2004:00:24:41 +0800] "GET /images/socimage.jpg HTTP/1.1" 200 41463 "http://www.comp.nus.edu.sg/" "Mozilla/4.0 (compatible; MSIE 5.5; Windows NT 5.0)" -
200.53.115.202 - - [26/May/2004:00:24:41 +0800] "GET /images/socmain_r7_c2.jpg HTTP/1.1" 200 1164 "http://www.comp.nus.edu.sg/" "Mozilla/4.0 (compatible; MSIE 5.5; Windows NT 5.0)" -
200.53.115.202 - - [26/May/2004:00:24:42 +0800] "GET /images/socmain_r7_c4.jpg HTTP/1.1" 200 804 "http://www.comp.nus.edu.sg/" "Mozilla/4.0 (compatible; MSIE 5.5; Windows NT 5.0)" -
200.53.115.202 - - [26/May/2004:00:24:42 +0800] "GET /images/socmain_r7_c5.jpg HTTP/1.1" 200 882 "http://www.comp.nus.edu.sg/" "Mozilla/4.0 (compatible; MSIE 5.5; Windows NT 5.0)" -
202.156.2.218 - - [26/May/2004:00:24:42 +0800] "GET /images/socmain_r3_c15.jpg HTTP/1.1" 304 - "http://www.comp.nus.edu.sg/" "Mozilla/4.0 (compatible; MSIE 6.0; Windows NT 5.1; .NET CLR 1.1.4322)" 218.212.206.120
200.53.115.202 - - [26/May/2004:00:24:42 +0800] "GET /images/socmain_r7_c7.jpg HTTP/1.1" 200 1020 "http://www.comp.nus.edu.sg/" "Mozilla/4.0 (compatible; MSIE 5.5; Windows NT 5.0)" -
202.156.2.218 - - [26/May/2004:00:24:43 +0800] "GET /images/socmain_r3_c16.jpg HTTP/1.1" 304 - "http://www.comp.nus.edu.sg/" "Mozilla/4.0 (compatible; MSIE 6.0; Windows NT 5.1; .NET CLR 1.1.4322)" 218.212.206.120
edu.communitynet.ca - - [26/May/2004:00:24:43 +0800] "GET /~sunyuan/ HTTP/1.0" 200 3140 "http://images.google.ca/imgres?imgurl=www.comp.nus.edu.sg/~sunyuan/images/nemo.gif&imgrefurl=http://www.comp.nus.edu.sg/~sunyuan/&h=248&w=275&sz=97&tbnid=2kEH2rEHlHsJ:&tbnh=98&tbnw=108&start=9&prev=/images%3Fq%3D%2522nemo%2522%26hl%3Den%26lr%3D%26ie%3DUTF-8" "Mozilla/4.0 (compatible; MSIE 6.0; Windows NT 5.1; .NET CLR 1.1.4322)" unknown
204.60.67.162 - - [26/May/2004:00:24:43 +0800] "GET /~dcheong/ HTTP/1.0" 404 279 "-" "Mozilla/4.0 (compatible; MSIE 5.22; Mac_PowerPC)" -
204.60.67.162 - - [26/May/2004:00:24:43 +0800] "GET /~dcheong/ghost.jpg HTTP/1.0" 404 288 "http://images.google.com/imgres?imgurl=www.comp.nus.edu.sg/~dcheong/ghost.jpg&imgrefurl=http://www.comp.nus.edu.sg/~dcheong/&h=600&w=800&sz=74&tbnid=EqAVt3UWRtMJ:&tbnh=106&tbnw=141&prev=/images%3Fq%3Dghost%26hl%3Den%26lr%3D%26ie%3DUTF-8&frame=small" "Mozilla/4.0 (compatible; MSIE 5.22; Mac_PowerPC)" -
200.53.115.202 - - [26/May/2004:00:24:43 +0800] "GET /images/socmain_r7_c9f.jpg HTTP/1.1" 200 816 "http://www.comp.nus.edu.sg/" "Mozilla/4.0 (compatible; MSIE 5.5; Windows NT 5.0)" -
200.53.115.202 - - [26/May/2004:00:24:43 +0800] "GET /images/grey.gif HTTP/1.1" 200 133 "http://www.comp.nus.edu.sg/" "Mozilla/4.0 (compatible; MSIE 5.5; Windows NT 5.0)" -
pcp09124010pcs.arlngt01.va.comcast.net - - [26/May/2004:00:24:44 +0800] "GET /~vutungla/photos/game1.gif HTTP/1.1" 404 308 "http://www.ttvnol.com/cnn/252999/trang-40.ttvn" "Mozilla/4.0 (compatible; MSIE 6.0; Windows NT 5.1; .NET CLR 1.1.4322)" -
62.68.228.155 - - [26/May/2004:00:24:45 +0800] "GET /~cs2102/slides/relational.pdf HTTP/1.1" 206 50507 "-" "Mozilla/4.0 (compatible; MSIE 5.5; Windows 98; Win 9x 4.90)" -
202.156.2.218 - - [26/May/2004:00:24:47 +0800] "GET /images/socmain_r5_c12.jpg HTTP/1.1" 304 - "http://www.comp.nus.edu.sg/" "Mozilla/4.0 (compatible; MSIE 6.0; Windows NT 5.1; .NET CLR 1.1.4322)" 218.212.206.120
202.156.2.218 - - [26/May/2004:00:24:47 +0800] "GET /images/socmain_r5_c13.jpg HTTP/1.1" 304 - "http://www.comp.nus.edu.sg/" "Mozilla/4.0 (compatible; MSIE 6.0; Windows NT 5.1; .NET CLR 1.1.4322)" 218.212.206.120
njp.ses-americom.com - - [26/May/2004:00:24:48 +0800] "GET /~aurbinds/bollywood/bollywood.html HTTP/1.1" 200 6580 "-" "Mozilla/4.0 (compatible; MSIE 6.0; Windows NT 5.0; .NET CLR 1.1.4322)" -
njp.ses-americom.com - - [26/May/2004:00:24:48 +0800] "GET /~aurbinds/bollywood/Bommen%20Irani%201_small.JPG HTTP/1.1" 200 3413 "http://www.comp.nus.edu.sg/~aurbinds/bollywood/bollywood.html" "Mozilla/4.0 (compatible; MSIE 6.0; Windows NT 5.0; .NET CLR 1.1.4322)" -
njp.ses-americom.com - - [26/May/2004:00:24:48 +0800] "GET /~aurbinds/bollywood/Auri%20with%20Yana_small.JPG HTTP/1.1" 200 2464 "http://www.comp.nus.edu.sg/~aurbinds/bollywood/bollywood.html" "Mozilla/4.0 (compatible; MSIE 6.0; Windows NT 5.0; .NET CLR 1.1.4322)" -
njp.ses-americom.com - - [26/May/2004:00:24:48 +0800] "GET /~aurbinds/bollywood/Auri%20with%20Sharad_small.JPG HTTP/1.1" 200 2496 "http://www.comp.nus.edu.sg/~aurbinds/bollywood/bollywood.html" "Mozilla/4.0 (compatible; MSIE 6.0; Windows NT 5.0; .NET CLR 1.1.4322)" -
njp.ses-americom.com - - [26/May/2004:00:24:48 +0800] "GET /~aurbinds/bollywood/Auri%20Satish%20Kaushik_small.JPG HTTP/1.1" 200 2749 "http://www.comp.nus.edu.sg/~aurbinds/bollywood/bollywood.html" "Mozilla/4.0 (compatible; MSIE 6.0; Windows NT 5.0; .NET CLR 1.1.4322)" -
njp.ses-americom.com - - [26/May/2004:00:24:49 +0800] "GET /~aurbinds/bollywood/Auri%20Brett%20Lee_small.JPG HTTP/1.1" 200 2541 "http://www.comp.nus.edu.sg/~aurbinds/bollywood/bollywood.html" "Mozilla/4.0 (compatible; MSIE 6.0; Windows NT 5.0; .NET CLR 1.1.4322)" -
njp.ses-americom.com - - [26/May/2004:00:24:49 +0800] "GET /~aurbinds/bollywood/Arbaaz%20Khan_small.JPG HTTP/1.1" 200 2496 "http://www.comp.nus.edu.sg/~aurbinds/bollywood/bollywood.html" "Mozilla/4.0 (compatible; MSIE 6.0; Windows NT 5.0; .NET CLR 1.1.4322)" -
njp.ses-americom.com - - [26/May/2004:00:24:49 +0800] "GET /~aurbinds/bollywood/Amitji%201_small.JPG HTTP/1.1" 200 2675 "http://www.comp.nus.edu.sg/~aurbinds/bollywood/bollywood.html" "Mozilla/4.0 (compatible; MSIE 6.0; Windows NT 5.0; .NET CLR 1.1.4322)" -
njp.ses-americom.com - - [26/May/2004:00:24:49 +0800] "GET /~aurbinds/bollywood/Amitji2_small.JPG HTTP/1.1" 200 2949 "http://www.comp.nus.edu.sg/~aurbinds/bollywood/bollywood.html" "Mozilla/4.0 (compatible; MSIE 6.0; Windows NT 5.0; .NET CLR 1.1.4322)" -
njp.ses-americom.com - - [26/May/2004:00:24:49 +0800] "GET /~aurbinds/bollywood/Shilpa2_small.JPG HTTP/1.1" 200 2781 "http://www.comp.nus.edu.sg/~aurbinds/bollywood/bollywood.html" "Mozilla/4.0 (compatible; MSIE 6.0; Windows NT 5.0; .NET CLR 1.1.4322)" -
ip51cccae5.speed.planet.nl - - [26/May/2004:00:24:49 +0800] "GET /~huangxi2/flash/I%20love%20you%20baby.swf HTTP/1.1" 206 11843 "http://www.neukia.nl/weblog/archives/archive_2003-w51.php" "Mozilla/4.0 (compatible; MSIE 6.0; Windows NT 5.1)" -
njp.ses-americom.com - - [26/May/2004:00:24:49 +0800] "GET /~aurbinds/bollywood/Shilpa1_small.JPG HTTP/1.1" 200 2758 "http://www.comp.nus.edu.sg/~aurbinds/bollywood/bollywood.html" "Mozilla/4.0 (compatible; MSIE 6.0; Windows NT 5.0; .NET CLR 1.1.4322)" -
njp.ses-americom.com - - [26/May/2004:00:24:49 +0800] "GET /~aurbinds/bollywood/Mahesh%20Manjerekar_small.JPG HTTP/1.1" 200 2613 "http://www.comp.nus.edu.sg/~aurbinds/bollywood/bollywood.html" "Mozilla/4.0 (compatible; MSIE 6.0; Windows NT 5.0; .NET CLR 1.1.4322)" -
njp.ses-americom.com - - [26/May/2004:00:24:49 +0800] "GET /~aurbinds/bollywood/phew%20Me%20with%20AB_small.JPG HTTP/1.1" 200 2652 "http://www.comp.nus.edu.sg/~aurbinds/bollywood/bollywood.html" "Mozilla/4.0 (compatible; MSIE 6.0; Windows NT 5.0; .NET CLR 1.1.4322)" -
njp.ses-americom.com - - [26/May/2004:00:24:49 +0800] "GET /~aurbinds/bollywood/Maddy_small.JPG HTTP/1.1" 200 2704 "http://www.comp.nus.edu.sg/~aurbinds/bollywood/bollywood.html" "Mozilla/4.0 (compatible; MSIE 6.0; Windows NT 5.0; .NET CLR 1.1.4322)" -
218.66.89.146 - - [26/May/2004:00:24:50 +0800] "GET /corpcomm HTTP/1.1" 301 328 "http://www.comp.nus.edu.sg/students/students.htm" "Mozilla/4.0 (compatible; MSIE 6.0; Windows NT 5.1; .NET CLR 1.1.4322)" -
njp.ses-americom.com - - [26/May/2004:00:24:50 +0800] "GET /~aurbinds/bollywood/Hritik2_small.JPG HTTP/1.1" 200 3303 "http://www.comp.nus.edu.sg/~aurbinds/bollywood/bollywood.html" "Mozilla/4.0 (compatible; MSIE 6.0; Windows NT 5.0; .NET CLR 1.1.4322)" -
218.66.89.146 - - [26/May/2004:00:24:50 +0800] "GET /corpcomm/ HTTP/1.1" 200 3133 "http://www.comp.nus.edu.sg/students/students.htm" "Mozilla/4.0 (compatible; MSIE 6.0; Windows NT 5.1; .NET CLR 1.1.4322)" -
njp.ses-americom.com - - [26/May/2004:00:24:50 +0800] "GET /~aurbinds/bollywood/Hritik1_small.JPG HTTP/1.1" 200 2902 "http://www.comp.nus.edu.sg/~aurbinds/bollywood/bollywood.html" "Mozilla/4.0 (compatible; MSIE 6.0; Windows NT 5.0; .NET CLR 1.1.4322)" -
njp.ses-americom.com - - [26/May/2004:00:24:50 +0800] "GET /~aurbinds/bollywood/Irani2_small.JPG HTTP/1.1" 200 3034 "http://www.comp.nus.edu.sg/~aurbinds/bollywood/bollywood.html" "Mozilla/4.0 (compatible; MSIE 6.0; Windows NT 5.0; .NET CLR 1.1.4322)" -
njp.ses-americom.com - - [26/May/2004:00:24:50 +0800] "GET /~aurbinds/bollywood/Hirani%20(Director%20MBBS)_small.JPG HTTP/1.1" 200 2934 "http://www.comp.nus.edu.sg/~aurbinds/bollywood/bollywood.html" "Mozilla/4.0 (compatible; MSIE 6.0; Windows NT 5.0; .NET CLR 1.1.4322)" -
njp.ses-americom.com - - [26/May/2004:00:24:50 +0800] "GET /~aurbinds/bollywood/Hirani2_small.JPG HTTP/1.1" 200 3201 "http://www.comp.nus.edu.sg/~aurbinds/bollywood/bollywood.html" "Mozilla/4.0 (compatible; MSIE 6.0; Windows NT 5.0; .NET CLR 1.1.4322)" -
njp.ses-americom.com - - [26/May/2004:00:24:50 +0800] "GET /~aurbinds/bollywood/Feroz%20Khan_small.JPG HTTP/1.1" 200 2639 "http://www.comp.nus.edu.sg/~aurbinds/bollywood/bollywood.html" "Mozilla/4.0 (compatible; MSIE 6.0; Windows NT 5.0; .NET CLR 1.1.4322)" -
218.66.89.146 - - [26/May/2004:00:24:50 +0800] "GET /corpcomm/animate.js HTTP/1.1" 200 14860 "http://www.comp.nus.edu.sg/corpcomm/" "Mozilla/4.0 (compatible; MSIE 6.0; Windows NT 5.1; .NET CLR 1.1.4322)" -
218.66.89.146 - - [26/May/2004:00:24:51 +0800] "GET /corpcomm/header.js HTTP/1.1" 200 7194 "http://www.comp.nus.edu.sg/corpcomm/" "Mozilla/4.0 (compatible; MSIE 6.0; Windows NT 5.1; .NET CLR 1.1.4322)" -
218.66.89.146 - - [26/May/2004:00:24:52 +0800] "GET /corpcomm/images/greytop.jpg HTTP/1.1" 200 10742 "http://www.comp.nus.edu.sg/corpcomm/" "Mozilla/4.0 (compatible; MSIE 6.0; Windows NT 5.1; .NET CLR 1.1.4322)" -
201.128.88.193 - - [26/May/2004:00:24:52 +0800] "GET /~ante/index_files/Page457.htm HTTP/1.1" 200 95346 "-" "Mozilla/4.0 (compatible; MSIE 6.0; Windows 98; Win 9x 4.90)" -
218.66.89.146 - - [26/May/2004:00:24:52 +0800] "GET /corpcomm/images/orangetop.jpg HTTP/1.1" 200 11858 "http://www.comp.nus.edu.sg/corpcomm/" "Mozilla/4.0 (compatible; MSIE 6.0; Windows NT 5.1; .NET CLR 1.1.4322)" -
201.128.88.193 - - [26/May/2004:00:24:52 +0800] "GET /~ante/index_files/image499.png HTTP/1.1" 200 10345 "-" "Mozilla/4.0 (compatible; MSIE 6.0; Windows 98; Win 9x 4.90)" -
158.122.131.2 - - [26/May/2004:00:24:52 +0800] "GET /~dcheong/ HTTP/1.0" 404 279 "http://images.google.com.mx/imgres?imgurl=www.comp.nus.edu.sg/~dcheong/ghost.jpg&imgrefurl=http://www.comp.nus.edu.sg/~dcheong/&h=600&w=800&sz=74&tbnid=EqAVt3UWRtMJ:&tbnh=106&tbnw=141&start=3&prev=/images%3Fq%3Dghost%26hl%3Des%26lr%3D%26ie%3DUTF-8" "Mozilla/4.0 (compatible; MSIE 6.0; Windows NT 5.0)" -
218.66.89.146 - - [26/May/2004:00:24:53 +0800] "GET /corpcomm/images/orange.jpg HTTP/1.1" 200 2387 "http://www.comp.nus.edu.sg/corpcomm/" "Mozilla/4.0 (compatible; MSIE 6.0; Windows NT 5.1; .NET CLR 1.1.4322)" -
218.66.89.146 - - [26/May/2004:00:24:53 +0800] "GET /corpcomm/images/aboutSCC1.jpg HTTP/1.1" 200 8704 "http://www.comp.nus.edu.sg/corpcomm/" "Mozilla/4.0 (compatible; MSIE 6.0; Windows NT 5.1; .NET CLR 1.1.4322)" -
201.128.88.193 - - [26/May/2004:00:24:53 +0800] "GET /~ante/index_files/image497.jpg HTTP/1.1" 200 61851 "-" "Mozilla/4.0 (compatible; MSIE 6.0; Windows 98; Win 9x 4.90)" -
218.66.89.146 - - [26/May/2004:00:24:53 +0800] "GET /corpcomm/images/events1.jpg HTTP/1.1" 200 10760 "http://www.comp.nus.edu.sg/corpcomm/" "Mozilla/4.0 (compatible; MSIE 6.0; Windows NT 5.1; .NET CLR 1.1.4322)" -
218.66.89.146 - - [26/May/2004:00:24:53 +0800] "GET /corpcomm/images/nuslogo.jpg HTTP/1.1" 200 13054 "http://www.comp.nus.edu.sg/corpcomm/" "Mozilla/4.0 (compatible; MSIE 6.0; Windows NT 5.1; .NET CLR 1.1.4322)" -
218.66.89.146 - - [26/May/2004:00:24:54 +0800] "GET /corpcomm/images/people1.jpg HTTP/1.1" 200 10594 "http://www.comp.nus.edu.sg/corpcomm/" "Mozilla/4.0 (compatible; MSIE 6.0; Windows NT 5.1; .NET CLR 1.1.4322)" -
218.66.89.146 - - [26/May/2004:00:24:54 +0800] "GET /corpcomm/images/contact1.jpg HTTP/1.1" 200 5778 "http://www.comp.nus.edu.sg/corpcomm/" "Mozilla/4.0 (compatible; MSIE 6.0; Windows NT 5.1; .NET CLR 1.1.4322)" -
218.66.89.146 - - [26/May/2004:00:24:54 +0800] "GET /corpcomm/images/intranet1.jpg HTTP/1.1" 200 8906 "http://www.comp.nus.edu.sg/corpcomm/" "Mozilla/4.0 (compatible; MSIE 6.0; Windows NT 5.1; .NET CLR 1.1.4322)" -
crawl22-public.alexa.com - - [26/May/2004:00:24:54 +0800] "GET /~nguyenvu/Lyrics/English/Britney---Bottom_of_my_broken_heart.htm HTTP/1.0" 200 15304 "-" "ia_archiver" -
218.66.89.146 - - [26/May/2004:00:24:54 +0800] "GET /corpcomm/images/corpaffiliates1.jpg HTTP/1.1" 200 13607 "http://www.comp.nus.edu.sg/corpcomm/" "Mozilla/4.0 (compatible; MSIE 6.0; Windows NT 5.1; .NET CLR 1.1.4322)" -
197-30.priv.nus.edu.sg - - [26/May/2004:00:24:55 +0800] "GET /~cs3211/lec/l01.pdf HTTP/1.1" 200 122694 "-" "Mozilla/4.0 (compatible; MSIE 6.0; Windows NT 5.1)" -
211.75.91.18 - - [26/May/2004:00:24:55 +0800] "GET /~nghoongk/lyrics/singer161-1.html HTTP/1.0" 200 3523 "-" "Mozilla/3.01 (compatible;)" -
218.66.89.146 - - [26/May/2004:00:24:55 +0800] "GET /corpcomm/images/bookprizes1.jpg HTTP/1.1" 200 14250 "http://www.comp.nus.edu.sg/corpcomm/" "Mozilla/4.0 (compatible; MSIE 6.0; Windows NT 5.1; .NET CLR 1.1.4322)" -
218.66.89.146 - - [26/May/2004:00:24:55 +0800] "GET /corpcomm/images/studentplacement1.jpg HTTP/1.1" 200 13298 "http://www.comp.nus.edu.sg/corpcomm/" "Mozilla/4.0 (compatible; MSIE 6.0; Windows NT 5.1; .NET CLR 1.1.4322)" -
201.128.88.193 - - [26/May/2004:00:24:55 +0800] "GET /~ante/index_files/image503.gif HTTP/1.1" 200 52790 "-" "Mozilla/4.0 (compatible; MSIE 6.0; Windows 98; Win 9x 4.90)" -
201.128.88.193 - - [26/May/2004:00:24:55 +0800] "GET /~ante/index_files/image501.jpg HTTP/1.1" 200 60818 "-" "Mozilla/4.0 (compatible; MSIE 6.0; Windows 98; Win 9x 4.90)" -
218.66.89.146 - - [26/May/2004:00:24:55 +0800] "GET /corpcomm/images/IA1.jpg HTTP/1.1" 200 14306 "http://www.comp.nus.edu.sg/corpcomm/" "Mozilla/4.0 (compatible; MSIE 6.0; Windows NT 5.1; .NET CLR 1.1.4322)" -
218.66.89.146 - - [26/May/2004:00:24:56 +0800] "-" 408 - "-" "-" -
218.66.89.146 - - [26/May/2004:00:24:56 +0800] "GET /corpcomm/images/aboutSCC3.jpg HTTP/1.1" 200 12429 "http://www.comp.nus.edu.sg/corpcomm/" "Mozilla/4.0 (compatible; MSIE 6.0; Windows NT 5.1; .NET CLR 1.1.4322)" -
218.66.89.146 - - [26/May/2004:00:24:56 +0800] "GET /corpcomm/images/body.jpg HTTP/1.1" 200 77321 "http://www.comp.nus.edu.sg/corpcomm/" "Mozilla/4.0 (compatible; MSIE 6.0; Windows NT 5.1; .NET CLR 1.1.4322)" -
218.66.89.146 - - [26/May/2004:00:24:56 +0800] "GET /corpcomm/images/events3.jpg HTTP/1.1" 200 19598 "http://www.comp.nus.edu.sg/corpcomm/" "Mozilla/4.0 (compatible; MSIE 6.0; Windows NT 5.1; .NET CLR 1.1.4322)" -
202.156.2.218 - - [26/May/2004:00:24:57 +0800] "GET /images/trans.gif HTTP/1.1" 304 - "http://www.comp.nus.edu.sg/" "Mozilla/4.0 (compatible; MSIE 6.0; Windows NT 5.1; .NET CLR 1.1.4322)" 218.212.206.120
202.156.2.218 - - [26/May/2004:00:24:57 +0800] "GET /images/socmain_r5_c14.jpg HTTP/1.1" 304 - "http://www.comp.nus.edu.sg/" "Mozilla/4.0 (compatible; MSIE 6.0; Windows NT 5.1; .NET CLR 1.1.4322)" 218.212.206.120
201.128.88.193 - - [26/May/2004:00:24:57 +0800] "GET /~ante/index_files/image1659.jpg HTTP/1.1" 304 - "-" "Mozilla/4.0 (compatible; MSIE 6.0; Windows 98; Win 9x 4.90)" -
201.128.88.193 - - [26/May/2004:00:24:57 +0800] "GET /~ante/index_files/image505.jpg HTTP/1.1" 200 37207 "-" "Mozilla/4.0 (compatible; MSIE 6.0; Windows 98; Win 9x 4.90)" -
218.66.89.146 - - [26/May/2004:00:24:57 +0800] "GET /corpcomm/images/people3.jpg HTTP/1.1" 200 18100 "http://www.comp.nus.edu.sg/corpcomm/" "Mozilla/4.0 (compatible; MSIE 6.0; Windows NT 5.1; .NET CLR 1.1.4322)" -
218.66.89.146 - - [26/May/2004:00:24:57 +0800] "GET /corpcomm/images/contact3.jpg HTTP/1.1" 200 10332 "http://www.comp.nus.edu.sg/corpcomm/" "Mozilla/4.0 (compatible; MSIE 6.0; Windows NT 5.1; .NET CLR 1.1.4322)" -
158.122.131.2 - - [26/May/2004:00:24:57 +0800] "GET /~dcheong/ghost.jpg HTTP/1.0" 404 288 "http://images.google.com.mx/imgres?imgurl=www.comp.nus.edu.sg/~dcheong/ghost.jpg&imgrefurl=http://www.comp.nus.edu.sg/~dcheong/&h=600&w=800&sz=74&tbnid=EqAVt3UWRtMJ:&tbnh=106&tbnw=141&prev=/images%3Fq%3Dghost%26hl%3Des%26lr%3D%26ie%3DUTF-8&frame=small" "Mozilla/4.0 (compatible; MSIE 6.0; Windows NT 5.0)" -
218.66.89.146 - - [26/May/2004:00:24:57 +0800] "GET /corpcomm/images/webmaster.jpg HTTP/1.1" 200 30122 "http://www.comp.nus.edu.sg/corpcomm/" "Mozilla/4.0 (compatible; MSIE 6.0; Windows NT 5.1; .NET CLR 1.1.4322)" -
218.66.89.146 - - [26/May/2004:00:24:58 +0800] "GET /corpcomm/footer.js HTTP/1.1" 200 1833 "http://www.comp.nus.edu.sg/corpcomm/" "Mozilla/4.0 (compatible; MSIE 6.0; Windows NT 5.1; .NET CLR 1.1.4322)" -
218.66.89.146 - - [26/May/2004:00:24:59 +0800] "GET /corpcomm/images/greyfooter.jpg HTTP/1.1" 200 3463 "http://www.comp.nus.edu.sg/corpcomm/" "Mozilla/4.0 (compatible; MSIE 6.0; Windows NT 5.1; .NET CLR 1.1.4322)" -
pubpc8.cims.nyu.edu - - [26/May/2004:00:24:59 +0800] "GET /~nght/pubs/conll03.pdf HTTP/1.1" 200 0 "http://www.google.com/search?hl=en&ie=UTF-8&q=maximum+entropy+named+entity+recognition" "Mozilla/4.0 (compatible; MSIE 6.0; Windows NT 5.0)" -
202.156.2.218 - - [26/May/2004:00:25:00 +0800] "GET /images/sip.gif HTTP/1.1" 304 - "http://www.comp.nus.edu.sg/" "Mozilla/4.0 (compatible; MSIE 6.0; Windows NT 5.1; .NET CLR 1.1.4322)" 218.212.206.120
62.68.228.155 - - [26/May/2004:00:25:01 +0800] "GET /~cs2102/slides/relational.pdf HTTP/1.1" 206 54471 "-" "Mozilla/4.0 (compatible; MSIE 5.5; Windows 98; Win 9x 4.90)" -
pubpc8.cims.nyu.edu - - [26/May/2004:00:25:01 +0800] "GET /~nght/pubs/conll03.pdf HTTP/1.1" 206 48862 "-" "Mozilla/4.0 (compatible; MSIE 6.0; Windows NT 5.0)" -
158.122.131.2 - - [26/May/2004:00:25:01 +0800] "GET /~dcheong/ HTTP/1.0" 404 279 "http://images.google.com.mx/imgres?imgurl=www.comp.nus.edu.sg/~dcheong/ghost.jpg&imgrefurl=http://www.comp.nus.edu.sg/~dcheong/&h=600&w=800&sz=74&tbnid=EqAVt3UWRtMJ:&tbnh=106&tbnw=141&start=3&prev=/images%3Fq%3Dghost%26hl%3Des%26lr%3D%26ie%3DUTF-8" "Mozilla/4.0 (compatible; MSIE 6.0; Windows NT 5.0)" -
202.156.2.218 - - [26/May/2004:00:25:02 +0800] "GET /images/sem-events.gif HTTP/1.1" 304 - "http://www.comp.nus.edu.sg/" "Mozilla/4.0 (compatible; MSIE 6.0; Windows NT 5.1; .NET CLR 1.1.4322)" 218.212.206.120
202.156.2.218 - - [26/May/2004:00:25:03 +0800] "GET /images/socimage.jpg HTTP/1.1" 304 - "http://www.comp.nus.edu.sg/" "Mozilla/4.0 (compatible; MSIE 6.0; Windows NT 5.1; .NET CLR 1.1.4322)" 218.212.206.120
202.156.2.218 - - [26/May/2004:00:25:06 +0800] "GET /images/socmain_r7_c2.jpg HTTP/1.1" 304 - "http://www.comp.nus.edu.sg/" "Mozilla/4.0 (compatible; MSIE 6.0; Windows NT 5.1; .NET CLR 1.1.4322)" 218.212.206.120
njp.ses-americom.com - - [26/May/2004:00:25:09 +0800] "GET /~aurbinds/bollywood/Auri%20with%20Yana.JPG HTTP/1.1" 200 319860 "http://www.comp.nus.edu.sg/~aurbinds/bollywood/bollywood.html" "Mozilla/4.0 (compatible; MSIE 6.0; Windows NT 5.0; .NET CLR 1.1.4322)" -
202.156.2.218 - - [26/May/2004:00:25:11 +0800] "GET /images/socmain_r7_c1.jpg HTTP/1.1" 304 - "http://www.comp.nus.edu.sg/" "Mozilla/4.0 (compatible; MSIE 6.0; Windows NT 5.1; .NET CLR 1.1.4322)" 218.212.206.120
218.66.89.146 - - [26/May/2004:00:25:12 +0800] "GET /corpcomm/images/contact4.jpg HTTP/1.1" 200 12365 "http://www.comp.nus.edu.sg/corpcomm/" "Mozilla/4.0 (compatible; MSIE 6.0; Windows NT 5.1; .NET CLR 1.1.4322)" -
218.66.89.146 - - [26/May/2004:00:25:12 +0800] "GET /corpcomm/images/people4.jpg HTTP/1.1" 200 0 "http://www.comp.nus.edu.sg/corpcomm/" "Mozilla/4.0 (compatible; MSIE 6.0; Windows NT 5.1; .NET CLR 1.1.4322)" -
cache-loh-ac03.proxy.aol.com - - [26/May/2004:00:25:13 +0800] "GET /~ooibc/courses/cs5226week2-1.ppt HTTP/1.1" 200 120832 "-" "Mozilla/4.0 (compatible; MSIE 6.0; AOL 9.0; Windows 98)" -
62.68.228.155 - - [26/May/2004:00:25:14 +0800] "GET /~cs2102/slides/sql.pdf HTTP/1.1" 206 0 "-" "Mozilla/4.0 (compatible; MSIE 5.5; Windows 98; Win 9x 4.90)" -
202.156.2.218 - - [26/May/2004:00:25:15 +0800] "GET /students/students.htm HTTP/1.1" 200 8101 "http://www.comp.nus.edu.sg/" "Mozilla/4.0 (compatible; MSIE 6.0; Windows NT 5.1; .NET CLR 1.1.4322)" 218.212.206.120
202.156.2.162 - - [26/May/2004:00:25:16 +0800] "GET /corpcomm/scc/index.htm HTTP/1.1" 200 5500 "-" "Mozilla/4.0 (compatible; MSIE 6.0; Windows NT 5.1; .NET CLR 1.1.4322)" 202.156.177.254
202.156.2.162 - - [26/May/2004:00:25:16 +0800] "GET /corpcomm/scc/retreat.jpg HTTP/1.1" 200 48058 "http://www.comp.nus.edu.sg/corpcomm/scc/index.htm" "Mozilla/4.0 (compatible; MSIE 6.0; Windows NT 5.1; .NET CLR 1.1.4322)" 202.156.177.254
202.156.2.162 - - [26/May/2004:00:25:16 +0800] "GET /corpcomm/scc/group1.jpg HTTP/1.1" 200 22373 "http://www.comp.nus.edu.sg/corpcomm/scc/index.htm" "Mozilla/4.0 (compatible; MSIE 6.0; Windows NT 5.1; .NET CLR 1.1.4322)" 202.156.177.254
202.156.2.162 - - [26/May/2004:00:25:17 +0800] "GET /corpcomm/scc/hcjc1.jpg HTTP/1.1" 200 42950 "http://www.comp.nus.edu.sg/corpcomm/scc/index.htm" "Mozilla/4.0 (compatible; MSIE 6.0; Windows NT 5.1; .NET CLR 1.1.4322)" 202.156.177.254
62.68.228.155 - - [26/May/2004:00:25:17 +0800] "GET /~cs2102/slides/sql.pdf HTTP/1.1" 206 0 "-" "contype" -
62.68.228.155 - - [26/May/2004:00:25:18 +0800] "GET /~cs2102/slides/sql.pdf HTTP/1.1" 206 0 "-" "Mozilla/4.0 (compatible; MSIE 5.5; Windows 98; Win 9x 4.90)" -
211-74-85-147.adsl.dynamic.seed.net.tw - - [26/May/2004:00:25:18 +0800] "GET /~nghoongk/lyrics/singer173-1.html HTTP/1.1" 200 2569 "http://tw.search.yahoo.com/search/kimo?p=%AD%E8%BFA%D9y" "Mozilla/4.0 (compatible; MSIE 6.0; Windows NT 5.1; Hotbar 4.4.6.0; KKman2.0)" -
211-74-85-147.adsl.dynamic.seed.net.tw - - [26/May/2004:00:25:19 +0800] "GET /~nghoongk/lyrics/m.gif HTTP/1.1" 200 872 "http://www.comp.nus.edu.sg/~nghoongk/lyrics/singer173-1.html" "Mozilla/4.0 (compatible; MSIE 6.0; Windows NT 5.1; Hotbar 4.4.6.0; KKman2.0)" -
202.103.39.29 - - [26/May/2004:00:25:21 +0800] "GET /~huangxin/myphotos/prettyhan.gif HTTP/1.1" 200 0 "http://www.wuya.org/forum/showthread.php?s=870f3e40e2505b7cb7add53d8fed553c&threadid=5504&perpage=15&pagenumber=2" "Mozilla/4.0 (compatible; MSIE 6.0; Windows NT 5.1; .NET CLR 1.1.4322)" -
209.7.7.47 - - [26/May/2004:00:25:21 +0800] "GET /~dcheong/ HTTP/1.0" 404 279 "-" "Mozilla/4.0 (compatible; MSIE 5.0; Mac_PowerPC)" 10.7.8.218, 209.7.7.44
202.156.2.218 - - [26/May/2004:00:25:21 +0800] "GET /images/socmain_r7_c1.jpg HTTP/1.1" 304 - "http://www.comp.nus.edu.sg/students/students.htm" "Mozilla/4.0 (compatible; MSIE 6.0; Windows NT 5.1; .NET CLR 1.1.4322)" 218.212.206.120
202.156.2.218 - - [26/May/2004:00:25:21 +0800] "GET /images/socmain_r7_c4.jpg HTTP/1.1" 304 - "http://www.comp.nus.edu.sg/students/students.htm" "Mozilla/4.0 (compatible; MSIE 6.0; Windows NT 5.1; .NET CLR 1.1.4322)" 218.212.206.120
cm61-18-170-5.hkcable.com.hk - - [26/May/2004:00:25:23 +0800] "GET /~nghoongk/lyrics/singer261-1.html HTTP/1.1" 200 8400 "http://google.sina.com.hk/cgi-bin/webpage.cgi?word=%B3%AF%AAQ%A7D&lang=lang_zh-TW&start=10&num=10" "Mozilla/4.0 (compatible; MSIE 5.5; Windows 98; Win 9x 4.90; NETVIGATOR)" 61.15.232.179
228.176.62.81.cust.bluewin.ch - - [26/May/2004:00:25:23 +0800] "GET /~sunyuan/ HTTP/1.1" 200 3152 "http://images.google.ch/imgres?imgurl=www.comp.nus.edu.sg/~sunyuan/images/nemo.gif&imgrefurl=http://www.comp.nus.edu.sg/~sunyuan/&h=248&w=275&sz=97&tbnid=2kEH2rEHlHsJ:&tbnh=98&tbnw=108&start=8&prev=/images%3Fq%3Dnemo%26hl%3Dde%26lr%3D%26ie%3DUTF-8%26sa%3DG" "Mozilla/4.0 (compatible; MSIE 6.0; Windows NT 5.1)" -
228.176.62.81.cust.bluewin.ch - - [26/May/2004:00:25:24 +0800] "GET /~sunyuan/images/index_r1_c1.gif HTTP/1.1" 200 1887 "http://www.comp.nus.edu.sg/~sunyuan/" "Mozilla/4.0 (compatible; MSIE 6.0; Windows NT 5.1)" -
217.137.104.70 - - [26/May/2004:00:25:24 +0800] "GET /~yuenck/p.tex HTTP/1.1" 200 63939 "http://www.ask.co.uk/ix.asp?q=How+does+the+issue+of+cloning+illustrate+the+tentative%2C+dynamic+and+subjective+nature+of+science&ac=none&xx=0&qid=E5078ACDD207124F81521414452B1CF1&p=0&s=1&sp=ix&fn=t&sws=1&b=0&fo=1&r=10&io=1&fp=1&fr=1&url=http%3A%2F%2Fwww%2Ecomp%2Enus%2Eedu%2Esg%2F%7Eyuenck%2Fp%2Etex&adurl=" "Mozilla/4.0 (compatible; MSIE 6.0; Windows NT 5.0)" -
inet.braskem.com.br - - [26/May/2004:00:25:24 +0800] "GET /~ooibc/courses/JumpStart.ppt HTTP/1.1" 200 228864 "-" "Mozilla/4.0 (compatible; MSIE 6.0; Windows NT 5.0; .NET CLR 1.0.3705)" -
81-86-184-115.dsl.pipex.com - - [26/May/2004:00:25:25 +0800] "GET /~sunyuan/images/nemo.gif HTTP/1.1" 200 98407 "http://groups.msn.com/MumsnDadsPlace/games.msnw?action=get_message&mview=0&ID_Message=23&LastModified=4675470403236117400&all_topics=0" "Mozilla/4.0 (compatible; MSIE 6.0; Windows NT 5.1; Hotbar 4.4.2.0; .NET CLR 1.1.4322)" -
inet.braskem.com.br - - [26/May/2004:00:25:25 +0800] "GET /~ooibc/courses/JumpStart.ppt HTTP/1.1" 200 65536 "http://www.google.com/search?q=%22stored+procedure%22+%22pl%2Fsql%22+%22ppt%22&ie=UTF-8&hl=pt&lr=" "Mozilla/4.0 (compatible; MSIE 6.0; Windows NT 5.0; .NET CLR 1.0.3705)" -
228.176.62.81.cust.bluewin.ch - - [26/May/2004:00:25:26 +0800] "GET /~sunyuan/images/index_r2_c1.gif HTTP/1.1" 200 12459 "http://www.comp.nus.edu.sg/~sunyuan/" "Mozilla/4.0 (compatible; MSIE 6.0; Windows NT 5.1)" -
228.176.62.81.cust.bluewin.ch - - [26/May/2004:00:25:26 +0800] "GET /~sunyuan/images/index_r2_c3.gif HTTP/1.1" 200 11308 "http://www.comp.nus.edu.sg/~sunyuan/" "Mozilla/4.0 (compatible; MSIE 6.0; Windows NT 5.1)" -
228.176.62.81.cust.bluewin.ch - - [26/May/2004:00:25:27 +0800] "GET /~sunyuan/images/nemo.gif HTTP/1.1" 200 98407 "http://www.comp.nus.edu.sg/~sunyuan/" "Mozilla/4.0 (compatible; MSIE 6.0; Windows NT 5.1)" -
228.176.62.81.cust.bluewin.ch - - [26/May/2004:00:25:27 +0800] "GET /~sunyuan/images/index_r3_c2.gif HTTP/1.1" 200 8177 "http://www.comp.nus.edu.sg/~sunyuan/" "Mozilla/4.0 (compatible; MSIE 6.0; Windows NT 5.1)" -
202.156.2.218 - - [26/May/2004:00:25:27 +0800] "GET /images/socmain_r7_c5.jpg HTTP/1.1" 304 - "http://www.comp.nus.edu.sg/students/students.htm" "Mozilla/4.0 (compatible; MSIE 6.0; Windows NT 5.1; .NET CLR 1.1.4322)" 218.212.206.120
202.156.2.218 - - [26/May/2004:00:25:27 +0800] "GET /images/socmain_r7_c7.jpg HTTP/1.1" 304 - "http://www.comp.nus.edu.sg/students/students.htm" "Mozilla/4.0 (compatible; MSIE 6.0; Windows NT 5.1; .NET CLR 1.1.4322)" 218.212.206.120
lj1145.inktomisearch.com - - [26/May/2004:00:25:29 +0800] "GET /~cs2104s/01-02-2/Quiz/quiz01sessions/U008514L13-21092954-3.html HTTP/1.0" 200 10862 "-" "Mozilla/5.0 (compatible; Yahoo! Slurp; http://help.yahoo.com/help/us/ysearch/slurp)" -
193-31.priv.nus.edu.sg - - [26/May/2004:00:25:29 +0800] "GET /~levinhda/matlab/Dave%2520R.%2520Axe%2520kick%2520copy.jpg HTTP/1.1" 200 12229 "http://forum.vncnus.net/viewtopic.php?t=8069" "Mozilla/4.0 (compatible; MSIE 6.0; Windows NT 5.1)" -
228.176.62.81.cust.bluewin.ch - - [26/May/2004:00:25:30 +0800] "GET /~sunyuan/images/index_r2_c2_f2.gif HTTP/1.1" 200 23678 "http://www.comp.nus.edu.sg/~sunyuan/" "Mozilla/4.0 (compatible; MSIE 6.0; Windows NT 5.1)" -
anancy-107-1-40-165.w81-53.abo.wanadoo.fr - - [26/May/2004:00:25:30 +0800] "GET /~sunyuan/ HTTP/1.1" 200 3152 "http://images.google.fr/imgres?imgurl=www.comp.nus.edu.sg/~sunyuan/images/nemo.gif&imgrefurl=http://www.comp.nus.edu.sg/~sunyuan/&h=248&w=275&sz=97&tbnid=2kEH2rEHlHsJ:&tbnh=98&tbnw=108&start=8&prev=/images%3Fq%3D%2Bnemo%2B%26hl%3Dfr%26lr%3D%26i" "Mozilla/4.0 (compatible; MSIE 6.0; Windows 98)" -
201.129.161.85 - - [26/May/2004:00:25:31 +0800] "GET /~sunyuan/ HTTP/1.0" 200 3140 "http://images.google.com.mx/imgres?imgurl=www.comp.nus.edu.sg/~sunyuan/images/nemo.gif&imgrefurl=http://www.comp.nus.edu.sg/~sunyuan/&h=248&w=275&sz=97&tbnid=2kEH2rEHlHsJ:&tbnh=98&tbnw=108&start=8&prev=/images%3Fq%3Dnemo%26hl%3Des%26lr%3D%26ie%3DUTF-8" "Mozilla/4.0 (compatible; MSIE 6.0; Windows NT 5.1)" unknown
202.156.2.218 - - [26/May/2004:00:25:31 +0800] "GET /images/socmain_r7_c9f.jpg HTTP/1.1" 304 - "http://www.comp.nus.edu.sg/students/students.htm" "Mozilla/4.0 (compatible; MSIE 6.0; Windows NT 5.1; .NET CLR 1.1.4322)" 218.212.206.120
cache218.156ce.maxonline.com.sg - - [26/May/2004:00:25:31 +0800] "GET /~tutorial/ HTTP/1.1" 200 15025 "http://www.comp.nus.edu.sg/students/students.htm" "Mozilla/4.0 (compatible; MSIE 6.0; Windows NT 5.1; .NET CLR 1.1.4322)" 218.212.206.120
201.129.161.85 - - [26/May/2004:00:25:32 +0800] "GET /~sunyuan/images/index_r1_c1.gif HTTP/1.0" 200 1887 "http://www.comp.nus.edu.sg/~sunyuan/" "Mozilla/4.0 (compatible; MSIE 6.0; Windows NT 5.1)" unknown
201.129.161.85 - - [26/May/2004:00:25:32 +0800] "GET /~sunyuan/images/index_r2_c1.gif HTTP/1.0" 200 12459 "http://www.comp.nus.edu.sg/~sunyuan/" "Mozilla/4.0 (compatible; MSIE 6.0; Windows NT 5.1)" unknown
201.129.161.85 - - [26/May/2004:00:25:32 +0800] "GET /~sunyuan/images/index_r3_c2.gif HTTP/1.0" 200 8177 "http://www.comp.nus.edu.sg/~sunyuan/" "Mozilla/4.0 (compatible; MSIE 6.0; Windows NT 5.1)" unknown
201.129.161.85 - - [26/May/2004:00:25:32 +0800] "GET /~sunyuan/images/index_r2_c3.gif HTTP/1.0" 200 11308 "http://www.comp.nus.edu.sg/~sunyuan/" "Mozilla/4.0 (compatible; MSIE 6.0; Windows NT 5.1)" unknown
sf3.comp.nus.edu.sg - - [26/May/2004:00:25:34 +0800] "GET /~nguyentu/nhactac/mp3ss1d.swf HTTP/1.1" 304 - "-" "Mozilla/4.0 (compatible; MSIE 6.0; Windows NT 5.1)" -
sf3.comp.nus.edu.sg - - [26/May/2004:00:25:34 +0800] "GET /~nguyentu/nhactac/mp3ss2d.swf HTTP/1.1" 304 - "-" "Mozilla/4.0 (compatible; MSIE 6.0; Windows NT 5.1)" -
sf3.comp.nus.edu.sg - - [26/May/2004:00:25:34 +0800] "GET /~nguyentu/nhactac/mp3ss4d.swf HTTP/1.1" 304 - "-" "Mozilla/4.0 (compatible; MSIE 6.0; Windows NT 5.1)" -
201.129.161.85 - - [26/May/2004:00:25:34 +0800] "GET /~sunyuan/images/nemo.gif HTTP/1.0" 200 98407 "http://www.comp.nus.edu.sg/~sunyuan/" "Mozilla/4.0 (compatible; MSIE 6.0; Windows NT 5.1)" unknown
sf3.comp.nus.edu.sg - - [26/May/2004:00:25:34 +0800] "GET /~nguyentu/nhactac/mp3ss3d.swf HTTP/1.1" 304 - "-" "Mozilla/4.0 (compatible; MSIE 6.0; Windows NT 5.1)" -
193-31.priv.nus.edu.sg - - [26/May/2004:00:25:34 +0800] "GET /~levinhda/matlab/Danaxe%2520TOUR.gif HTTP/1.1" 200 53793 "http://forum.vncnus.net/viewtopic.php?t=8069" "Mozilla/4.0 (compatible; MSIE 6.0; Windows NT 5.1)" -
201.129.161.85 - - [26/May/2004:00:25:35 +0800] "GET /~sunyuan/images/index_r2_c2_f2.gif HTTP/1.0" 200 23678 "http://www.comp.nus.edu.sg/~sunyuan/" "Mozilla/4.0 (compatible; MSIE 6.0; Windows NT 5.1)" unknown
lj1179.inktomisearch.com - - [26/May/2004:00:25:36 +0800] "GET /~sulzmann/publications/tr-arcs-99-009.bib HTTP/1.0" 200 382 "-" "Mozilla/5.0 (compatible; Yahoo! Slurp; http://help.yahoo.com/help/us/ysearch/slurp)" -
66.196.90.111 - - [26/May/2004:00:25:36 +0800] "GET /~yeokinwa/cs1305 HTTP/1.0" 404 286 "-" "Mozilla/5.0 (compatible; Yahoo! Slurp; http://help.yahoo.com/help/us/ysearch/slurp)" -
202.156.2.218 - - [26/May/2004:00:25:37 +0800] "GET /images/grey.gif HTTP/1.1" 304 - "http://www.comp.nus.edu.sg/students/students.htm" "Mozilla/4.0 (compatible; MSIE 6.0; Windows NT 5.1; .NET CLR 1.1.4322)" 218.212.206.120
199.219.144.50 - - [26/May/2004:00:25:40 +0800] "GET /~xuemingq/style/cartoon.gif HTTP/1.1" 200 1489 "http://members.migente.com/dymekisses/" "Mozilla/4.0 (compatible; MSIE 6.0; Windows NT 5.1; (R1 1.3))" -
cache218.156ce.maxonline.com.sg - - [26/May/2004:00:25:43 +0800] "GET /~tutorial/strbkgde.gif HTTP/1.1" 404 304 "http://www.comp.nus.edu.sg/~tutorial/" "Mozilla/4.0 (compatible; MSIE 6.0; Windows NT 5.1; .NET CLR 1.1.4322)" 218.212.206.120
cache218.156ce.maxonline.com.sg - - [26/May/2004:00:25:45 +0800] "GET /~tutorial/sbanner.gif HTTP/1.1" 304 - "http://www.comp.nus.edu.sg/~tutorial/" "Mozilla/4.0 (compatible; MSIE 6.0; Windows NT 5.1; .NET CLR 1.1.4322)" 218.212.206.120
njp.ses-americom.com - - [26/May/2004:00:25:45 +0800] "GET /~aurbinds/bollywood/Auri%20Brett%20Lee.JPG HTTP/1.1" 200 385134 "http://www.comp.nus.edu.sg/~aurbinds/bollywood/bollywood.html" "Mozilla/4.0 (compatible; MSIE 6.0; Windows NT 5.0; .NET CLR 1.1.4322)" -
cache218.156ce.maxonline.com.sg - - [26/May/2004:00:25:45 +0800] "GET /~tutorial/fphover.class HTTP/1.1" 304 - "-" "Mozilla/4.0 (Windows XP 5.1) Java/1.4.2_03" 218.212.206.120
cache218.156ce.maxonline.com.sg - - [26/May/2004:00:25:46 +0800] "GET /~tutorial/piyo.gif HTTP/1.1" 304 - "http://www.comp.nus.edu.sg/~tutorial/" "Mozilla/4.0 (compatible; MSIE 6.0; Windows NT 5.1; .NET CLR 1.1.4322)" 218.212.206.120
dsl-200-78-33-182.prod-infinitum.com.mx - - [26/May/2004:00:25:46 +0800] "GET /~sunyuan/ HTTP/1.1" 200 3152 "http://images.google.com.mx/imgres?imgurl=www.comp.nus.edu.sg/~sunyuan/images/nemo.gif&imgrefurl=http://www.comp.nus.edu.sg/~sunyuan/&h=248&w=275&sz=97&tbnid=2kEH2rEHlHsJ:&tbnh=98&tbnw=108&start=9&prev=/images%3Fq%3Dnemo%26hl%3Des%26lr%3D%26ie%3DUTF-8%26sa%3DG" "Mozilla/4.0 (compatible; MSIE 6.0; Windows NT 5.1; Hotbar 4.4.5.0)" -
dsl-200-78-33-182.prod-infinitum.com.mx - - [26/May/2004:00:25:47 +0800] "GET /~sunyuan/images/index_r1_c1.gif HTTP/1.1" 200 1887 "http://www.comp.nus.edu.sg/~sunyuan/" "Mozilla/4.0 (compatible; MSIE 6.0; Windows NT 5.1; Hotbar 4.4.5.0)" -
cache218.156ce.maxonline.com.sg - - [26/May/2004:00:25:47 +0800] "GET /~tutorial/info012.gif HTTP/1.1" 304 - "http://www.comp.nus.edu.sg/~tutorial/" "Mozilla/4.0 (compatible; MSIE 6.0; Windows NT 5.1; .NET CLR 1.1.4322)" 218.212.206.120
211.76.97.247 - - [26/May/2004:00:25:48 +0800] "GET /~nghoongk/lyrics/singer168-1.html HTTP/1.0" 200 3983 "http://tw.rd.yahoo.com/referurl/search/b/1/1/K=%ad%53%de%b3%b5%58%a1%46%a8%43%a4%d1/H=0/*http://www.comp.nus.edu.sg/~nghoongk/lyrics/singer168-1.html" "Mozilla/4.0 (compatible; MSIE 5.5b1; Mac_PowerPC)" 218.35.0.116
cache218.156ce.maxonline.com.sg - - [26/May/2004:00:25:48 +0800] "GET /~tutorial/mail-qzh.gif HTTP/1.1" 304 - "http://www.comp.nus.edu.sg/~tutorial/" "Mozilla/4.0 (compatible; MSIE 6.0; Windows NT 5.1; .NET CLR 1.1.4322)" 218.212.206.120
cache218.156ce.maxonline.com.sg - - [26/May/2004:00:25:49 +0800] "GET /~tutorial/fphoverx.class HTTP/1.1" 304 - "-" "Mozilla/4.0 (Windows XP 5.1) Java/1.4.2_03" 218.212.206.120
dsl-200-78-33-182.prod-infinitum.com.mx - - [26/May/2004:00:25:50 +0800] "GET /~sunyuan/images/index_r3_c2.gif HTTP/1.1" 200 8177 "http://www.comp.nus.edu.sg/~sunyuan/" "Mozilla/4.0 (compatible; MSIE 6.0; Windows NT 5.1; Hotbar 4.4.5.0)" -
cache8.156ce.maxonline.com.sg - - [26/May/2004:00:25:51 +0800] "GET /~nguyentu/nhactac/mp3ss2d.swf HTTP/1.1" 304 - "-" "Mozilla/4.0 (compatible; MSIE 6.0; Windows NT 5.1)" 218.186.177.10
cache8.156ce.maxonline.com.sg - - [26/May/2004:00:25:51 +0800] "GET /~nguyentu/nhactac/mp3ss1d.swf HTTP/1.1" 304 - "-" "Mozilla/4.0 (compatible; MSIE 6.0; Windows NT 5.1)" 218.186.177.10
adsl20.dyn239.pacific.net.sg - - [26/May/2004:00:25:51 +0800] "GET /~ngziming/retro%20-%20call%20me.mp3 HTTP/1.1" 200 458752 "-" "Mozilla/4.0 (compatible; MSIE 6.0; Windows NT 5.1)" -
cache8.156ce.maxonline.com.sg - - [26/May/2004:00:25:51 +0800] "GET /~nguyentu/nhactac/mp3ss3d.swf HTTP/1.1" 304 - "-" "Mozilla/4.0 (compatible; MSIE 6.0; Windows NT 5.1)" 218.186.177.10
dsl-200-78-33-182.prod-infinitum.com.mx - - [26/May/2004:00:25:51 +0800] "GET /~sunyuan/images/index_r2_c1.gif HTTP/1.1" 200 12459 "http://www.comp.nus.edu.sg/~sunyuan/" "Mozilla/4.0 (compatible; MSIE 6.0; Windows NT 5.1; Hotbar 4.4.5.0)" -
dsl-200-78-33-182.prod-infinitum.com.mx - - [26/May/2004:00:25:52 +0800] "GET /~sunyuan/images/nemo.gif HTTP/1.1" 200 0 "http://www.comp.nus.edu.sg/~sunyuan/" "Mozilla/4.0 (compatible; MSIE 6.0; Windows NT 5.1; Hotbar 4.4.5.0)" -
dsl-200-78-33-182.prod-infinitum.com.mx - - [26/May/2004:00:25:52 +0800] "GET /~sunyuan/images/index_r2_c3.gif HTTP/1.1" 200 0 "http://www.comp.nus.edu.sg/~sunyuan/" "Mozilla/4.0 (compatible; MSIE 6.0; Windows NT 5.1; Hotbar 4.4.5.0)" -
cache8.156ce.maxonline.com.sg - - [26/May/2004:00:25:52 +0800] "GET /~nguyentu/nhactac/mp3ss4d.swf HTTP/1.1" 304 - "-" "Mozilla/4.0 (compatible; MSIE 6.0; Windows NT 5.1)" 218.186.177.10
cache8.156ce.maxonline.com.sg - - [26/May/2004:00:25:52 +0800] "GET /~nguyentu/nhactac/mp3ss1d.swf HTTP/1.1" 304 - "-" "Mozilla/4.0 (compatible; MSIE 6.0; Windows NT 5.1)" 218.186.177.10
cache8.156ce.maxonline.com.sg - - [26/May/2004:00:25:52 +0800] "GET /~nguyentu/nhactac/mp3ss2d.swf HTTP/1.1" 304 - "-" "Mozilla/4.0 (compatible; MSIE 6.0; Windows NT 5.1)" 218.186.177.10
cache8.156ce.maxonline.com.sg - - [26/May/2004:00:25:52 +0800] "GET /~nguyentu/nhactac/mp3ss3d.swf HTTP/1.1" 304 - "-" "Mozilla/4.0 (compatible; MSIE 6.0; Windows NT 5.1)" 218.186.177.10
cache8.156ce.maxonline.com.sg - - [26/May/2004:00:25:52 +0800] "GET /~nguyentu/nhactac/mp3ss1d.swf HTTP/1.1" 304 - "-" "Mozilla/4.0 (compatible; MSIE 6.0; Windows NT 5.1)" 218.186.177.10
cache8.156ce.maxonline.com.sg - - [26/May/2004:00:25:52 +0800] "GET /~nguyentu/nhactac/mp3ss4d.swf HTTP/1.1" 304 - "-" "Mozilla/4.0 (compatible; MSIE 6.0; Windows NT 5.1)" 218.186.177.10
cache8.156ce.maxonline.com.sg - - [26/May/2004:00:25:53 +0800] "GET /~nguyentu/nhactac/mp3ss2d.swf HTTP/1.1" 304 - "-" "Mozilla/4.0 (compatible; MSIE 6.0; Windows NT 5.1)" 218.186.177.10
