ec2182.engga.uwo.ca - - [26/May/2004:00:40:08 +0800] "GET /~pris/FuzzyLogic/DemoAppletDetailed2.html HTTP/1.1" 200 4810 "http://www.comp.nus.edu.sg/~pris/FuzzyLogic/DemoAppletDetailed1.html" "Mozilla/4.0 (compatible; MSIE 6.0; Windows NT 5.0; .NET CLR 1.0.3705; .NET CLR 1.1.4322)" -
66.196.90.38 - - [26/May/2004:00:40:08 +0800] "GET /robots.txt HTTP/1.0" 404 280 "-" "Mozilla/5.0 (compatible; Yahoo! Slurp; http://help.yahoo.com/help/us/ysearch/slurp)" -
adsl191.dyn249.pacific.net.sg - - [26/May/2004:00:40:08 +0800] "GET /~daibingt/acm/v5/561.html HTTP/1.1" 200 4242 "http://sg.search.yahoo.com/search/sg?p=jackpot&y=Singapore&fr=fp-tab-web-t&tab=" "Mozilla/4.0 (compatible; MSIE 6.0; Windows 98)" -
adsl191.dyn249.pacific.net.sg - - [26/May/2004:00:40:08 +0800] "GET /~daibingt/acm/v5/htmlatex.css HTTP/1.1" 404 311 "http://www.comp.nus.edu.sg/~daibingt/acm/v5/561.html" "Mozilla/4.0 (compatible; MSIE 6.0; Windows 98)" -
ec2182.engga.uwo.ca - - [26/May/2004:00:40:08 +0800] "GET /~pris/FuzzyLogic/Images/DemoFig1-Questionnaire.JPG HTTP/1.1" 206 35896 "http://www.comp.nus.edu.sg/~pris/FuzzyLogic/DemoAppletDetailed2.html" "Mozilla/4.0 (compatible; MSIE 6.0; Windows NT 5.0; .NET CLR 1.0.3705; .NET CLR 1.1.4322)" -
adsl191.dyn249.pacific.net.sg - - [26/May/2004:00:40:08 +0800] "GET /~daibingt/acm/v5/561img1.gif HTTP/1.1" 200 290 "http://www.comp.nus.edu.sg/~daibingt/acm/v5/561.html" "Mozilla/4.0 (compatible; MSIE 6.0; Windows 98)" -
adsl191.dyn249.pacific.net.sg - - [26/May/2004:00:40:09 +0800] "GET /~daibingt/acm/v5/561img2.gif HTTP/1.1" 200 199 "http://www.comp.nus.edu.sg/~daibingt/acm/v5/561.html" "Mozilla/4.0 (compatible; MSIE 6.0; Windows 98)" -
66.196.90.100 - - [26/May/2004:00:40:09 +0800] "GET /cs/research.html HTTP/1.0" 200 8927 "-" "Mozilla/5.0 (compatible; Yahoo! Slurp; http://help.yahoo.com/help/us/ysearch/slurp)" -
66.196.90.127 - - [26/May/2004:00:40:10 +0800] "GET /~zhangm/photos/gate.html HTTP/1.0" 404 294 "-" "Mozilla/5.0 (compatible; Yahoo! Slurp; http://help.yahoo.com/help/us/ysearch/slurp)" -
ec2182.engga.uwo.ca - - [26/May/2004:00:40:11 +0800] "GET /~pris/FuzzyLogic/Images/DemoFig3-InferDefFuzz.JPG HTTP/1.1" 206 98304 "http://www.comp.nus.edu.sg/~pris/FuzzyLogic/DemoAppletDetailed2.html" "Mozilla/4.0 (compatible; MSIE 6.0; Windows NT 5.0; .NET CLR 1.0.3705; .NET CLR 1.1.4322)" -
ec2182.engga.uwo.ca - - [26/May/2004:00:40:11 +0800] "GET /~pris/FuzzyLogic/SourceCodeDetailed1.html HTTP/1.1" 200 15717 "http://www.comp.nus.edu.sg/~pris/FuzzyLogic/DemoAppletDetailed2.html" "Mozilla/4.0 (compatible; MSIE 6.0; Windows NT 5.0; .NET CLR 1.0.3705; .NET CLR 1.1.4322)" -
libproxy.ntu.edu.tw - - [26/May/2004:00:40:11 +0800] "GET /~cmcurric/AY2003_4/MICSindex.htm HTTP/1.0" 200 11148 "-" "Mozilla/3.01 (compatible;)" -
172.18.193.83 - - [26/May/2004:00:40:13 +0800] "GET / HTTP/1.1" 200 8789 "-" "Mozilla/4.0 (compatible; MSIE 6.0; Windows NT 5.1; .NET CLR 1.1.4322)" -
172.18.193.83 - - [26/May/2004:00:40:14 +0800] "GET /nusstyles.css HTTP/1.1" 304 - "http://www.comp.nus.edu.sg/" "Mozilla/4.0 (compatible; MSIE 6.0; Windows NT 5.1; .NET CLR 1.1.4322)" -
172.18.193.83 - - [26/May/2004:00:40:14 +0800] "GET /images/nussocbanner.gif HTTP/1.1" 304 - "http://www.comp.nus.edu.sg/" "Mozilla/4.0 (compatible; MSIE 6.0; Windows NT 5.1; .NET CLR 1.1.4322)" -
172.18.193.83 - - [26/May/2004:00:40:14 +0800] "GET /images/socmain_r3_c6.jpg HTTP/1.1" 304 - "http://www.comp.nus.edu.sg/" "Mozilla/4.0 (compatible; MSIE 6.0; Windows NT 5.1; .NET CLR 1.1.4322)" -
172.18.193.83 - - [26/May/2004:00:40:14 +0800] "GET /images/facenghd.gif HTTP/1.1" 304 - "http://www.comp.nus.edu.sg/" "Mozilla/4.0 (compatible; MSIE 6.0; Windows NT 5.1; .NET CLR 1.1.4322)" -
172.18.193.83 - - [26/May/2004:00:40:14 +0800] "GET /images/socmain_r3_c8.jpg HTTP/1.1" 304 - "http://www.comp.nus.edu.sg/" "Mozilla/4.0 (compatible; MSIE 6.0; Windows NT 5.1; .NET CLR 1.1.4322)" -
172.18.193.83 - - [26/May/2004:00:40:14 +0800] "GET /images/socmain_r3_c11.jpg HTTP/1.1" 304 - "http://www.comp.nus.edu.sg/" "Mozilla/4.0 (compatible; MSIE 6.0; Windows NT 5.1; .NET CLR 1.1.4322)" -
172.18.193.83 - - [26/May/2004:00:40:14 +0800] "GET /images/socmain_r3_c10.jpg HTTP/1.1" 304 - "http://www.comp.nus.edu.sg/" "Mozilla/4.0 (compatible; MSIE 6.0; Windows NT 5.1; .NET CLR 1.1.4322)" -
172.18.193.83 - - [26/May/2004:00:40:14 +0800] "GET /images/socmain_r3_c13.jpg HTTP/1.1" 304 - "http://www.comp.nus.edu.sg/" "Mozilla/4.0 (compatible; MSIE 6.0; Windows NT 5.1; .NET CLR 1.1.4322)" -
172.18.193.83 - - [26/May/2004:00:40:14 +0800] "GET /images/recruitment.jpg HTTP/1.1" 304 - "http://www.comp.nus.edu.sg/" "Mozilla/4.0 (compatible; MSIE 6.0; Windows NT 5.1; .NET CLR 1.1.4322)" -
172.18.193.83 - - [26/May/2004:00:40:14 +0800] "GET /images/socmain_r3_c15.jpg HTTP/1.1" 304 - "http://www.comp.nus.edu.sg/" "Mozilla/4.0 (compatible; MSIE 6.0; Windows NT 5.1; .NET CLR 1.1.4322)" -
172.18.193.83 - - [26/May/2004:00:40:14 +0800] "GET /images/socmain_r3_c16.jpg HTTP/1.1" 304 - "http://www.comp.nus.edu.sg/" "Mozilla/4.0 (compatible; MSIE 6.0; Windows NT 5.1; .NET CLR 1.1.4322)" -
172.18.193.83 - - [26/May/2004:00:40:14 +0800] "GET /images/socmain_r5_c13.jpg HTTP/1.1" 304 - "http://www.comp.nus.edu.sg/" "Mozilla/4.0 (compatible; MSIE 6.0; Windows NT 5.1; .NET CLR 1.1.4322)" -
172.18.193.83 - - [26/May/2004:00:40:14 +0800] "GET /images/socmain_r5_c12.jpg HTTP/1.1" 304 - "http://www.comp.nus.edu.sg/" "Mozilla/4.0 (compatible; MSIE 6.0; Windows NT 5.1; .NET CLR 1.1.4322)" -
cd5113278.cable.wanadoo.nl - - [26/May/2004:00:40:14 +0800] "GET /~wongwf/ring3.html HTTP/1.1" 200 196 "http://images.google.nl/imgres?imgurl=www.comp.nus.edu.sg/~wongwf/ring3.jpg&imgrefurl=http://www.comp.nus.edu.sg/~wongwf/ring3.html&h=240&w=352&sz=19&tbnid=7OntwXQRoGYJ:&tbnh=79&tbnw=115&start=13&prev=/images%3Fq%3Dthe%2Bring%2Bmovie%26hl%3Dnl%26lr%3D%26ie%3DUTF-8" "Mozilla/4.0 (compatible; MSIE 6.0; Windows NT 5.1; Wanadoo Cable 2.0c)" -
172.18.193.83 - - [26/May/2004:00:40:14 +0800] "GET /images/socmain_r5_c14.jpg HTTP/1.1" 304 - "http://www.comp.nus.edu.sg/" "Mozilla/4.0 (compatible; MSIE 6.0; Windows NT 5.1; .NET CLR 1.1.4322)" -
172.18.193.83 - - [26/May/2004:00:40:14 +0800] "GET /images/trans.gif HTTP/1.1" 304 - "http://www.comp.nus.edu.sg/" "Mozilla/4.0 (compatible; MSIE 6.0; Windows NT 5.1; .NET CLR 1.1.4322)" -
172.18.193.83 - - [26/May/2004:00:40:14 +0800] "GET /images/sip.gif HTTP/1.1" 304 - "http://www.comp.nus.edu.sg/" "Mozilla/4.0 (compatible; MSIE 6.0; Windows NT 5.1; .NET CLR 1.1.4322)" -
172.18.193.83 - - [26/May/2004:00:40:14 +0800] "GET /images/sem-events.gif HTTP/1.1" 304 - "http://www.comp.nus.edu.sg/" "Mozilla/4.0 (compatible; MSIE 6.0; Windows NT 5.1; .NET CLR 1.1.4322)" -
172.18.193.83 - - [26/May/2004:00:40:14 +0800] "GET /images/socimage.jpg HTTP/1.1" 304 - "http://www.comp.nus.edu.sg/" "Mozilla/4.0 (compatible; MSIE 6.0; Windows NT 5.1; .NET CLR 1.1.4322)" -
172.18.193.83 - - [26/May/2004:00:40:14 +0800] "GET /images/socmain_r7_c1.jpg HTTP/1.1" 304 - "http://www.comp.nus.edu.sg/" "Mozilla/4.0 (compatible; MSIE 6.0; Windows NT 5.1; .NET CLR 1.1.4322)" -
172.18.193.83 - - [26/May/2004:00:40:14 +0800] "GET /images/socmain_r7_c2.jpg HTTP/1.1" 304 - "http://www.comp.nus.edu.sg/" "Mozilla/4.0 (compatible; MSIE 6.0; Windows NT 5.1; .NET CLR 1.1.4322)" -
172.18.193.83 - - [26/May/2004:00:40:14 +0800] "GET /images/socmain_r7_c4.jpg HTTP/1.1" 304 - "http://www.comp.nus.edu.sg/" "Mozilla/4.0 (compatible; MSIE 6.0; Windows NT 5.1; .NET CLR 1.1.4322)" -
172.18.193.83 - - [26/May/2004:00:40:14 +0800] "GET /images/socmain_r7_c5.jpg HTTP/1.1" 304 - "http://www.comp.nus.edu.sg/" "Mozilla/4.0 (compatible; MSIE 6.0; Windows NT 5.1; .NET CLR 1.1.4322)" -
172.18.193.83 - - [26/May/2004:00:40:14 +0800] "GET /images/socmain_r7_c9f.jpg HTTP/1.1" 304 - "http://www.comp.nus.edu.sg/" "Mozilla/4.0 (compatible; MSIE 6.0; Windows NT 5.1; .NET CLR 1.1.4322)" -
172.18.193.83 - - [26/May/2004:00:40:14 +0800] "GET /images/socmain_r7_c7.jpg HTTP/1.1" 304 - "http://www.comp.nus.edu.sg/" "Mozilla/4.0 (compatible; MSIE 6.0; Windows NT 5.1; .NET CLR 1.1.4322)" -
172.18.193.83 - - [26/May/2004:00:40:14 +0800] "GET /images/grey.gif HTTP/1.1" 304 - "http://www.comp.nus.edu.sg/" "Mozilla/4.0 (compatible; MSIE 6.0; Windows NT 5.1; .NET CLR 1.1.4322)" -
cd5113278.cable.wanadoo.nl - - [26/May/2004:00:40:15 +0800] "GET /~wongwf/ring3.jpg HTTP/1.1" 200 19371 "http://images.google.nl/imgres?imgurl=www.comp.nus.edu.sg/~wongwf/ring3.jpg&imgrefurl=http://www.comp.nus.edu.sg/~wongwf/ring3.html&h=240&w=352&sz=19&tbnid=7OntwXQRoGYJ:&tbnh=79&tbnw=115&prev=/images%3Fq%3Dthe%2Bring%2Bmovie%26hl%3Dnl%26lr%3D%26ie%3DUTF-8&frame=small" "Mozilla/4.0 (compatible; MSIE 6.0; Windows NT 5.1; Wanadoo Cable 2.0c)" -
cache2-lutn.server.ntli.net - - [26/May/2004:00:40:15 +0800] "GET /~sunyuan/images/nemo.gif HTTP/1.1" 304 - "-" "Mozilla/4.0 (compatible; MSIE 6.0; Windows NT 5.1; Circle0701)" 81.99.27.64
62.114.99.227 - - [26/May/2004:00:40:17 +0800] "GET /~cs2102/slides/cs2102-FD.pdf HTTP/1.1" 206 65536 "-" "Mozilla/4.0 (compatible; MSIE 5.5; Windows 98; Win 9x 4.90)" -
cd5113278.cable.wanadoo.nl - - [26/May/2004:00:40:18 +0800] "GET /~wongwf/ring3.html HTTP/1.1" 200 196 "http://images.google.nl/imgres?imgurl=www.comp.nus.edu.sg/~wongwf/ring3.jpg&imgrefurl=http://www.comp.nus.edu.sg/~wongwf/ring3.html&h=240&w=352&sz=19&tbnid=7OntwXQRoGYJ:&tbnh=79&tbnw=115&start=13&prev=/images%3Fq%3Dthe%2Bring%2Bmovie%26hl%3Dnl%26lr%3D%26ie%3DUTF-8" "Mozilla/4.0 (compatible; MSIE 6.0; Windows NT 5.1; Wanadoo Cable 2.0c)" -
ec2182.engga.uwo.ca - - [26/May/2004:00:40:18 +0800] "GET /~pris/FuzzyLogic/ReferencesDetailed1.html HTTP/1.1" 200 7238 "http://www.comp.nus.edu.sg/~pris/FuzzyLogic/SourceCodeDetailed1.html" "Mozilla/4.0 (compatible; MSIE 6.0; Windows NT 5.0; .NET CLR 1.0.3705; .NET CLR 1.1.4322)" -
165.21.154.11 - - [26/May/2004:00:40:20 +0800] "GET / HTTP/1.1" 200 8789 "-" "Mozilla/4.0 (compatible; MSIE 6.0; Windows NT 5.0)" 202.166.29.193, 165.21.154.144
165.21.154.9 - - [26/May/2004:00:40:20 +0800] "GET /images/nussocbanner.gif HTTP/1.1" 304 - "-" "Mozilla/3.01 (compatible;)" 165.21.154.151
165.21.154.10 - - [26/May/2004:00:40:20 +0800] "GET /images/socmain_r3_c6.jpg HTTP/1.1" 304 - "-" "Mozilla/3.01 (compatible;)" 165.21.154.152
165.21.154.17 - - [26/May/2004:00:40:20 +0800] "GET /images/facenghd.gif HTTP/1.1" 304 - "-" "Mozilla/3.01 (compatible;)" 165.21.154.144
165.21.154.11 - - [26/May/2004:00:40:21 +0800] "GET /images/recruitment.jpg HTTP/1.1" 304 - "-" "Mozilla/3.01 (compatible;)" 165.21.154.131
bbcache-9.singnet.com.sg - - [26/May/2004:00:40:21 +0800] "GET /~chenkewe/chiixanga.jpg HTTP/1.1" 200 32702 "http://www.xanga.com/Private/home.aspx?user=faeline" "Mozilla/4.0 (compatible; MSIE 6.0; Windows NT 5.1; Avant Browser [avantbrowser.com])" 220.255.88.168, 165.21.154.132
165.21.154.10 - - [26/May/2004:00:40:21 +0800] "GET /images/sip.gif HTTP/1.1" 304 - "-" "Mozilla/3.01 (compatible;)" 165.21.154.138
165.21.154.9 - - [26/May/2004:00:40:21 +0800] "GET /images/sem-events.gif HTTP/1.1" 304 - "-" "Mozilla/3.01 (compatible;)" 165.21.154.144
165.21.154.17 - - [26/May/2004:00:40:21 +0800] "GET /images/trans.gif HTTP/1.1" 304 - "-" "Mozilla/3.01 (compatible;)" 165.21.154.140
165.21.154.11 - - [26/May/2004:00:40:21 +0800] "GET /images/socimage.jpg HTTP/1.1" 304 - "-" "Mozilla/3.01 (compatible;)" 165.21.154.130
165.21.154.10 - - [26/May/2004:00:40:21 +0800] "GET /images/socmain_r7_c1.jpg HTTP/1.1" 304 - "-" "Mozilla/3.01 (compatible;)" 165.21.154.144
165.21.154.9 - - [26/May/2004:00:40:21 +0800] "GET /images/socmain_r7_c2.jpg HTTP/1.1" 304 - "-" "Mozilla/3.01 (compatible;)" 165.21.154.148
165.21.154.11 - - [26/May/2004:00:40:21 +0800] "GET /images/socmain_r7_c5.jpg HTTP/1.1" 304 - "-" "Mozilla/3.01 (compatible;)" 165.21.154.151
165.21.154.14 - - [26/May/2004:00:40:21 +0800] "GET /images/socmain_r7_c9f.jpg HTTP/1.1" 304 - "-" "Mozilla/3.01 (compatible;)" 165.21.154.138
165.21.154.17 - - [26/May/2004:00:40:21 +0800] "GET /images/socmain_r7_c4.jpg HTTP/1.1" 304 - "-" "Mozilla/3.01 (compatible;)" 165.21.154.150
210.240.173.187 - - [26/May/2004:00:40:22 +0800] "GET /~aplas/APLAS.html HTTP/1.1" 200 4155 "http://www.comp.nus.edu.sg/~aplas/index-top.htm" "Mozilla/4.0 (compatible; MSIE 6.0; Windows NT 5.1)" -
210.240.173.187 - - [26/May/2004:00:40:23 +0800] "GET /~aplas/images/APLAS_01.jpg HTTP/1.1" 200 2180 "http://www.comp.nus.edu.sg/~aplas/APLAS.html" "Mozilla/4.0 (compatible; MSIE 6.0; Windows NT 5.1)" -
210.240.173.187 - - [26/May/2004:00:40:23 +0800] "GET /~aplas/images/APLAS_02.jpg HTTP/1.1" 200 3567 "http://www.comp.nus.edu.sg/~aplas/APLAS.html" "Mozilla/4.0 (compatible; MSIE 6.0; Windows NT 5.1)" -
200.37.27.130 - - [26/May/2004:00:40:23 +0800] "GET /~stevenha/programming/acmoj.html HTTP/1.0" 200 20843 "http://acm.uva.es/problemset/" "Mozilla/4.0 (compatible; MSIE 5.5; Windows NT 4.0)" -
210.240.173.187 - - [26/May/2004:00:40:23 +0800] "GET /~aplas/images/APLAS_03.jpg HTTP/1.1" 200 3508 "http://www.comp.nus.edu.sg/~aplas/APLAS.html" "Mozilla/4.0 (compatible; MSIE 6.0; Windows NT 5.1)" -
200.37.27.130 - - [26/May/2004:00:40:23 +0800] "GET /~stevenha/_themes/blends/blen1010.css HTTP/1.0" 200 10775 "http://www.comp.nus.edu.sg/~stevenha/programming/acmoj.html" "Mozilla/4.0 (compatible; MSIE 5.5; Windows NT 4.0)" -
210.240.173.187 - - [26/May/2004:00:40:23 +0800] "GET /~aplas/images/APLAS_04.jpg HTTP/1.1" 200 1734 "http://www.comp.nus.edu.sg/~aplas/APLAS.html" "Mozilla/4.0 (compatible; MSIE 6.0; Windows NT 5.1)" -
210.240.173.187 - - [26/May/2004:00:40:23 +0800] "GET /~aplas/images/APLAS_05.jpg HTTP/1.1" 200 3253 "http://www.comp.nus.edu.sg/~aplas/APLAS.html" "Mozilla/4.0 (compatible; MSIE 6.0; Windows NT 5.1)" -
200.37.27.130 - - [26/May/2004:00:40:23 +0800] "GET /~stevenha/_borders/nuslogohome.gif HTTP/1.0" 200 3584 "http://www.comp.nus.edu.sg/~stevenha/programming/acmoj.html" "Mozilla/4.0 (compatible; MSIE 5.5; Windows NT 4.0)" -
200.37.27.130 - - [26/May/2004:00:40:23 +0800] "GET /~stevenha/GIF/acmoj.1.jpg HTTP/1.0" 200 15133 "http://www.comp.nus.edu.sg/~stevenha/programming/acmoj.html" "Mozilla/4.0 (compatible; MSIE 5.5; Windows NT 4.0)" -
210.240.173.187 - - [26/May/2004:00:40:24 +0800] "GET /~aplas/images/APLAS_06.jpg HTTP/1.1" 200 6142 "http://www.comp.nus.edu.sg/~aplas/APLAS.html" "Mozilla/4.0 (compatible; MSIE 6.0; Windows NT 5.1)" -
210.240.173.187 - - [26/May/2004:00:40:24 +0800] "GET /~aplas/images/APLAS_07.jpg HTTP/1.1" 200 5828 "http://www.comp.nus.edu.sg/~aplas/APLAS.html" "Mozilla/4.0 (compatible; MSIE 6.0; Windows NT 5.1)" -
210.240.173.187 - - [26/May/2004:00:40:24 +0800] "GET /~aplas/images/APLAS_08.jpg HTTP/1.1" 200 2334 "http://www.comp.nus.edu.sg/~aplas/APLAS.html" "Mozilla/4.0 (compatible; MSIE 6.0; Windows NT 5.1)" -
210.240.173.187 - - [26/May/2004:00:40:24 +0800] "GET /~aplas/images/APLAS_09.jpg HTTP/1.1" 200 5251 "http://www.comp.nus.edu.sg/~aplas/APLAS.html" "Mozilla/4.0 (compatible; MSIE 6.0; Windows NT 5.1)" -
210.240.173.187 - - [26/May/2004:00:40:24 +0800] "GET /~aplas/images/APLAS_10.jpg HTTP/1.1" 200 5038 "http://www.comp.nus.edu.sg/~aplas/APLAS.html" "Mozilla/4.0 (compatible; MSIE 6.0; Windows NT 5.1)" -
201.129.214.213 - - [26/May/2004:00:40:24 +0800] "GET /~sunyuan/ HTTP/1.1" 200 3152 "http://images.google.com.mx/imgres?imgurl=www.comp.nus.edu.sg/~sunyuan/images/nemo.gif&imgrefurl=http://www.comp.nus.edu.sg/~sunyuan/&h=248&w=275&sz=97&tbnid=2kEH2rEHlHsJ:&tbnh=98&tbnw=108&start=8&prev=/images%3Fq%3Dnemo%26hl%3Des%26lr%3D%26ie%3DUTF-8" "Mozilla/4.0 (compatible; MSIE 6.0; Windows NT 5.1)" -
210.240.173.187 - - [26/May/2004:00:40:24 +0800] "GET /~aplas/images/APLAS_11.jpg HTTP/1.1" 200 7784 "http://www.comp.nus.edu.sg/~aplas/APLAS.html" "Mozilla/4.0 (compatible; MSIE 6.0; Windows NT 5.1)" -
210.240.173.187 - - [26/May/2004:00:40:24 +0800] "GET /~aplas/images/APLAS_12.jpg HTTP/1.1" 200 4415 "http://www.comp.nus.edu.sg/~aplas/APLAS.html" "Mozilla/4.0 (compatible; MSIE 6.0; Windows NT 5.1)" -
210.240.173.187 - - [26/May/2004:00:40:24 +0800] "GET /~aplas/images/APLAS_13.jpg HTTP/1.1" 200 6594 "http://www.comp.nus.edu.sg/~aplas/APLAS.html" "Mozilla/4.0 (compatible; MSIE 6.0; Windows NT 5.1)" -
210.240.173.187 - - [26/May/2004:00:40:25 +0800] "GET /~aplas/images/APLAS_14.jpg HTTP/1.1" 200 7850 "http://www.comp.nus.edu.sg/~aplas/APLAS.html" "Mozilla/4.0 (compatible; MSIE 6.0; Windows NT 5.1)" -
210.240.173.187 - - [26/May/2004:00:40:25 +0800] "GET /~aplas/images/APLAS_15.jpg HTTP/1.1" 200 4915 "http://www.comp.nus.edu.sg/~aplas/APLAS.html" "Mozilla/4.0 (compatible; MSIE 6.0; Windows NT 5.1)" -
210.240.173.187 - - [26/May/2004:00:40:25 +0800] "GET /~aplas/images/APLAS_16.jpg HTTP/1.1" 200 6019 "http://www.comp.nus.edu.sg/~aplas/APLAS.html" "Mozilla/4.0 (compatible; MSIE 6.0; Windows NT 5.1)" -
211.75.91.2 - - [26/May/2004:00:40:25 +0800] "GET /~lijia1/sojourn/photography/berkerly/108-0843_img.htm HTTP/1.0" 200 1320 "-" "Mozilla/3.01 (compatible;)" -
210.240.173.187 - - [26/May/2004:00:40:25 +0800] "GET /~aplas/images/APLAS_17.jpg HTTP/1.1" 200 5336 "http://www.comp.nus.edu.sg/~aplas/APLAS.html" "Mozilla/4.0 (compatible; MSIE 6.0; Windows NT 5.1)" -
210.240.173.187 - - [26/May/2004:00:40:25 +0800] "GET /~aplas/images/APLAS_18.jpg HTTP/1.1" 200 8482 "http://www.comp.nus.edu.sg/~aplas/APLAS.html" "Mozilla/4.0 (compatible; MSIE 6.0; Windows NT 5.1)" -
210.240.173.187 - - [26/May/2004:00:40:25 +0800] "GET /~aplas/images/APLAS_19.jpg HTTP/1.1" 200 6373 "http://www.comp.nus.edu.sg/~aplas/APLAS.html" "Mozilla/4.0 (compatible; MSIE 6.0; Windows NT 5.1)" -
210.240.173.187 - - [26/May/2004:00:40:26 +0800] "GET /~aplas/images/APLAS_20.jpg HTTP/1.1" 200 3661 "http://www.comp.nus.edu.sg/~aplas/APLAS.html" "Mozilla/4.0 (compatible; MSIE 6.0; Windows NT 5.1)" -
210.240.173.187 - - [26/May/2004:00:40:26 +0800] "GET /~aplas/images/APLAS_21.jpg HTTP/1.1" 200 6877 "http://www.comp.nus.edu.sg/~aplas/APLAS.html" "Mozilla/4.0 (compatible; MSIE 6.0; Windows NT 5.1)" -
bbcache-17.singnet.com.sg - - [26/May/2004:00:40:26 +0800] "GET /~pidezhan/images/yuan.gif HTTP/1.1" 304 - "-" "Mozilla/3.01 (compatible;)" 165.21.154.138
210.240.173.187 - - [26/May/2004:00:40:26 +0800] "GET /~aplas/images/APLAS_23.jpg HTTP/1.1" 200 6678 "http://www.comp.nus.edu.sg/~aplas/APLAS.html" "Mozilla/4.0 (compatible; MSIE 6.0; Windows NT 5.1)" -
210.240.173.187 - - [26/May/2004:00:40:26 +0800] "GET /~aplas/images/APLAS_22.jpg HTTP/1.1" 200 8441 "http://www.comp.nus.edu.sg/~aplas/APLAS.html" "Mozilla/4.0 (compatible; MSIE 6.0; Windows NT 5.1)" -
210.240.173.187 - - [26/May/2004:00:40:26 +0800] "GET /~aplas/images/APLAS_24.jpg HTTP/1.1" 200 2348 "http://www.comp.nus.edu.sg/~aplas/APLAS.html" "Mozilla/4.0 (compatible; MSIE 6.0; Windows NT 5.1)" -
210.240.173.187 - - [26/May/2004:00:40:27 +0800] "GET /~aplas/images/APLAS_25.jpg HTTP/1.1" 200 4966 "http://www.comp.nus.edu.sg/~aplas/APLAS.html" "Mozilla/4.0 (compatible; MSIE 6.0; Windows NT 5.1)" -
210.240.173.187 - - [26/May/2004:00:40:27 +0800] "GET /~aplas/images/APLAS_26.jpg HTTP/1.1" 200 5845 "http://www.comp.nus.edu.sg/~aplas/APLAS.html" "Mozilla/4.0 (compatible; MSIE 6.0; Windows NT 5.1)" -
210.240.173.187 - - [26/May/2004:00:40:27 +0800] "GET /~aplas/images/APLAS_27.jpg HTTP/1.1" 200 5749 "http://www.comp.nus.edu.sg/~aplas/APLAS.html" "Mozilla/4.0 (compatible; MSIE 6.0; Windows NT 5.1)" -
210.240.173.187 - - [26/May/2004:00:40:27 +0800] "GET /~aplas/images/APLAS_28.jpg HTTP/1.1" 200 3696 "http://www.comp.nus.edu.sg/~aplas/APLAS.html" "Mozilla/4.0 (compatible; MSIE 6.0; Windows NT 5.1)" -
216.195.208.33 - - [26/May/2004:00:40:27 +0800] "GET /~dcheong/ HTTP/1.1" 404 291 "http://images.google.com/imgres?imgurl=www.comp.nus.edu.sg/~dcheong/ghost.jpg&imgrefurl=http://www.comp.nus.edu.sg/~dcheong/&h=600&w=800&sz=74&tbnid=EqAVt3UWRtMJ:&tbnh=106&tbnw=141&start=2&prev=/images%3Fq%3Dghost%2Bpictures%26hl%3Den%26lr%3D%26ie%3DUTF-8" "Mozilla/4.0 (compatible; MSIE 6.0; Windows NT 5.1)" -
210.240.173.187 - - [26/May/2004:00:40:27 +0800] "GET /~aplas/images/APLAS_29.jpg HTTP/1.1" 200 4539 "http://www.comp.nus.edu.sg/~aplas/APLAS.html" "Mozilla/4.0 (compatible; MSIE 6.0; Windows NT 5.1)" -
210.240.173.187 - - [26/May/2004:00:40:28 +0800] "GET /~aplas/images/APLAS_30.jpg HTTP/1.1" 200 5110 "http://www.comp.nus.edu.sg/~aplas/APLAS.html" "Mozilla/4.0 (compatible; MSIE 6.0; Windows NT 5.1)" -
210.240.173.187 - - [26/May/2004:00:40:28 +0800] "GET /~aplas/images/APLAS_31.jpg HTTP/1.1" 200 5326 "http://www.comp.nus.edu.sg/~aplas/APLAS.html" "Mozilla/4.0 (compatible; MSIE 6.0; Windows NT 5.1)" -
210.240.173.187 - - [26/May/2004:00:40:28 +0800] "GET /~aplas/images/APLAS_32.jpg HTTP/1.1" 200 4126 "http://www.comp.nus.edu.sg/~aplas/APLAS.html" "Mozilla/4.0 (compatible; MSIE 6.0; Windows NT 5.1)" -
201.129.214.213 - - [26/May/2004:00:40:28 +0800] "GET /~sunyuan/images/nemo.gif HTTP/1.1" 200 98407 "http://images.google.com.mx/imgres?imgurl=www.comp.nus.edu.sg/~sunyuan/images/nemo.gif&imgrefurl=http://www.comp.nus.edu.sg/~sunyuan/&h=248&w=275&sz=97&tbnid=2kEH2rEHlHsJ:&tbnh=98&tbnw=108&prev=/images%3Fq%3Dnemo%26hl%3Des%26lr%3D%26ie%3DUTF-8&frame=small" "Mozilla/4.0 (compatible; MSIE 6.0; Windows NT 5.1)" -
62.114.99.227 - - [26/May/2004:00:40:29 +0800] "GET /~cs2102/slides/cs2102-FD.pdf HTTP/1.1" 206 58854 "-" "Mozilla/4.0 (compatible; MSIE 5.5; Windows 98; Win 9x 4.90)" -
216.195.208.33 - - [26/May/2004:00:40:31 +0800] "GET /~dcheong/ghost.jpg HTTP/1.1" 404 300 "http://images.google.com/imgres?imgurl=www.comp.nus.edu.sg/~dcheong/ghost.jpg&imgrefurl=http://www.comp.nus.edu.sg/~dcheong/&h=600&w=800&sz=74&tbnid=EqAVt3UWRtMJ:&tbnh=106&tbnw=141&prev=/images%3Fq%3Dghost%2Bpictures%26hl%3Den%26lr%3D%26ie%3DUTF-8&frame=small" "Mozilla/4.0 (compatible; MSIE 6.0; Windows NT 5.1)" -
ip503de5cf.speed.planet.nl - - [26/May/2004:00:40:31 +0800] "GET /~sunyuan/images/nemo.gif HTTP/1.1" 200 98407 "http://harryweb.proboards21.com/index.cgi?board=general&num=1083701067&action=display&start=15" "Mozilla/4.0 (compatible; MSIE 6.0; Windows NT 5.1; FunWebProducts; Hotbar 4.4.6.0)" -
202.156.2.82 - - [26/May/2004:00:40:32 +0800] "GET / HTTP/1.1" 200 8789 "-" "Mozilla/4.0 (compatible; MSIE 6.0; Windows NT 5.1; .NET CLR 1.1.4322)" 218.186.67.203
202.156.2.82 - - [26/May/2004:00:40:32 +0800] "GET /nusstyles.css HTTP/1.1" 304 - "http://www.comp.nus.edu.sg/" "Mozilla/4.0 (compatible; MSIE 6.0; Windows NT 5.1; .NET CLR 1.1.4322)" 218.186.67.203
202.156.2.82 - - [26/May/2004:00:40:32 +0800] "GET /images/nussocbanner.gif HTTP/1.1" 304 - "http://www.comp.nus.edu.sg/" "Mozilla/4.0 (compatible; MSIE 6.0; Windows NT 5.1; .NET CLR 1.1.4322)" 218.186.67.203
202.156.2.82 - - [26/May/2004:00:40:32 +0800] "GET /images/facenghd.gif HTTP/1.1" 304 - "http://www.comp.nus.edu.sg/" "Mozilla/4.0 (compatible; MSIE 6.0; Windows NT 5.1; .NET CLR 1.1.4322)" 218.186.67.203
202.156.2.82 - - [26/May/2004:00:40:33 +0800] "GET /images/socmain_r3_c6.jpg HTTP/1.1" 304 - "http://www.comp.nus.edu.sg/" "Mozilla/4.0 (compatible; MSIE 6.0; Windows NT 5.1; .NET CLR 1.1.4322)" 218.186.67.203
202.156.2.82 - - [26/May/2004:00:40:33 +0800] "GET /images/socmain_r3_c8.jpg HTTP/1.1" 304 - "http://www.comp.nus.edu.sg/" "Mozilla/4.0 (compatible; MSIE 6.0; Windows NT 5.1; .NET CLR 1.1.4322)" 218.186.67.203
148.235.32.123 - - [26/May/2004:00:40:33 +0800] "GET /~sunyuan/ HTTP/1.1" 200 3152 "-" "Mozilla/4.0 (compatible; MSIE 5.17; Mac_PowerPC)" -
202.156.2.82 - - [26/May/2004:00:40:33 +0800] "GET /images/socmain_r3_c10.jpg HTTP/1.1" 304 - "http://www.comp.nus.edu.sg/" "Mozilla/4.0 (compatible; MSIE 6.0; Windows NT 5.1; .NET CLR 1.1.4322)" 218.186.67.203
202.156.2.82 - - [26/May/2004:00:40:33 +0800] "GET /images/socmain_r3_c11.jpg HTTP/1.1" 304 - "http://www.comp.nus.edu.sg/" "Mozilla/4.0 (compatible; MSIE 6.0; Windows NT 5.1; .NET CLR 1.1.4322)" 218.186.67.203
202.156.2.82 - - [26/May/2004:00:40:33 +0800] "GET /images/socmain_r3_c13.jpg HTTP/1.1" 304 - "http://www.comp.nus.edu.sg/" "Mozilla/4.0 (compatible; MSIE 6.0; Windows NT 5.1; .NET CLR 1.1.4322)" 218.186.67.203
216.195.208.33 - - [26/May/2004:00:40:33 +0800] "GET /~dcheong/ HTTP/1.1" 404 291 "http://images.google.com/imgres?imgurl=www.comp.nus.edu.sg/~dcheong/ghost.jpg&imgrefurl=http://www.comp.nus.edu.sg/~dcheong/&h=600&w=800&sz=74&tbnid=EqAVt3UWRtMJ:&tbnh=106&tbnw=141&start=2&prev=/images%3Fq%3Dghost%2Bpictures%26hl%3Den%26lr%3D%26ie%3DUTF-8" "Mozilla/4.0 (compatible; MSIE 6.0; Windows NT 5.1)" -
202.156.2.82 - - [26/May/2004:00:40:33 +0800] "GET /images/recruitment.jpg HTTP/1.1" 304 - "http://www.comp.nus.edu.sg/" "Mozilla/4.0 (compatible; MSIE 6.0; Windows NT 5.1; .NET CLR 1.1.4322)" 218.186.67.203
202.156.2.82 - - [26/May/2004:00:40:33 +0800] "GET /images/socmain_r3_c15.jpg HTTP/1.1" 304 - "http://www.comp.nus.edu.sg/" "Mozilla/4.0 (compatible; MSIE 6.0; Windows NT 5.1; .NET CLR 1.1.4322)" 218.186.67.203
202.156.2.82 - - [26/May/2004:00:40:33 +0800] "GET /images/socmain_r3_c16.jpg HTTP/1.1" 304 - "http://www.comp.nus.edu.sg/" "Mozilla/4.0 (compatible; MSIE 6.0; Windows NT 5.1; .NET CLR 1.1.4322)" 218.186.67.203
202.156.2.82 - - [26/May/2004:00:40:33 +0800] "GET /images/socmain_r5_c12.jpg HTTP/1.1" 304 - "http://www.comp.nus.edu.sg/" "Mozilla/4.0 (compatible; MSIE 6.0; Windows NT 5.1; .NET CLR 1.1.4322)" 218.186.67.203
202.156.2.82 - - [26/May/2004:00:40:33 +0800] "GET /images/socmain_r5_c13.jpg HTTP/1.1" 304 - "http://www.comp.nus.edu.sg/" "Mozilla/4.0 (compatible; MSIE 6.0; Windows NT 5.1; .NET CLR 1.1.4322)" 218.186.67.203
202.156.2.82 - - [26/May/2004:00:40:33 +0800] "GET /images/socmain_r5_c14.jpg HTTP/1.1" 304 - "http://www.comp.nus.edu.sg/" "Mozilla/4.0 (compatible; MSIE 6.0; Windows NT 5.1; .NET CLR 1.1.4322)" 218.186.67.203
202.156.2.82 - - [26/May/2004:00:40:33 +0800] "GET /images/trans.gif HTTP/1.1" 304 - "http://www.comp.nus.edu.sg/" "Mozilla/4.0 (compatible; MSIE 6.0; Windows NT 5.1; .NET CLR 1.1.4322)" 218.186.67.203
202.156.2.82 - - [26/May/2004:00:40:33 +0800] "GET /images/sip.gif HTTP/1.1" 304 - "http://www.comp.nus.edu.sg/" "Mozilla/4.0 (compatible; MSIE 6.0; Windows NT 5.1; .NET CLR 1.1.4322)" 218.186.67.203
202.156.2.82 - - [26/May/2004:00:40:33 +0800] "GET /images/sem-events.gif HTTP/1.1" 304 - "http://www.comp.nus.edu.sg/" "Mozilla/4.0 (compatible; MSIE 6.0; Windows NT 5.1; .NET CLR 1.1.4322)" 218.186.67.203
202.156.2.82 - - [26/May/2004:00:40:34 +0800] "GET /images/socimage.jpg HTTP/1.1" 304 - "http://www.comp.nus.edu.sg/" "Mozilla/4.0 (compatible; MSIE 6.0; Windows NT 5.1; .NET CLR 1.1.4322)" 218.186.67.203
202.156.2.82 - - [26/May/2004:00:40:34 +0800] "GET /images/socmain_r7_c1.jpg HTTP/1.1" 304 - "http://www.comp.nus.edu.sg/" "Mozilla/4.0 (compatible; MSIE 6.0; Windows NT 5.1; .NET CLR 1.1.4322)" 218.186.67.203
202.156.2.82 - - [26/May/2004:00:40:34 +0800] "GET /images/socmain_r7_c2.jpg HTTP/1.1" 304 - "http://www.comp.nus.edu.sg/" "Mozilla/4.0 (compatible; MSIE 6.0; Windows NT 5.1; .NET CLR 1.1.4322)" 218.186.67.203
202.156.2.82 - - [26/May/2004:00:40:34 +0800] "GET /images/socmain_r7_c4.jpg HTTP/1.1" 304 - "http://www.comp.nus.edu.sg/" "Mozilla/4.0 (compatible; MSIE 6.0; Windows NT 5.1; .NET CLR 1.1.4322)" 218.186.67.203
202.156.2.82 - - [26/May/2004:00:40:34 +0800] "GET /images/socmain_r7_c5.jpg HTTP/1.1" 304 - "http://www.comp.nus.edu.sg/" "Mozilla/4.0 (compatible; MSIE 6.0; Windows NT 5.1; .NET CLR 1.1.4322)" 218.186.67.203
202.156.2.82 - - [26/May/2004:00:40:34 +0800] "GET /images/socmain_r7_c7.jpg HTTP/1.1" 304 - "http://www.comp.nus.edu.sg/" "Mozilla/4.0 (compatible; MSIE 6.0; Windows NT 5.1; .NET CLR 1.1.4322)" 218.186.67.203
202.156.2.82 - - [26/May/2004:00:40:34 +0800] "GET /images/socmain_r7_c9f.jpg HTTP/1.1" 304 - "http://www.comp.nus.edu.sg/" "Mozilla/4.0 (compatible; MSIE 6.0; Windows NT 5.1; .NET CLR 1.1.4322)" 218.186.67.203
202.156.2.82 - - [26/May/2004:00:40:34 +0800] "GET /images/grey.gif HTTP/1.1" 304 - "http://www.comp.nus.edu.sg/" "Mozilla/4.0 (compatible; MSIE 6.0; Windows NT 5.1; .NET CLR 1.1.4322)" 218.186.67.203
emn-agsl-ba99.adsl.wanadoo.nl - - [26/May/2004:00:40:34 +0800] "GET /~zhangdon/photo/wc2002/ballack.jpg HTTP/1.1" 200 32768 "http://www.look2me.nl/profiel_show.php?user=kayajax" "Mozilla/4.0 (compatible; MSIE 6.0; Windows NT 5.1)" -
148.235.32.123 - - [26/May/2004:00:40:34 +0800] "GET /~sunyuan/images/index_r1_c1.gif HTTP/1.1" 200 1887 "http://www.comp.nus.edu.sg/~sunyuan/" "Mozilla/4.0 (compatible; MSIE 5.17; Mac_PowerPC)" -
148.235.32.123 - - [26/May/2004:00:40:35 +0800] "GET /~sunyuan/images/index_r2_c3.gif HTTP/1.1" 200 11308 "http://www.comp.nus.edu.sg/~sunyuan/" "Mozilla/4.0 (compatible; MSIE 5.17; Mac_PowerPC)" -
66.196.90.54 - - [26/May/2004:00:40:35 +0800] "GET /~hemnania/papers/p245-cole.pdf HTTP/1.0" 404 300 "-" "Mozilla/5.0 (compatible; Yahoo! Slurp; http://help.yahoo.com/help/us/ysearch/slurp)" -
210.240.173.187 - - [26/May/2004:00:40:36 +0800] "GET /~aplas/main.htm HTTP/1.1" 200 15956 "http://www.comp.nus.edu.sg/~aplas/index-top.htm" "Mozilla/4.0 (compatible; MSIE 6.0; Windows NT 5.1)" -
adsl91.dyn205.pacific.net.sg - - [26/May/2004:00:40:36 +0800] "GET /~ngziming/P1010033.jpg HTTP/1.1" 404 304 "-" "Mozilla/4.0 (compatible; MSIE 6.0; Windows NT 5.1)" -
213.48.73.94 - - [26/May/2004:00:40:36 +0800] "GET / HTTP/1.1" 200 8789 "http://search.windowsmedia.com/search/ClickTracking/Redir.htm?dest=http%3A//www.comp.nus.edu.sg" "Mozilla/4.0 (compatible; MSIE 6.0; Windows NT 5.1)" -
148.235.32.123 - - [26/May/2004:00:40:37 +0800] "GET /~sunyuan/images/index_r2_c1.gif HTTP/1.1" 200 12459 "http://www.comp.nus.edu.sg/~sunyuan/" "Mozilla/4.0 (compatible; MSIE 5.17; Mac_PowerPC)" -
213.48.73.94 - - [26/May/2004:00:40:37 +0800] "GET /nusstyles.css HTTP/1.1" 200 804 "http://www.comp.nus.edu.sg/" "Mozilla/4.0 (compatible; MSIE 6.0; Windows NT 5.1)" -
213.48.73.94 - - [26/May/2004:00:40:37 +0800] "GET /images/nussocbanner.gif HTTP/1.1" 200 2693 "http://www.comp.nus.edu.sg/" "Mozilla/4.0 (compatible; MSIE 6.0; Windows NT 5.1)" -
201.129.214.213 - - [26/May/2004:00:40:37 +0800] "GET /~sunyuan/ HTTP/1.1" 200 3152 "http://images.google.com.mx/imgres?imgurl=www.comp.nus.edu.sg/~sunyuan/images/nemo.gif&imgrefurl=http://www.comp.nus.edu.sg/~sunyuan/&h=248&w=275&sz=97&tbnid=2kEH2rEHlHsJ:&tbnh=98&tbnw=108&start=8&prev=/images%3Fq%3Dnemo%26hl%3Des%26lr%3D%26ie%3DUTF-8" "Mozilla/4.0 (compatible; MSIE 6.0; Windows NT 5.1)" -
148.235.32.123 - - [26/May/2004:00:40:38 +0800] "GET /~sunyuan/images/index_r3_c2.gif HTTP/1.1" 200 8177 "http://www.comp.nus.edu.sg/~sunyuan/" "Mozilla/4.0 (compatible; MSIE 5.17; Mac_PowerPC)" -
201.129.214.213 - - [26/May/2004:00:40:38 +0800] "GET /~sunyuan/images/index_r2_c1.gif HTTP/1.1" 200 12459 "http://www.comp.nus.edu.sg/~sunyuan/" "Mozilla/4.0 (compatible; MSIE 6.0; Windows NT 5.1)" -
213.48.73.94 - - [26/May/2004:00:40:38 +0800] "GET /images/facenghd.gif HTTP/1.1" 200 1130 "http://www.comp.nus.edu.sg/" "Mozilla/4.0 (compatible; MSIE 6.0; Windows NT 5.1)" -
213.48.73.94 - - [26/May/2004:00:40:38 +0800] "GET /images/socmain_r3_c6.jpg HTTP/1.1" 200 1575 "http://www.comp.nus.edu.sg/" "Mozilla/4.0 (compatible; MSIE 6.0; Windows NT 5.1)" -
213.48.73.94 - - [26/May/2004:00:40:38 +0800] "GET /images/socmain_r3_c8.jpg HTTP/1.1" 200 1624 "http://www.comp.nus.edu.sg/" "Mozilla/4.0 (compatible; MSIE 6.0; Windows NT 5.1)" -
213.48.73.94 - - [26/May/2004:00:40:39 +0800] "GET /images/socmain_r3_c10.jpg HTTP/1.1" 200 1244 "http://www.comp.nus.edu.sg/" "Mozilla/4.0 (compatible; MSIE 6.0; Windows NT 5.1)" -
213.48.73.94 - - [26/May/2004:00:40:39 +0800] "GET /images/socmain_r3_c11.jpg HTTP/1.1" 200 1265 "http://www.comp.nus.edu.sg/" "Mozilla/4.0 (compatible; MSIE 6.0; Windows NT 5.1)" -
213.48.73.94 - - [26/May/2004:00:40:39 +0800] "GET /images/socmain_r3_c13.jpg HTTP/1.1" 200 7938 "http://www.comp.nus.edu.sg/" "Mozilla/4.0 (compatible; MSIE 6.0; Windows NT 5.1)" -
213.48.73.94 - - [26/May/2004:00:40:39 +0800] "GET /images/recruitment.jpg HTTP/1.1" 200 11411 "http://www.comp.nus.edu.sg/" "Mozilla/4.0 (compatible; MSIE 6.0; Windows NT 5.1)" -
213.48.73.94 - - [26/May/2004:00:40:40 +0800] "GET /images/socmain_r3_c15.jpg HTTP/1.1" 200 1177 "http://www.comp.nus.edu.sg/" "Mozilla/4.0 (compatible; MSIE 6.0; Windows NT 5.1)" -
213.48.73.94 - - [26/May/2004:00:40:40 +0800] "GET /images/socmain_r3_c16.jpg HTTP/1.1" 200 1437 "http://www.comp.nus.edu.sg/" "Mozilla/4.0 (compatible; MSIE 6.0; Windows NT 5.1)" -
213.48.73.94 - - [26/May/2004:00:40:40 +0800] "GET /images/socmain_r5_c12.jpg HTTP/1.1" 200 12013 "http://www.comp.nus.edu.sg/" "Mozilla/4.0 (compatible; MSIE 6.0; Windows NT 5.1)" -
213.48.73.94 - - [26/May/2004:00:40:40 +0800] "GET /images/socmain_r5_c13.jpg HTTP/1.1" 200 11451 "http://www.comp.nus.edu.sg/" "Mozilla/4.0 (compatible; MSIE 6.0; Windows NT 5.1)" -
siux05.si.ehu.es - - [26/May/2004:00:40:41 +0800] "GET /~stan/PAPERS/IEE-cbse-post.pdf HTTP/1.1" 200 1018923 "http://www.google.com/search?as_q=components+customisation+and+evolution&num=10&hl=en&ie=UTF-8&btnG=Google+Search&as_epq=&as_oq=&as_eq=&lr=&as_ft=i&as_filetype=&as_qdr=all&as_nlo=&as_nhi=&as_occt=any&as_dt=i&as_sitesearch=&safe=images" "Mozilla/5.0 (Windows; U; Windows NT 5.0; es-ES; rv:0.9.4) Gecko/20011019 Netscape6/6.2" -
213.48.73.94 - - [26/May/2004:00:40:41 +0800] "GET /images/socmain_r5_c14.jpg HTTP/1.1" 200 4432 "http://www.comp.nus.edu.sg/" "Mozilla/4.0 (compatible; MSIE 6.0; Windows NT 5.1)" -
213.48.73.94 - - [26/May/2004:00:40:41 +0800] "GET /images/trans.gif HTTP/1.1" 200 64 "http://www.comp.nus.edu.sg/" "Mozilla/4.0 (compatible; MSIE 6.0; Windows NT 5.1)" -
213.48.73.94 - - [26/May/2004:00:40:42 +0800] "GET /images/sip.gif HTTP/1.1" 200 791 "http://www.comp.nus.edu.sg/" "Mozilla/4.0 (compatible; MSIE 6.0; Windows NT 5.1)" -
213.48.73.94 - - [26/May/2004:00:40:42 +0800] "GET /images/sem-events.gif HTTP/1.1" 200 692 "http://www.comp.nus.edu.sg/" "Mozilla/4.0 (compatible; MSIE 6.0; Windows NT 5.1)" -
213.48.73.94 - - [26/May/2004:00:40:44 +0800] "GET /images/socimage.jpg HTTP/1.1" 200 41463 "http://www.comp.nus.edu.sg/" "Mozilla/4.0 (compatible; MSIE 6.0; Windows NT 5.1)" -
213.48.73.94 - - [26/May/2004:00:40:44 +0800] "GET /images/socmain_r7_c1.jpg HTTP/1.1" 200 1253 "http://www.comp.nus.edu.sg/" "Mozilla/4.0 (compatible; MSIE 6.0; Windows NT 5.1)" -
213.48.73.94 - - [26/May/2004:00:40:44 +0800] "GET /images/socmain_r7_c2.jpg HTTP/1.1" 200 1164 "http://www.comp.nus.edu.sg/" "Mozilla/4.0 (compatible; MSIE 6.0; Windows NT 5.1)" -
213.48.73.94 - - [26/May/2004:00:40:44 +0800] "GET /images/socmain_r7_c4.jpg HTTP/1.1" 200 804 "http://www.comp.nus.edu.sg/" "Mozilla/4.0 (compatible; MSIE 6.0; Windows NT 5.1)" -
213.48.73.94 - - [26/May/2004:00:40:45 +0800] "GET /images/socmain_r7_c5.jpg HTTP/1.1" 200 882 "http://www.comp.nus.edu.sg/" "Mozilla/4.0 (compatible; MSIE 6.0; Windows NT 5.1)" -
213.48.73.94 - - [26/May/2004:00:40:45 +0800] "GET /images/socmain_r7_c7.jpg HTTP/1.1" 200 1020 "http://www.comp.nus.edu.sg/" "Mozilla/4.0 (compatible; MSIE 6.0; Windows NT 5.1)" -
213.48.73.94 - - [26/May/2004:00:40:45 +0800] "GET /images/socmain_r7_c9f.jpg HTTP/1.1" 200 816 "http://www.comp.nus.edu.sg/" "Mozilla/4.0 (compatible; MSIE 6.0; Windows NT 5.1)" -
213.48.73.94 - - [26/May/2004:00:40:45 +0800] "GET /images/grey.gif HTTP/1.1" 200 133 "http://www.comp.nus.edu.sg/" "Mozilla/4.0 (compatible; MSIE 6.0; Windows NT 5.1)" -
crawl22-public.alexa.com - - [26/May/2004:00:40:47 +0800] "GET /~nguyenvu/Lyrics/English/Britney---Don't_let_me_be_the_last.htm HTTP/1.0" 200 14692 "-" "ia_archiver" -
j3.spt20.jaring.my - - [26/May/2004:00:40:50 +0800] "GET /~dpoo/courses/extCourses/sad.pdf HTTP/1.1" 200 30893 "-" "Mozilla/4.0 (compatible; MSIE 6.0; Windows NT 5.1; .NET CLR 1.0.3705)" -
193-31.priv.nus.edu.sg - - [26/May/2004:00:40:53 +0800] "GET /~luutrung/sign.jpg HTTP/1.1" 200 25623 "http://forum.vncnus.net/viewtopic.php?t=7939&postdays=0&postorder=asc&start=15" "Mozilla/4.0 (compatible; MSIE 6.0; Windows NT 5.1)" -
pcd649068.netvigator.com - - [26/May/2004:00:40:53 +0800] "GET /~nghoongk/lyrics/c.gif HTTP/1.1" 200 870 "http://www.comp.nus.edu.sg/~nghoongk/lyrics/singer407-1.html" "Mozilla/4.0 (compatible; MSIE 6.0; Windows NT 5.1; .NET CLR 1.0.3621)" -
pcd649068.netvigator.com - - [26/May/2004:00:40:53 +0800] "GET /~nghoongk/lyrics/singer407-1.html HTTP/1.1" 200 16385 "http://www.google.com.hk/search?q=%E7%84%A1%E5%AE%B3%E6%80%95+%E7%9C%9F%E6%84%9B%E6%B0%B8%E9%81%A0%E4%B8%8D%E6%AD%BB&ie=UTF-8&hl=zh-TW&meta=" "Mozilla/4.0 (compatible; MSIE 6.0; Windows NT 5.1; .NET CLR 1.0.3621)" -
pcd649068.netvigator.com - - [26/May/2004:00:40:53 +0800] "GET /~nghoongk/lyrics/m.gif HTTP/1.1" 200 872 "http://www.comp.nus.edu.sg/~nghoongk/lyrics/singer407-1.html" "Mozilla/4.0 (compatible; MSIE 6.0; Windows NT 5.1; .NET CLR 1.0.3621)" -
kf-ron-fp01-213.dial.kabelfoon.nl - - [26/May/2004:00:40:54 +0800] "GET /~sunyuan/images/nemo.gif HTTP/1.1" 200 98407 "http://www.cu2.nl/profile.php" "Mozilla/4.0 (compatible; MSIE 5.0; Windows 98; DigExt)" -
193-12.priv.nus.edu.sg - - [26/May/2004:00:40:56 +0800] "GET /~levinhda/matlab/Dave%2520R.%2520Axe%2520kick%2520copy.jpg HTTP/1.1" 304 - "http://forum.vncnus.net/viewtopic.php?t=8067&highlight=" "Mozilla/4.0 (compatible; MSIE 6.0; Windows NT 5.1)" -
193-12.priv.nus.edu.sg - - [26/May/2004:00:40:56 +0800] "GET /~levinhda/matlab/Danaxe%2520TOUR.gif HTTP/1.1" 304 - "http://forum.vncnus.net/viewtopic.php?t=8067&highlight=" "Mozilla/4.0 (compatible; MSIE 6.0; Windows NT 5.1)" -
213.48.73.94 - - [26/May/2004:00:40:56 +0800] "GET /~hengak/SOONG/soong_02.mp3 HTTP/1.1" 200 360448 "-" "NSPlayer/9.0.0.2980 WMFSDK/9.0" -
193-31.priv.nus.edu.sg - - [26/May/2004:00:40:58 +0800] "GET /~huynhthi/chickendance.gif HTTP/1.1" 304 - "http://forum.vncnus.net/viewtopic.php?t=7939" "Mozilla/4.0 (compatible; MSIE 6.0; Windows NT 5.1)" -
193-31.priv.nus.edu.sg - - [26/May/2004:00:40:58 +0800] "GET /~lengocsa/kirimaru-s2.jpg HTTP/1.1" 304 - "http://forum.vncnus.net/viewtopic.php?t=7939" "Mozilla/4.0 (compatible; MSIE 6.0; Windows NT 5.1)" -
148.235.32.123 - - [26/May/2004:00:40:58 +0800] "GET /~sunyuan/images/nemo.gif HTTP/1.1" 200 98407 "http://www.comp.nus.edu.sg/~sunyuan/" "Mozilla/4.0 (compatible; MSIE 5.17; Mac_PowerPC)" -
cm203-168-222-34.hkcable.com.hk - - [26/May/2004:00:40:58 +0800] "GET /~nghoongk/lyrics/singer338-1.html HTTP/1.1" 200 15098 "http://search.hk.yahoo.com/yc/hk?tab=&p=%A4d%E5_%BAq%B5%FC&u=B&tx=d&s=-ut&k=%A4d%E5_%BAq%B5%FC" "Mozilla/4.0 (compatible; MSIE 6.0; Windows NT 5.1)" 61.18.204.17
cm203-168-222-34.hkcable.com.hk - - [26/May/2004:00:40:59 +0800] "GET /~nghoongk/lyrics/m.gif HTTP/1.1" 200 872 "http://www.comp.nus.edu.sg/~nghoongk/lyrics/singer338-1.html" "Mozilla/4.0 (compatible; MSIE 6.0; Windows NT 5.1)" 61.18.204.17
193-12.priv.nus.edu.sg - - [26/May/2004:00:40:59 +0800] "GET /~lengocsa/kirimaru-s2.jpg HTTP/1.1" 304 - "http://forum.vncnus.net/viewtopic.php?t=8067&highlight=" "Mozilla/4.0 (compatible; MSIE 6.0; Windows NT 5.1)" -
watchhouse.hei.org - - [26/May/2004:00:41:00 +0800] "GET /~nghoongk/lyrics/singer511-1.html HTTP/1.1" 200 2433 "http://search.hk.yahoo.com/yc/hk?p=%ac%dc%c0Y%a4%a3%a6A%b2r%bdK&u=B" "Mozilla/4.0 (compatible; MSIE 5.01; Windows 98; MYSINGTEL)" -
adsl91.dyn205.pacific.net.sg - - [26/May/2004:00:41:00 +0800] "GET /~ngziming/P1010033.JPG HTTP/1.1" 200 767753 "-" "Mozilla/4.0 (compatible; MSIE 6.0; Windows NT 5.1)" -
ip91353b84.speed.planet.nl - - [26/May/2004:00:41:01 +0800] "GET /~sunyuan/images/nemo.gif HTTP/1.1" 200 0 "-" "Mozilla/4.0 (compatible; MSIE 6.0; Windows NT 5.1; ESB{BA36F6A8-60E7-4E2A-842B-0CC4CEE8F7A0}; .NET CLR 1.1.4322)" -
watchhouse.hei.org - - [26/May/2004:00:41:01 +0800] "GET /~nghoongk/lyrics/c.gif HTTP/1.1" 200 870 "http://www.comp.nus.edu.sg/~nghoongk/lyrics/singer511-1.html" "Mozilla/4.0 (compatible; MSIE 5.01; Windows 98; MYSINGTEL)" -
213.48.73.94 - - [26/May/2004:00:41:01 +0800] "GET / HTTP/1.1" 200 8789 "http://search.windowsmedia.com/search/ClickTracking/Redir.htm?dest=http%3A//www.comp.nus.edu.sg" "Mozilla/4.0 (compatible; MSIE 6.0; Windows NT 5.1)" -
213.48.73.94 - - [26/May/2004:00:41:02 +0800] "GET /images/nussocbanner.gif HTTP/1.1" 200 2693 "http://www.comp.nus.edu.sg/" "Mozilla/4.0 (compatible; MSIE 6.0; Windows NT 5.1)" -
213.48.73.94 - - [26/May/2004:00:41:02 +0800] "GET /nusstyles.css HTTP/1.1" 200 804 "http://www.comp.nus.edu.sg/" "Mozilla/4.0 (compatible; MSIE 6.0; Windows NT 5.1)" -
213.48.73.94 - - [26/May/2004:00:41:02 +0800] "GET /images/socmain_r3_c6.jpg HTTP/1.1" 200 1575 "http://www.comp.nus.edu.sg/" "Mozilla/4.0 (compatible; MSIE 6.0; Windows NT 5.1)" -
213.48.73.94 - - [26/May/2004:00:41:03 +0800] "GET /images/facenghd.gif HTTP/1.1" 200 1130 "http://www.comp.nus.edu.sg/" "Mozilla/4.0 (compatible; MSIE 6.0; Windows NT 5.1)" -
213.48.73.94 - - [26/May/2004:00:41:03 +0800] "GET /images/socmain_r3_c8.jpg HTTP/1.1" 200 1624 "http://www.comp.nus.edu.sg/" "Mozilla/4.0 (compatible; MSIE 6.0; Windows NT 5.1)" -
213.48.73.94 - - [26/May/2004:00:41:03 +0800] "GET /images/socmain_r3_c10.jpg HTTP/1.1" 200 1244 "http://www.comp.nus.edu.sg/" "Mozilla/4.0 (compatible; MSIE 6.0; Windows NT 5.1)" -
213.48.73.94 - - [26/May/2004:00:41:03 +0800] "GET /images/socmain_r3_c11.jpg HTTP/1.1" 200 1265 "http://www.comp.nus.edu.sg/" "Mozilla/4.0 (compatible; MSIE 6.0; Windows NT 5.1)" -
213.48.73.94 - - [26/May/2004:00:41:04 +0800] "GET /images/socmain_r3_c13.jpg HTTP/1.1" 200 7938 "http://www.comp.nus.edu.sg/" "Mozilla/4.0 (compatible; MSIE 6.0; Windows NT 5.1)" -
194.216.132.99 - - [26/May/2004:00:41:04 +0800] "GET /~keexuyua/pictures/skillz.gif HTTP/1.0" 200 5857 "http://www.koptalk.org/forums/showflat.php/Cat/0/Number/274120/page/0/view/collapsed/sb/5/o/all/fpart/1" "Mozilla/4.0 (compatible; MSIE 6.0; Windows NT 5.0)" -
213.48.73.94 - - [26/May/2004:00:41:05 +0800] "GET /images/socmain_r3_c15.jpg HTTP/1.1" 200 1177 "http://www.comp.nus.edu.sg/" "Mozilla/4.0 (compatible; MSIE 6.0; Windows NT 5.1)" -
213.48.73.94 - - [26/May/2004:00:41:05 +0800] "GET /images/socmain_r3_c16.jpg HTTP/1.1" 200 1437 "http://www.comp.nus.edu.sg/" "Mozilla/4.0 (compatible; MSIE 6.0; Windows NT 5.1)" -
213.48.73.94 - - [26/May/2004:00:41:06 +0800] "GET /images/recruitment.jpg HTTP/1.1" 200 11411 "http://www.comp.nus.edu.sg/" "Mozilla/4.0 (compatible; MSIE 6.0; Windows NT 5.1)" -
213.48.73.94 - - [26/May/2004:00:41:06 +0800] "GET /images/socmain_r5_c12.jpg HTTP/1.1" 200 12013 "http://www.comp.nus.edu.sg/" "Mozilla/4.0 (compatible; MSIE 6.0; Windows NT 5.1)" -
lj1052.inktomisearch.com - - [26/May/2004:00:41:06 +0800] "GET /~fangll/jdk1.2.2/docs/api/java/security/class-use/DigestException.html HTTP/1.0" 404 340 "-" "Mozilla/5.0 (compatible; Yahoo! Slurp; http://help.yahoo.com/help/us/ysearch/slurp)" -
213.48.73.94 - - [26/May/2004:00:41:06 +0800] "GET /images/socmain_r5_c13.jpg HTTP/1.1" 200 11451 "http://www.comp.nus.edu.sg/" "Mozilla/4.0 (compatible; MSIE 6.0; Windows NT 5.1)" -
213.48.73.94 - - [26/May/2004:00:41:06 +0800] "GET /images/socmain_r5_c14.jpg HTTP/1.1" 200 4432 "http://www.comp.nus.edu.sg/" "Mozilla/4.0 (compatible; MSIE 6.0; Windows NT 5.1)" -
213.48.73.94 - - [26/May/2004:00:41:07 +0800] "GET /images/trans.gif HTTP/1.1" 200 64 "http://www.comp.nus.edu.sg/" "Mozilla/4.0 (compatible; MSIE 6.0; Windows NT 5.1)" -
213.48.73.94 - - [26/May/2004:00:41:07 +0800] "GET /images/sip.gif HTTP/1.1" 200 791 "http://www.comp.nus.edu.sg/" "Mozilla/4.0 (compatible; MSIE 6.0; Windows NT 5.1)" -
213.48.73.94 - - [26/May/2004:00:41:07 +0800] "GET /images/sem-events.gif HTTP/1.1" 200 692 "http://www.comp.nus.edu.sg/" "Mozilla/4.0 (compatible; MSIE 6.0; Windows NT 5.1)" -
213.48.73.94 - - [26/May/2004:00:41:08 +0800] "GET /images/socmain_r7_c1.jpg HTTP/1.1" 200 1253 "http://www.comp.nus.edu.sg/" "Mozilla/4.0 (compatible; MSIE 6.0; Windows NT 5.1)" -
213.48.73.94 - - [26/May/2004:00:41:08 +0800] "GET /images/socmain_r7_c2.jpg HTTP/1.1" 200 1164 "http://www.comp.nus.edu.sg/" "Mozilla/4.0 (compatible; MSIE 6.0; Windows NT 5.1)" -
172.18.201.20 - - [26/May/2004:00:41:08 +0800] "GET / HTTP/1.1" 200 8789 "-" "Mozilla/4.0 (compatible; MSIE 6.0; Windows NT 5.1)" -
172.18.201.20 - - [26/May/2004:00:41:09 +0800] "GET /nusstyles.css HTTP/1.1" 304 - "http://www.comp.nus.edu.sg/" "Mozilla/4.0 (compatible; MSIE 6.0; Windows NT 5.1)" -
172.18.201.20 - - [26/May/2004:00:41:09 +0800] "GET /images/nussocbanner.gif HTTP/1.1" 304 - "http://www.comp.nus.edu.sg/" "Mozilla/4.0 (compatible; MSIE 6.0; Windows NT 5.1)" -
213.48.73.94 - - [26/May/2004:00:41:09 +0800] "GET /images/socimage.jpg HTTP/1.1" 200 41463 "http://www.comp.nus.edu.sg/" "Mozilla/4.0 (compatible; MSIE 6.0; Windows NT 5.1)" -
172.18.201.20 - - [26/May/2004:00:41:09 +0800] "GET /images/facenghd.gif HTTP/1.1" 304 - "http://www.comp.nus.edu.sg/" "Mozilla/4.0 (compatible; MSIE 6.0; Windows NT 5.1)" -
172.18.201.20 - - [26/May/2004:00:41:09 +0800] "GET /images/socmain_r3_c6.jpg HTTP/1.1" 304 - "http://www.comp.nus.edu.sg/" "Mozilla/4.0 (compatible; MSIE 6.0; Windows NT 5.1)" -
172.18.201.20 - - [26/May/2004:00:41:09 +0800] "GET /images/socmain_r3_c8.jpg HTTP/1.1" 304 - "http://www.comp.nus.edu.sg/" "Mozilla/4.0 (compatible; MSIE 6.0; Windows NT 5.1)" -
172.18.201.20 - - [26/May/2004:00:41:09 +0800] "GET /images/socmain_r3_c10.jpg HTTP/1.1" 304 - "http://www.comp.nus.edu.sg/" "Mozilla/4.0 (compatible; MSIE 6.0; Windows NT 5.1)" -
172.18.201.20 - - [26/May/2004:00:41:09 +0800] "GET /images/socmain_r3_c11.jpg HTTP/1.1" 304 - "http://www.comp.nus.edu.sg/" "Mozilla/4.0 (compatible; MSIE 6.0; Windows NT 5.1)" -
172.18.201.20 - - [26/May/2004:00:41:09 +0800] "GET /images/socmain_r3_c13.jpg HTTP/1.1" 304 - "http://www.comp.nus.edu.sg/" "Mozilla/4.0 (compatible; MSIE 6.0; Windows NT 5.1)" -
172.18.201.20 - - [26/May/2004:00:41:09 +0800] "GET /images/recruitment.jpg HTTP/1.1" 304 - "http://www.comp.nus.edu.sg/" "Mozilla/4.0 (compatible; MSIE 6.0; Windows NT 5.1)" -
172.18.201.20 - - [26/May/2004:00:41:09 +0800] "GET /images/socmain_r3_c15.jpg HTTP/1.1" 304 - "http://www.comp.nus.edu.sg/" "Mozilla/4.0 (compatible; MSIE 6.0; Windows NT 5.1)" -
172.18.201.20 - - [26/May/2004:00:41:09 +0800] "GET /images/socmain_r3_c16.jpg HTTP/1.1" 304 - "http://www.comp.nus.edu.sg/" "Mozilla/4.0 (compatible; MSIE 6.0; Windows NT 5.1)" -
172.18.201.20 - - [26/May/2004:00:41:10 +0800] "GET /images/socmain_r5_c12.jpg HTTP/1.1" 304 - "http://www.comp.nus.edu.sg/" "Mozilla/4.0 (compatible; MSIE 6.0; Windows NT 5.1)" -
172.18.201.20 - - [26/May/2004:00:41:10 +0800] "GET /images/socmain_r5_c13.jpg HTTP/1.1" 304 - "http://www.comp.nus.edu.sg/" "Mozilla/4.0 (compatible; MSIE 6.0; Windows NT 5.1)" -
213.48.73.94 - - [26/May/2004:00:41:10 +0800] "GET /images/socmain_r7_c4.jpg HTTP/1.1" 200 804 "http://www.comp.nus.edu.sg/" "Mozilla/4.0 (compatible; MSIE 6.0; Windows NT 5.1)" -
172.18.201.20 - - [26/May/2004:00:41:10 +0800] "GET /images/socmain_r5_c14.jpg HTTP/1.1" 304 - "http://www.comp.nus.edu.sg/" "Mozilla/4.0 (compatible; MSIE 6.0; Windows NT 5.1)" -
172.18.201.20 - - [26/May/2004:00:41:10 +0800] "GET /images/trans.gif HTTP/1.1" 304 - "http://www.comp.nus.edu.sg/" "Mozilla/4.0 (compatible; MSIE 6.0; Windows NT 5.1)" -
172.18.201.20 - - [26/May/2004:00:41:10 +0800] "GET /images/sip.gif HTTP/1.1" 304 - "http://www.comp.nus.edu.sg/" "Mozilla/4.0 (compatible; MSIE 6.0; Windows NT 5.1)" -
172.18.201.20 - - [26/May/2004:00:41:10 +0800] "GET /images/sem-events.gif HTTP/1.1" 304 - "http://www.comp.nus.edu.sg/" "Mozilla/4.0 (compatible; MSIE 6.0; Windows NT 5.1)" -
172.18.201.20 - - [26/May/2004:00:41:10 +0800] "GET /images/socimage.jpg HTTP/1.1" 304 - "http://www.comp.nus.edu.sg/" "Mozilla/4.0 (compatible; MSIE 6.0; Windows NT 5.1)" -
172.18.201.20 - - [26/May/2004:00:41:10 +0800] "GET /images/socmain_r7_c1.jpg HTTP/1.1" 304 - "http://www.comp.nus.edu.sg/" "Mozilla/4.0 (compatible; MSIE 6.0; Windows NT 5.1)" -
172.18.201.20 - - [26/May/2004:00:41:10 +0800] "GET /images/socmain_r7_c2.jpg HTTP/1.1" 304 - "http://www.comp.nus.edu.sg/" "Mozilla/4.0 (compatible; MSIE 6.0; Windows NT 5.1)" -
172.18.201.20 - - [26/May/2004:00:41:10 +0800] "GET /images/socmain_r7_c4.jpg HTTP/1.1" 304 - "http://www.comp.nus.edu.sg/" "Mozilla/4.0 (compatible; MSIE 6.0; Windows NT 5.1)" -
172.18.201.20 - - [26/May/2004:00:41:10 +0800] "GET /images/socmain_r7_c5.jpg HTTP/1.1" 304 - "http://www.comp.nus.edu.sg/" "Mozilla/4.0 (compatible; MSIE 6.0; Windows NT 5.1)" -
213.48.73.94 - - [26/May/2004:00:41:10 +0800] "GET /images/socmain_r7_c5.jpg HTTP/1.1" 200 882 "http://www.comp.nus.edu.sg/" "Mozilla/4.0 (compatible; MSIE 6.0; Windows NT 5.1)" -
172.18.201.20 - - [26/May/2004:00:41:10 +0800] "GET /images/socmain_r7_c7.jpg HTTP/1.1" 304 - "http://www.comp.nus.edu.sg/" "Mozilla/4.0 (compatible; MSIE 6.0; Windows NT 5.1)" -
172.18.201.20 - - [26/May/2004:00:41:10 +0800] "GET /images/socmain_r7_c9f.jpg HTTP/1.1" 304 - "http://www.comp.nus.edu.sg/" "Mozilla/4.0 (compatible; MSIE 6.0; Windows NT 5.1)" -
172.18.201.20 - - [26/May/2004:00:41:10 +0800] "GET /images/grey.gif HTTP/1.1" 304 - "http://www.comp.nus.edu.sg/" "Mozilla/4.0 (compatible; MSIE 6.0; Windows NT 5.1)" -
213.48.73.94 - - [26/May/2004:00:41:10 +0800] "GET /images/socmain_r7_c7.jpg HTTP/1.1" 200 1020 "http://www.comp.nus.edu.sg/" "Mozilla/4.0 (compatible; MSIE 6.0; Windows NT 5.1)" -
213.48.73.94 - - [26/May/2004:00:41:11 +0800] "GET /images/socmain_r7_c9f.jpg HTTP/1.1" 200 816 "http://www.comp.nus.edu.sg/" "Mozilla/4.0 (compatible; MSIE 6.0; Windows NT 5.1)" -
216.37.138.2 - - [26/May/2004:00:41:11 +0800] "GET /~dcheong/ HTTP/1.0" 404 279 "http://images.google.com/imgres?imgurl=www.comp.nus.edu.sg/~dcheong/ghost.jpg&imgrefurl=http://www.comp.nus.edu.sg/~dcheong/&h=600&w=800&sz=74&tbnid=EqAVt3UWRtMJ:&tbnh=106&tbnw=141&start=2&prev=/images%3Fq%3Dghost%26hl%3Den%26lr%3D%26ie%3DUTF-8%26safe%3Doff" "Mozilla/4.0 (compatible; MSIE 6.0; Windows NT 5.1; .NET CLR 1.0.3705)" -
213.48.73.94 - - [26/May/2004:00:41:11 +0800] "GET /images/grey.gif HTTP/1.1" 200 133 "http://www.comp.nus.edu.sg/" "Mozilla/4.0 (compatible; MSIE 6.0; Windows NT 5.1)" -
