pcidcom10.see.ed.ac.uk - - [26/May/2004:00:33:40 +0800] "GET /~zhangche/wwwroot/literature/wxxh.html HTTP/1.1" 200 12705 "http://www.google.com/search?q=%E4%B8%89%E5%9B%BD%E6%B8%B8%E4%BE%A0%E4%BC%A0&hl=en&lr=&ie=UTF-8&start=10&sa=N" "Mozilla/5.0 (X11; U; Linux i686; en-US; rv:1.5) Gecko/20031007" -
lj1106.inktomisearch.com - - [26/May/2004:00:33:41 +0800] "GET /~ssung/research/readings/download_by_sp/00875157.pdf HTTP/1.0" 200 343718 "-" "Mozilla/5.0 (compatible; Yahoo! Slurp; http://help.yahoo.com/help/us/ysearch/slurp)" -
206-209.240.81.adsl.skynet.be - - [26/May/2004:00:33:41 +0800] "GET /~lowsokhu/images/lalaland/bachelor/contestant11/tomo1.jpg HTTP/1.1" 304 - "http://www.zamis-web.com/" "Mozilla/4.0 (compatible; MSIE 6.0; Windows NT 5.1; FunWebProducts; Hotbar 4.4.2.0; .NET CLR 1.1.4322)" -
62.68.228.155 - - [26/May/2004:00:33:42 +0800] "GET /~cs2102/slides/calculusII.pdf HTTP/1.1" 200 0 "-" "Mozilla/4.0 (compatible; MSIE 5.5; Windows 98; Win 9x 4.90)" -
62.68.228.155 - - [26/May/2004:00:33:48 +0800] "GET /~cs2102/slides/calculusII.pdf HTTP/1.1" 206 0 "-" "contype" -
203.162.154.140 - - [26/May/2004:00:33:48 +0800] "GET /~huynhdan/me3.gif HTTP/1.1" 304 - "http://12a4.linhhotel.com/index.php?act=ST&f=19&t=886&s=1702161a0391cb77eacc84d5778b0c78" "Mozilla/4.0 (compatible; MSIE 6.0; Windows 98)" -
195.205.248.89 - - [26/May/2004:00:33:48 +0800] "GET /~yongkhin/Projects/RayTracer/RayTracer.htm HTTP/1.1" 404 324 "-" "Mozilla/4.0 (compatible; MSIE 6.0; Windows NT 5.1)" -
pcd273139.netvigator.com - - [26/May/2004:00:33:49 +0800] "GET /~yangh HTTP/1.1" 301 326 "http://search.hk.yahoo.com/yc/hk?p=grace_yang&u=B" "Mozilla/4.0 (compatible; MSIE 6.0; Windows 98)" -
pcd273139.netvigator.com - - [26/May/2004:00:33:51 +0800] "GET /~yangh/bstrbk.gif HTTP/1.1" 200 156 "http://www.comp.nus.edu.sg/~yangh/" "Mozilla/4.0 (compatible; MSIE 6.0; Windows 98)" -
pcd273139.netvigator.com - - [26/May/2004:00:33:51 +0800] "GET /~yangh/ HTTP/1.1" 200 21213 "http://search.hk.yahoo.com/yc/hk?p=grace_yang&u=B" "Mozilla/4.0 (compatible; MSIE 6.0; Windows 98)" -
62.68.228.155 - - [26/May/2004:00:33:51 +0800] "GET /~cs2102/slides/algebra.pdf HTTP/1.1" 206 180735 "-" "Mozilla/4.0 (compatible; MSIE 5.5; Windows 98; Win 9x 4.90)" -
216.143.145.142 - - [26/May/2004:00:33:51 +0800] "GET /~booweiji/files/adLibitumStyle.css HTTP/1.1" 200 1069 "http://www.comp.nus.edu.sg/~booweiji/sv_index.html" "Mozilla/4.0 (compatible; MSIE 6.0; Windows NT 5.0; Avant Browser [avantbrowser.com])" -
216.143.145.142 - - [26/May/2004:00:33:52 +0800] "GET /~booweiji/sv_index.html HTTP/1.1" 200 11824 "http://www.nusea.org/gallery/index.php" "Mozilla/4.0 (compatible; MSIE 6.0; Windows NT 5.0; Avant Browser [avantbrowser.com])" -
216.143.145.142 - - [26/May/2004:00:33:52 +0800] "GET /~booweiji/SCPD%20-%20About%20SCPD_files/p.gif HTTP/1.1" 404 321 "http://www.comp.nus.edu.sg/~booweiji/sv_index.html" "Mozilla/4.0 (compatible; MSIE 6.0; Windows NT 5.0; Avant Browser [avantbrowser.com])" -
216.143.145.142 - - [26/May/2004:00:33:52 +0800] "GET /~booweiji/sv_077.html HTTP/1.1" 200 3615 "http://www.comp.nus.edu.sg/~booweiji/sv_index.html" "Mozilla/4.0 (compatible; MSIE 6.0; Windows NT 5.0; Avant Browser [avantbrowser.com])" -
216.143.145.142 - - [26/May/2004:00:33:52 +0800] "GET /~booweiji/files/adLibitumStyle.css HTTP/1.1" 200 1069 "http://www.comp.nus.edu.sg/~booweiji/sv_077.html" "Mozilla/4.0 (compatible; MSIE 6.0; Windows NT 5.0; Avant Browser [avantbrowser.com])" -
216.143.145.142 - - [26/May/2004:00:33:53 +0800] "GET /~booweiji/files/por_01.JPG HTTP/1.1" 200 22550 "http://www.comp.nus.edu.sg/~booweiji/sv_077.html" "Mozilla/4.0 (compatible; MSIE 6.0; Windows NT 5.0; Avant Browser [avantbrowser.com])" -
61.61.150.84 - - [26/May/2004:00:33:53 +0800] "GET /aboutsoc/about_us.htm HTTP/1.1" 200 7253 "-" "Mozilla/4.0 (compatible; MSIE 5.0; Windows NT)" -
216.143.145.142 - - [26/May/2004:00:33:53 +0800] "GET /~booweiji/files/por_03.JPG HTTP/1.1" 200 34625 "http://www.comp.nus.edu.sg/~booweiji/sv_077.html" "Mozilla/4.0 (compatible; MSIE 6.0; Windows NT 5.0; Avant Browser [avantbrowser.com])" -
216.143.145.142 - - [26/May/2004:00:33:54 +0800] "GET /~booweiji/files/por_04.JPG HTTP/1.1" 200 38149 "http://www.comp.nus.edu.sg/~booweiji/sv_077.html" "Mozilla/4.0 (compatible; MSIE 6.0; Windows NT 5.0; Avant Browser [avantbrowser.com])" -
216.143.145.142 - - [26/May/2004:00:33:54 +0800] "GET /~booweiji/files/por_02.JPG HTTP/1.1" 200 33038 "http://www.comp.nus.edu.sg/~booweiji/sv_077.html" "Mozilla/4.0 (compatible; MSIE 6.0; Windows NT 5.0; Avant Browser [avantbrowser.com])" -
195.205.248.89 - - [26/May/2004:00:33:54 +0800] "GET /~yongkhin/Projects/RayTracer/RayTracer.htm HTTP/1.1" 404 324 "-" "Mozilla/4.0 (compatible; MSIE 6.0; Windows NT 5.1)" -
202.8.85.95 - - [26/May/2004:00:33:54 +0800] "GET /~pidezhan/Bgmusic/yesterday.mpga HTTP/1.1" 200 0 "http://www.yahoo.com" "Mozilla/4.0" -
201.128.88.193 - - [26/May/2004:00:33:54 +0800] "GET / HTTP/1.1" 200 8789 "-" "Mozilla/4.0 (compatible; MSIE 6.0; Windows 98; Win 9x 4.90)" -
216.143.145.142 - - [26/May/2004:00:33:54 +0800] "GET /~booweiji/files/por_05.JPG HTTP/1.1" 200 33723 "http://www.comp.nus.edu.sg/~booweiji/sv_077.html" "Mozilla/4.0 (compatible; MSIE 6.0; Windows NT 5.0; Avant Browser [avantbrowser.com])" -
216.143.145.142 - - [26/May/2004:00:33:54 +0800] "GET /~booweiji/files/por_06.JPG HTTP/1.1" 200 28897 "http://www.comp.nus.edu.sg/~booweiji/sv_077.html" "Mozilla/4.0 (compatible; MSIE 6.0; Windows NT 5.0; Avant Browser [avantbrowser.com])" -
216.143.145.142 - - [26/May/2004:00:33:54 +0800] "GET /~booweiji/files/Faces_of_Arbor_Household.jpg HTTP/1.1" 200 62130 "http://www.comp.nus.edu.sg/~booweiji/sv_077.html" "Mozilla/4.0 (compatible; MSIE 6.0; Windows NT 5.0; Avant Browser [avantbrowser.com])" -
61.61.150.84 - - [26/May/2004:00:33:55 +0800] "GET /contactus.html HTTP/1.1" 200 12252 "-" "Mozilla/4.0 (compatible; MSIE 5.0; Windows NT)" -
206-8.priv.nus.edu.sg - - [26/May/2004:00:33:55 +0800] "GET /~tujianpe/jp.jpg HTTP/1.1" 304 - "http://jpxh.blogspot.com/" "Mozilla/4.0 (compatible; MSIE 6.0; Windows NT 5.1)" -
206-8.priv.nus.edu.sg - - [26/May/2004:00:33:55 +0800] "GET /~tujianpe/xh.jpg HTTP/1.1" 304 - "http://jpxh.blogspot.com/" "Mozilla/4.0 (compatible; MSIE 6.0; Windows NT 5.1)" -
201.128.88.193 - - [26/May/2004:00:33:55 +0800] "GET /nusstyles.css HTTP/1.1" 200 804 "http://www.comp.nus.edu." "Mozilla/4.0 (compatible; MSIE 6.0; Windows 98; Win 9x 4.90)" -
201.128.88.193 - - [26/May/2004:00:33:55 +0800] "GET /~ante/index_files/image606.jpg HTTP/1.1" 200 622592 "-" "Mozilla/4.0 (compatible; MSIE 6.0; Windows 98; Win 9x 4.90)" -
201.128.88.193 - - [26/May/2004:00:33:55 +0800] "GET /~ante/index_files/image657.jpg HTTP/1.1" 200 360448 "-" "Mozilla/4.0 (compatible; MSIE 6.0; Windows 98; Win 9x 4.90)" -
201.128.88.193 - - [26/May/2004:00:33:55 +0800] "GET /images/nussocbanner.gif HTTP/1.1" 200 2693 "http://www.comp.nus.edu." "Mozilla/4.0 (compatible; MSIE 6.0; Windows 98; Win 9x 4.90)" -
219.217.128.56 - - [26/May/2004:00:33:55 +0800] "GET /~liuzhouj/Thailand_II/TN_35.JPG HTTP/1.1" 304 - "http://www.blogcn.com/blog/cool/main.asp?uid=piggerlele" "Mozilla/4.0 (compatible; MSIE 6.0; Windows NT 5.1)" -
201.128.88.193 - - [26/May/2004:00:33:56 +0800] "GET /images/facenghd.gif HTTP/1.1" 200 1130 "http://www.comp.nus.edu." "Mozilla/4.0 (compatible; MSIE 6.0; Windows 98; Win 9x 4.90)" -
62.68.228.155 - - [26/May/2004:00:33:56 +0800] "GET /~cs2102/slides/calculusII.pdf HTTP/1.1" 206 0 "-" "Mozilla/4.0 (compatible; MSIE 5.5; Windows 98; Win 9x 4.90)" -
201.128.88.193 - - [26/May/2004:00:33:56 +0800] "GET /images/socmain_r3_c6.jpg HTTP/1.1" 200 1575 "http://www.comp.nus.edu." "Mozilla/4.0 (compatible; MSIE 6.0; Windows 98; Win 9x 4.90)" -
201.128.88.193 - - [26/May/2004:00:33:56 +0800] "GET /images/socmain_r3_c11.jpg HTTP/1.1" 200 1265 "http://www.comp.nus.edu." "Mozilla/4.0 (compatible; MSIE 6.0; Windows 98; Win 9x 4.90)" -
201.128.88.193 - - [26/May/2004:00:33:57 +0800] "GET /images/socmain_r3_c8.jpg HTTP/1.1" 200 1624 "http://www.comp.nus.edu." "Mozilla/4.0 (compatible; MSIE 6.0; Windows 98; Win 9x 4.90)" -
201.128.88.193 - - [26/May/2004:00:33:57 +0800] "GET /images/socmain_r3_c13.jpg HTTP/1.1" 200 7938 "http://www.comp.nus.edu." "Mozilla/4.0 (compatible; MSIE 6.0; Windows 98; Win 9x 4.90)" -
201.128.88.193 - - [26/May/2004:00:33:57 +0800] "GET /images/socmain_r3_c15.jpg HTTP/1.1" 200 1177 "http://www.comp.nus.edu." "Mozilla/4.0 (compatible; MSIE 6.0; Windows 98; Win 9x 4.90)" -
201.128.88.193 - - [26/May/2004:00:33:57 +0800] "GET /images/socmain_r3_c10.jpg HTTP/1.1" 200 1244 "http://www.comp.nus.edu." "Mozilla/4.0 (compatible; MSIE 6.0; Windows 98; Win 9x 4.90)" -
201.128.88.193 - - [26/May/2004:00:33:57 +0800] "GET /images/socmain_r3_c16.jpg HTTP/1.1" 200 1437 "http://www.comp.nus.edu." "Mozilla/4.0 (compatible; MSIE 6.0; Windows 98; Win 9x 4.90)" -
201.128.88.193 - - [26/May/2004:00:33:58 +0800] "GET /images/recruitment.jpg HTTP/1.1" 200 11411 "http://www.comp.nus.edu." "Mozilla/4.0 (compatible; MSIE 6.0; Windows 98; Win 9x 4.90)" -
201.128.88.193 - - [26/May/2004:00:33:58 +0800] "GET /images/socmain_r5_c12.jpg HTTP/1.1" 200 12013 "http://www.comp.nus.edu." "Mozilla/4.0 (compatible; MSIE 6.0; Windows 98; Win 9x 4.90)" -
201.128.88.193 - - [26/May/2004:00:33:58 +0800] "GET /images/socmain_r5_c13.jpg HTTP/1.1" 200 11451 "http://www.comp.nus.edu." "Mozilla/4.0 (compatible; MSIE 6.0; Windows 98; Win 9x 4.90)" -
201.128.88.193 - - [26/May/2004:00:33:58 +0800] "GET /images/socmain_r5_c14.jpg HTTP/1.1" 200 4432 "http://www.comp.nus.edu." "Mozilla/4.0 (compatible; MSIE 6.0; Windows 98; Win 9x 4.90)" -
d5153c27c.kabel.telenet.be - - [26/May/2004:00:33:58 +0800] "GET /~sunyuan/ HTTP/1.1" 200 3152 "-" "Mozilla/4.0 (compatible; MSIE 6.0; Windows NT 5.1; Hotbar 4.4.2.0; .NET CLR 1.1.4322)" -
201.128.88.193 - - [26/May/2004:00:33:59 +0800] "GET /images/trans.gif HTTP/1.1" 200 64 "http://www.comp.nus.edu." "Mozilla/4.0 (compatible; MSIE 6.0; Windows 98; Win 9x 4.90)" -
201.128.88.193 - - [26/May/2004:00:33:59 +0800] "GET /images/sip.gif HTTP/1.1" 200 791 "http://www.comp.nus.edu." "Mozilla/4.0 (compatible; MSIE 6.0; Windows 98; Win 9x 4.90)" -
d5153c27c.kabel.telenet.be - - [26/May/2004:00:33:59 +0800] "GET /~sunyuan/images/index_r1_c1.gif HTTP/1.1" 304 - "-" "Mozilla/4.0 (compatible; MSIE 6.0; Windows NT 5.1; Hotbar 4.4.2.0; .NET CLR 1.1.4322)" -
156.3.163.108 - - [26/May/2004:00:33:59 +0800] "GET /~sunyuan/images/index_r2_c1.gif HTTP/1.0" 200 12459 "http://www.comp.nus.edu.sg/~sunyuan/" "Mozilla/5.0 (Macintosh; U; PPC; en-US; rv:1.0.1) Gecko/20020823 Netscape/7.0" 10.2.48.5
201.128.88.193 - - [26/May/2004:00:33:59 +0800] "GET /images/sem-events.gif HTTP/1.1" 200 692 "http://www.comp.nus.edu." "Mozilla/4.0 (compatible; MSIE 6.0; Windows 98; Win 9x 4.90)" -
d5153c27c.kabel.telenet.be - - [26/May/2004:00:34:00 +0800] "GET /~sunyuan/images/index_r2_c3.gif HTTP/1.1" 304 - "-" "Mozilla/4.0 (compatible; MSIE 6.0; Windows NT 5.1; Hotbar 4.4.2.0; .NET CLR 1.1.4322)" -
d5153c27c.kabel.telenet.be - - [26/May/2004:00:34:00 +0800] "GET /~sunyuan/images/index_r2_c1.gif HTTP/1.1" 304 - "-" "Mozilla/4.0 (compatible; MSIE 6.0; Windows NT 5.1; Hotbar 4.4.2.0; .NET CLR 1.1.4322)" -
201.128.88.193 - - [26/May/2004:00:34:00 +0800] "GET /images/socmain_r7_c1.jpg HTTP/1.1" 200 1253 "http://www.comp.nus.edu." "Mozilla/4.0 (compatible; MSIE 6.0; Windows 98; Win 9x 4.90)" -
d5153c27c.kabel.telenet.be - - [26/May/2004:00:34:00 +0800] "GET /~sunyuan/images/nemo.gif HTTP/1.1" 304 - "-" "Mozilla/4.0 (compatible; MSIE 6.0; Windows NT 5.1; Hotbar 4.4.2.0; .NET CLR 1.1.4322)" -
d5153c27c.kabel.telenet.be - - [26/May/2004:00:34:00 +0800] "GET /~sunyuan/images/index_r3_c2.gif HTTP/1.1" 304 - "-" "Mozilla/4.0 (compatible; MSIE 6.0; Windows NT 5.1; Hotbar 4.4.2.0; .NET CLR 1.1.4322)" -
201.128.88.193 - - [26/May/2004:00:34:00 +0800] "GET /images/socimage.jpg HTTP/1.1" 200 41463 "http://www.comp.nus.edu." "Mozilla/4.0 (compatible; MSIE 6.0; Windows 98; Win 9x 4.90)" -
201.128.88.193 - - [26/May/2004:00:34:00 +0800] "GET /images/socmain_r7_c2.jpg HTTP/1.1" 200 1164 "http://www.comp.nus.edu." "Mozilla/4.0 (compatible; MSIE 6.0; Windows 98; Win 9x 4.90)" -
d5153c27c.kabel.telenet.be - - [26/May/2004:00:34:00 +0800] "GET /~sunyuan/images/index_r2_c2_f2.gif HTTP/1.1" 304 - "-" "Mozilla/4.0 (compatible; MSIE 6.0; Windows NT 5.1; Hotbar 4.4.2.0; .NET CLR 1.1.4322)" -
201.128.88.193 - - [26/May/2004:00:34:01 +0800] "GET /images/socmain_r7_c4.jpg HTTP/1.1" 200 804 "http://www.comp.nus.edu." "Mozilla/4.0 (compatible; MSIE 6.0; Windows 98; Win 9x 4.90)" -
201.128.88.193 - - [26/May/2004:00:34:01 +0800] "GET /images/socmain_r7_c5.jpg HTTP/1.1" 200 882 "http://www.comp.nus.edu." "Mozilla/4.0 (compatible; MSIE 6.0; Windows 98; Win 9x 4.90)" -
201.128.88.193 - - [26/May/2004:00:34:01 +0800] "GET /images/socmain_r7_c7.jpg HTTP/1.1" 200 1020 "http://www.comp.nus.edu." "Mozilla/4.0 (compatible; MSIE 6.0; Windows 98; Win 9x 4.90)" -
201.128.88.193 - - [26/May/2004:00:34:01 +0800] "GET /images/socmain_r7_c9f.jpg HTTP/1.1" 200 816 "http://www.comp.nus.edu." "Mozilla/4.0 (compatible; MSIE 6.0; Windows 98; Win 9x 4.90)" -
156.3.163.108 - - [26/May/2004:00:34:01 +0800] "GET /~sunyuan/images/index_r1_c1.gif HTTP/1.0" 200 1887 "http://www.comp.nus.edu.sg/~sunyuan/" "Mozilla/5.0 (Macintosh; U; PPC; en-US; rv:1.0.1) Gecko/20020823 Netscape/7.0" 10.2.48.5
201.128.88.193 - - [26/May/2004:00:34:01 +0800] "GET /images/grey.gif HTTP/1.1" 200 133 "http://www.comp.nus.edu." "Mozilla/4.0 (compatible; MSIE 6.0; Windows 98; Win 9x 4.90)" -
156.3.163.108 - - [26/May/2004:00:34:01 +0800] "GET /~sunyuan/images/nemo.gif HTTP/1.0" 200 98407 "http://www.comp.nus.edu.sg/~sunyuan/" "Mozilla/5.0 (Macintosh; U; PPC; en-US; rv:1.0.1) Gecko/20020823 Netscape/7.0" 10.2.48.5
156.3.163.108 - - [26/May/2004:00:34:03 +0800] "GET /favicon.ico HTTP/1.0" 404 281 "-" "Mozilla/5.0 (Macintosh; U; PPC; en-US; rv:1.0.1) Gecko/20020823 Netscape/7.0" 10.2.48.5
156.3.163.108 - - [26/May/2004:00:34:03 +0800] "GET /~sunyuan/images/index_r2_c3.gif HTTP/1.0" 200 11308 "http://www.comp.nus.edu.sg/~sunyuan/" "Mozilla/5.0 (Macintosh; U; PPC; en-US; rv:1.0.1) Gecko/20020823 Netscape/7.0" 10.2.48.5
201.128.88.193 - - [26/May/2004:00:34:03 +0800] "GET /research/research.htm HTTP/1.1" 200 7884 "http://www.comp.nus.edu." "Mozilla/4.0 (compatible; MSIE 6.0; Windows 98; Win 9x 4.90)" -
cache162.156ce.maxonline.com.sg - - [26/May/2004:00:34:03 +0800] "OPTIONS /~cs5263/lecture/Week7 HTTP/1.1" 301 341 "-" "Microsoft Data Access Internet Publishing Provider Cache Manager" 202.156.11.78
202.156.2.162 - - [26/May/2004:00:34:03 +0800] "GET /_vti_inf.html HTTP/1.1" 404 295 "-" "Mozilla/2.0 (compatible; MS FrontPage 4.0)" 202.156.11.78
202.156.2.162 - - [26/May/2004:00:34:04 +0800] "POST /_vti_bin/shtml.exe/_vti_rpc HTTP/1.1" 404 309 "-" "MSFrontPage/4.0" 202.156.11.78
cache162.156ce.maxonline.com.sg - - [26/May/2004:00:34:04 +0800] "OPTIONS /~cs5263/lecture/Week7/Business_Plan_Template_%28Colorado%29.doc HTTP/1.1" 200 - "-" "Microsoft Data Access Internet Publishing Provider DAV 1.1" 202.156.11.78
cache162.156ce.maxonline.com.sg - - [26/May/2004:00:34:04 +0800] "GET /~cs5263/lecture/Week7/Business_Plan_Template_%28Colorado%29.doc HTTP/1.1" 304 - "-" "Mozilla/4.0 (compatible; MSIE 6.0; Windows NT 5.1; HTMLAB)" 202.156.11.78
spr1-harg2-3-0-cust213.seac.broadband.ntl.com - - [26/May/2004:00:34:05 +0800] "GET /~sunyuan/images/nemo.gif HTTP/1.1" 200 98407 "http://gt4oc.unstable.org.uk/viewtopic.php?t=10419" "Mozilla/4.0 (compatible; MSIE 6.0; Windows 98; Win 9x 4.90)" -
cache146.156ce.maxonline.com.sg - - [26/May/2004:00:34:07 +0800] "GET /~compclub HTTP/1.1" 301 329 "-" "Mozilla/4.0 (compatible; MSIE 6.0; Windows NT 5.0; .NET CLR 1.0.3705; .NET CLR 1.1.4322)" 218.186.19.155
cache146.156ce.maxonline.com.sg - - [26/May/2004:00:34:07 +0800] "GET /~compclub/ HTTP/1.1" 200 118 "-" "Mozilla/4.0 (compatible; MSIE 6.0; Windows NT 5.0; .NET CLR 1.0.3705; .NET CLR 1.1.4322)" 218.186.19.155
d5153c27c.kabel.telenet.be - - [26/May/2004:00:34:08 +0800] "GET /~sunyuan/ HTTP/1.1" 200 3152 "-" "Mozilla/4.0 (compatible; MSIE 6.0; Windows NT 5.1; Hotbar 4.4.2.0; .NET CLR 1.1.4322)" -
cache138.156ce.maxonline.com.sg - - [26/May/2004:00:34:09 +0800] "GET /%7Ehancheet/mp3/new%20Album/burgerAd.wma HTTP/1.1" 304 - "http://singcock.topcities.com/downloadMusic.htm" "Mozilla/4.0 (compatible; MSIE 6.0; Windows NT 5.1)" 218.212.0.129
d5153c27c.kabel.telenet.be - - [26/May/2004:00:34:09 +0800] "GET /~sunyuan/images/nemo.gif HTTP/1.1" 304 - "-" "Mozilla/4.0 (compatible; MSIE 6.0; Windows NT 5.1; Hotbar 4.4.2.0; .NET CLR 1.1.4322)" -
d5153c27c.kabel.telenet.be - - [26/May/2004:00:34:09 +0800] "GET /~sunyuan/images/index_r1_c1.gif HTTP/1.1" 304 - "-" "Mozilla/4.0 (compatible; MSIE 6.0; Windows NT 5.1; Hotbar 4.4.2.0; .NET CLR 1.1.4322)" -
bbcache-12.singnet.com.sg - - [26/May/2004:00:34:09 +0800] "GET /~leonghui/gentingtrip/144-4451_IMG.html HTTP/1.1" 200 2294 "-" "Mozilla/4.0 (compatible;)" 165.21.154.155
d5153c27c.kabel.telenet.be - - [26/May/2004:00:34:09 +0800] "GET /~sunyuan/images/index_r2_c1.gif HTTP/1.1" 304 - "-" "Mozilla/4.0 (compatible; MSIE 6.0; Windows NT 5.1; Hotbar 4.4.2.0; .NET CLR 1.1.4322)" -
d5153c27c.kabel.telenet.be - - [26/May/2004:00:34:09 +0800] "GET /~sunyuan/images/index_r2_c3.gif HTTP/1.1" 304 - "-" "Mozilla/4.0 (compatible; MSIE 6.0; Windows NT 5.1; Hotbar 4.4.2.0; .NET CLR 1.1.4322)" -
cache146.156ce.maxonline.com.sg - - [26/May/2004:00:34:09 +0800] "GET /~sports/sports_iframe.html HTTP/1.1" 200 5491 "http://comclub1.ddns.comp.nus.edu.sg/compclub/main.htm" "Mozilla/4.0 (compatible; MSIE 6.0; Windows NT 5.0; .NET CLR 1.0.3705; .NET CLR 1.1.4322)" 218.186.19.155
d5153c27c.kabel.telenet.be - - [26/May/2004:00:34:10 +0800] "GET /~sunyuan/images/index_r3_c2.gif HTTP/1.1" 304 - "-" "Mozilla/4.0 (compatible; MSIE 6.0; Windows NT 5.1; Hotbar 4.4.2.0; .NET CLR 1.1.4322)" -
d5153c27c.kabel.telenet.be - - [26/May/2004:00:34:10 +0800] "GET /~sunyuan/images/index_r2_c2_f2.gif HTTP/1.1" 304 - "-" "Mozilla/4.0 (compatible; MSIE 6.0; Windows NT 5.1; Hotbar 4.4.2.0; .NET CLR 1.1.4322)" -
libproxy.ntu.edu.tw - - [26/May/2004:00:34:10 +0800] "GET /~cmcurric/AY2003_4/MICSindex.htm HTTP/1.0" 200 11148 "-" "Mozilla/3.01 (compatible;)" -
cache162.156ce.maxonline.com.sg - - [26/May/2004:00:34:12 +0800] "PROPFIND /%7Ecs5263 HTTP/1.1" 301 327 "-" "Microsoft-WebDAV-MiniRedir/5.1.2600" 202.156.11.78
cache162.156ce.maxonline.com.sg - - [26/May/2004:00:34:12 +0800] "PROPFIND /~cs5263/ HTTP/1.1" 405 328 "-" "Microsoft-WebDAV-MiniRedir/5.1.2600" 202.156.11.78
cache162.156ce.maxonline.com.sg - - [26/May/2004:00:34:12 +0800] "PROPFIND /%7Ecs5263 HTTP/1.1" 301 327 "-" "Microsoft-WebDAV-MiniRedir/5.1.2600" 202.156.11.78
cache162.156ce.maxonline.com.sg - - [26/May/2004:00:34:12 +0800] "PROPFIND /~cs5263/ HTTP/1.1" 405 328 "-" "Microsoft-WebDAV-MiniRedir/5.1.2600" 202.156.11.78
cache138.156ce.maxonline.com.sg - - [26/May/2004:00:34:12 +0800] "GET /~hancheet/mp3/new%20Album/burgerAd.wma HTTP/1.1" 200 1883701 "-" "NSPlayer/9.0.0.2980 WMFSDK/9.0" 218.212.0.129
201.128.88.193 - - [26/May/2004:00:34:13 +0800] "GET /cs/ HTTP/1.1" 200 7259 "http://www.comp.nus.edu./research/research.htm" "Mozilla/4.0 (compatible; MSIE 6.0; Windows 98; Win 9x 4.90)" -
201.128.88.193 - - [26/May/2004:00:34:13 +0800] "GET /cs/images/cs_banner.gif HTTP/1.1" 200 1599 "http://www.comp.nus.edu./cs/" "Mozilla/4.0 (compatible; MSIE 6.0; Windows 98; Win 9x 4.90)" -
201.128.88.193 - - [26/May/2004:00:34:13 +0800] "GET /cs/images/cs_top1.jpg HTTP/1.1" 200 4229 "http://www.comp.nus.edu./cs/" "Mozilla/4.0 (compatible; MSIE 6.0; Windows 98; Win 9x 4.90)" -
201.128.88.193 - - [26/May/2004:00:34:13 +0800] "GET /cs/images/cs_top2.jpg HTTP/1.1" 200 3670 "http://www.comp.nus.edu./cs/" "Mozilla/4.0 (compatible; MSIE 6.0; Windows 98; Win 9x 4.90)" -
201.128.88.193 - - [26/May/2004:00:34:14 +0800] "GET /cs/images/cs_top4.jpg HTTP/1.1" 200 3953 "http://www.comp.nus.edu./cs/" "Mozilla/4.0 (compatible; MSIE 6.0; Windows 98; Win 9x 4.90)" -
201.128.88.193 - - [26/May/2004:00:34:14 +0800] "GET /cs/images/cs_top3.jpg HTTP/1.1" 200 3203 "http://www.comp.nus.edu./cs/" "Mozilla/4.0 (compatible; MSIE 6.0; Windows 98; Win 9x 4.90)" -
201.128.88.193 - - [26/May/2004:00:34:14 +0800] "GET /cs/images/trans.gif HTTP/1.1" 200 64 "http://www.comp.nus.edu./cs/" "Mozilla/4.0 (compatible; MSIE 6.0; Windows 98; Win 9x 4.90)" -
201.128.88.193 - - [26/May/2004:00:34:14 +0800] "GET /cs/images/sem_announce.gif HTTP/1.1" 200 1041 "http://www.comp.nus.edu./cs/" "Mozilla/4.0 (compatible; MSIE 6.0; Windows 98; Win 9x 4.90)" -
201.128.88.193 - - [26/May/2004:00:34:14 +0800] "GET /cs/images/cs_top6.jpg HTTP/1.1" 200 3304 "http://www.comp.nus.edu./cs/" "Mozilla/4.0 (compatible; MSIE 6.0; Windows 98; Win 9x 4.90)" -
24-90-118-216.nyc.rr.com - - [26/May/2004:00:34:15 +0800] "GET /~sunyuan/images/nemo.gif HTTP/1.1" 200 98407 "http://members.migente.com/Mg_New_GraphicZ/" "Mozilla/4.0 (compatible; MSIE 6.0; Windows NT 5.1)" -
201.128.88.193 - - [26/May/2004:00:34:15 +0800] "GET /cs/images/cs_top5.jpg HTTP/1.1" 200 2840 "http://www.comp.nus.edu./cs/" "Mozilla/4.0 (compatible; MSIE 6.0; Windows 98; Win 9x 4.90)" -
201.128.88.193 - - [26/May/2004:00:34:15 +0800] "GET /cs/images/curve2.jpg HTTP/1.1" 200 783 "http://www.comp.nus.edu./cs/" "Mozilla/4.0 (compatible; MSIE 6.0; Windows 98; Win 9x 4.90)" -
cache138.156ce.maxonline.com.sg - - [26/May/2004:00:34:15 +0800] "GET /%7Ehancheet/mp3/new%20Album/burgerAd.wma HTTP/1.1" 200 1883701 "-" "NSPlayer/9.0.0.2980" 218.212.0.129
201.128.88.193 - - [26/May/2004:00:34:15 +0800] "GET /cs/images/curve1.jpg HTTP/1.1" 200 503 "http://www.comp.nus.edu./cs/" "Mozilla/4.0 (compatible; MSIE 6.0; Windows 98; Win 9x 4.90)" -
201.128.88.193 - - [26/May/2004:00:34:15 +0800] "GET /cs/images/curve3.jpg HTTP/1.1" 200 565 "http://www.comp.nus.edu./cs/" "Mozilla/4.0 (compatible; MSIE 6.0; Windows 98; Win 9x 4.90)" -
201.128.88.193 - - [26/May/2004:00:34:15 +0800] "GET /cs/images/curve4.jpg HTTP/1.1" 200 1409 "http://www.comp.nus.edu./cs/" "Mozilla/4.0 (compatible; MSIE 6.0; Windows 98; Win 9x 4.90)" -
201.128.88.193 - - [26/May/2004:00:34:16 +0800] "GET /cs/images/curve5.jpg HTTP/1.1" 200 847 "http://www.comp.nus.edu./cs/" "Mozilla/4.0 (compatible; MSIE 6.0; Windows 98; Win 9x 4.90)" -
pcd273139.netvigator.com - - [26/May/2004:00:34:18 +0800] "GET /~yangh/PB150131.JPG HTTP/1.1" 200 524288 "http://www.comp.nus.edu.sg/~yangh/" "Mozilla/4.0 (compatible; MSIE 6.0; Windows 98)" -
201.128.88.193 - - [26/May/2004:00:34:19 +0800] "GET /cs/acad_staff.html HTTP/1.1" 200 61486 "http://www.comp.nus.edu./cs/" "Mozilla/4.0 (compatible; MSIE 6.0; Windows 98; Win 9x 4.90)" -
62.68.228.155 - - [26/May/2004:00:34:19 +0800] "GET /~cs2102/slides/calculusII.pdf HTTP/1.1" 206 89881 "-" "Mozilla/4.0 (compatible; MSIE 5.5; Windows 98; Win 9x 4.90)" -
201.128.88.193 - - [26/May/2004:00:34:20 +0800] "GET /cs/images/cs_foot2.jpg HTTP/1.1" 200 2915 "http://www.comp.nus.edu./cs/acad_staff.html" "Mozilla/4.0 (compatible; MSIE 6.0; Windows 98; Win 9x 4.90)" -
201.128.88.193 - - [26/May/2004:00:34:20 +0800] "GET /cs/images/cs_foot1.jpg HTTP/1.1" 200 3226 "http://www.comp.nus.edu./cs/acad_staff.html" "Mozilla/4.0 (compatible; MSIE 6.0; Windows 98; Win 9x 4.90)" -
201.128.88.193 - - [26/May/2004:00:34:20 +0800] "GET /cs/images/cs_foot3.jpg HTTP/1.1" 200 2890 "http://www.comp.nus.edu./cs/acad_staff.html" "Mozilla/4.0 (compatible; MSIE 6.0; Windows 98; Win 9x 4.90)" -
201.128.88.193 - - [26/May/2004:00:34:21 +0800] "GET /cs/images/cs_foot4.jpg HTTP/1.1" 200 2656 "http://www.comp.nus.edu./cs/acad_staff.html" "Mozilla/4.0 (compatible; MSIE 6.0; Windows 98; Win 9x 4.90)" -
201.128.88.193 - - [26/May/2004:00:34:21 +0800] "GET /cs/images/cs_foot5.jpg HTTP/1.1" 200 3029 "http://www.comp.nus.edu./cs/acad_staff.html" "Mozilla/4.0 (compatible; MSIE 6.0; Windows 98; Win 9x 4.90)" -
201.128.88.193 - - [26/May/2004:00:34:21 +0800] "GET /cs/images/cs_foot5-1.jpg HTTP/1.1" 200 2578 "http://www.comp.nus.edu./cs/acad_staff.html" "Mozilla/4.0 (compatible; MSIE 6.0; Windows 98; Win 9x 4.90)" -
201.128.88.193 - - [26/May/2004:00:34:21 +0800] "GET /cs/images/grey-cs.gif HTTP/1.1" 200 123 "http://www.comp.nus.edu./cs/acad_staff.html" "Mozilla/4.0 (compatible; MSIE 6.0; Windows 98; Win 9x 4.90)" -
195.251.234.50 - - [26/May/2004:00:34:22 +0800] "GET /cgi-bin/pagecount?/~stevenha/programming/prog_graph4.html HTTP/1.1" 200 108394 "http://search.yahoo.com/search?p=venus.cslab.aueb.gr&ei=UTF-8&fr=fp-tab-web-t&cop=mss&tab=" "Mozilla/4.0 (compatible; MSIE 6.0; Windows NT 5.1; .NET CLR 1.1.4322)" -
61.61.150.84 - - [26/May/2004:00:34:22 +0800] "GET / HTTP/1.1" 200 8789 "-" "Mozilla/4.0 (compatible; MSIE 5.0; Windows NT)" -
cache146.156ce.maxonline.com.sg - - [26/May/2004:00:34:22 +0800] "GET /~tokwh HTTP/1.1" 301 326 "-" "Mozilla/4.0 (compatible; MSIE 6.0; Windows NT 5.0; .NET CLR 1.0.3705; .NET CLR 1.1.4322)" 218.186.19.155
cache146.156ce.maxonline.com.sg - - [26/May/2004:00:34:22 +0800] "GET /~tokwh/ HTTP/1.1" 200 167 "-" "Mozilla/4.0 (compatible; MSIE 6.0; Windows NT 5.0; .NET CLR 1.0.3705; .NET CLR 1.1.4322)" 218.186.19.155
cache146.156ce.maxonline.com.sg - - [26/May/2004:00:34:23 +0800] "GET /~tokwh/website/ HTTP/1.1" 200 14069 "-" "Mozilla/4.0 (compatible; MSIE 6.0; Windows NT 5.0; .NET CLR 1.0.3705; .NET CLR 1.1.4322)" 218.186.19.155
cache146.156ce.maxonline.com.sg - - [26/May/2004:00:34:23 +0800] "GET /~tokwh/website/images/bg.gif HTTP/1.1" 200 261 "http://www.comp.nus.edu.sg/~tokwh/website/" "Mozilla/4.0 (compatible; MSIE 6.0; Windows NT 5.0; .NET CLR 1.0.3705; .NET CLR 1.1.4322)" 218.186.19.155
cache146.156ce.maxonline.com.sg - - [26/May/2004:00:34:23 +0800] "GET /~tokwh/website/images/index_01.gif HTTP/1.1" 200 298 "http://www.comp.nus.edu.sg/~tokwh/website/" "Mozilla/4.0 (compatible; MSIE 6.0; Windows NT 5.0; .NET CLR 1.0.3705; .NET CLR 1.1.4322)" 218.186.19.155
cache146.156ce.maxonline.com.sg - - [26/May/2004:00:34:23 +0800] "GET /~tokwh/website/images/index_02.gif HTTP/1.1" 200 189 "http://www.comp.nus.edu.sg/~tokwh/website/" "Mozilla/4.0 (compatible; MSIE 6.0; Windows NT 5.0; .NET CLR 1.0.3705; .NET CLR 1.1.4322)" 218.186.19.155
cache146.156ce.maxonline.com.sg - - [26/May/2004:00:34:23 +0800] "GET /~tokwh/website/images/index_03.gif HTTP/1.1" 200 221 "http://www.comp.nus.edu.sg/~tokwh/website/" "Mozilla/4.0 (compatible; MSIE 6.0; Windows NT 5.0; .NET CLR 1.0.3705; .NET CLR 1.1.4322)" 218.186.19.155
cache146.156ce.maxonline.com.sg - - [26/May/2004:00:34:23 +0800] "GET /~tokwh/website/images/index_04.gif HTTP/1.1" 200 121 "http://www.comp.nus.edu.sg/~tokwh/website/" "Mozilla/4.0 (compatible; MSIE 6.0; Windows NT 5.0; .NET CLR 1.0.3705; .NET CLR 1.1.4322)" 218.186.19.155
cache146.156ce.maxonline.com.sg - - [26/May/2004:00:34:23 +0800] "GET /~tokwh/website/images/index_05.gif HTTP/1.1" 200 262 "http://www.comp.nus.edu.sg/~tokwh/website/" "Mozilla/4.0 (compatible; MSIE 6.0; Windows NT 5.0; .NET CLR 1.0.3705; .NET CLR 1.1.4322)" 218.186.19.155
cache146.156ce.maxonline.com.sg - - [26/May/2004:00:34:23 +0800] "GET /~tokwh/website/images/green-s.gif HTTP/1.1" 200 44 "http://www.comp.nus.edu.sg/~tokwh/website/" "Mozilla/4.0 (compatible; MSIE 6.0; Windows NT 5.0; .NET CLR 1.0.3705; .NET CLR 1.1.4322)" 218.186.19.155
cache146.156ce.maxonline.com.sg - - [26/May/2004:00:34:23 +0800] "GET /~tokwh/website/images/index_09.gif HTTP/1.1" 200 217 "http://www.comp.nus.edu.sg/~tokwh/website/" "Mozilla/4.0 (compatible; MSIE 6.0; Windows NT 5.0; .NET CLR 1.0.3705; .NET CLR 1.1.4322)" 218.186.19.155
cache146.156ce.maxonline.com.sg - - [26/May/2004:00:34:23 +0800] "GET /~tokwh/website/images/index_07.gif HTTP/1.1" 200 22773 "http://www.comp.nus.edu.sg/~tokwh/website/" "Mozilla/4.0 (compatible; MSIE 6.0; Windows NT 5.0; .NET CLR 1.0.3705; .NET CLR 1.1.4322)" 218.186.19.155
cache146.156ce.maxonline.com.sg - - [26/May/2004:00:34:23 +0800] "GET /~tokwh/website/images/index_10.gif HTTP/1.1" 200 103 "http://www.comp.nus.edu.sg/~tokwh/website/" "Mozilla/4.0 (compatible; MSIE 6.0; Windows NT 5.0; .NET CLR 1.0.3705; .NET CLR 1.1.4322)" 218.186.19.155
cache146.156ce.maxonline.com.sg - - [26/May/2004:00:34:23 +0800] "GET /~tokwh/website/images/index_11.gif HTTP/1.1" 200 109 "http://www.comp.nus.edu.sg/~tokwh/website/" "Mozilla/4.0 (compatible; MSIE 6.0; Windows NT 5.0; .NET CLR 1.0.3705; .NET CLR 1.1.4322)" 218.186.19.155
203.162.154.140 - - [26/May/2004:00:34:23 +0800] "GET /~tranviet/buxu.jpg HTTP/1.1" 304 - "http://12a4.linhhotel.com/index.php?act=ST&f=19&t=886&s=1702161a0391cb77eacc84d5778b0c78" "Mozilla/4.0 (compatible; MSIE 6.0; Windows 98)" -
cache146.156ce.maxonline.com.sg - - [26/May/2004:00:34:23 +0800] "GET /~tokwh/website/images/index_13.gif HTTP/1.1" 200 128 "http://www.comp.nus.edu.sg/~tokwh/website/" "Mozilla/4.0 (compatible; MSIE 6.0; Windows NT 5.0; .NET CLR 1.0.3705; .NET CLR 1.1.4322)" 218.186.19.155
cache146.156ce.maxonline.com.sg - - [26/May/2004:00:34:23 +0800] "GET /~tokwh/website/images/index_14.gif HTTP/1.1" 200 146 "http://www.comp.nus.edu.sg/~tokwh/website/" "Mozilla/4.0 (compatible; MSIE 6.0; Windows NT 5.0; .NET CLR 1.0.3705; .NET CLR 1.1.4322)" 218.186.19.155
cache146.156ce.maxonline.com.sg - - [26/May/2004:00:34:23 +0800] "GET /~tokwh/website/images/index_15.gif HTTP/1.1" 200 167 "http://www.comp.nus.edu.sg/~tokwh/website/" "Mozilla/4.0 (compatible; MSIE 6.0; Windows NT 5.0; .NET CLR 1.0.3705; .NET CLR 1.1.4322)" 218.186.19.155
cache146.156ce.maxonline.com.sg - - [26/May/2004:00:34:23 +0800] "GET /~tokwh/website/images/index_16.gif HTTP/1.1" 200 90 "http://www.comp.nus.edu.sg/~tokwh/website/" "Mozilla/4.0 (compatible; MSIE 6.0; Windows NT 5.0; .NET CLR 1.0.3705; .NET CLR 1.1.4322)" 218.186.19.155
cache146.156ce.maxonline.com.sg - - [26/May/2004:00:34:23 +0800] "GET /~tokwh/website/images/index_17.gif HTTP/1.1" 200 111 "http://www.comp.nus.edu.sg/~tokwh/website/" "Mozilla/4.0 (compatible; MSIE 6.0; Windows NT 5.0; .NET CLR 1.0.3705; .NET CLR 1.1.4322)" 218.186.19.155
cache146.156ce.maxonline.com.sg - - [26/May/2004:00:34:23 +0800] "GET /~tokwh/website/images/index_19.gif HTTP/1.1" 200 211 "http://www.comp.nus.edu.sg/~tokwh/website/" "Mozilla/4.0 (compatible; MSIE 6.0; Windows NT 5.0; .NET CLR 1.0.3705; .NET CLR 1.1.4322)" 218.186.19.155
cache146.156ce.maxonline.com.sg - - [26/May/2004:00:34:23 +0800] "GET /~tokwh/website/images/index_20.gif HTTP/1.1" 200 290 "http://www.comp.nus.edu.sg/~tokwh/website/" "Mozilla/4.0 (compatible; MSIE 6.0; Windows NT 5.0; .NET CLR 1.0.3705; .NET CLR 1.1.4322)" 218.186.19.155
cache146.156ce.maxonline.com.sg - - [26/May/2004:00:34:23 +0800] "GET /~tokwh/website/images/index_18.gif HTTP/1.1" 200 264 "http://www.comp.nus.edu.sg/~tokwh/website/" "Mozilla/4.0 (compatible; MSIE 6.0; Windows NT 5.0; .NET CLR 1.0.3705; .NET CLR 1.1.4322)" 218.186.19.155
cache146.156ce.maxonline.com.sg - - [26/May/2004:00:34:23 +0800] "GET /~tokwh/website/images/spacer.gif HTTP/1.1" 200 43 "http://www.comp.nus.edu.sg/~tokwh/website/" "Mozilla/4.0 (compatible; MSIE 6.0; Windows NT 5.0; .NET CLR 1.0.3705; .NET CLR 1.1.4322)" 218.186.19.155
cache-loh-aa03.proxy.aol.com - - [26/May/2004:00:34:26 +0800] "GET /~nghoongk/lyrics/singer86-1.html HTTP/1.1" 200 9999 "http://www.google.com/search?hl=en&ie=ISO-8859-1&q=%26%2336861%3B+lyrics" "Mozilla/4.0 (compatible; MSIE 6.0; AOL 9.0; Windows NT 5.0)" -
155.69.5.236 - - [26/May/2004:00:34:26 +0800] "GET /~nguyentu/nhactac/mp3ss2d.swf HTTP/1.1" 200 3186 "-" "Mozilla/4.0 (compatible; MSIE 6.0; Windows NT 5.1; .NET CLR 1.1.4322)" 172.20.146.13
155.69.5.236 - - [26/May/2004:00:34:26 +0800] "GET /~nguyentu/nhactac/mp3ss1d.swf HTTP/1.1" 200 3186 "-" "Mozilla/4.0 (compatible; MSIE 6.0; Windows NT 5.1; .NET CLR 1.1.4322)" 172.20.146.13
155.69.5.236 - - [26/May/2004:00:34:26 +0800] "GET /~nguyentu/nhactac/mp3ss3d.swf HTTP/1.1" 200 4170 "-" "Mozilla/4.0 (compatible; MSIE 6.0; Windows NT 5.1; .NET CLR 1.1.4322)" 172.20.146.13
155.69.5.236 - - [26/May/2004:00:34:26 +0800] "GET /~nguyentu/nhactac/mp3ss4d.swf HTTP/1.1" 200 4170 "-" "Mozilla/4.0 (compatible; MSIE 6.0; Windows NT 5.1; .NET CLR 1.1.4322)" 172.20.146.13
197-132.priv.nus.edu.sg - - [26/May/2004:00:34:27 +0800] "GET /~nguyentu/nhactac/mp3ss1d.swf HTTP/1.1" 200 3186 "-" "Mozilla/4.0 (compatible; MSIE 6.0; Windows NT 5.1; .NET CLR 1.0.3705)" -
206-18.priv.nus.edu.sg - - [26/May/2004:00:34:27 +0800] "GET /~luutrung/sign.jpg HTTP/1.1" 304 - "http://forum.vncnus.net/viewtopic.php?p=96595" "Mozilla/4.0 (compatible; MSIE 6.0; Windows NT 5.1)" -
197-132.priv.nus.edu.sg - - [26/May/2004:00:34:27 +0800] "GET /~nguyentu/nhactac/mp3ss3d.swf HTTP/1.1" 200 4170 "-" "Mozilla/4.0 (compatible; MSIE 6.0; Windows NT 5.1; .NET CLR 1.0.3705)" -
197-132.priv.nus.edu.sg - - [26/May/2004:00:34:27 +0800] "GET /~nguyentu/nhactac/mp3ss2d.swf HTTP/1.1" 200 3186 "-" "Mozilla/4.0 (compatible; MSIE 6.0; Windows NT 5.1; .NET CLR 1.0.3705)" -
197-132.priv.nus.edu.sg - - [26/May/2004:00:34:27 +0800] "GET /~nguyentu/nhactac/mp3ss4d.swf HTTP/1.1" 200 4170 "-" "Mozilla/4.0 (compatible; MSIE 6.0; Windows NT 5.1; .NET CLR 1.0.3705)" -
197-132.priv.nus.edu.sg - - [26/May/2004:00:34:27 +0800] "GET /~nguyentu/nhactac/mp3ss2d.swf HTTP/1.1" 200 3186 "-" "Mozilla/4.0 (compatible; MSIE 6.0; Windows NT 5.1; .NET CLR 1.0.3705)" -
197-132.priv.nus.edu.sg - - [26/May/2004:00:34:27 +0800] "GET /~nguyentu/nhactac/mp3ss3d.swf HTTP/1.1" 200 4170 "-" "Mozilla/4.0 (compatible; MSIE 6.0; Windows NT 5.1; .NET CLR 1.0.3705)" -
197-132.priv.nus.edu.sg - - [26/May/2004:00:34:27 +0800] "GET /~nguyentu/nhactac/mp3ss4d.swf HTTP/1.1" 200 4170 "-" "Mozilla/4.0 (compatible; MSIE 6.0; Windows NT 5.1; .NET CLR 1.0.3705)" -
cache-loh-ab06.proxy.aol.com - - [26/May/2004:00:34:28 +0800] "GET /~nghoongk/lyrics/o.gif HTTP/1.1" 200 907 "http://www.comp.nus.edu.sg/~nghoongk/lyrics/singer86-1.html" "Mozilla/4.0 (compatible; MSIE 6.0; AOL 9.0; Windows NT 5.0)" -
cache-loh-ab06.proxy.aol.com - - [26/May/2004:00:34:28 +0800] "GET /~nghoongk/lyrics/m.gif HTTP/1.1" 200 872 "http://www.comp.nus.edu.sg/~nghoongk/lyrics/singer86-1.html" "Mozilla/4.0 (compatible; MSIE 6.0; AOL 9.0; Windows NT 5.0)" -
nbk6.cerm.unifi.it - - [26/May/2004:00:34:28 +0800] "GET /~jansson/Thesis_PhD_CS.html HTTP/1.1" 200 2819 "http://www.google.it/search?q=consensus+algorithm&ie=UTF-8&hl=it&lr=" "Mozilla/4.0 (compatible; MSIE 6.0; Windows NT 5.1)" -
156.3.163.108 - - [26/May/2004:00:34:28 +0800] "GET /~sunyuan/images/index_r2_c2_f2.gif HTTP/1.0" 200 23678 "-" "Mozilla/5.0 (Macintosh; U; PPC; en-US; rv:1.0.1) Gecko/20020823 Netscape/7.0" 10.2.48.5
cache-loh-ab06.proxy.aol.com - - [26/May/2004:00:34:28 +0800] "GET /~nghoongk/lyrics/c.gif HTTP/1.1" 200 870 "http://www.comp.nus.edu.sg/~nghoongk/lyrics/singer86-1.html" "Mozilla/4.0 (compatible; MSIE 6.0; AOL 9.0; Windows NT 5.0)" -
210.200.105.227 - - [26/May/2004:00:34:28 +0800] "GET /~nghoongk/lyrics/singer168-1.html HTTP/1.0" 200 3983 "http://tw.search.yahoo.com/search/kimo?p=%ADS%DE%B3%B5X%2B%BAq%B5%FC" "Mozilla/4.0 (compatible; MSIE 6.0; Windows NT 5.1)" 218.187.102.148
203.71.14.199 - - [26/May/2004:00:34:32 +0800] "GET /~nghoongk/lyrics/singer363-1.html HTTP/1.1" 200 10801 "http://tw.search.yahoo.com/search/kimo?p=%be%7c%a6%42%aa%e1%b0%aa%ba%71%b5%fc&ykd=2&ykafo=1" "Mozilla/4.0 (compatible; MSIE 6.0; Windows NT 5.1; FunWebProducts)" -
cache-loh-ac06.proxy.aol.com - - [26/May/2004:00:34:33 +0800] "GET /~nghoongk/lyrics/index.html HTTP/1.1" 200 59710 "http://www.comp.nus.edu.sg/~nghoongk/lyrics/singer86-1.html" "Mozilla/4.0 (compatible; MSIE 6.0; AOL 9.0; Windows NT 5.0)" -
lj1106.inktomisearch.com - - [26/May/2004:00:34:33 +0800] "GET /~cs2104s/01-02-2/Quiz/quiz05sessions/U007973Y13-04025813-5.html HTTP/1.0" 200 10227 "-" "Mozilla/5.0 (compatible; Yahoo! Slurp; http://help.yahoo.com/help/us/ysearch/slurp)" -
adsl20.dyn239.pacific.net.sg - - [26/May/2004:00:34:33 +0800] "GET /~ngziming/P1010025.jpg HTTP/1.1" 404 304 "-" "Mozilla/4.0 (compatible; MSIE 6.0; Windows NT 5.1)" -
203.71.14.199 - - [26/May/2004:00:34:33 +0800] "GET /~nghoongk/lyrics/c.gif HTTP/1.1" 200 870 "http://www.comp.nus.edu.sg/~nghoongk/lyrics/singer363-1.html" "Mozilla/4.0 (compatible; MSIE 6.0; Windows NT 5.1; FunWebProducts)" -
pcidcom10.see.ed.ac.uk - - [26/May/2004:00:34:34 +0800] "GET /~zhangche/wwwroot/literature/wxxh/place.gif HTTP/1.1" 404 325 "http://www.comp.nus.edu.sg/~zhangche/wwwroot/literature/wxxh/sgyx1.html" "Mozilla/5.0 (X11; U; Linux i686; en-US; rv:1.5) Gecko/20031007" -
pcidcom10.see.ed.ac.uk - - [26/May/2004:00:34:34 +0800] "GET /~zhangche/wwwroot/literature/wxxh/sgyx1.html HTTP/1.1" 200 61722 "http://www.comp.nus.edu.sg/~zhangche/wwwroot/literature/wxxh.html" "Mozilla/5.0 (X11; U; Linux i686; en-US; rv:1.5) Gecko/20031007" -
cache-loh-ac08.proxy.aol.com - - [26/May/2004:00:34:35 +0800] "GET /~nghoongk/lyrics/million.gif HTTP/1.0" 200 1162 "http://www.comp.nus.edu.sg/~nghoongk/lyrics/index.html" "Mozilla/4.0 (compatible; MSIE 6.0; AOL 9.0; Windows NT 5.0)" -
66.196.90.39 - - [26/May/2004:00:34:37 +0800] "GET /~ongkaili/nus1-1.html HTTP/1.0" 404 291 "-" "Mozilla/5.0 (compatible; Yahoo! Slurp; http://help.yahoo.com/help/us/ysearch/slurp)" -
81-86-184-115.dsl.pipex.com - - [26/May/2004:00:34:37 +0800] "GET /~sunyuan/images/nemo.gif HTTP/1.1" 304 - "http://groups.msn.com/MumsnDadsPlace/games.msnw?action=get_message&mview=0&ID_Message=23&all_topics=0" "Mozilla/4.0 (compatible; MSIE 6.0; Windows NT 5.1; Hotbar 4.4.2.0; .NET CLR 1.1.4322)" -
lj1181.inktomisearch.com - - [26/May/2004:00:34:37 +0800] "GET /~lisb/javalib/nio/java_nio_directR.s HTTP/1.0" 200 3571 "-" "Mozilla/5.0 (compatible; Yahoo! Slurp; http://help.yahoo.com/help/us/ysearch/slurp)" -
218.111.3.197 - - [26/May/2004:00:34:38 +0800] "GET /~dcheong/ HTTP/1.1" 404 291 "http://images.google.com.my/imgres?imgurl=www.comp.nus.edu.sg/~dcheong/ghost.jpg&imgrefurl=http://www.comp.nus.edu.sg/~dcheong/&h=600&w=800&sz=74&tbnid=EqAVt3UWRtMJ:&tbnh=106&tbnw=141&start=3&prev=/images%3Fq%3Dghost%26hl%3Den%26lr%3D%26ie%3DUTF-8" "Mozilla/4.0 (compatible; MSIE 6.0; Windows NT 5.1; .NET CLR 1.1.4322)" -
218.111.3.197 - - [26/May/2004:00:34:39 +0800] "GET /~dcheong/ HTTP/1.1" 404 291 "http://images.google.com.my/imgres?imgurl=www.comp.nus.edu.sg/~dcheong/ghost.jpg&imgrefurl=http://www.comp.nus.edu.sg/~dcheong/&h=600&w=800&sz=74&tbnid=eqavt3uwrtmj:&tbnh=106&tbnw=141&start=3&prev=/images?q=ghost&hl=en&lr=&ie=utf-8" "Mozilla/4.0 (compatible; MSIE 6.0; Windows NT 5.1; .NET CLR 1.1.4322)" -
218.111.3.197 - - [26/May/2004:00:34:40 +0800] "GET /~dcheong/ghost.jpg HTTP/1.1" 404 300 "http://images.google.com.my/imgres?imgurl=www.comp.nus.edu.sg/~dcheong/ghost.jpg&imgrefurl=http://www.comp.nus.edu.sg/~dcheong/&h=600&w=800&sz=74&tbnid=EqAVt3UWRtMJ:&tbnh=106&tbnw=141&prev=/images%3Fq%3Dghost%26hl%3Den%26lr%3D%26ie%3DUTF-8&frame=small" "Mozilla/4.0 (compatible; MSIE 6.0; Windows NT 5.1; .NET CLR 1.1.4322)" -
210.200.105.225 - - [26/May/2004:00:34:40 +0800] "GET /~nghoongk/lyrics/singer237-1.html HTTP/1.0" 200 14640 "http://tw.search.yahoo.com/search/kimo?p=%B1%E7%C0R%AF%F8%BAq%B5%FC" "Mozilla/4.0 (compatible; MSIE 6.0; Windows NT 5.1)" 218.187.211.37
pcidcom10.see.ed.ac.uk - - [26/May/2004:00:34:41 +0800] "GET /~zhangche/wwwroot/literature/wxxh/place.gif HTTP/1.1" 404 325 "http://www.comp.nus.edu.sg/~zhangche/wwwroot/literature/wxxh/sgyx3.html" "Mozilla/5.0 (X11; U; Linux i686; en-US; rv:1.5) Gecko/20031007" -
218.111.3.197 - - [26/May/2004:00:34:41 +0800] "GET /~dcheong/ HTTP/1.1" 404 291 "http://images.google.com.my/imgres?imgurl=www.comp.nus.edu.sg/~dcheong/ghost.jpg&imgrefurl=http://www.comp.nus.edu.sg/~dcheong/&h=600&w=800&sz=74&tbnid=eqavt3uwrtmj:&tbnh=106&tbnw=141&start=3&prev=/images?q=ghost&hl=en&lr=&ie=utf-8" "Mozilla/4.0 (compatible; MSIE 6.0; Windows NT 5.1; .NET CLR 1.1.4322)" -
pcidcom10.see.ed.ac.uk - - [26/May/2004:00:34:42 +0800] "GET /~zhangche/wwwroot/literature/wxxh/sgyx3.html HTTP/1.1" 200 55117 "http://www.comp.nus.edu.sg/~zhangche/wwwroot/literature/wxxh.html" "Mozilla/5.0 (X11; U; Linux i686; en-US; rv:1.5) Gecko/20031007" -
66.193.220.236 - - [26/May/2004:00:34:44 +0800] "GET /~dcheong/ HTTP/1.0" 404 279 "http://images.google.com/imgres?imgurl=www.comp.nus.edu.sg/~dcheong/ghost.jpg&imgrefurl=http://www.comp.nus.edu.sg/~dcheong/&h=600&w=800&sz=74&tbnid=EqAVt3UWRtMJ:&tbnh=106&tbnw=141&start=2&prev=/images%3Fq%3Dghost%26hl%3Den%26lr%3D%26ie%3DUTF-8" "Mozilla/4.0 (compatible; MSIE 6.0; Windows NT 5.1)" 10.0.1.45
adsl20.dyn239.pacific.net.sg - - [26/May/2004:00:34:45 +0800] "GET /~ngziming/P1010028.jpg HTTP/1.1" 404 304 "-" "Mozilla/4.0 (compatible; MSIE 6.0; Windows NT 5.1)" -
cache138.156ce.maxonline.com.sg - - [26/May/2004:00:34:45 +0800] "GET /%7Ehancheet/mp3/new%20Album/tianmimi.wma HTTP/1.1" 304 - "http://singcock.topcities.com/downloadMusic.htm" "Mozilla/4.0 (compatible; MSIE 6.0; Windows NT 5.1)" 218.212.0.129
66.193.220.236 - - [26/May/2004:00:34:47 +0800] "GET /~dcheong/ghost.jpg HTTP/1.0" 404 288 "http://images.google.com/imgres?imgurl=www.comp.nus.edu.sg/~dcheong/ghost.jpg&imgrefurl=http://www.comp.nus.edu.sg/~dcheong/&h=600&w=800&sz=74&tbnid=EqAVt3UWRtMJ:&tbnh=106&tbnw=141&prev=/images%3Fq%3Dghost%26hl%3Den%26lr%3D%26ie%3DUTF-8&frame=small" "Mozilla/4.0 (compatible; MSIE 6.0; Windows NT 5.1)" 10.0.1.45
201.128.88.193 - - [26/May/2004:00:34:47 +0800] "GET /~chancy HTTP/1.1" 301 327 "http://www.comp.nus.edu./cs/acad_staff.html" "Mozilla/4.0 (compatible; MSIE 6.0; Windows 98; Win 9x 4.90)" -
bbcache-9.singnet.com.sg - - [26/May/2004:00:34:47 +0800] "GET /~yongguoq/blog_july03.html HTTP/1.1" 200 96135 "http://sg.search.yahoo.com/search/sg?p=Mitsubitshi+Car+Rental&ei=UTF-8&y=Singapore" "Mozilla/4.0 (compatible; MSIE 6.0; Windows 98; SINGNET)" 220.255.209.138, 165.21.154.138
201.128.88.193 - - [26/May/2004:00:34:48 +0800] "GET /~chancy/ HTTP/1.1" 200 1553 "http://www.comp.nus.edu./cs/acad_staff.html" "Mozilla/4.0 (compatible; MSIE 6.0; Windows 98; Win 9x 4.90)" -
201.128.88.193 - - [26/May/2004:00:34:48 +0800] "GET /~chancy/Pictures/under_construction.gif HTTP/1.1" 200 244 "http://www.comp.nus.edu.sg/~chancy/" "Mozilla/4.0 (compatible; MSIE 6.0; Windows 98; Win 9x 4.90)" -
66.193.220.236 - - [26/May/2004:00:34:49 +0800] "GET /~dcheong/ HTTP/1.0" 404 279 "http://images.google.com/imgres?imgurl=www.comp.nus.edu.sg/~dcheong/ghost.jpg&imgrefurl=http://www.comp.nus.edu.sg/~dcheong/&h=600&w=800&sz=74&tbnid=EqAVt3UWRtMJ:&tbnh=106&tbnw=141&start=2&prev=/images%3Fq%3Dghost%26hl%3Den%26lr%3D%26ie%3DUTF-8" "Mozilla/4.0 (compatible; MSIE 6.0; Windows NT 5.1)" 10.0.1.45
bbcache-9.singnet.com.sg - - [26/May/2004:00:34:49 +0800] "GET /programmes/programmes.htm HTTP/1.1" 200 7209 "http://www.comp.nus.edu.sg/" "Mozilla/4.0 (compatible; MSIE 6.0; Windows NT 5.1; Compplus)" 219.74.49.103, 165.21.154.148
cache138.156ce.maxonline.com.sg - - [26/May/2004:00:34:50 +0800] "GET /%7Ehancheet/mp3/new%20Album/tianmimi.wma HTTP/1.1" 200 2693133 "-" "NSPlayer/9.0.0.2980" 218.212.0.129
cache138.156ce.maxonline.com.sg - - [26/May/2004:00:34:50 +0800] "GET /~hancheet/mp3/new%20Album/tianmimi.wma HTTP/1.1" 200 2693133 "-" "NSPlayer/9.0.0.2980 WMFSDK/9.0" 218.212.0.129
218.111.3.197 - - [26/May/2004:00:34:52 +0800] "GET /~dcheong/ HTTP/1.1" 404 291 "http://images.google.com.my/imgres?imgurl=www.comp.nus.edu.sg/~dcheong/ghost.jpg&imgrefurl=http://www.comp.nus.edu.sg/~dcheong/&h=600&w=800&sz=74&tbnid=eqavt3uwrtmj:&tbnh=106&tbnw=141&start=3&prev=/images?q=ghost&hl=en&lr=&ie=utf-8" "Mozilla/4.0 (compatible; MSIE 6.0; Windows NT 5.1; .NET CLR 1.1.4322)" -
cache-loh-aa04.proxy.aol.com - - [26/May/2004:00:34:52 +0800] "GET /~nghoongk/lyrics/singer218-1.html HTTP/1.1" 200 14351 "http://www.comp.nus.edu.sg/~nghoongk/lyrics/index.html" "Mozilla/4.0 (compatible; MSIE 6.0; AOL 9.0; Windows NT 5.0)" -
220-135-181-26.hinet-ip.hinet.net - - [26/May/2004:00:34:55 +0800] "GET /~nghoongk/lyrics/singer120-1.html HTTP/1.1" 200 9836 "http://tw.search.yahoo.com/search/kimo?p=%AAF%AD%B7%AF%7D%BAq%B5%FC&ykd=1" "Mozilla/4.0 (compatible; MSIE 6.0; Windows NT 5.1)" -
bbcache-9.singnet.com.sg - - [26/May/2004:00:34:55 +0800] "GET /specialprog/ HTTP/1.1" 200 9911 "http://www.comp.nus.edu.sg/programmes/programmes.htm" "Mozilla/4.0 (compatible; MSIE 6.0; Windows NT 5.1; Compplus)" 219.74.49.103, 165.21.154.148
adsl20.dyn239.pacific.net.sg - - [26/May/2004:00:34:55 +0800] "GET /~ngziming/P1010033.jpg HTTP/1.1" 404 304 "-" "Mozilla/4.0 (compatible; MSIE 6.0; Windows NT 5.1)" -
201-14.priv.nus.edu.sg - - [26/May/2004:00:34:55 +0800] "GET /~nguyentr/Gar2.gif HTTP/1.1" 304 - "http://forum.vncnus.net/viewtopic.php?t=8082&highlight=" "Mozilla/4.0 (compatible; MSIE 6.0; Windows NT 5.1; (R1 1.3))" -
201-14.priv.nus.edu.sg - - [26/May/2004:00:34:55 +0800] "GET /~nguyentu/nhactac/mp3ss1d.swf HTTP/1.1" 304 - "-" "Mozilla/4.0 (compatible; MSIE 6.0; Windows NT 5.1; (R1 1.3))" -
201-14.priv.nus.edu.sg - - [26/May/2004:00:34:55 +0800] "GET /~nguyentu/nhactac/mp3ss2d.swf HTTP/1.1" 304 - "-" "Mozilla/4.0 (compatible; MSIE 6.0; Windows NT 5.1; (R1 1.3))" -
201-14.priv.nus.edu.sg - - [26/May/2004:00:34:55 +0800] "GET /~nguyentu/nhactac/mp3ss3d.swf HTTP/1.1" 304 - "-" "Mozilla/4.0 (compatible; MSIE 6.0; Windows NT 5.1; (R1 1.3))" -
201-14.priv.nus.edu.sg - - [26/May/2004:00:34:55 +0800] "GET /~nguyentu/nhactac/mp3ss4d.swf HTTP/1.1" 304 - "-" "Mozilla/4.0 (compatible; MSIE 6.0; Windows NT 5.1; (R1 1.3))" -
201-14.priv.nus.edu.sg - - [26/May/2004:00:34:55 +0800] "GET /~lengocsa/kirimaru-s2.jpg HTTP/1.1" 304 - "http://forum.vncnus.net/viewtopic.php?t=8082&highlight=" "Mozilla/4.0 (compatible; MSIE 6.0; Windows NT 5.1; (R1 1.3))" -
211.22.33.2 - - [26/May/2004:00:34:56 +0800] "GET /~nghoongk/lyrics/singer267-1.html HTTP/1.0" 200 4338 "-" "Mozilla/3.01 (compatible;)" -
bbcache-9.singnet.com.sg - - [26/May/2004:00:34:56 +0800] "GET /~yongguoq/Pictures/IMG_1302.JPG HTTP/1.1" 200 11640 "http://www.comp.nus.edu.sg/~yongguoq/blog_july03.html" "Mozilla/4.0 (compatible; MSIE 6.0; Windows 98; SINGNET)" 220.255.209.138, 165.21.154.144
218.111.3.197 - - [26/May/2004:00:34:57 +0800] "GET /~dcheong/ghost.jpg HTTP/1.1" 404 300 "http://images.google.com.my/imgres?imgurl=www.comp.nus.edu.sg/~dcheong/ghost.jpg&imgrefurl=http://www.comp.nus.edu.sg/~dcheong/&h=600&w=800&sz=74&tbnid=EqAVt3UWRtMJ:&tbnh=106&tbnw=141&prev=/images%3Fq%3Dghost%26hl%3Den%26lr%3D%26ie%3DUTF-8&frame=small" "Mozilla/4.0 (compatible; MSIE 6.0; Windows NT 5.1; .NET CLR 1.1.4322)" -
p508676bc.dip.t-dialin.net - - [26/May/2004:00:34:57 +0800] "GET /~sunyuan/ HTTP/1.1" 200 3152 "http://images.google.de/imgres?imgurl=www.comp.nus.edu.sg/~sunyuan/images/nemo.gif&imgrefurl=http://www.comp.nus.edu.sg/~sunyuan/&h=248&w=275&sz=97&tbnid=2kEH2rEHlHsJ:&tbnh=98&tbnw=108&start=8&prev=/images%3Fq%3DNemo%26hl%3Dde%26lr%3D%26ie%3DUTF-8" "Mozilla/4.0 (compatible; MSIE 6.0; Windows NT 5.1)" -
220-135-181-26.hinet-ip.hinet.net - - [26/May/2004:00:34:57 +0800] "GET /~nghoongk/lyrics/m.gif HTTP/1.1" 304 - "http://www.comp.nus.edu.sg/~nghoongk/lyrics/singer120-1.html" "Mozilla/4.0 (compatible; MSIE 6.0; Windows NT 5.1)" -
bbcache-11.singnet.com.sg - - [26/May/2004:00:34:57 +0800] "GET /~yongguoq/Pictures/IMG_1300.JPG HTTP/1.1" 200 12391 "http://www.comp.nus.edu.sg/~yongguoq/blog_july03.html" "Mozilla/4.0 (compatible; MSIE 6.0; Windows 98; SINGNET)" 220.255.209.138, 165.21.154.144
220-135-181-26.hinet-ip.hinet.net - - [26/May/2004:00:34:58 +0800] "GET /~nghoongk/lyrics/o.gif HTTP/1.1" 200 907 "http://www.comp.nus.edu.sg/~nghoongk/lyrics/singer120-1.html" "Mozilla/4.0 (compatible; MSIE 6.0; Windows NT 5.1)" -
p508676bc.dip.t-dialin.net - - [26/May/2004:00:34:58 +0800] "GET /~sunyuan/images/index_r1_c1.gif HTTP/1.1" 200 1887 "http://www.comp.nus.edu.sg/~sunyuan/" "Mozilla/4.0 (compatible; MSIE 6.0; Windows NT 5.1)" -
cache-loh-ab04.proxy.aol.com - - [26/May/2004:00:34:59 +0800] "GET /~nghoongk/lyrics/singer218-2.html HTTP/1.1" 200 13851 "http://www.comp.nus.edu.sg/~nghoongk/lyrics/singer218-1.html" "Mozilla/4.0 (compatible; MSIE 6.0; AOL 9.0; Windows NT 5.0)" -
203.71.14.199 - - [26/May/2004:00:34:59 +0800] "GET /~nghoongk/lyrics/m.gif HTTP/1.1" 200 872 "http://www.comp.nus.edu.sg/~nghoongk/lyrics/singer363-1.html" "Mozilla/4.0 (compatible; MSIE 6.0; Windows NT 5.1; FunWebProducts)" -
p508676bc.dip.t-dialin.net - - [26/May/2004:00:35:00 +0800] "GET /~sunyuan/images/index_r2_c1.gif HTTP/1.1" 200 12459 "http://www.comp.nus.edu.sg/~sunyuan/" "Mozilla/4.0 (compatible; MSIE 6.0; Windows NT 5.1)" -
p508676bc.dip.t-dialin.net - - [26/May/2004:00:35:01 +0800] "GET /~sunyuan/images/index_r2_c3.gif HTTP/1.1" 200 11308 "http://www.comp.nus.edu.sg/~sunyuan/" "Mozilla/4.0 (compatible; MSIE 6.0; Windows NT 5.1)" -
p508676bc.dip.t-dialin.net - - [26/May/2004:00:35:01 +0800] "GET /~sunyuan/images/nemo.gif HTTP/1.1" 200 98407 "http://www.comp.nus.edu.sg/~sunyuan/" "Mozilla/4.0 (compatible; MSIE 6.0; Windows NT 5.1)" -
p508676bc.dip.t-dialin.net - - [26/May/2004:00:35:01 +0800] "GET /~sunyuan/images/index_r3_c2.gif HTTP/1.1" 200 8177 "http://www.comp.nus.edu.sg/~sunyuan/" "Mozilla/4.0 (compatible; MSIE 6.0; Windows NT 5.1)" -
p508676bc.dip.t-dialin.net - - [26/May/2004:00:35:01 +0800] "GET /~sunyuan/images/index_r2_c2_f2.gif HTTP/1.1" 200 23678 "http://www.comp.nus.edu.sg/~sunyuan/" "Mozilla/4.0 (compatible; MSIE 6.0; Windows NT 5.1)" -
218.111.3.197 - - [26/May/2004:00:35:02 +0800] "GET /~dcheong/ HTTP/1.1" 404 291 "http://images.google.com.my/imgres?imgurl=www.comp.nus.edu.sg/~dcheong/ghost.jpg&imgrefurl=http://www.comp.nus.edu.sg/~dcheong/&h=600&w=800&sz=74&tbnid=EqAVt3UWRtMJ:&tbnh=106&tbnw=141&start=3&prev=/images%3Fq%3Dghost%26hl%3Den%26lr%3D%26ie%3DUTF-8" "Mozilla/4.0 (compatible; MSIE 6.0; Windows NT 5.1; .NET CLR 1.1.4322)" -
adsl-068-213-255-071.sip.mia.bellsouth.net - - [26/May/2004:00:35:03 +0800] "GET /~xuemingq/style/cartoon.gif HTTP/1.1" 304 - "-" "Mozilla/4.0 (compatible; MSIE 6.0; Windows NT 5.1)" -
