pcd446201.netvigator.com - - [26/May/2004:00:49:15 +0800] "GET /~nghoongk/lyrics/singer229-4.html HTTP/1.1" 200 15255 "http://www.comp.nus.edu.sg/~nghoongk/lyrics/singer229-3.html" "Mozilla/4.0 (compatible; MSIE 6.0; Windows NT 5.1)" -
220.255.60.158 - - [26/May/2004:00:49:15 +0800] "GET /images/socmain_r3_c11.jpg HTTP/1.1" 200 1265 "http://www.comp.nus.edu.sg/~online/course_list/" "Mozilla/4.0 (compatible; MSIE 6.0; Windows NT 5.1; .NET CLR 1.0.3705)" -
220.255.60.158 - - [26/May/2004:00:49:15 +0800] "GET /images/socmain_r3_c13.jpg HTTP/1.1" 200 7938 "http://www.comp.nus.edu.sg/~online/course_list/" "Mozilla/4.0 (compatible; MSIE 6.0; Windows NT 5.1; .NET CLR 1.0.3705)" -
cache218.156ce.maxonline.com.sg - - [26/May/2004:00:49:17 +0800] "GET /~nghoongk/lyrics/singer421-1.html HTTP/1.1" 200 11211 "http://www.comp.nus.edu.sg/~nghoongk/lyrics/index.html" "Mozilla/4.0 (compatible; MSIE 6.0; Windows NT 5.1)" 218.186.195.52
193-12.priv.nus.edu.sg - - [26/May/2004:00:49:19 +0800] "GET /~nguyentr/Gar2.gif HTTP/1.1" 304 - "http://forum.vncnus.net/viewtopic.php?t=8082&highlight=" "Mozilla/4.0 (compatible; MSIE 6.0; Windows NT 5.1)" -
maestrale.eutelsat.net - - [26/May/2004:00:49:19 +0800] "GET /~zhangdon/photo/wc2002/ballack.jpg HTTP/1.0" 200 46942 "http://www.startimes2.com/f.aspx?t=184237" "Mozilla/4.0 (compatible; MSIE 5.0; Windows 98; DigExt)" 62.240.54.247
220.255.60.158 - - [26/May/2004:00:49:19 +0800] "GET /nusstyles.css HTTP/1.1" 304 - "http://www.comp.nus.edu.sg/~online/course_list/" "Mozilla/4.0 (compatible; MSIE 6.0; Windows NT 5.1; .NET CLR 1.0.3705)" -
220.255.60.158 - - [26/May/2004:00:49:19 +0800] "GET /images/nussocbanner.gif HTTP/1.1" 304 - "http://www.comp.nus.edu.sg/~online/course_list/" "Mozilla/4.0 (compatible; MSIE 6.0; Windows NT 5.1; .NET CLR 1.0.3705)" -
220.255.60.158 - - [26/May/2004:00:49:19 +0800] "GET /images/facenghd.gif HTTP/1.1" 304 - "http://www.comp.nus.edu.sg/~online/course_list/" "Mozilla/4.0 (compatible; MSIE 6.0; Windows NT 5.1; .NET CLR 1.0.3705)" -
220.255.60.158 - - [26/May/2004:00:49:20 +0800] "GET /images/socmain_r3_c6.jpg HTTP/1.1" 304 - "http://www.comp.nus.edu.sg/~online/course_list/" "Mozilla/4.0 (compatible; MSIE 6.0; Windows NT 5.1; .NET CLR 1.0.3705)" -
soccf-pls-015.ddns.comp.nus.edu.sg - - [26/May/2004:00:49:20 +0800] "GET /~xuyj/ HTTP/1.1" 200 307 "http://www.comp.nus.edu.sg/~online/course_list/courses.html" "Mozilla/4.0 (compatible; MSIE 6.0; Windows NT 5.1; Q312461; .NET CLR 1.0.3705; .NET CLR 1.1.4322)" -
soccf-pls-015.ddns.comp.nus.edu.sg - - [26/May/2004:00:49:20 +0800] "GET /~xuyj/directory.html HTTP/1.1" 200 1842 "http://www.comp.nus.edu.sg/~xuyj/" "Mozilla/4.0 (compatible; MSIE 6.0; Windows NT 5.1; Q312461; .NET CLR 1.0.3705; .NET CLR 1.1.4322)" -
220.255.60.158 - - [26/May/2004:00:49:20 +0800] "GET /images/socmain_r3_c8.jpg HTTP/1.1" 304 - "http://www.comp.nus.edu.sg/~online/course_list/" "Mozilla/4.0 (compatible; MSIE 6.0; Windows NT 5.1; .NET CLR 1.0.3705)" -
soccf-pls-015.ddns.comp.nus.edu.sg - - [26/May/2004:00:49:20 +0800] "GET /~xuyj/about.html HTTP/1.1" 200 4001 "http://www.comp.nus.edu.sg/~xuyj/" "Mozilla/4.0 (compatible; MSIE 6.0; Windows NT 5.1; Q312461; .NET CLR 1.0.3705; .NET CLR 1.1.4322)" -
197-86.priv.nus.edu.sg - - [26/May/2004:00:49:20 +0800] "GET /~phanthan/AVSEQ14.DAT HTTP/1.1" 404 303 "http://forum.vncnus.net/viewtopic.php?t=3878" "Mozilla/4.0 (compatible; MSIE 6.0; Windows NT 5.1; .NET CLR 1.0.3705)" -
soccf-pls-015.ddns.comp.nus.edu.sg - - [26/May/2004:00:49:20 +0800] "GET /~xuyj/yunjie.jpg HTTP/1.1" 200 8754 "http://www.comp.nus.edu.sg/~xuyj/about.html" "Mozilla/4.0 (compatible; MSIE 6.0; Windows NT 5.1; Q312461; .NET CLR 1.0.3705; .NET CLR 1.1.4322)" -
197-86.priv.nus.edu.sg - - [26/May/2004:00:49:23 +0800] "GET /~phanthan/AVSEQ14.DAT HTTP/1.1" 404 303 "-" "Mozilla/4.0 (compatible; MSIE 6.0; Windows NT 5.1; .NET CLR 1.0.3705)" -
220.255.60.158 - - [26/May/2004:00:49:24 +0800] "GET /images/socmain_r3_c10.jpg HTTP/1.1" 206 109 "http://www.comp.nus.edu.sg/~online/course_list/" "Mozilla/4.0 (compatible; MSIE 6.0; Windows NT 5.1; .NET CLR 1.0.3705)" -
220.255.60.158 - - [26/May/2004:00:49:24 +0800] "GET /images/socmain_r3_c11.jpg HTTP/1.1" 304 - "http://www.comp.nus.edu.sg/~online/course_list/" "Mozilla/4.0 (compatible; MSIE 6.0; Windows NT 5.1; .NET CLR 1.0.3705)" -
lj1106.inktomisearch.com - - [26/May/2004:00:49:24 +0800] "GET /~cs5234/0001/Projects/TTP-Assign/data/uk.100 HTTP/1.0" 200 2886 "-" "Mozilla/5.0 (compatible; Yahoo! Slurp; http://help.yahoo.com/help/us/ysearch/slurp)" -
220.255.60.158 - - [26/May/2004:00:49:25 +0800] "GET /images/socmain_r3_c13.jpg HTTP/1.1" 206 77 "http://www.comp.nus.edu.sg/~online/course_list/" "Mozilla/4.0 (compatible; MSIE 6.0; Windows NT 5.1; .NET CLR 1.0.3705)" -
220.255.60.158 - - [26/May/2004:00:49:25 +0800] "GET /images/recruitment.jpg HTTP/1.1" 200 11411 "http://www.comp.nus.edu.sg/~online/course_list/" "Mozilla/4.0 (compatible; MSIE 6.0; Windows NT 5.1; .NET CLR 1.0.3705)" -
bbcache-11.singnet.com.sg - - [26/May/2004:00:49:25 +0800] "GET /~nghoongk/lyrics/singer446-1.html HTTP/1.1" 200 3875 "http://www.comp.nus.edu.sg/~nghoongk/lyrics/avantgo.html" "Mozilla/4.0 (compatible; MSIE 6.0; Windows NT 5.1)" 220.255.240.20, 165.21.154.155
bb220-255-60-158.singnet.com.sg - - [26/May/2004:00:49:25 +0800] "GET /~online/course_list/ HTTP/1.1" 200 48595 "-" "Mozilla/4.0 (compatible; MSIE 6.0; Windows NT 5.1; .NET CLR 1.0.3705)" -
220.255.60.158 - - [26/May/2004:00:49:26 +0800] "GET /images/socmain_r3_c15.jpg HTTP/1.1" 200 1177 "http://www.comp.nus.edu.sg/~online/course_list/" "Mozilla/4.0 (compatible; MSIE 6.0; Windows NT 5.1; .NET CLR 1.0.3705)" -
lj1221.inktomisearch.com - - [26/May/2004:00:49:26 +0800] "GET /~fangll/jdk1.2.2/docs/api/javax/swing/plaf/metal/MetalInternalFrameUI.html HTTP/1.0" 404 344 "-" "Mozilla/5.0 (compatible; Yahoo! Slurp; http://help.yahoo.com/help/us/ysearch/slurp)" -
220.255.60.158 - - [26/May/2004:00:49:26 +0800] "GET /images/socmain_r3_c16.jpg HTTP/1.1" 200 1437 "http://www.comp.nus.edu.sg/~online/course_list/" "Mozilla/4.0 (compatible; MSIE 6.0; Windows NT 5.1; .NET CLR 1.0.3705)" -
220.255.60.158 - - [26/May/2004:00:49:27 +0800] "GET /nusstyles.css HTTP/1.1" 304 - "http://www.comp.nus.edu.sg/~online/course_list/" "Mozilla/4.0 (compatible; MSIE 6.0; Windows NT 5.1; .NET CLR 1.0.3705)" -
220.255.60.158 - - [26/May/2004:00:49:27 +0800] "GET /images/nussocbanner.gif HTTP/1.1" 304 - "http://www.comp.nus.edu.sg/~online/course_list/" "Mozilla/4.0 (compatible; MSIE 6.0; Windows NT 5.1; .NET CLR 1.0.3705)" -
220.255.60.158 - - [26/May/2004:00:49:27 +0800] "GET /images/facenghd.gif HTTP/1.1" 304 - "http://www.comp.nus.edu.sg/~online/course_list/" "Mozilla/4.0 (compatible; MSIE 6.0; Windows NT 5.1; .NET CLR 1.0.3705)" -
220.255.60.158 - - [26/May/2004:00:49:28 +0800] "GET /images/socmain_r3_c6.jpg HTTP/1.1" 304 - "http://www.comp.nus.edu.sg/~online/course_list/" "Mozilla/4.0 (compatible; MSIE 6.0; Windows NT 5.1; .NET CLR 1.0.3705)" -
220.255.60.158 - - [26/May/2004:00:49:28 +0800] "GET /images/socmain_r3_c8.jpg HTTP/1.1" 304 - "http://www.comp.nus.edu.sg/~online/course_list/" "Mozilla/4.0 (compatible; MSIE 6.0; Windows NT 5.1; .NET CLR 1.0.3705)" -
220.255.60.158 - - [26/May/2004:00:49:28 +0800] "GET /images/socmain_r3_c10.jpg HTTP/1.1" 304 - "http://www.comp.nus.edu.sg/~online/course_list/" "Mozilla/4.0 (compatible; MSIE 6.0; Windows NT 5.1; .NET CLR 1.0.3705)" -
220.255.60.158 - - [26/May/2004:00:49:28 +0800] "GET /images/socmain_r3_c11.jpg HTTP/1.1" 304 - "http://www.comp.nus.edu.sg/~online/course_list/" "Mozilla/4.0 (compatible; MSIE 6.0; Windows NT 5.1; .NET CLR 1.0.3705)" -
220.255.60.158 - - [26/May/2004:00:49:28 +0800] "GET /images/socmain_r3_c13.jpg HTTP/1.1" 304 - "http://www.comp.nus.edu.sg/~online/course_list/" "Mozilla/4.0 (compatible; MSIE 6.0; Windows NT 5.1; .NET CLR 1.0.3705)" -
220.255.60.158 - - [26/May/2004:00:49:29 +0800] "GET /images/recruitment.jpg HTTP/1.1" 206 7374 "http://www.comp.nus.edu.sg/~online/course_list/" "Mozilla/4.0 (compatible; MSIE 6.0; Windows NT 5.1; .NET CLR 1.0.3705)" -
220.255.60.158 - - [26/May/2004:00:49:29 +0800] "GET /images/socmain_r3_c15.jpg HTTP/1.1" 304 - "http://www.comp.nus.edu.sg/~online/course_list/" "Mozilla/4.0 (compatible; MSIE 6.0; Windows NT 5.1; .NET CLR 1.0.3705)" -
220.255.60.158 - - [26/May/2004:00:49:29 +0800] "GET /images/socmain_r3_c16.jpg HTTP/1.1" 200 1437 "http://www.comp.nus.edu.sg/~online/course_list/" "Mozilla/4.0 (compatible; MSIE 6.0; Windows NT 5.1; .NET CLR 1.0.3705)" -
220.255.60.158 - - [26/May/2004:00:49:29 +0800] "GET /images/socmain_r5_c12.jpg HTTP/1.1" 200 12013 "http://www.comp.nus.edu.sg/~online/course_list/" "Mozilla/4.0 (compatible; MSIE 6.0; Windows NT 5.1; .NET CLR 1.0.3705)" -
211.22.33.18 - - [26/May/2004:00:49:29 +0800] "GET /~nghoongk/lyrics/singer161-1.html HTTP/1.0" 200 3523 "-" "Mozilla/3.01 (compatible;)" -
bb220-255-60-158.singnet.com.sg - - [26/May/2004:00:49:29 +0800] "GET /~online/course_list/ HTTP/1.1" 200 61637 "-" "Mozilla/4.0 (compatible; MSIE 6.0; Windows NT 5.1; .NET CLR 1.0.3705)" -
220.255.60.158 - - [26/May/2004:00:49:30 +0800] "GET /images/socmain_r5_c13.jpg HTTP/1.1" 200 11451 "http://www.comp.nus.edu.sg/~online/course_list/" "Mozilla/4.0 (compatible; MSIE 6.0; Windows NT 5.1; .NET CLR 1.0.3705)" -
197-86.priv.nus.edu.sg - - [26/May/2004:00:49:30 +0800] "GET /~phanthan HTTP/1.1" 301 329 "-" "Mozilla/4.0 (compatible; MSIE 6.0; Windows NT 5.1; .NET CLR 1.0.3705)" -
197-86.priv.nus.edu.sg - - [26/May/2004:00:49:30 +0800] "GET /~phanthan/ HTTP/1.1" 200 1380 "-" "Mozilla/4.0 (compatible; MSIE 6.0; Windows NT 5.1; .NET CLR 1.0.3705)" -
197-86.priv.nus.edu.sg - - [26/May/2004:00:49:30 +0800] "GET /icons/blank.gif HTTP/1.1" 200 148 "http://www.comp.nus.edu.sg/~phanthan/" "Mozilla/4.0 (compatible; MSIE 6.0; Windows NT 5.1; .NET CLR 1.0.3705)" -
197-86.priv.nus.edu.sg - - [26/May/2004:00:49:30 +0800] "GET /icons/folder.gif HTTP/1.1" 200 225 "http://www.comp.nus.edu.sg/~phanthan/" "Mozilla/4.0 (compatible; MSIE 6.0; Windows NT 5.1; .NET CLR 1.0.3705)" -
172.18.197.86 - - [26/May/2004:00:49:30 +0800] "GET /icons/back.gif HTTP/1.1" 200 216 "http://www.comp.nus.edu.sg/~phanthan/" "Mozilla/4.0 (compatible; MSIE 6.0; Windows NT 5.1; .NET CLR 1.0.3705)" -
220.255.60.158 - - [26/May/2004:00:49:31 +0800] "GET /images/socmain_r5_c14.jpg HTTP/1.1" 200 4432 "http://www.comp.nus.edu.sg/~online/course_list/" "Mozilla/4.0 (compatible; MSIE 6.0; Windows NT 5.1; .NET CLR 1.0.3705)" -
220.255.60.158 - - [26/May/2004:00:49:32 +0800] "GET /images/socmain_r7_c1.jpg HTTP/1.1" 200 1253 "http://www.comp.nus.edu.sg/~online/course_list/" "Mozilla/4.0 (compatible; MSIE 6.0; Windows NT 5.1; .NET CLR 1.0.3705)" -
bb220-255-60-158.singnet.com.sg - - [26/May/2004:00:49:32 +0800] "GET /images/socmain_r7_c2.jpg HTTP/1.1" 200 1164 "http://www.comp.nus.edu.sg/~online/course_list/" "Mozilla/4.0 (compatible; MSIE 6.0; Windows NT 5.1; .NET CLR 1.0.3705)" -
220.255.60.158 - - [26/May/2004:00:49:32 +0800] "GET /images/socmain_r7_c5.jpg HTTP/1.1" 200 882 "http://www.comp.nus.edu.sg/~online/course_list/" "Mozilla/4.0 (compatible; MSIE 6.0; Windows NT 5.1; .NET CLR 1.0.3705)" -
bb220-255-60-158.singnet.com.sg - - [26/May/2004:00:49:32 +0800] "GET /images/socmain_r7_c4.jpg HTTP/1.1" 200 804 "http://www.comp.nus.edu.sg/~online/course_list/" "Mozilla/4.0 (compatible; MSIE 6.0; Windows NT 5.1; .NET CLR 1.0.3705)" -
220.255.60.158 - - [26/May/2004:00:49:32 +0800] "GET /images/socmain_r7_c7.jpg HTTP/1.1" 200 1020 "http://www.comp.nus.edu.sg/~online/course_list/" "Mozilla/4.0 (compatible; MSIE 6.0; Windows NT 5.1; .NET CLR 1.0.3705)" -
bb220-255-60-158.singnet.com.sg - - [26/May/2004:00:49:32 +0800] "GET /images/grey.gif HTTP/1.1" 200 133 "http://www.comp.nus.edu.sg/~online/course_list/" "Mozilla/4.0 (compatible; MSIE 6.0; Windows NT 5.1; .NET CLR 1.0.3705)" -
bb220-255-60-158.singnet.com.sg - - [26/May/2004:00:49:32 +0800] "GET /images/socmain_r7_c9f.jpg HTTP/1.1" 200 816 "http://www.comp.nus.edu.sg/~online/course_list/" "Mozilla/4.0 (compatible; MSIE 6.0; Windows NT 5.1; .NET CLR 1.0.3705)" -
203.162.54.207 - - [26/May/2004:00:49:33 +0800] "GET /~luutrung/sign.jpg HTTP/1.1" 304 - "http://forum.vncnus.net/viewtopic.php?t=7939&start=15" "Mozilla/4.0 (compatible; MSIE 6.0; Windows 98; Win 9x 4.90)" -
sd36-px1.sd36.bc.ca - - [26/May/2004:00:49:36 +0800] "GET /~ngchongm/1506/music/the%20weavers%20-%20Follow%20the%20Drinking%20Gourd.mp3 HTTP/1.0" 200 2075998 "-" "NSPlayer/9.0.0.2980 WMFSDK/9.0" 10.130.252.162
197-86.priv.nus.edu.sg - - [26/May/2004:00:49:36 +0800] "GET /~phanthan/BH3101/ HTTP/1.1" 200 2348 "http://www.comp.nus.edu.sg/~phanthan/" "Mozilla/4.0 (compatible; MSIE 6.0; Windows NT 5.1; .NET CLR 1.0.3705)" -
172.18.197.86 - - [26/May/2004:00:49:36 +0800] "GET /icons/layout.gif HTTP/1.1" 200 276 "http://www.comp.nus.edu.sg/~phanthan/BH3101/" "Mozilla/4.0 (compatible; MSIE 6.0; Windows NT 5.1; .NET CLR 1.0.3705)" -
197-86.priv.nus.edu.sg - - [26/May/2004:00:49:36 +0800] "GET /icons/unknown.gif HTTP/1.1" 200 245 "http://www.comp.nus.edu.sg/~phanthan/BH3101/" "Mozilla/4.0 (compatible; MSIE 6.0; Windows NT 5.1; .NET CLR 1.0.3705)" -
gateway101.gsi.gov.uk - - [26/May/2004:00:49:36 +0800] "GET /~keexuyua/pictures/skillz.gif HTTP/1.1" 304 - "http://www.koptalk.org/forums/showflat.php?Cat=0&Number=274252&page=0&view=collapsed&sb=5&o=all&fpart=1&vc=1&PHPSESSID=" "Mozilla/4.0 (compatible; MSIE 5.5; Windows NT 5.0)" -
200.12.130.151 - - [26/May/2004:00:49:36 +0800] "GET /~sunyuan/images/nemo.gif HTTP/1.1" 200 0 "http://www.comp.nus.edu.sg/~sunyuan/" "Mozilla/4.0 (compatible; MSIE 6.0; Windows NT 5.1; .NET CLR 1.1.4322)" -
140.127.59.15 - - [26/May/2004:00:49:39 +0800] "GET /~nghoongk/lyrics/m.gif HTTP/1.1" 304 - "-" "Mozilla/4.0 (compatible; MSIE 6.0; Windows NT 5.1)" -
pwc2-hs-nk.bbnplanet.com - - [26/May/2004:00:49:40 +0800] "GET /~seojiayu/main.html HTTP/1.1" 200 6939 "http://www.comp.nus.edu.sg/~seojiayu/chart.html" "Mozilla/4.0 (compatible; MSIE 6.0; Windows NT 5.1; OPT-OUT; .NET CLR 1.1.4322)" -
65.214.36.18 - - [26/May/2004:00:49:40 +0800] "GET /robots.txt HTTP/1.0" 404 280 "-" "Mozilla/2.0 (compatible; Ask Jeeves/Teoma)" -
egspd42405.teoma.com - - [26/May/2004:00:49:42 +0800] "GET /~tangkinc HTTP/1.0" 301 317 "-" "Mozilla/2.0 (compatible; Ask Jeeves/Teoma)" -
197-86.priv.nus.edu.sg - - [26/May/2004:00:49:42 +0800] "GET /~phanthan/Power%20Point%20Template/ HTTP/1.1" 200 2443 "http://www.comp.nus.edu.sg/~phanthan/" "Mozilla/4.0 (compatible; MSIE 6.0; Windows NT 5.1; .NET CLR 1.0.3705)" -
soccf-pls-015.ddns.comp.nus.edu.sg - - [26/May/2004:00:49:42 +0800] "GET /~xuyj/research/index.html HTTP/1.1" 200 3193 "http://www.comp.nus.edu.sg/~xuyj/directory.html" "Mozilla/4.0 (compatible; MSIE 6.0; Windows NT 5.1; Q312461; .NET CLR 1.0.3705; .NET CLR 1.1.4322)" -
egspd42405.teoma.com - - [26/May/2004:00:49:42 +0800] "GET /~tangkinc/ HTTP/1.0" 200 4555 "-" "Mozilla/2.0 (compatible; Ask Jeeves/Teoma)" -
pwc2-hs-nk.bbnplanet.com - - [26/May/2004:00:49:45 +0800] "GET /~seojiayu/events.html HTTP/1.1" 200 3270 "http://www.comp.nus.edu.sg/~seojiayu/main.html" "Mozilla/4.0 (compatible; MSIE 6.0; Windows NT 5.1; OPT-OUT; .NET CLR 1.1.4322)" -
pwc2-hs-nk.bbnplanet.com - - [26/May/2004:00:49:45 +0800] "GET /~seojiayu/Images/eventsheader.jpg HTTP/1.1" 200 22241 "http://www.comp.nus.edu.sg/~seojiayu/events.html" "Mozilla/4.0 (compatible; MSIE 6.0; Windows NT 5.1; OPT-OUT; .NET CLR 1.1.4322)" -
11.31-200-80.adsl.skynet.be - - [26/May/2004:00:49:47 +0800] "GET /~sunyuan/ HTTP/1.1" 200 3152 "http://images.google.fr/imgres?imgurl=www.comp.nus.edu.sg/~sunyuan/images/nemo.gif&imgrefurl=http://www.comp.nus.edu.sg/~sunyuan/&h=248&w=275&sz=97&tbnid=2kEH2rEHlHsJ:&tbnh=98&tbnw=108&start=3&prev=/images%3Fq%3Dn%25C3%25A9mo%26hl%3Dfr%26lr%3D%26ie%3DUTF-8%26sa%3DG" "Mozilla/4.0 (compatible; MSIE 5.01; Windows NT 5.0)" -
200.12.130.151 - - [26/May/2004:00:49:47 +0800] "GET /~sunyuan/images/nemo.gif HTTP/1.1" 200 98407 "-" "Mozilla/4.0 (compatible; MSIE 6.0; Windows NT 5.1; .NET CLR 1.1.4322)" -
cpc2-belc2-3-0-cust105.blfs.cable.ntl.com - - [26/May/2004:00:49:47 +0800] "GET /~keexuyua/pictures/skillz.gif HTTP/1.1" 200 5857 "http://www.koptalk.org/forums/showflat.php/Cat/0/Number/274120/page/0/view/collapsed/sb/5/o/all/fpart/1" "Mozilla/4.0 (compatible; MSIE 6.0; Windows NT 5.1; .NET CLR 1.1.4322)" -
11.31-200-80.adsl.skynet.be - - [26/May/2004:00:49:47 +0800] "GET /~sunyuan/images/index_r1_c1.gif HTTP/1.1" 200 1887 "http://www.comp.nus.edu.sg/~sunyuan/" "Mozilla/4.0 (compatible; MSIE 5.01; Windows NT 5.0)" -
proxy.skynet.be - - [26/May/2004:00:49:48 +0800] "GET /~sunyuan/ HTTP/1.1" 200 3152 "http://images.google.be/imgres?imgurl=www.comp.nus.edu.sg/~sunyuan/images/nemo.gif&imgrefurl=http://www.comp.nus.edu.sg/~sunyuan/&h=248&w=275&sz=97&tbnid=2kEH2rEHlHsJ:&tbnh=98&tbnw=108&start=3&prev=/images%3Fq%3Dn%25C3%25A9mo%26hl%3Dfr%26lr%3D%26ie%3DUTF-8%26sa%3DN" "Mozilla/4.0 (compatible; MSIE 6.0; Windows 98; MyIE2; .NET CLR 1.1.4322)" 81.243.82.109
11.31-200-80.adsl.skynet.be - - [26/May/2004:00:49:48 +0800] "GET /~sunyuan/images/nemo.gif HTTP/1.1" 304 - "http://images.google.fr/imgres?imgurl=www.comp.nus.edu.sg/~sunyuan/images/nemo.gif&imgrefurl=http://www.comp.nus.edu.sg/~sunyuan/&h=248&w=275&sz=97&tbnid=2kEH2rEHlHsJ:&tbnh=98&tbnw=108&prev=/images%3Fq%3Dn%25C3%25A9mo%26hl%3Dfr%26lr%3D%26ie%3DUTF-8%26sa%3DG&frame=small" "Mozilla/4.0 (compatible; MSIE 5.01; Windows NT 5.0)" -
lj1106.inktomisearch.com - - [26/May/2004:00:49:48 +0800] "GET /~liuyi/cs2102.html HTTP/1.0" 200 394 "-" "Mozilla/5.0 (compatible; Yahoo! Slurp; http://help.yahoo.com/help/us/ysearch/slurp)" -
11.31-200-80.adsl.skynet.be - - [26/May/2004:00:49:49 +0800] "GET /~sunyuan/images/nemo.gif HTTP/1.1" 304 - "http://www.comp.nus.edu.sg/~sunyuan/" "Mozilla/4.0 (compatible; MSIE 5.01; Windows NT 5.0)" -
203.124.2.20 - - [26/May/2004:00:49:49 +0800] "GET /corpcomm/accenture.jpg HTTP/1.1" 404 304 "http://www.comp.nus.edu.sg/corpcomm/listcorp.htm" "Mozilla/4.0 (compatible; MSIE 6.0; Windows NT 5.1; SINGNET)" 220.255.78.118
203.124.2.20 - - [26/May/2004:00:49:49 +0800] "GET /corpcomm/header_corpaffiliates.jpg HTTP/1.1" 404 316 "http://www.comp.nus.edu.sg/corpcomm/listcorp.htm" "Mozilla/4.0 (compatible; MSIE 6.0; Windows NT 5.1; SINGNET)" 220.255.78.118
proxy.skynet.be - - [26/May/2004:00:49:49 +0800] "GET /~sunyuan/images/index_r1_c1.gif HTTP/1.1" 200 1887 "http://www.comp.nus.edu.sg/~sunyuan/" "Mozilla/4.0 (compatible; MSIE 6.0; Windows 98; MyIE2; .NET CLR 1.1.4322)" 81.243.82.109
proxy.skynet.be - - [26/May/2004:00:49:49 +0800] "GET /~sunyuan/images/index_r3_c2.gif HTTP/1.1" 200 8177 "http://www.comp.nus.edu.sg/~sunyuan/" "Mozilla/4.0 (compatible; MSIE 6.0; Windows 98; MyIE2; .NET CLR 1.1.4322)" 81.243.82.109
11.31-200-80.adsl.skynet.be - - [26/May/2004:00:49:50 +0800] "GET /~sunyuan/images/index_r2_c2_f2.gif HTTP/1.1" 200 23678 "http://www.comp.nus.edu.sg/~sunyuan/" "Mozilla/4.0 (compatible; MSIE 5.01; Windows NT 5.0)" -
proxy.skynet.be - - [26/May/2004:00:49:50 +0800] "GET /~sunyuan/images/index_r2_c1.gif HTTP/1.1" 200 12459 "http://www.comp.nus.edu.sg/~sunyuan/" "Mozilla/4.0 (compatible; MSIE 6.0; Windows 98; MyIE2; .NET CLR 1.1.4322)" 81.243.82.109
proxy.skynet.be - - [26/May/2004:00:49:50 +0800] "GET /~sunyuan/images/index_r2_c3.gif HTTP/1.1" 200 11308 "http://www.comp.nus.edu.sg/~sunyuan/" "Mozilla/4.0 (compatible; MSIE 6.0; Windows 98; MyIE2; .NET CLR 1.1.4322)" 81.243.82.109
ip51cdf10b.adsl-surfen.hetnet.nl - - [26/May/2004:00:49:51 +0800] "GET /~sunyuan/images/nemo.gif HTTP/1.1" 200 98407 "-" "Mozilla/4.0 (compatible; MSIE 6.0; Windows NT 5.1; FunWebProducts)" -
200.12.130.151 - - [26/May/2004:00:49:51 +0800] "GET /~sunyuan/images/nemo.gif HTTP/1.1" 200 98407 "http://www.comp.nus.edu.sg/~sunyuan/" "Mozilla/4.0 (compatible; MSIE 6.0; Windows NT 5.1; .NET CLR 1.1.4322)" -
200-096-107-148.paemt7012.e.brasiltelecom.net.br - - [26/May/2004:00:49:51 +0800] "GET /~sunyuan/images/nemo.gif HTTP/1.0" 200 98407 "http://www.cinema.art.br/cinemacena/forum/forum_posts.asp?TID=2396&PN=1" "Mozilla/4.0 (compatible; MSIE 6.0; Windows NT 5.0; .NET CLR 1.0.3705; .NET CLR 1.1.4322)" -
169.210.32.75 - - [26/May/2004:00:49:51 +0800] "GET /offerletter.pdf HTTP/1.1" 304 - "http://www.comp.nus.edu.sg/" "Mozilla/4.0 (compatible; MSIE 6.0; Windows NT 5.1)" -
61.52.18.175 - - [26/May/2004:00:49:51 +0800] "GET /~renyuan/emotion/ajgd.htm HTTP/1.1" 200 13503 "-" "Mozilla/4.0 (compatible; MSIE 6.0; Windows NT 5.1; Alexa Toolbar)" -
197-86.priv.nus.edu.sg - - [26/May/2004:00:49:52 +0800] "GET /~phanthan/PHP/ HTTP/1.1" 200 2933 "http://www.comp.nus.edu.sg/~phanthan/" "Mozilla/4.0 (compatible; MSIE 6.0; Windows NT 5.1; .NET CLR 1.0.3705)" -
197-86.priv.nus.edu.sg - - [26/May/2004:00:49:52 +0800] "GET /icons/movie.gif HTTP/1.1" 200 243 "http://www.comp.nus.edu.sg/~phanthan/PHP/" "Mozilla/4.0 (compatible; MSIE 6.0; Windows NT 5.1; .NET CLR 1.0.3705)" -
66.196.90.209 - - [26/May/2004:00:49:52 +0800] "GET /~cs4274/termpapers/0304-I/group4/paper.pdf HTTP/1.0" 200 235881 "-" "Mozilla/5.0 (compatible; Yahoo! Slurp; http://help.yahoo.com/help/us/ysearch/slurp)" -
proxy.skynet.be - - [26/May/2004:00:49:52 +0800] "GET /~sunyuan/images/nemo.gif HTTP/1.1" 200 98407 "http://www.comp.nus.edu.sg/~sunyuan/" "Mozilla/4.0 (compatible; MSIE 6.0; Windows 98; MyIE2; .NET CLR 1.1.4322)" 81.243.82.109
61.52.18.175 - - [26/May/2004:00:49:52 +0800] "GET /~renyuan/emotion/image/ht1.jpg HTTP/1.1" 200 3696 "http://www.comp.nus.edu.sg/~renyuan/emotion/ajgd.htm" "Mozilla/4.0 (compatible; MSIE 6.0; Windows NT 5.1; Alexa Toolbar)" -
61.52.18.175 - - [26/May/2004:00:49:52 +0800] "GET /~renyuan/emotion/image/ht2.jpg HTTP/1.1" 200 3843 "http://www.comp.nus.edu.sg/~renyuan/emotion/ajgd.htm" "Mozilla/4.0 (compatible; MSIE 6.0; Windows NT 5.1; Alexa Toolbar)" -
61.52.18.175 - - [26/May/2004:00:49:52 +0800] "GET /~renyuan/emotion/image/bgtxt.jpg HTTP/1.1" 200 28536 "http://www.comp.nus.edu.sg/~renyuan/emotion/ajgd.htm" "Mozilla/4.0 (compatible; MSIE 6.0; Windows NT 5.1; Alexa Toolbar)" -
61.52.18.175 - - [26/May/2004:00:49:52 +0800] "GET /~renyuan/emotion/image/ht12.jpg HTTP/1.1" 200 3647 "http://www.comp.nus.edu.sg/~renyuan/emotion/ajgd.htm" "Mozilla/4.0 (compatible; MSIE 6.0; Windows NT 5.1; Alexa Toolbar)" -
61.52.18.175 - - [26/May/2004:00:49:52 +0800] "GET /~renyuan/emotion/image/ht11.jpg HTTP/1.1" 200 8136 "http://www.comp.nus.edu.sg/~renyuan/emotion/ajgd.htm" "Mozilla/4.0 (compatible; MSIE 6.0; Windows NT 5.1; Alexa Toolbar)" -
61.52.18.175 - - [26/May/2004:00:49:52 +0800] "GET /~renyuan/emotion/image/ht6.jpg HTTP/1.1" 200 3985 "http://www.comp.nus.edu.sg/~renyuan/emotion/ajgd.htm" "Mozilla/4.0 (compatible; MSIE 6.0; Windows NT 5.1; Alexa Toolbar)" -
61.52.18.175 - - [26/May/2004:00:49:52 +0800] "GET /~renyuan/emotion/image/sm_hutong02.jpg HTTP/1.1" 200 3481 "http://www.comp.nus.edu.sg/~renyuan/emotion/ajgd.htm" "Mozilla/4.0 (compatible; MSIE 6.0; Windows NT 5.1; Alexa Toolbar)" -
210.192.225.184 - - [26/May/2004:00:49:53 +0800] "GET /~nghoongk/lyrics/m.gif HTTP/1.1" 200 872 "http://www.comp.nus.edu.sg/~nghoongk/lyrics/singer112-1.html" "Mozilla/4.0 (compatible; MSIE 6.0; Windows NT 5.1; FunWebProducts)" -
proxy.skynet.be - - [26/May/2004:00:49:53 +0800] "GET /~sunyuan/images/index_r2_c2_f2.gif HTTP/1.1" 200 23678 "http://www.comp.nus.edu.sg/~sunyuan/" "Mozilla/4.0 (compatible; MSIE 6.0; Windows 98; MyIE2; .NET CLR 1.1.4322)" 81.243.82.109
200.12.130.151 - - [26/May/2004:00:49:53 +0800] "GET /~sunyuan/images/nemo.gif HTTP/1.1" 200 32768 "-" "Mozilla/4.0 (compatible; MSIE 6.0; Windows NT 5.1; .NET CLR 1.1.4322)" -
210.192.225.184 - - [26/May/2004:00:49:53 +0800] "GET /~nghoongk/lyrics/c.gif HTTP/1.1" 200 870 "http://www.comp.nus.edu.sg/~nghoongk/lyrics/singer112-1.html" "Mozilla/4.0 (compatible; MSIE 6.0; Windows NT 5.1; FunWebProducts)" -
210.192.225.184 - - [26/May/2004:00:49:53 +0800] "GET /~nghoongk/lyrics/singer112-1.html HTTP/1.1" 200 16487 "http://tw.search.yahoo.com/search/kimo?p=%BAq%B5%FC%A7%F9%BCw%B0%B6&ykd=1" "Mozilla/4.0 (compatible; MSIE 6.0; Windows NT 5.1; FunWebProducts)" -
76-28.priv.nus.edu.sg - - [26/May/2004:00:49:56 +0800] "GET /~cmcurric/cfm_ue_s12002_3.htm HTTP/1.1" 200 109033 "http://ivle.nus.edu.sg/faq/faq_full.asp?close=&faqid={7B85B1EC-8F88-41AB-9A58-ADF08F3A8B50}&lang=" "Mozilla/4.0 (compatible; MSIE 6.0; Windows NT 5.1; .NET CLR 1.1.4322)" -
201008099094.user.veloxzone.com.br - - [26/May/2004:00:49:56 +0800] "GET /~sunyuan/ HTTP/1.1" 200 3152 "http://images.google.com.br/imgres?imgurl=www.comp.nus.edu.sg/~sunyuan/images/nemo.gif&imgrefurl=http://www.comp.nus.edu.sg/~sunyuan/&h=248&w=275&sz=97&tbnid=2kEH2rEHlHsJ:&tbnh=98&tbnw=108&start=8&prev=/images%3Fq%3Dnemo%26hl%3Dpt-BR%26lr%3D%26ie%3DUTF-8%26sa%3DG" "Mozilla/4.0 (compatible; MSIE 5.0; Windows 98; DigExt)" -
213.114.241.41 - - [26/May/2004:00:49:57 +0800] "GET /~dcheong/ HTTP/1.1" 404 291 "http://images.google.se/imgres?imgurl=www.comp.nus.edu.sg/~dcheong/ghost.jpg&imgrefurl=http://www.comp.nus.edu.sg/~dcheong/&h=600&w=800&sz=74&tbnid=EqAVt3UWRtMJ:&tbnh=106&tbnw=141&start=3&prev=/images%3Fq%3Dghost%26hl%3Dsv%26lr%3D%26ie%3DUTF-8" "Mozilla/4.0 (compatible; MSIE 6.0; Windows NT 5.1)" -
213.114.241.41 - - [26/May/2004:00:49:58 +0800] "GET /~dcheong/ghost.jpg HTTP/1.1" 404 300 "http://images.google.se/imgres?imgurl=www.comp.nus.edu.sg/~dcheong/ghost.jpg&imgrefurl=http://www.comp.nus.edu.sg/~dcheong/&h=600&w=800&sz=74&tbnid=EqAVt3UWRtMJ:&tbnh=106&tbnw=141&prev=/images%3Fq%3Dghost%26hl%3Dsv%26lr%3D%26ie%3DUTF-8&frame=small" "Mozilla/4.0 (compatible; MSIE 6.0; Windows NT 5.1)" -
24.241.203.39 - - [26/May/2004:00:49:59 +0800] "GET /~sunyuan/images/nemo.gif HTTP/1.1" 200 98407 "http://www.world-of-westlife.de/php/include.php?path=login/pguestbook.php&id=2254&PHPKITSID=225aed8877fa616721437c4354e6a69d" "Mozilla/4.0 (compatible; MSIE 6.0; Windows NT 5.1)" -
195.243.90.252 - - [26/May/2004:00:50:00 +0800] "GET /~leonghw/uit2201/Sp2003/Project/Sp2003-Project.html HTTP/1.0" 200 13081 "http://www.google.com/search?hl=en&lr=&ie=UTF-8&q=c%2B%2B+class+desgin+for+database+application" "Mozilla/4.0 (compatible; MSIE 6.0; Windows NT 5.0)" 172.16.2.20
204.116.67.194 - - [26/May/2004:00:50:03 +0800] "GET /~dcheong/ HTTP/1.1" 404 291 "http://images.google.com/imgres?imgurl=www.comp.nus.edu.sg/~dcheong/ghost.jpg&imgrefurl=http://www.comp.nus.edu.sg/~dcheong/&h=600&w=800&sz=74&tbnid=EqAVt3UWRtMJ:&tbnh=106&tbnw=141&start=3&prev=/images%3Fq%3Dghost%26hl%3Den%26lr%3D%26ie%3DUTF-8%26sa%3DN" "Mozilla/4.0 (compatible; MSIE 6.0; Windows NT 5.1)" -
204.116.67.194 - - [26/May/2004:00:50:04 +0800] "GET /~dcheong/ghost.jpg HTTP/1.1" 404 300 "http://images.google.com/imgres?imgurl=www.comp.nus.edu.sg/~dcheong/ghost.jpg&imgrefurl=http://www.comp.nus.edu.sg/~dcheong/&h=600&w=800&sz=74&tbnid=EqAVt3UWRtMJ:&tbnh=106&tbnw=141&prev=/images%3Fq%3Dghost%26hl%3Den%26lr%3D%26ie%3DUTF-8%26sa%3DN&frame=small" "Mozilla/4.0 (compatible; MSIE 6.0; Windows NT 5.1)" -
soccf-pls-015.ddns.comp.nus.edu.sg - - [26/May/2004:00:50:05 +0800] "GET /~lung/ HTTP/1.1" 200 4927 "http://www.comp.nus.edu.sg/~online/course_list/courses.html" "Mozilla/4.0 (compatible; MSIE 6.0; Windows NT 5.1; Q312461; .NET CLR 1.0.3705; .NET CLR 1.1.4322)" -
soccf-pls-015.ddns.comp.nus.edu.sg - - [26/May/2004:00:50:05 +0800] "GET /~lung/images/edu_on.gif HTTP/1.1" 200 841 "http://www.comp.nus.edu.sg/~lung/" "Mozilla/4.0 (compatible; MSIE 6.0; Windows NT 5.1; Q312461; .NET CLR 1.0.3705; .NET CLR 1.1.4322)" -
soccf-pls-015.ddns.comp.nus.edu.sg - - [26/May/2004:00:50:05 +0800] "GET /~lung/images/pub_on.gif HTTP/1.1" 200 805 "http://www.comp.nus.edu.sg/~lung/" "Mozilla/4.0 (compatible; MSIE 6.0; Windows NT 5.1; Q312461; .NET CLR 1.0.3705; .NET CLR 1.1.4322)" -
soccf-pls-015.ddns.comp.nus.edu.sg - - [26/May/2004:00:50:05 +0800] "GET /~lung/images/res_on.gif HTTP/1.1" 200 907 "http://www.comp.nus.edu.sg/~lung/" "Mozilla/4.0 (compatible; MSIE 6.0; Windows NT 5.1; Q312461; .NET CLR 1.0.3705; .NET CLR 1.1.4322)" -
soccf-pls-015.ddns.comp.nus.edu.sg - - [26/May/2004:00:50:05 +0800] "GET /~lung/images/hobby_on.gif HTTP/1.1" 200 801 "http://www.comp.nus.edu.sg/~lung/" "Mozilla/4.0 (compatible; MSIE 6.0; Windows NT 5.1; Q312461; .NET CLR 1.0.3705; .NET CLR 1.1.4322)" -
soccf-pls-015.ddns.comp.nus.edu.sg - - [26/May/2004:00:50:05 +0800] "GET /~lung/images/teach_on.gif HTTP/1.1" 200 766 "http://www.comp.nus.edu.sg/~lung/" "Mozilla/4.0 (compatible; MSIE 6.0; Windows NT 5.1; Q312461; .NET CLR 1.0.3705; .NET CLR 1.1.4322)" -
soccf-pls-015.ddns.comp.nus.edu.sg - - [26/May/2004:00:50:05 +0800] "GET /~lung/images/edu_off.gif HTTP/1.1" 200 663 "http://www.comp.nus.edu.sg/~lung/" "Mozilla/4.0 (compatible; MSIE 6.0; Windows NT 5.1; Q312461; .NET CLR 1.0.3705; .NET CLR 1.1.4322)" -
soccf-pls-015.ddns.comp.nus.edu.sg - - [26/May/2004:00:50:05 +0800] "GET /~lung/images/funny_on.gif HTTP/1.1" 200 868 "http://www.comp.nus.edu.sg/~lung/" "Mozilla/4.0 (compatible; MSIE 6.0; Windows NT 5.1; Q312461; .NET CLR 1.0.3705; .NET CLR 1.1.4322)" -
soccf-pls-015.ddns.comp.nus.edu.sg - - [26/May/2004:00:50:05 +0800] "GET /~lung/images/res_off.gif HTTP/1.1" 200 714 "http://www.comp.nus.edu.sg/~lung/" "Mozilla/4.0 (compatible; MSIE 6.0; Windows NT 5.1; Q312461; .NET CLR 1.0.3705; .NET CLR 1.1.4322)" -
soccf-pls-015.ddns.comp.nus.edu.sg - - [26/May/2004:00:50:05 +0800] "GET /~lung/images/pub_off.gif HTTP/1.1" 200 613 "http://www.comp.nus.edu.sg/~lung/" "Mozilla/4.0 (compatible; MSIE 6.0; Windows NT 5.1; Q312461; .NET CLR 1.0.3705; .NET CLR 1.1.4322)" -
soccf-pls-015.ddns.comp.nus.edu.sg - - [26/May/2004:00:50:05 +0800] "GET /~lung/images/hobby_off.gif HTTP/1.1" 200 639 "http://www.comp.nus.edu.sg/~lung/" "Mozilla/4.0 (compatible; MSIE 6.0; Windows NT 5.1; Q312461; .NET CLR 1.0.3705; .NET CLR 1.1.4322)" -
soccf-pls-015.ddns.comp.nus.edu.sg - - [26/May/2004:00:50:05 +0800] "GET /~lung/images/teach_off.gif HTTP/1.1" 200 605 "http://www.comp.nus.edu.sg/~lung/" "Mozilla/4.0 (compatible; MSIE 6.0; Windows NT 5.1; Q312461; .NET CLR 1.0.3705; .NET CLR 1.1.4322)" -
204.116.67.194 - - [26/May/2004:00:50:05 +0800] "GET /~dcheong/ HTTP/1.1" 404 291 "http://images.google.com/imgres?imgurl=www.comp.nus.edu.sg/~dcheong/ghost.jpg&imgrefurl=http://www.comp.nus.edu.sg/~dcheong/&h=600&w=800&sz=74&tbnid=EqAVt3UWRtMJ:&tbnh=106&tbnw=141&start=3&prev=/images%3Fq%3Dghost%26hl%3Den%26lr%3D%26ie%3DUTF-8%26sa%3DN" "Mozilla/4.0 (compatible; MSIE 6.0; Windows NT 5.1)" -
soccf-pls-015.ddns.comp.nus.edu.sg - - [26/May/2004:00:50:05 +0800] "GET /~lung/images/funny_off.gif HTTP/1.1" 200 701 "http://www.comp.nus.edu.sg/~lung/" "Mozilla/4.0 (compatible; MSIE 6.0; Windows NT 5.1; Q312461; .NET CLR 1.0.3705; .NET CLR 1.1.4322)" -
soccf-pls-015.ddns.comp.nus.edu.sg - - [26/May/2004:00:50:05 +0800] "GET /~lung/images/centre.jpg HTTP/1.1" 200 14752 "http://www.comp.nus.edu.sg/~lung/" "Mozilla/4.0 (compatible; MSIE 6.0; Windows NT 5.1; Q312461; .NET CLR 1.0.3705; .NET CLR 1.1.4322)" -
soccf-pls-015.ddns.comp.nus.edu.sg - - [26/May/2004:00:50:07 +0800] "GET /~lung/edu.html HTTP/1.1" 200 10502 "http://www.comp.nus.edu.sg/~lung/" "Mozilla/4.0 (compatible; MSIE 6.0; Windows NT 5.1; Q312461; .NET CLR 1.0.3705; .NET CLR 1.1.4322)" -
soccf-pls-015.ddns.comp.nus.edu.sg - - [26/May/2004:00:50:08 +0800] "GET /~lung/images/menu/roll_1.gif HTTP/1.1" 200 1669 "http://www.comp.nus.edu.sg/~lung/edu.html" "Mozilla/4.0 (compatible; MSIE 6.0; Windows NT 5.1; Q312461; .NET CLR 1.0.3705; .NET CLR 1.1.4322)" -
soccf-pls-015.ddns.comp.nus.edu.sg - - [26/May/2004:00:50:08 +0800] "GET /~lung/images/menu/roll_2.gif HTTP/1.1" 200 1712 "http://www.comp.nus.edu.sg/~lung/edu.html" "Mozilla/4.0 (compatible; MSIE 6.0; Windows NT 5.1; Q312461; .NET CLR 1.0.3705; .NET CLR 1.1.4322)" -
soccf-pls-015.ddns.comp.nus.edu.sg - - [26/May/2004:00:50:08 +0800] "GET /~lung/images/menu/roll_3.gif HTTP/1.1" 200 1731 "http://www.comp.nus.edu.sg/~lung/edu.html" "Mozilla/4.0 (compatible; MSIE 6.0; Windows NT 5.1; Q312461; .NET CLR 1.0.3705; .NET CLR 1.1.4322)" -
soccf-pls-015.ddns.comp.nus.edu.sg - - [26/May/2004:00:50:08 +0800] "GET /~lung/images/menu/roll_home.gif HTTP/1.1" 200 1845 "http://www.comp.nus.edu.sg/~lung/edu.html" "Mozilla/4.0 (compatible; MSIE 6.0; Windows NT 5.1; Q312461; .NET CLR 1.0.3705; .NET CLR 1.1.4322)" -
soccf-pls-015.ddns.comp.nus.edu.sg - - [26/May/2004:00:50:08 +0800] "GET /~lung/images/menu/roll_4.gif HTTP/1.1" 200 1705 "http://www.comp.nus.edu.sg/~lung/edu.html" "Mozilla/4.0 (compatible; MSIE 6.0; Windows NT 5.1; Q312461; .NET CLR 1.0.3705; .NET CLR 1.1.4322)" -
soccf-pls-015.ddns.comp.nus.edu.sg - - [26/May/2004:00:50:08 +0800] "GET /~lung/images/menu/roll_5.gif HTTP/1.1" 200 1704 "http://www.comp.nus.edu.sg/~lung/edu.html" "Mozilla/4.0 (compatible; MSIE 6.0; Windows NT 5.1; Q312461; .NET CLR 1.0.3705; .NET CLR 1.1.4322)" -
soccf-pls-015.ddns.comp.nus.edu.sg - - [26/May/2004:00:50:08 +0800] "GET /~lung/images/menu/edu_on.gif HTTP/1.1" 200 328 "http://www.comp.nus.edu.sg/~lung/edu.html" "Mozilla/4.0 (compatible; MSIE 6.0; Windows NT 5.1; Q312461; .NET CLR 1.0.3705; .NET CLR 1.1.4322)" -
soccf-pls-015.ddns.comp.nus.edu.sg - - [26/May/2004:00:50:08 +0800] "GET /~lung/images/menu/roll_6.gif HTTP/1.1" 200 1746 "http://www.comp.nus.edu.sg/~lung/edu.html" "Mozilla/4.0 (compatible; MSIE 6.0; Windows NT 5.1; Q312461; .NET CLR 1.0.3705; .NET CLR 1.1.4322)" -
soccf-pls-015.ddns.comp.nus.edu.sg - - [26/May/2004:00:50:08 +0800] "GET /~lung/images/menu/res_on.gif HTTP/1.1" 200 311 "http://www.comp.nus.edu.sg/~lung/edu.html" "Mozilla/4.0 (compatible; MSIE 6.0; Windows NT 5.1; Q312461; .NET CLR 1.0.3705; .NET CLR 1.1.4322)" -
soccf-pls-015.ddns.comp.nus.edu.sg - - [26/May/2004:00:50:08 +0800] "GET /~lung/images/menu/pub_on.gif HTTP/1.1" 200 289 "http://www.comp.nus.edu.sg/~lung/edu.html" "Mozilla/4.0 (compatible; MSIE 6.0; Windows NT 5.1; Q312461; .NET CLR 1.0.3705; .NET CLR 1.1.4322)" -
soccf-pls-015.ddns.comp.nus.edu.sg - - [26/May/2004:00:50:08 +0800] "GET /~lung/images/menu/teach_on.gif HTTP/1.1" 200 320 "http://www.comp.nus.edu.sg/~lung/edu.html" "Mozilla/4.0 (compatible; MSIE 6.0; Windows NT 5.1; Q312461; .NET CLR 1.0.3705; .NET CLR 1.1.4322)" -
soccf-pls-015.ddns.comp.nus.edu.sg - - [26/May/2004:00:50:08 +0800] "GET /~lung/images/menu/hobby_on.gif HTTP/1.1" 200 312 "http://www.comp.nus.edu.sg/~lung/edu.html" "Mozilla/4.0 (compatible; MSIE 6.0; Windows NT 5.1; Q312461; .NET CLR 1.0.3705; .NET CLR 1.1.4322)" -
soccf-pls-015.ddns.comp.nus.edu.sg - - [26/May/2004:00:50:08 +0800] "GET /~lung/images/menu/funny_on.gif HTTP/1.1" 200 344 "http://www.comp.nus.edu.sg/~lung/edu.html" "Mozilla/4.0 (compatible; MSIE 6.0; Windows NT 5.1; Q312461; .NET CLR 1.0.3705; .NET CLR 1.1.4322)" -
soccf-pls-015.ddns.comp.nus.edu.sg - - [26/May/2004:00:50:08 +0800] "GET /~lung/images/menu/edu_off.gif HTTP/1.1" 200 374 "http://www.comp.nus.edu.sg/~lung/edu.html" "Mozilla/4.0 (compatible; MSIE 6.0; Windows NT 5.1; Q312461; .NET CLR 1.0.3705; .NET CLR 1.1.4322)" -
soccf-pls-015.ddns.comp.nus.edu.sg - - [26/May/2004:00:50:08 +0800] "GET /~lung/images/menu/res_off.gif HTTP/1.1" 200 355 "http://www.comp.nus.edu.sg/~lung/edu.html" "Mozilla/4.0 (compatible; MSIE 6.0; Windows NT 5.1; Q312461; .NET CLR 1.0.3705; .NET CLR 1.1.4322)" -
soccf-pls-015.ddns.comp.nus.edu.sg - - [26/May/2004:00:50:08 +0800] "GET /~lung/images/menu/pub_off.gif HTTP/1.1" 200 314 "http://www.comp.nus.edu.sg/~lung/edu.html" "Mozilla/4.0 (compatible; MSIE 6.0; Windows NT 5.1; Q312461; .NET CLR 1.0.3705; .NET CLR 1.1.4322)" -
soccf-pls-015.ddns.comp.nus.edu.sg - - [26/May/2004:00:50:08 +0800] "GET /~lung/images/menu/teach_off.gif HTTP/1.1" 200 365 "http://www.comp.nus.edu.sg/~lung/edu.html" "Mozilla/4.0 (compatible; MSIE 6.0; Windows NT 5.1; Q312461; .NET CLR 1.0.3705; .NET CLR 1.1.4322)" -
soccf-pls-015.ddns.comp.nus.edu.sg - - [26/May/2004:00:50:08 +0800] "GET /~lung/images/menu/hobby_off.gif HTTP/1.1" 200 353 "http://www.comp.nus.edu.sg/~lung/edu.html" "Mozilla/4.0 (compatible; MSIE 6.0; Windows NT 5.1; Q312461; .NET CLR 1.0.3705; .NET CLR 1.1.4322)" -
soccf-pls-015.ddns.comp.nus.edu.sg - - [26/May/2004:00:50:08 +0800] "GET /~lung/images/menu/funny_off.gif HTTP/1.1" 200 399 "http://www.comp.nus.edu.sg/~lung/edu.html" "Mozilla/4.0 (compatible; MSIE 6.0; Windows NT 5.1; Q312461; .NET CLR 1.0.3705; .NET CLR 1.1.4322)" -
soccf-pls-015.ddns.comp.nus.edu.sg - - [26/May/2004:00:50:08 +0800] "GET /~lung/images/menu/bott.gif HTTP/1.1" 200 1955 "http://www.comp.nus.edu.sg/~lung/edu.html" "Mozilla/4.0 (compatible; MSIE 6.0; Windows NT 5.1; Q312461; .NET CLR 1.0.3705; .NET CLR 1.1.4322)" -
soccf-pls-015.ddns.comp.nus.edu.sg - - [26/May/2004:00:50:08 +0800] "GET /~lung/images/titles/edu.gif HTTP/1.1" 200 1393 "http://www.comp.nus.edu.sg/~lung/edu.html" "Mozilla/4.0 (compatible; MSIE 6.0; Windows NT 5.1; Q312461; .NET CLR 1.0.3705; .NET CLR 1.1.4322)" -
lj1046.inktomisearch.com - - [26/May/2004:00:50:10 +0800] "GET /~cs3283/ftp/Java/OpenAPIs/org/openide/execution/class-use/ScriptType.html HTTP/1.0" 200 7823 "-" "Mozilla/5.0 (compatible; Yahoo! Slurp; http://help.yahoo.com/help/us/ysearch/slurp)" -
201.128.88.193 - - [26/May/2004:00:50:15 +0800] "GET /~hcheng/ HTTP/1.1" 200 12649 "http://www.comp.nus.edu./cs/acad_staff.html" "Mozilla/4.0 (compatible; MSIE 6.0; Windows 98; Win 9x 4.90)" -
bbcache-12.singnet.com.sg - - [26/May/2004:00:50:15 +0800] "GET /~nghoongk/lyrics/index.html HTTP/1.1" 200 59710 "-" "Mozilla/4.0 (compatible;)" 165.21.154.157
201.128.88.193 - - [26/May/2004:00:50:15 +0800] "GET /~hcheng/1personCrop.gif HTTP/1.1" 304 - "http://www.comp.nus.edu.sg/~hcheng/" "Mozilla/4.0 (compatible; MSIE 6.0; Windows 98; Win 9x 4.90)" -
n219077068208.netvigator.com - - [26/May/2004:00:50:16 +0800] "GET /~nghoongk/lyrics/singer442-3.html HTTP/1.1" 200 14775 "http://www.comp.nus.edu.sg/~nghoongk/lyrics/singer442-2.html" "Mozilla/4.0 (compatible; MSIE 6.0; Windows NT 5.1; Alexa Toolbar)" -
201.128.88.193 - - [26/May/2004:00:50:16 +0800] "GET /~hcheng/pdbds.small.gif HTTP/1.1" 304 - "http://www.comp.nus.edu.sg/~hcheng/" "Mozilla/4.0 (compatible; MSIE 6.0; Windows 98; Win 9x 4.90)" -
201.128.88.193 - - [26/May/2004:00:50:16 +0800] "GET /~hcheng/mole.small.jpg HTTP/1.1" 304 - "http://www.comp.nus.edu.sg/~hcheng/" "Mozilla/4.0 (compatible; MSIE 6.0; Windows 98; Win 9x 4.90)" -
80.58.7.107 - - [26/May/2004:00:50:17 +0800] "GET /~sunyuan/ HTTP/1.0" 200 3140 "http://images.google.es/imgres?imgurl=www.comp.nus.edu.sg/~sunyuan/images/nemo.gif&imgrefurl=http://www.comp.nus.edu.sg/~sunyuan/&h=248&w=275&sz=97&tbnid=2kEH2rEHlHsJ:&tbnh=98&tbnw=108&start=8&prev=/images%3Fq%3Dnemo%26hl%3Des%26lr%3D%26ie%3DUTF-8%26sa%3DN" "Mozilla/4.0 (compatible; MSIE 6.0; Windows NT 5.1)" 81.44.21.152
80.58.7.107 - - [26/May/2004:00:50:19 +0800] "GET /~sunyuan/images/nemo.gif HTTP/1.0" 200 98407 "http://images.google.es/imgres?imgurl=www.comp.nus.edu.sg/~sunyuan/images/nemo.gif&imgrefurl=http://www.comp.nus.edu.sg/~sunyuan/&h=248&w=275&sz=97&tbnid=2kEH2rEHlHsJ:&tbnh=98&tbnw=108&prev=/images%3Fq%3Dnemo%26hl%3Des%26lr%3D%26ie%3DUTF-8%26sa%3DN&frame=small" "Mozilla/4.0 (compatible; MSIE 6.0; Windows NT 5.1)" 81.44.21.152
76-28.priv.nus.edu.sg - - [26/May/2004:00:50:23 +0800] "GET /~it1001 HTTP/1.1" 301 327 "http://www.comp.nus.edu.sg/~cmcurric/cfm_ue_s12002_3.htm" "Mozilla/4.0 (compatible; MSIE 6.0; Windows NT 5.1; .NET CLR 1.1.4322)" -
76-28.priv.nus.edu.sg - - [26/May/2004:00:50:23 +0800] "GET /~it1001/ HTTP/1.1" 200 504 "http://www.comp.nus.edu.sg/~cmcurric/cfm_ue_s12002_3.htm" "Mozilla/4.0 (compatible; MSIE 6.0; Windows NT 5.1; .NET CLR 1.1.4322)" -
201.128.88.193 - - [26/May/2004:00:50:23 +0800] "GET /~shixinwe/ HTTP/1.1" 200 571 "http://www.comp.nus.edu.sg/~hcheng/" "Mozilla/4.0 (compatible; MSIE 6.0; Windows 98; Win 9x 4.90)" -
201.128.88.193 - - [26/May/2004:00:50:24 +0800] "GET /~shixinwe/index_left.htm HTTP/1.1" 200 2149 "http://www.comp.nus.edu.sg/~shixinwe/" "Mozilla/4.0 (compatible; MSIE 6.0; Windows 98; Win 9x 4.90)" -
201.128.88.193 - - [26/May/2004:00:50:24 +0800] "GET /~shixinwe/index_right.htm HTTP/1.1" 200 2698 "http://www.comp.nus.edu.sg/~shixinwe/" "Mozilla/4.0 (compatible; MSIE 6.0; Windows 98; Win 9x 4.90)" -
219.93.174.101 - - [26/May/2004:00:50:24 +0800] "GET /~sunyuan/images/nemo.gif HTTP/1.1" 200 98407 "http://www.pgx.com.my/forum/forum.asp?forum=3&section=25&post=48830" "Mozilla/4.0 (compatible; MSIE 5.5; Windows 98; Win 9x 4.90; FunWebProducts)" -
201.128.88.193 - - [26/May/2004:00:50:25 +0800] "GET /~shixinwe/images/blegtext.gif HTTP/1.1" 200 530 "http://www.comp.nus.edu.sg/~shixinwe/index_left.htm" "Mozilla/4.0 (compatible; MSIE 6.0; Windows 98; Win 9x 4.90)" -
201.128.88.193 - - [26/May/2004:00:50:25 +0800] "GET /~shixinwe/images/0311.GIF HTTP/1.1" 200 2878 "http://www.comp.nus.edu.sg/~shixinwe/index_left.htm" "Mozilla/4.0 (compatible; MSIE 6.0; Windows 98; Win 9x 4.90)" -
172.18.178.87 - - [26/May/2004:00:50:26 +0800] "GET /~tankm/ HTTP/1.1" 403 513 "http://www.comp.nus.edu.sg/~online/course_list/courses.html" "Mozilla/4.0 (compatible; MSIE 6.0; Windows NT 5.1; Q312461; .NET CLR 1.0.3705; .NET CLR 1.1.4322)" -
soccf-pls-015.ddns.comp.nus.edu.sg - - [26/May/2004:00:50:29 +0800] "GET /~ipng/ HTTP/1.1" 200 4822 "http://www.comp.nus.edu.sg/~online/course_list/courses.html" "Mozilla/4.0 (compatible; MSIE 6.0; Windows NT 5.1; Q312461; .NET CLR 1.0.3705; .NET CLR 1.1.4322)" -
soccf-pls-015.ddns.comp.nus.edu.sg - - [26/May/2004:00:50:29 +0800] "GET /~ipng/ipngOK.gif HTTP/1.1" 200 28387 "http://www.comp.nus.edu.sg/~ipng/" "Mozilla/4.0 (compatible; MSIE 6.0; Windows NT 5.1; Q312461; .NET CLR 1.0.3705; .NET CLR 1.1.4322)" -
197-86.priv.nus.edu.sg - - [26/May/2004:00:50:34 +0800] "GET /~nguyentu/nhactac/mp3ss1d.swf HTTP/1.1" 304 - "-" "Mozilla/4.0 (compatible; MSIE 6.0; Windows NT 5.1; .NET CLR 1.0.3705)" -
197-86.priv.nus.edu.sg - - [26/May/2004:00:50:34 +0800] "GET /~nguyentu/nhactac/mp3ss2d.swf HTTP/1.1" 304 - "-" "Mozilla/4.0 (compatible; MSIE 6.0; Windows NT 5.1; .NET CLR 1.0.3705)" -
197-86.priv.nus.edu.sg - - [26/May/2004:00:50:34 +0800] "GET /~nguyentu/nhactac/mp3ss3d.swf HTTP/1.1" 304 - "-" "Mozilla/4.0 (compatible; MSIE 6.0; Windows NT 5.1; .NET CLR 1.0.3705)" -
197-86.priv.nus.edu.sg - - [26/May/2004:00:50:34 +0800] "GET /~nguyentu/nhactac/mp3ss4d.swf HTTP/1.1" 304 - "-" "Mozilla/4.0 (compatible; MSIE 6.0; Windows NT 5.1; .NET CLR 1.0.3705)" -
80.58.7.107 - - [26/May/2004:00:50:34 +0800] "GET /~sunyuan/ HTTP/1.1" 200 3152 "http://images.google.es/imgres?imgurl=www.comp.nus.edu.sg/~sunyuan/images/nemo.gif&imgrefurl=http://www.comp.nus.edu.sg/~sunyuan/&h=248&w=275&sz=97&tbnid=2kEH2rEHlHsJ:&tbnh=98&tbnw=108&start=8&prev=/images%3Fq%3Dnemo%26hl%3Des%26lr%3D%26ie%3DUTF-8%26sa%3DN" "Mozilla/4.0 (compatible; MSIE 6.0; Windows NT 5.1)" 81.44.21.152
acc2d1e0.ipt.aol.com - - [26/May/2004:00:50:36 +0800] "GET /~pradeepk/Photos/IIFA/The%20legendary%20Amitabh%20Bachchan.jpg HTTP/1.1" 200 294912 "http://www.comp.nus.edu.sg/~pradeepk/Photos/IIFA/page_01.htm" "Mozilla/4.0 (compatible; MSIE 6.0; Windows NT 5.1; .NET CLR 1.1.4322)" -
lj1087.inktomisearch.com - - [26/May/2004:00:50:40 +0800] "GET /~sourabhs/guest_book.htm HTTP/1.0" 200 4290 "-" "Mozilla/5.0 (compatible; Yahoo! Slurp; http://help.yahoo.com/help/us/ysearch/slurp)" -
smtp2.maine207east.k12.il.us - - [26/May/2004:00:50:40 +0800] "GET /~liuzhich/Calculus/Leibniz/Leibniz.htm HTTP/1.0" 200 13434 "http://www.google.com/search?q=Leibniz+and+his+development+of+calculus&hl=en&lr=&ie=UTF-8&start=20&sa=N" "Mozilla/4.0 (compatible; MSIE 6.0; Windows NT 5.0)" -
smtp2.maine207east.k12.il.us - - [26/May/2004:00:50:41 +0800] "GET /~liuzhich/Calculus/descartes1%20copy.gif HTTP/1.0" 200 734 "http://www.comp.nus.edu.sg/~liuzhich/Calculus/Leibniz/Leibniz.htm" "Mozilla/4.0 (compatible; MSIE 6.0; Windows NT 5.0)" -
smtp2.maine207east.k12.il.us - - [26/May/2004:00:50:41 +0800] "GET /~liuzhich/Calculus/archi0%20copy.gif HTTP/1.0" 200 827 "http://www.comp.nus.edu.sg/~liuzhich/Calculus/Leibniz/Leibniz.htm" "Mozilla/4.0 (compatible; MSIE 6.0; Windows NT 5.0)" -
smtp2.maine207east.k12.il.us - - [26/May/2004:00:50:41 +0800] "GET /~liuzhich/Calculus/bg_333.gif HTTP/1.0" 200 78 "http://www.comp.nus.edu.sg/~liuzhich/Calculus/Leibniz/Leibniz.htm" "Mozilla/4.0 (compatible; MSIE 6.0; Windows NT 5.0)" -
smtp2.maine207east.k12.il.us - - [26/May/2004:00:50:41 +0800] "GET /~liuzhich/Calculus/Newton1%20copy.gif HTTP/1.0" 200 624 "http://www.comp.nus.edu.sg/~liuzhich/Calculus/Leibniz/Leibniz.htm" "Mozilla/4.0 (compatible; MSIE 6.0; Windows NT 5.0)" -
smtp2.maine207east.k12.il.us - - [26/May/2004:00:50:41 +0800] "GET /~liuzhich/Calculus/bu10.gif HTTP/1.0" 200 1275 "http://www.comp.nus.edu.sg/~liuzhich/Calculus/Leibniz/Leibniz.htm" "Mozilla/4.0 (compatible; MSIE 6.0; Windows NT 5.0)" -
smtp2.maine207east.k12.il.us - - [26/May/2004:00:50:41 +0800] "GET /~liuzhich/Calculus/Leibniz/Leibniz.jpg HTTP/1.0" 200 9686 "http://www.comp.nus.edu.sg/~liuzhich/Calculus/Leibniz/Leibniz.htm" "Mozilla/4.0 (compatible; MSIE 6.0; Windows NT 5.0)" -
221.127.95.37 - - [26/May/2004:00:50:44 +0800] "GET /~nghoongk/lyrics/singer178-2.html HTTP/1.1" 200 8496 "http://search.hk.yahoo.com/yc/hk?tab=&p=%AEe%AF%AA%A8%E0%BAq%B5%FC&u=B&tx=d&s=-ut&k=%AEe%AF%AA%A8%E0%BAq%B5%FC" "Mozilla/4.0 (compatible; MSIE 6.0; Windows NT 5.1)" -
221.127.95.37 - - [26/May/2004:00:50:45 +0800] "GET /~nghoongk/lyrics/m.gif HTTP/1.1" 304 - "http://www.comp.nus.edu.sg/~nghoongk/lyrics/singer178-2.html" "Mozilla/4.0 (compatible; MSIE 6.0; Windows NT 5.1)" -
221.127.95.37 - - [26/May/2004:00:50:45 +0800] "GET /~nghoongk/lyrics/c.gif HTTP/1.1" 304 - "http://www.comp.nus.edu.sg/~nghoongk/lyrics/singer178-2.html" "Mozilla/4.0 (compatible; MSIE 6.0; Windows NT 5.1)" -
212.117.106.97 - - [26/May/2004:00:50:45 +0800] "GET /~nghoongk/lyrics/singer464-1.html HTTP/1.1" 200 4451 "http://tw.search.yahoo.com/search/kimo?p=%A9%BF%B5M%AB%DC%B7Q%A7A+%BAq%B5%FC" "Mozilla/4.0 (compatible; MSIE 6.0; Windows NT 5.1)" -
smtp2.maine207east.k12.il.us - - [26/May/2004:00:50:46 +0800] "GET /~liuzhich/Calculus/archi2%20copy.gif HTTP/1.0" 200 827 "http://www.comp.nus.edu.sg/~liuzhich/Calculus/Leibniz/Leibniz.htm" "Mozilla/4.0 (compatible; MSIE 6.0; Windows NT 5.0)" -
smtp2.maine207east.k12.il.us - - [26/May/2004:00:50:46 +0800] "GET /~liuzhich/Calculus/Descartes2%20copy.gif HTTP/1.0" 200 739 "http://www.comp.nus.edu.sg/~liuzhich/Calculus/Leibniz/Leibniz.htm" "Mozilla/4.0 (compatible; MSIE 6.0; Windows NT 5.0)" -
smtp2.maine207east.k12.il.us - - [26/May/2004:00:50:46 +0800] "GET /~liuzhich/Calculus/newton2%20copy.gif HTTP/1.0" 200 624 "http://www.comp.nus.edu.sg/~liuzhich/Calculus/Leibniz/Leibniz.htm" "Mozilla/4.0 (compatible; MSIE 6.0; Windows NT 5.0)" -
201.128.88.193 - - [26/May/2004:00:50:47 +0800] "GET /~shixinwe/hobbies.htm HTTP/1.1" 200 1302 "http://www.comp.nus.edu.sg/~shixinwe/index_left.htm" "Mozilla/4.0 (compatible; MSIE 6.0; Windows 98; Win 9x 4.90)" -
pwc2-hs-nk.bbnplanet.com - - [26/May/2004:00:50:48 +0800] "GET /~seojiayu/photos.html HTTP/1.1" 200 7381 "http://www.comp.nus.edu.sg/~seojiayu/main.html" "Mozilla/4.0 (compatible; MSIE 6.0; Windows NT 5.1; OPT-OUT; .NET CLR 1.1.4322)" -
abayonne-105-1-6-178.w81-51.abo.wanadoo.fr - - [26/May/2004:00:50:49 +0800] "GET /~sunyuan/ HTTP/1.1" 200 3152 "http://images.google.fr/imgres?imgurl=www.comp.nus.edu.sg/~sunyuan/images/nemo.gif&imgrefurl=http://www.comp.nus.edu.sg/~sunyuan/&h=248&w=275&sz=97&tbnid=2kEH2rEHlHsJ:&tbnh=98&tbnw=108&start=3&prev=/images%3Fq%3Dn%25C3%25A9mo%26hl%3Dfr%26lr%3D%26ie%3DUTF-8" "Mozilla/4.0 (compatible; MSIE 6.0; Windows NT 5.1; Wanadoo 6.0; .NET CLR 1.1.4322)" -
pwc2-hs-nk.bbnplanet.com - - [26/May/2004:00:50:50 +0800] "GET /~seojiayu/Images/photoheader.jpg HTTP/1.1" 200 31929 "http://www.comp.nus.edu.sg/~seojiayu/photos.html" "Mozilla/4.0 (compatible; MSIE 6.0; Windows NT 5.1; OPT-OUT; .NET CLR 1.1.4322)" -
pwc2-hs-nk.bbnplanet.com - - [26/May/2004:00:50:50 +0800] "GET /~seojiayu/Images/Starfish%20Group%20Photo.jpg HTTP/1.1" 200 124246 "http://www.comp.nus.edu.sg/~seojiayu/photos.html" "Mozilla/4.0 (compatible; MSIE 6.0; Windows NT 5.1; OPT-OUT; .NET CLR 1.1.4322)" -
212.117.106.97 - - [26/May/2004:00:50:50 +0800] "GET /~nghoongk/lyrics/m.gif HTTP/1.1" 200 872 "http://www.comp.nus.edu.sg/~nghoongk/lyrics/singer464-1.html" "Mozilla/4.0 (compatible; MSIE 6.0; Windows NT 5.1)" -
pcd446201.netvigator.com - - [26/May/2004:00:50:50 +0800] "GET /~nghoongk/lyrics/singer229-5.html HTTP/1.1" 200 14908 "http://www.comp.nus.edu.sg/~nghoongk/lyrics/singer229-4.html" "Mozilla/4.0 (compatible; MSIE 6.0; Windows NT 5.1)" -
pwc2-hs-nk.bbnplanet.com - - [26/May/2004:00:50:51 +0800] "GET /~seojiayu/Images/sentosage.jpg HTTP/1.1" 200 36060 "http://www.comp.nus.edu.sg/~seojiayu/photos.html" "Mozilla/4.0 (compatible; MSIE 6.0; Windows NT 5.1; OPT-OUT; .NET CLR 1.1.4322)" -
pwc2-hs-nk.bbnplanet.com - - [26/May/2004:00:50:51 +0800] "GET /~seojiayu/Images/sentosas.jpg HTTP/1.1" 200 29714 "http://www.comp.nus.edu.sg/~seojiayu/photos.html" "Mozilla/4.0 (compatible; MSIE 6.0; Windows NT 5.1; OPT-OUT; .NET CLR 1.1.4322)" -
pwc2-hs-nk.bbnplanet.com - - [26/May/2004:00:50:51 +0800] "GET /~seojiayu/Images/bday.jpg HTTP/1.1" 200 27596 "http://www.comp.nus.edu.sg/~seojiayu/photos.html" "Mozilla/4.0 (compatible; MSIE 6.0; Windows NT 5.1; OPT-OUT; .NET CLR 1.1.4322)" -
pwc2-hs-nk.bbnplanet.com - - [26/May/2004:00:50:52 +0800] "GET /~seojiayu/Images/teama.jpg HTTP/1.1" 200 35787 "http://www.comp.nus.edu.sg/~seojiayu/photos.html" "Mozilla/4.0 (compatible; MSIE 6.0; Windows NT 5.1; OPT-OUT; .NET CLR 1.1.4322)" -
pwc2-hs-nk.bbnplanet.com - - [26/May/2004:00:50:52 +0800] "GET /~seojiayu/Images/050504%20facilitation%20%20SL%20pic%206.jpg HTTP/1.1" 200 107615 "http://www.comp.nus.edu.sg/~seojiayu/photos.html" "Mozilla/4.0 (compatible; MSIE 6.0; Windows NT 5.1; OPT-OUT; .NET CLR 1.1.4322)" -
