pwc2-hs-nk.bbnplanet.com - - [26/May/2004:00:50:54 +0800] "GET /~seojiayu/Images/090504%20Old%20Clothes%20Collection%205.jpg HTTP/1.1" 200 129547 "http://www.comp.nus.edu.sg/~seojiayu/photos.html" "Mozilla/4.0 (compatible; MSIE 6.0; Windows NT 5.1; OPT-OUT; .NET CLR 1.1.4322)" -
abayonne-105-1-6-178.w81-51.abo.wanadoo.fr - - [26/May/2004:00:50:54 +0800] "GET /~sunyuan/images/nemo.gif HTTP/1.1" 200 98407 "http://images.google.fr/imgres?imgurl=www.comp.nus.edu.sg/~sunyuan/images/nemo.gif&imgrefurl=http://www.comp.nus.edu.sg/~sunyuan/&h=248&w=275&sz=97&tbnid=2kEH2rEHlHsJ:&tbnh=98&tbnw=108&prev=/images%3Fq%3Dn%25C3%25A9mo%26hl%3Dfr%26lr%3D%26ie%3DUTF-8&frame=small" "Mozilla/4.0 (compatible; MSIE 6.0; Windows NT 5.1; Wanadoo 6.0; .NET CLR 1.1.4322)" -
pwc2-hs-nk.bbnplanet.com - - [26/May/2004:00:50:55 +0800] "GET /~seojiayu/Images/090504%20Old%20Clothes%20Collection%202.jpg HTTP/1.1" 200 110179 "http://www.comp.nus.edu.sg/~seojiayu/photos.html" "Mozilla/4.0 (compatible; MSIE 6.0; Windows NT 5.1; OPT-OUT; .NET CLR 1.1.4322)" -
wwwproxy.technion.ac.il - - [26/May/2004:00:50:57 +0800] "GET /~cs5223/Assignments/ HTTP/1.1" 200 69964 "http://www.google.com/search?q=peer-to-peer+assignment&hl=en&lr=&ie=UTF-8&start=10&sa=N" "Mozilla/4.0 (compatible; MSIE 6.0; Windows NT 5.1)" 132.69.231.198
200.12.130.151 - - [26/May/2004:00:50:57 +0800] "GET /~sunyuan/images/nemo.gif HTTP/1.1" 200 98407 "-" "Mozilla/4.0 (compatible; MSIE 6.0; Windows NT 5.1; .NET CLR 1.1.4322)" -
pwc2-hs-nk.bbnplanet.com - - [26/May/2004:00:50:58 +0800] "GET /~seojiayu/Images/120504%20Pre%20Expedition%20Camp37.jpg HTTP/1.1" 200 78802 "http://www.comp.nus.edu.sg/~seojiayu/photos.html" "Mozilla/4.0 (compatible; MSIE 6.0; Windows NT 5.1; OPT-OUT; .NET CLR 1.1.4322)" -
wwwproxy.technion.ac.il - - [26/May/2004:00:50:58 +0800] "GET /~cs2104/sclogo.gif HTTP/1.1" 200 14588 "http://www.comp.nus.edu.sg/~cs5223/Assignments/" "Mozilla/4.0 (compatible; MSIE 6.0; Windows NT 5.1)" 132.69.231.198
dsl-80-42-114-43.access.uk.tiscali.com - - [26/May/2004:00:50:58 +0800] "GET /~sunyuan/images/nemo.gif HTTP/1.1" 200 98407 "-" "Mozilla/4.0 (compatible; MSIE 6.0; Windows 98)" -
pcd446201.netvigator.com - - [26/May/2004:00:50:58 +0800] "GET /~nghoongk/lyrics/singer229-6.html HTTP/1.1" 200 15875 "http://www.comp.nus.edu.sg/~nghoongk/lyrics/singer229-5.html" "Mozilla/4.0 (compatible; MSIE 6.0; Windows NT 5.1)" -
207.163.233.254 - - [26/May/2004:00:50:58 +0800] "GET /~dcheong/ HTTP/1.0" 404 279 "http://images.google.com/images?q=Ghost&hl=en&lr=&ie=UTF-8&safe=active&start=100&sa=N" "Mozilla/4.75C-CCK-MCD {C-UDP; EBM-APPLE} (Macintosh; U; PPC)" -
207.163.233.254 - - [26/May/2004:00:50:58 +0800] "GET /~dcheong/ghost.jpg HTTP/1.0" 404 288 "http://images.google.com/imgres?imgurl=www.comp.nus.edu.sg/~dcheong/ghost.jpg&imgrefurl=http://www.comp.nus.edu.sg/~dcheong/&h=600&w=800&sz=74&tbnid=EqAVt3UWRtMJ:&tbnh=106&tbnw=141&prev=/images%3Fq%3DGhost%26start%3D100%26hl%3Den%26lr%3D%26ie%3DUTF-8%26safe%3Dactive%26sa%3DN&frame=small" "Mozilla/4.75C-CCK-MCD {C-UDP; EBM-APPLE} (Macintosh; U; PPC)" -
pwc2-hs-nk.bbnplanet.com - - [26/May/2004:00:50:59 +0800] "GET /~seojiayu/Images/090504%20Old%20Clothes%20Collection%2014%20all.jpg HTTP/1.1" 200 127794 "http://www.comp.nus.edu.sg/~seojiayu/photos.html" "Mozilla/4.0 (compatible; MSIE 6.0; Windows NT 5.1; OPT-OUT; .NET CLR 1.1.4322)" -
t2o75p80.telia.com - - [26/May/2004:00:51:00 +0800] "GET /~sunyuan/ HTTP/1.1" 200 3152 "-" "Mozilla/4.0 (compatible; MSIE 6.0; Windows 98)" -
200.12.130.151 - - [26/May/2004:00:51:00 +0800] "GET /~sunyuan/images/nemo.gif HTTP/1.1" 200 98407 "-" "Mozilla/4.0 (compatible; MSIE 6.0; Windows NT 5.1; .NET CLR 1.1.4322)" -
adsl9.dyn243.pacific.net.sg - - [26/May/2004:00:51:01 +0800] "GET /~lijia1/goodies/content/malaysia_2002/106-0603_img.htm HTTP/1.1" 200 1516 "http://images.google.com.sg/imgres?imgurl=www.comp.nus.edu.sg/~lijia1/goodies/content/malaysia_2002/106-0603_img_std.jpg&imgrefurl=http://www.comp.nus.edu.sg/~lijia1/goodies/content/malaysia_2002/106-0603_img.htm&h=550&w=412&sz=66&tbnid=wTuQKVN0fUQJ:&tbnh=129&tbnw=97&start=13&prev=/images%3Fq%3Ddutch%2Bchurch%2Bmalacca%26hl%3Den%26lr%3D%26ie%3DUTF-8" "Mozilla/4.0 (compatible; MSIE 6.0; Windows NT 5.1)" -
pwc2-hs-nk.bbnplanet.com - - [26/May/2004:00:51:02 +0800] "GET /~seojiayu/Images/120504%20Pre%20Expedition%20Camp45%20all.jpg HTTP/1.1" 200 129389 "http://www.comp.nus.edu.sg/~seojiayu/photos.html" "Mozilla/4.0 (compatible; MSIE 6.0; Windows NT 5.1; OPT-OUT; .NET CLR 1.1.4322)" -
pwc2-hs-nk.bbnplanet.com - - [26/May/2004:00:51:02 +0800] "GET /~seojiayu/Images/120504%20Pre%20Expedition%20Camp59.jpg HTTP/1.1" 200 133225 "http://www.comp.nus.edu.sg/~seojiayu/photos.html" "Mozilla/4.0 (compatible; MSIE 6.0; Windows NT 5.1; OPT-OUT; .NET CLR 1.1.4322)" -
t2o75p80.telia.com - - [26/May/2004:00:51:02 +0800] "GET /~sunyuan/images/index_r1_c1.gif HTTP/1.1" 200 1887 "-" "Mozilla/4.0 (compatible; MSIE 6.0; Windows 98)" -
207.163.233.254 - - [26/May/2004:00:51:03 +0800] "GET /~dcheong/ HTTP/1.0" 404 279 "http://images.google.com/images?q=Ghost&hl=en&lr=&ie=UTF-8&safe=active&start=100&sa=N" "Mozilla/4.75C-CCK-MCD {C-UDP; EBM-APPLE} (Macintosh; U; PPC)" -
adsl9.dyn243.pacific.net.sg - - [26/May/2004:00:51:03 +0800] "GET /~lijia1/goodies/content/malaysia_2002/106-0603_img_std.jpg HTTP/1.1" 200 32768 "http://www.comp.nus.edu.sg/~lijia1/goodies/content/malaysia_2002/106-0603_img.htm" "Mozilla/4.0 (compatible; MSIE 6.0; Windows NT 5.1)" -
201008099094.user.veloxzone.com.br - - [26/May/2004:00:51:03 +0800] "GET /~sunyuan/images/nemo.gif HTTP/1.1" 200 32768 "http://images.google.com.br/imgres?imgurl=www.comp.nus.edu.sg/~sunyuan/images/nemo.gif&imgrefurl=http://www.comp.nus.edu.sg/~sunyuan/&h=248&w=275&sz=97&tbnid=2kEH2rEHlHsJ:&tbnh=98&tbnw=108&prev=/images%3Fq%3Dnemo%26hl%3Dpt-BR%26lr%3D%26ie%3DUTF-8%26sa%3DG&frame=small" "Mozilla/4.0 (compatible; MSIE 5.0; Windows 98; DigExt)" -
201008099094.user.veloxzone.com.br - - [26/May/2004:00:51:04 +0800] "GET /~sunyuan/ HTTP/1.1" 200 3152 "http://images.google.com.br/imgres?imgurl=www.comp.nus.edu.sg/~sunyuan/images/nemo.gif&imgrefurl=http://www.comp.nus.edu.sg/~sunyuan/&h=248&w=275&sz=97&tbnid=2kEH2rEHlHsJ:&tbnh=98&tbnw=108&start=8&prev=/images%3Fq%3Dnemo%26hl%3Dpt-BR%26lr%3D%26ie%3DUTF-8%26sa%3DG" "Mozilla/4.0 (compatible; MSIE 5.0; Windows 98; DigExt)" -
t2o75p80.telia.com - - [26/May/2004:00:51:06 +0800] "GET /~sunyuan/images/index_r2_c1.gif HTTP/1.1" 200 12459 "-" "Mozilla/4.0 (compatible; MSIE 6.0; Windows 98)" -
pcd446201.netvigator.com - - [26/May/2004:00:51:06 +0800] "GET /~nghoongk/lyrics/singer229-7.html HTTP/1.1" 200 16988 "http://www.comp.nus.edu.sg/~nghoongk/lyrics/singer229-6.html" "Mozilla/4.0 (compatible; MSIE 6.0; Windows NT 5.1)" -
pcd446201.netvigator.com - - [26/May/2004:00:51:07 +0800] "GET /~nghoongk/lyrics/o.gif HTTP/1.1" 200 907 "http://www.comp.nus.edu.sg/~nghoongk/lyrics/singer229-7.html" "Mozilla/4.0 (compatible; MSIE 6.0; Windows NT 5.1)" -
adsl9.dyn243.pacific.net.sg - - [26/May/2004:00:51:08 +0800] "GET /~lijia1/goodies/content/malaysia_2002/106-0603_img_std.jpg HTTP/1.1" 200 67146 "http://images.google.com.sg/imgres?imgurl=www.comp.nus.edu.sg/~lijia1/goodies/content/malaysia_2002/106-0603_img_std.jpg&imgrefurl=http://www.comp.nus.edu.sg/~lijia1/goodies/content/malaysia_2002/106-0603_img.htm&h=550&w=412&sz=66&tbnid=wTuQKVN0fUQJ:&tbnh=129&tbnw=97&prev=/images%3Fq%3Ddutch%2Bchurch%2Bmalacca%26hl%3Den%26lr%3D%26ie%3DUTF-8&frame=small" "Mozilla/4.0 (compatible; MSIE 6.0; Windows NT 5.1)" -
t2o75p80.telia.com - - [26/May/2004:00:51:08 +0800] "GET /~sunyuan/images/index_r2_c3.gif HTTP/1.1" 200 11308 "-" "Mozilla/4.0 (compatible; MSIE 6.0; Windows 98)" -
i53874f6d.versanet.de - - [26/May/2004:00:51:11 +0800] "GET /~sunyuan/images/nemo.gif HTTP/1.1" 200 98407 "http://knuddelscom.de/homepages/knuddels.de/hp/44/fr%F6schchen123.html" "Mozilla/4.0 (compatible; MSIE 5.5; Windows 98; Win 9x 4.90)" -
herbsta.wmc.net.pl - - [26/May/2004:00:51:12 +0800] "GET /~huangxi2/flash/pucca HTTP/1.1" 301 341 "-" "Mozilla/4.0 (compatible; MSIE 5.0; Windows 98; DigExt)" -
herbsta.wmc.net.pl - - [26/May/2004:00:51:12 +0800] "GET /~huangxi2/flash/pucca/ HTTP/1.1" 200 4246 "-" "Mozilla/4.0 (compatible; MSIE 5.0; Windows 98; DigExt)" -
herbsta.wmc.net.pl - - [26/May/2004:00:51:14 +0800] "GET /icons/blank.gif HTTP/1.1" 304 - "http://www.comp.nus.edu.sg/~huangxi2/flash/pucca/" "Mozilla/4.0 (compatible; MSIE 5.0; Windows 98; DigExt)" -
herbsta.wmc.net.pl - - [26/May/2004:00:51:14 +0800] "GET /icons/unknown.gif HTTP/1.1" 304 - "http://www.comp.nus.edu.sg/~huangxi2/flash/pucca/" "Mozilla/4.0 (compatible; MSIE 5.0; Windows 98; DigExt)" -
82.160.11.8 - - [26/May/2004:00:51:14 +0800] "GET /icons/back.gif HTTP/1.1" 304 - "http://www.comp.nus.edu.sg/~huangxi2/flash/pucca/" "Mozilla/4.0 (compatible; MSIE 5.0; Windows 98; DigExt)" -
herbsta.wmc.net.pl - - [26/May/2004:00:51:15 +0800] "GET / HTTP/1.1" 200 8789 "-" "Mozilla/4.0 (compatible; MSIE 5.0; Windows 98; DigExt)" -
82.160.11.8 - - [26/May/2004:00:51:19 +0800] "GET /nusstyles.css HTTP/1.1" 304 - "http://www.comp.nus.edu.sg/" "Mozilla/4.0 (compatible; MSIE 5.0; Windows 98; DigExt)" -
220.228.72.241 - - [26/May/2004:00:51:19 +0800] "GET /~nghoongk/lyrics/singer407-2.html HTTP/1.1" 200 9672 "http://www.google.com.tw/search?hl=zh-TW&ie=UTF-8&q=%E8%9F%B2%E5%85%92%E9%A3%9B&btnG=%E6%90%9C%E5%B0%8B&lr=lang_zh-TW" "Mozilla/4.0 (compatible; MSIE 6.0; Windows NT 5.1; KKman2.0)" -
pcd661104.netvigator.com - - [26/May/2004:00:51:19 +0800] "GET /~nghoongk/lyrics/singer482-1.html HTTP/1.1" 200 2527 "http://search.hk.yahoo.com/yc/hk?p=%a7%f5%b0%b7%b9F+%a4]%b3\\%a4%a3%a9%f6&u=B" "Mozilla/4.0 (compatible; MSIE 5.5; Windows 98; Win 9x 4.90)" -
220.228.72.241 - - [26/May/2004:00:51:20 +0800] "GET /~nghoongk/lyrics/c.gif HTTP/1.1" 200 870 "http://www.comp.nus.edu.sg/~nghoongk/lyrics/singer407-2.html" "Mozilla/4.0 (compatible; MSIE 6.0; Windows NT 5.1; KKman2.0)" -
pcd661104.netvigator.com - - [26/May/2004:00:51:20 +0800] "GET /~nghoongk/lyrics/c.gif HTTP/1.1" 304 - "http://www.comp.nus.edu.sg/~nghoongk/lyrics/singer482-1.html" "Mozilla/4.0 (compatible; MSIE 5.5; Windows 98; Win 9x 4.90)" -
220.228.72.241 - - [26/May/2004:00:51:20 +0800] "GET /~nghoongk/lyrics/m.gif HTTP/1.1" 200 872 "http://www.comp.nus.edu.sg/~nghoongk/lyrics/singer407-2.html" "Mozilla/4.0 (compatible; MSIE 6.0; Windows NT 5.1; KKman2.0)" -
lj1221.inktomisearch.com - - [26/May/2004:00:51:22 +0800] "GET /~hchia/Teaching/Lab/script2/leowyeej/?M=A HTTP/1.0" 200 986 "-" "Mozilla/5.0 (compatible; Yahoo! Slurp; http://help.yahoo.com/help/us/ysearch/slurp)" -
h-64-105-232-195.chcgilgm.covad.net - - [26/May/2004:00:51:23 +0800] "GET /~ooibc/courses/sql HTTP/1.1" 301 338 "-" "Mozilla/4.0 (compatible; MSIE 6.0; Windows NT 5.1)" -
h-64-105-232-195.chcgilgm.covad.net - - [26/May/2004:00:51:23 +0800] "GET /~ooibc/courses/sql/ HTTP/1.1" 200 761 "-" "Mozilla/4.0 (compatible; MSIE 6.0; Windows NT 5.1)" -
212.68.249.154.brutele.be - - [26/May/2004:00:51:29 +0800] "GET /~sunyuan/images/nemo.gif HTTP/1.1" 200 98407 "http://www.toietmoi.be/index.php?P=forum_last_messages" "Mozilla/4.0 (compatible; MSIE 6.0; Windows NT 5.1; FunWebProducts)" -
crawl22-public.alexa.com - - [26/May/2004:00:51:30 +0800] "GET /~teoym/cs6205/9900/L1/img014.GIF HTTP/1.0" 200 8068 "-" "ia_archiver" -
t2o75p80.telia.com - - [26/May/2004:00:51:30 +0800] "GET /~sunyuan/images/index_r3_c2.gif HTTP/1.1" 200 8177 "-" "Mozilla/4.0 (compatible; MSIE 6.0; Windows 98)" -
pcd446201.netvigator.com - - [26/May/2004:00:51:31 +0800] "GET /~nghoongk/lyrics/singer229-8.html HTTP/1.1" 200 15447 "http://www.comp.nus.edu.sg/~nghoongk/lyrics/singer229-7.html" "Mozilla/4.0 (compatible; MSIE 6.0; Windows NT 5.1)" -
pd9e2476b.dip.t-dialin.net - - [26/May/2004:00:51:33 +0800] "GET /~lowsokhu/images/lalaland/bachelor/contestant3/izark3.jpg HTTP/1.1" 200 21083 "http://www.forum-provider.de/cgi-bin/fserver/foren/F_2546/cutecast.pl?forum=1&thread=25&page=5" "Mozilla/4.0 (compatible; MSIE 6.0; Windows NT 5.1; .NET CLR 1.0.3705)" -
cache211.156ce.maxonline.com.sg - - [26/May/2004:00:51:42 +0800] "GET /~ngchinho/Avatar%20Store/spturn.gif HTTP/1.1" 404 315 "http://www.skateline.com.sg/cgi-bin/ikonboard/ikonboard.cgi?s=8c058696ad4376def7e62082bc874138;act=ST;f=3;t=108" "Mozilla/4.0 (compatible; MSIE 6.0; Windows NT 5.1; .NET CLR 1.1.4322)" 202.156.63.225
82.158.12.17 - - [26/May/2004:00:51:42 +0800] "GET /~keexuyua/pictures/skillz.gif HTTP/1.1" 200 5857 "http://www.koptalk.org/forums/showflat.php/Cat/0/Number/274120/page/0/view/collapsed/sb/5/o/all/fpart/1" "Mozilla/4.0 (compatible; MSIE 6.0; Windows NT 5.1)" -
t2o75p80.telia.com - - [26/May/2004:00:51:44 +0800] "GET /~sunyuan/images/nemo.gif HTTP/1.1" 200 98407 "-" "Mozilla/4.0 (compatible; MSIE 6.0; Windows 98)" -
t2o75p80.telia.com - - [26/May/2004:00:51:46 +0800] "GET /~sunyuan/images/nemo.gif HTTP/1.1" 200 0 "-" "Mozilla/4.0 (compatible; MSIE 6.0; Windows 98)" -
69.156.163.139 - - [26/May/2004:00:51:47 +0800] "GET /~yangh/publication/www2003/WWW2003_Poster_Template_files/poster-nav-html.css HTTP/1.1" 404 358 "http://www.comp.nus.edu.sg/~yangh/publication/www2003/p116-yang.htm" "Mozilla/4.0 (compatible; MSIE 6.0; Windows NT 5.0; MyIE2)" -
t2o75p80.telia.com - - [26/May/2004:00:51:47 +0800] "GET /~sunyuan/images/nemo.gif HTTP/1.1" 206 7143 "-" "Mozilla/4.0 (compatible; MSIE 6.0; Windows 98)" -
69.156.163.139 - - [26/May/2004:00:51:48 +0800] "GET /~yangh/publication/www2003/p116-yang-formular1.gif HTTP/1.1" 200 570 "http://www.comp.nus.edu.sg/~yangh/publication/www2003/p116-yang.htm" "Mozilla/4.0 (compatible; MSIE 6.0; Windows NT 5.0; MyIE2)" -
193-12.priv.nus.edu.sg - - [26/May/2004:00:51:48 +0800] "GET /~luutrung/sign.jpg HTTP/1.1" 304 - "http://forum.vncnus.net/viewtopic.php?t=7939&start=15" "Mozilla/4.0 (compatible; MSIE 6.0; Windows NT 5.1)" -
69.156.163.139 - - [26/May/2004:00:51:48 +0800] "GET /~yangh/publication/www2003/p116-yang-formular3.gif HTTP/1.1" 200 196 "http://www.comp.nus.edu.sg/~yangh/publication/www2003/p116-yang.htm" "Mozilla/4.0 (compatible; MSIE 6.0; Windows NT 5.0; MyIE2)" -
69.156.163.139 - - [26/May/2004:00:51:48 +0800] "GET /~yangh/publication/www2003/p116-yang.htm HTTP/1.1" 200 58118 "-" "Mozilla/4.0 (compatible; MSIE 6.0; Windows NT 5.0; MyIE2)" -
69.156.163.139 - - [26/May/2004:00:51:48 +0800] "GET /~yangh/publication/www2003/p116-yang-formular4.gif HTTP/1.1" 200 675 "http://www.comp.nus.edu.sg/~yangh/publication/www2003/p116-yang.htm" "Mozilla/4.0 (compatible; MSIE 6.0; Windows NT 5.0; MyIE2)" -
69.156.163.139 - - [26/May/2004:00:51:48 +0800] "GET /~yangh/publication/www2003/p116-yang-formular5.gif HTTP/1.1" 200 634 "http://www.comp.nus.edu.sg/~yangh/publication/www2003/p116-yang.htm" "Mozilla/4.0 (compatible; MSIE 6.0; Windows NT 5.0; MyIE2)" -
69.156.163.139 - - [26/May/2004:00:51:48 +0800] "GET /~yangh/publication/www2003/p116-yang-formular6.gif HTTP/1.1" 200 759 "http://www.comp.nus.edu.sg/~yangh/publication/www2003/p116-yang.htm" "Mozilla/4.0 (compatible; MSIE 6.0; Windows NT 5.0; MyIE2)" -
69.156.163.139 - - [26/May/2004:00:51:49 +0800] "GET /~yangh/publication/www2003/p116-yang-figure1.gif HTTP/1.1" 200 7206 "http://www.comp.nus.edu.sg/~yangh/publication/www2003/p116-yang.htm" "Mozilla/4.0 (compatible; MSIE 6.0; Windows NT 5.0; MyIE2)" -
64.105.232.195 - - [26/May/2004:00:51:49 +0800] "GET /favicon.ico HTTP/1.1" 404 293 "-" "Mozilla/4.0 (compatible; MSIE 6.0; Windows NT 5.1)" -
69.156.163.139 - - [26/May/2004:00:51:49 +0800] "GET /favicon.ico HTTP/1.1" 404 293 "-" "Mozilla/4.0 (compatible; MSIE 6.0; Windows NT 5.0; MyIE2)" -
t2o75p80.telia.com - - [26/May/2004:00:51:50 +0800] "GET /~sunyuan/images/nemo.gif HTTP/1.1" 206 5906 "-" "Mozilla/4.0 (compatible; MSIE 6.0; Windows 98)" -
montpellier-1-62-147-81-242.dial.proxad.net - - [26/May/2004:00:51:50 +0800] "GET /~sunyuan/images/nemo.gif HTTP/1.1" 200 98407 "http://membres.lycos.fr/shengming/forum/viewtopic.php?t=121" "Mozilla/4.0 (compatible; MSIE 6.0; Windows 98; FREETELECOM)" -
t2o75p80.telia.com - - [26/May/2004:00:51:50 +0800] "GET /~sunyuan/images/nemo.gif HTTP/1.1" 200 0 "-" "Mozilla/4.0 (compatible; MSIE 6.0; Windows 98)" -
cm203-168-193-2.hkcable.com.hk - - [26/May/2004:00:51:51 +0800] "GET /~nghoongk/lyrics/singer228-1.html HTTP/1.1" 200 4778 "http://search.hk.yahoo.com/yc/hk?p=%b1i%be_%c0%ae%baq%b5%fc&u=B" "Mozilla/4.0 (compatible; MSIE 6.0; Windows NT 5.1; Alexa Toolbar)" 218.253.154.167
spr1-orpi1-4-0-cust67.lond.broadband.ntl.com - - [26/May/2004:00:51:54 +0800] "GET /~sunyuan/images/nemo.gif HTTP/1.1" 304 - "-" "Mozilla/4.0 (compatible; MSIE 6.0; Windows NT 5.1)" -
24-205-132-238.mpk-eres.charterpipeline.net - - [26/May/2004:00:51:56 +0800] "GET /~nghoongk/lyrics/singer112-1.html HTTP/1.1" 200 16487 "http://www.comp.nus.edu.sg/~nghoongk/lyrics/index.html" "Mozilla/4.0 (compatible; MSIE 6.0; Windows NT 5.1; .NET CLR 1.1.4322)" -
203.162.54.207 - - [26/May/2004:00:51:57 +0800] "GET /~nguyentu/nhactac/mp3ss1d.swf HTTP/1.1" 304 - "-" "Mozilla/4.0 (compatible; MSIE 6.0; Windows 98; Win 9x 4.90)" -
203.162.54.207 - - [26/May/2004:00:51:57 +0800] "GET /~nguyentu/nhactac/mp3ss2d.swf HTTP/1.1" 304 - "-" "Mozilla/4.0 (compatible; MSIE 6.0; Windows 98; Win 9x 4.90)" -
203-203-4-137.cable.dynamic.giga.net.tw - - [26/May/2004:00:51:59 +0800] "GET /~nghoongk/lyrics/m.gif HTTP/1.1" 200 872 "http://210.201.54.206:8080/cgi-bin/webpage?q=%ADn%AD%40%A4%DF%B5%A5%AB%DD+%BAq%B5%FC&u=http%3A%2F%2Fwww%2Ecomp%2Enus%2Eedu%2Esg%2F%7Enghoongk%2Flyrics%2Fsinger543%2D1%2Ehtml&t=zh-TW&f=yahoo.tw" "Mozilla/4.0 (compatible; MSIE 6.0; Windows NT 5.1; KKman2.0)" -
h-64-105-232-195.chcgilgm.covad.net - - [26/May/2004:00:51:59 +0800] "GET /~ooibc/courses/sql/intro.htm HTTP/1.1" 200 3800 "http://www.comp.nus.edu.sg/~ooibc/courses/sql/" "Mozilla/4.0 (compatible; MSIE 6.0; Windows NT 5.1)" -
203.162.54.207 - - [26/May/2004:00:51:59 +0800] "GET /~nguyentu/nhactac/mp3ss3d.swf HTTP/1.1" 304 - "-" "Mozilla/4.0 (compatible; MSIE 6.0; Windows 98; Win 9x 4.90)" -
203.162.54.207 - - [26/May/2004:00:51:59 +0800] "GET /~nguyentu/nhactac/mp3ss4d.swf HTTP/1.1" 304 - "-" "Mozilla/4.0 (compatible; MSIE 6.0; Windows 98; Win 9x 4.90)" -
lj1074.inktomisearch.com - - [26/May/2004:00:52:00 +0800] "GET /~fangll/jdk1.2.2/docs/api/java/security/cert/class-use/X509Extension.html HTTP/1.0" 404 343 "-" "Mozilla/5.0 (compatible; Yahoo! Slurp; http://help.yahoo.com/help/us/ysearch/slurp)" -
205-206.priv20.nus.edu.sg - - [26/May/2004:00:52:00 +0800] "GET /~zhangda/ HTTP/1.1" 200 5012 "-" "Mozilla/4.0 (compatible; MSIE 6.0; Windows NT 5.1; Q312461; .NET CLR 1.1.4322)" -
205-206.priv20.nus.edu.sg - - [26/May/2004:00:52:00 +0800] "GET /~zhangda/bg.jpg HTTP/1.1" 200 216299 "http://www.comp.nus.edu.sg/~zhangda/" "Mozilla/4.0 (compatible; MSIE 6.0; Windows NT 5.1; Q312461; .NET CLR 1.1.4322)" -
205-206.priv20.nus.edu.sg - - [26/May/2004:00:52:00 +0800] "GET /~zhangda/I.jpg HTTP/1.1" 200 8391 "http://www.comp.nus.edu.sg/~zhangda/" "Mozilla/4.0 (compatible; MSIE 6.0; Windows NT 5.1; Q312461; .NET CLR 1.1.4322)" -
205-206.priv20.nus.edu.sg - - [26/May/2004:00:52:01 +0800] "GET /~zhangda/msg.gif HTTP/1.1" 200 6155 "http://www.comp.nus.edu.sg/~zhangda/" "Mozilla/4.0 (compatible; MSIE 6.0; Windows NT 5.1; Q312461; .NET CLR 1.1.4322)" -
24-205-132-238.mpk-eres.charterpipeline.net - - [26/May/2004:00:52:01 +0800] "GET /~nghoongk/lyrics/singer112-2.html HTTP/1.1" 200 7429 "http://www.comp.nus.edu.sg/~nghoongk/lyrics/singer112-1.html" "Mozilla/4.0 (compatible; MSIE 6.0; Windows NT 5.1; .NET CLR 1.1.4322)" -
cdm-68-226-189-105.lkch.cox-internet.com - - [26/May/2004:00:52:02 +0800] "GET /~angpheng/rhwebsite/rev%20hard%20title%20alt%202.jpg HTTP/1.1" 200 52723 "http://forums.clubrsx.com/showthread.php?t=160979" "Mozilla/4.0 (compatible; MSIE 6.0; Windows NT 5.1; Avant Browser [avantbrowser.com])" -
221.232.78.233 - - [26/May/2004:00:52:02 +0800] "GET /~wanglita/%bc%d6%be%b2%f6%a9_%b1%f9%d3%e3.jpg HTTP/1.1" 200 14768 "http://bbs.icefish.org/dispbbs.asp?boardid=113&star=4&replyid=430794&id=168188&skin=0&page=1" "Mozilla/4.0 (compatible; MSIE 6.0; Windows 98)" -
203.162.54.207 - - [26/May/2004:00:52:02 +0800] "GET /~nguyentu/nhactac/mp3ss1d.swf HTTP/1.1" 304 - "-" "Mozilla/4.0 (compatible; MSIE 6.0; Windows 98; Win 9x 4.90)" -
203.162.54.207 - - [26/May/2004:00:52:02 +0800] "GET /~nguyentu/nhactac/mp3ss2d.swf HTTP/1.1" 304 - "-" "Mozilla/4.0 (compatible; MSIE 6.0; Windows 98; Win 9x 4.90)" -
218.186.233.129 - - [26/May/2004:00:52:03 +0800] "GET / HTTP/1.1" 200 8789 "-" "Mozilla/4.0 (compatible; MSIE 6.0; Windows NT 5.1; FunWebProducts; .NET CLR 1.1.4322)" -
218.186.233.129 - - [26/May/2004:00:52:03 +0800] "GET /nusstyles.css HTTP/1.1" 304 - "http://www.comp.nus.edu.sg/" "Mozilla/4.0 (compatible; MSIE 6.0; Windows NT 5.1; FunWebProducts; .NET CLR 1.1.4322)" -
qn-213-73-210-224.quicknet.nl - - [26/May/2004:00:52:04 +0800] "GET /~inns/inns-TechnologyUpdate.htm HTTP/1.0" 200 2036 "-" "appie 1.1 (www.walhello.com)" -
203.162.54.207 - - [26/May/2004:00:52:04 +0800] "GET /~nguyentu/nhactac/mp3ss3d.swf HTTP/1.1" 304 - "-" "Mozilla/4.0 (compatible; MSIE 6.0; Windows 98; Win 9x 4.90)" -
203.162.54.207 - - [26/May/2004:00:52:04 +0800] "GET /~nguyentu/nhactac/mp3ss4d.swf HTTP/1.1" 304 - "-" "Mozilla/4.0 (compatible; MSIE 6.0; Windows 98; Win 9x 4.90)" -
210.192.225.184 - - [26/May/2004:00:52:06 +0800] "GET /~nghoongk/lyrics/m.gif HTTP/1.1" 304 - "http://www.comp.nus.edu.sg/~nghoongk/lyrics/singer112-1.html" "Mozilla/4.0 (compatible; MSIE 6.0; Windows NT 5.1; FunWebProducts)" -
210.192.225.184 - - [26/May/2004:00:52:06 +0800] "GET /~nghoongk/lyrics/c.gif HTTP/1.1" 304 - "http://www.comp.nus.edu.sg/~nghoongk/lyrics/singer112-1.html" "Mozilla/4.0 (compatible; MSIE 6.0; Windows NT 5.1; FunWebProducts)" -
210.192.225.184 - - [26/May/2004:00:52:06 +0800] "GET /~nghoongk/lyrics/singer112-1.html HTTP/1.1" 200 16487 "http://tw.search.yahoo.com/search/kimo?p=%BAq%B5%FC%A7%F9%BCw%B0%B6&ykd=1" "Mozilla/4.0 (compatible; MSIE 6.0; Windows NT 5.1; FunWebProducts)" -
ip51cdf10b.adsl-surfen.hetnet.nl - - [26/May/2004:00:52:08 +0800] "GET /~sunyuan/images/nemo.gif HTTP/1.1" 200 98407 "-" "Mozilla/4.0 (compatible; MSIE 6.0; Windows NT 5.1; FunWebProducts)" -
81.7.105.156 - - [26/May/2004:00:52:09 +0800] "GET /~noi/resources/books.html HTTP/1.1" 200 9030 "http://www.google.lt/search?q=IOI+training+solutions&ie=UTF-8&hl=lt&meta=" "Mozilla/4.0 (compatible; MSIE 6.0; Windows NT 5.0)" -
66.196.90.190 - - [26/May/2004:00:52:10 +0800] "GET /~cs4244/2002-2/downloads/tutorials/tutorial2.pdf HTTP/1.0" 403 501 "-" "Mozilla/5.0 (compatible; Yahoo! Slurp; http://help.yahoo.com/help/us/ysearch/slurp)" -
s01060004e242faa3.vc.shawcable.net - - [26/May/2004:00:52:13 +0800] "GET /~wangzhiy/football/qm3.gif HTTP/1.1" 200 408332 "http://216.127.92.125/~admin4/cgi-bin/leoboard.cgi" "Mozilla/4.0 (compatible; MSIE 6.0; Windows NT 5.1)" -
lj1234.inktomisearch.com - - [26/May/2004:00:52:13 +0800] "GET /~cs6206/Lectures/Wk5-EMS.ppt HTTP/1.0" 200 358400 "-" "Mozilla/5.0 (compatible; Yahoo! Slurp; http://help.yahoo.com/help/us/ysearch/slurp)" -
206.15.249.227 - - [26/May/2004:00:52:14 +0800] "GET /~dcheong/ghost.jpg HTTP/1.0" 404 288 "http://images.google.com/imgres?imgurl=www.comp.nus.edu.sg/~dcheong/ghost.jpg&imgrefurl=http://www.comp.nus.edu.sg/~dcheong/&h=600&w=800&sz=74&tbnid=EqAVt3UWRtMJ:&tbnh=106&tbnw=141&prev=/images%3Fq%3Dghost%26hl%3Den%26lr%3D%26ie%3DUTF-8&frame=small" "Mozilla/4.0 (compatible; MSIE 5.5; Windows 98)" -
lj1221.inktomisearch.com - - [26/May/2004:00:52:14 +0800] "GET /~hchia/Teaching/Lab/script2/leowyeej/?N=D HTTP/1.0" 200 986 "-" "Mozilla/5.0 (compatible; Yahoo! Slurp; http://help.yahoo.com/help/us/ysearch/slurp)" -
81.7.105.156 - - [26/May/2004:00:52:14 +0800] "GET /~noi/resources/books.html HTTP/1.1" 200 9030 "http://www.google.lt/search?q=IOI+training+solutions&ie=UTF-8&hl=lt&meta=" "Mozilla/4.0 (compatible; MSIE 6.0; Windows NT 5.0)" -
206.15.249.227 - - [26/May/2004:00:52:16 +0800] "GET /~dcheong/ HTTP/1.0" 404 279 "http://images.google.com/imgres?imgurl=www.comp.nus.edu.sg/~dcheong/ghost.jpg&imgrefurl=http://www.comp.nus.edu.sg/~dcheong/&h=600&w=800&sz=74&tbnid=EqAVt3UWRtMJ:&tbnh=106&tbnw=141&start=3&prev=/images%3Fq%3Dghost%26hl%3Den%26lr%3D%26ie%3DUTF-8" "Mozilla/4.0 (compatible; MSIE 5.5; Windows 98)" -
206.15.249.227 - - [26/May/2004:00:52:18 +0800] "GET /~dcheong/ HTTP/1.0" 404 279 "http://images.google.com/imgres?imgurl=www.comp.nus.edu.sg/~dcheong/ghost.jpg&imgrefurl=http://www.comp.nus.edu.sg/~dcheong/&h=600&w=800&sz=74&tbnid=EqAVt3UWRtMJ:&tbnh=106&tbnw=141&start=3&prev=/images%3Fq%3Dghost%26hl%3Den%26lr%3D%26ie%3DUTF-8" "Mozilla/4.0 (compatible; MSIE 5.5; Windows 98)" -
81.7.105.156 - - [26/May/2004:00:52:19 +0800] "GET /~noi/img/noilogo_anim.gif HTTP/1.1" 304 - "http://www.comp.nus.edu.sg/~noi/resources/books.html" "Mozilla/4.0 (compatible; MSIE 6.0; Windows NT 5.0)" -
209.232.166.228 - - [26/May/2004:00:52:19 +0800] "GET /~sunyuan/ HTTP/1.1" 200 3152 "http://images.google.com/imgres?imgurl=www.comp.nus.edu.sg/~sunyuan/images/nemo.gif&imgrefurl=http://www.comp.nus.edu.sg/~sunyuan/&h=248&w=275&sz=97&tbnid=2kEH2rEHlHsJ:&tbnh=98&tbnw=108&start=9&prev=/images%3Fq%3Dnemo%26hl%3Den%26lr%3D%26ie%3DUTF-8%26sa%3DN" "Mozilla/4.0 (compatible; MSIE 6.0; Windows NT 5.0; .NET CLR 1.0.3705)" -
n219077068208.netvigator.com - - [26/May/2004:00:52:21 +0800] "GET /~nghoongk/lyrics/singer442-4.html HTTP/1.1" 200 14204 "http://www.comp.nus.edu.sg/~nghoongk/lyrics/singer442-3.html" "Mozilla/4.0 (compatible; MSIE 6.0; Windows NT 5.1; Alexa Toolbar)" -
209.237.238.153 - - [26/May/2004:00:52:21 +0800] "GET /robots.txt HTTP/1.0" 404 280 "-" "ia_archiver" -
209.237.238.153 - - [26/May/2004:00:52:22 +0800] "GET /~yangyang2 HTTP/1.0" 404 280 "-" "ia_archiver" -
209.232.166.228 - - [26/May/2004:00:52:23 +0800] "GET /~sunyuan/images/index_r1_c1.gif HTTP/1.1" 200 1887 "http://www.comp.nus.edu.sg/~sunyuan/" "Mozilla/4.0 (compatible; MSIE 6.0; Windows NT 5.0; .NET CLR 1.0.3705)" -
209.232.166.228 - - [26/May/2004:00:52:24 +0800] "GET /~sunyuan/images/index_r2_c1.gif HTTP/1.1" 200 12459 "http://www.comp.nus.edu.sg/~sunyuan/" "Mozilla/4.0 (compatible; MSIE 6.0; Windows NT 5.0; .NET CLR 1.0.3705)" -
209.232.166.228 - - [26/May/2004:00:52:24 +0800] "GET /~sunyuan/images/index_r2_c3.gif HTTP/1.1" 200 11308 "http://www.comp.nus.edu.sg/~sunyuan/" "Mozilla/4.0 (compatible; MSIE 6.0; Windows NT 5.0; .NET CLR 1.0.3705)" -
209.232.166.228 - - [26/May/2004:00:52:26 +0800] "GET /~sunyuan/images/nemo.gif HTTP/1.1" 200 98407 "http://www.comp.nus.edu.sg/~sunyuan/" "Mozilla/4.0 (compatible; MSIE 6.0; Windows NT 5.0; .NET CLR 1.0.3705)" -
66.196.90.62 - - [26/May/2004:00:52:27 +0800] "GET /~nghonkeo/cs4274/Meeting%202/OLSR.doc HTTP/1.0" 404 305 "-" "Mozilla/5.0 (compatible; Yahoo! Slurp; http://help.yahoo.com/help/us/ysearch/slurp)" -
206.15.249.227 - - [26/May/2004:00:52:27 +0800] "GET /~dcheong/ HTTP/1.0" 404 279 "http://images.google.com/imgres?imgurl=www.comp.nus.edu.sg/~dcheong/ghost.jpg&imgrefurl=http://www.comp.nus.edu.sg/~dcheong/&h=600&w=800&sz=74&tbnid=EqAVt3UWRtMJ:&tbnh=106&tbnw=141&start=3&prev=/images%3Fq%3Dghost%26hl%3Den%26lr%3D%26ie%3DUTF-8" "Mozilla/4.0 (compatible; MSIE 5.5; Windows 98)" -
209.232.166.228 - - [26/May/2004:00:52:28 +0800] "GET /~sunyuan/images/index_r3_c2.gif HTTP/1.1" 200 8177 "http://www.comp.nus.edu.sg/~sunyuan/" "Mozilla/4.0 (compatible; MSIE 6.0; Windows NT 5.0; .NET CLR 1.0.3705)" -
203.162.159.108 - - [26/May/2004:00:52:28 +0800] "GET /~nguyentu/girl.gif HTTP/1.1" 200 300360 "http://www.th2000.org/forum/viewtopic.php?t=1747" "Mozilla/4.0 (compatible; MSIE 6.0; Windows NT 5.1; .NET CLR 1.1.4322)" -
209.232.166.228 - - [26/May/2004:00:52:29 +0800] "GET /~sunyuan/images/index_r2_c2_f2.gif HTTP/1.1" 200 23678 "http://www.comp.nus.edu.sg/~sunyuan/" "Mozilla/4.0 (compatible; MSIE 6.0; Windows NT 5.0; .NET CLR 1.0.3705)" -
h-64-105-232-195.chcgilgm.covad.net - - [26/May/2004:00:52:29 +0800] "GET /~ooibc/courses/sql/index.htm HTTP/1.1" 200 761 "http://www.comp.nus.edu.sg/~ooibc/courses/sql/intro.htm" "Mozilla/4.0 (compatible; MSIE 6.0; Windows NT 5.1)" -
h-64-105-232-195.chcgilgm.covad.net - - [26/May/2004:00:52:31 +0800] "GET /~ooibc/courses/sql/sqlplus.htm HTTP/1.1" 200 10461 "http://www.comp.nus.edu.sg/~ooibc/courses/sql/index.htm" "Mozilla/4.0 (compatible; MSIE 6.0; Windows NT 5.1)" -
h-64-105-232-195.chcgilgm.covad.net - - [26/May/2004:00:52:32 +0800] "GET /~ooibc/courses/sql/sqlplu1.gif HTTP/1.1" 200 7893 "http://www.comp.nus.edu.sg/~ooibc/courses/sql/sqlplus.htm" "Mozilla/4.0 (compatible; MSIE 6.0; Windows NT 5.1)" -
pcd446201.netvigator.com - - [26/May/2004:00:52:34 +0800] "GET /~nghoongk/lyrics/singer229-9.html HTTP/1.1" 200 6543 "http://www.comp.nus.edu.sg/~nghoongk/lyrics/singer229-8.html" "Mozilla/4.0 (compatible; MSIE 6.0; Windows NT 5.1)" -
sd36-px1.sd36.bc.ca - - [26/May/2004:00:52:34 +0800] "GET /~ngchongm/1506/graphix/map.gif HTTP/1.0" 200 63762 "-" "Mozilla/4.0 (compatible; MSIE 6.0; Windows NT 5.1; QUEE; .NET CLR 1.1.4322)" 10.130.252.162
192.91.75.30 - - [26/May/2004:00:52:35 +0800] "GET /~it1002/SineCurveInApplet.html HTTP/1.1" 200 3224 "http://www.google.com/search?hl=en&lr=&ie=UTF-8&q=how+draw+sine+curve" "Mozilla/4.0 (compatible; MSIE 6.0; Windows NT 5.0; .NET CLR 1.1.4322)" -
192.91.75.30 - - [26/May/2004:00:52:36 +0800] "GET /~it1002/img/bg_b.jpg HTTP/1.1" 200 5548 "http://www.comp.nus.edu.sg/~it1002/SineCurveInApplet.html" "Mozilla/4.0 (compatible; MSIE 6.0; Windows NT 5.0; .NET CLR 1.1.4322)" -
192.91.75.30 - - [26/May/2004:00:52:36 +0800] "GET /~it1002/SineCurveInApplet.class HTTP/1.1" 200 1927 "-" "Mozilla/4.0 (compatible; MSIE 6.0; Win32)" -
192.91.75.30 - - [26/May/2004:00:52:36 +0800] "GET /~it1002/javax/swing/JApplet.class HTTP/1.1" 404 315 "-" "Mozilla/4.0 (compatible; MSIE 6.0; Win32)" -
herbsta.wmc.net.pl - - [26/May/2004:00:52:39 +0800] "GET /~huangxi2/flash/pucca/%cb%ae%ba%fe%b4%ab.swf HTTP/1.1" 200 32768 "http://www.comp.nus.edu.sg/~huangxi2/flash/pucca/" "Mozilla/4.0 (compatible; MSIE 5.0; Windows 98; DigExt)" -
82.160.11.8 - - [26/May/2004:00:52:40 +0800] "GET / HTTP/1.1" 200 8789 "-" "Mozilla/4.0 (compatible; MSIE 5.0; Windows 98; DigExt)" -
herbsta.wmc.net.pl - - [26/May/2004:00:52:40 +0800] "GET /~huangxi2/flash/pucca/%cb%ae%ba%fe%b4%ab.swf HTTP/1.1" 206 0 "-" "contype" -
061092222203.ctinets.com - - [26/May/2004:00:52:44 +0800] "GET /~nghoongk/lyrics/singer136-1.html HTTP/1.1" 200 3680 "http://www.google.com/search?hl=zh-TW&ie=UTF-8&q=%E9%9B%A8%E5%A4%9C%E9%8B%BC%E7%90%B4&btnG=%E6%90%9C%E5%B0%8B&lr=lang_zh-TW" "Mozilla/4.0 (compatible; MSIE 6.0; Windows NT 5.1)" -
061092222203.ctinets.com - - [26/May/2004:00:52:46 +0800] "GET /~nghoongk/lyrics/c.gif HTTP/1.1" 200 870 "http://www.comp.nus.edu.sg/~nghoongk/lyrics/singer136-1.html" "Mozilla/4.0 (compatible; MSIE 6.0; Windows NT 5.1)" -
211.22.33.2 - - [26/May/2004:00:52:48 +0800] "GET /~nghoongk/lyrics/singer25-1.html HTTP/1.0" 200 2402 "http://tw.search.yahoo.com/search/kimo?p=%B7R%A4%A3%AB%F9%A4%5B&ykd=2" "Mozilla/4.0 (compatible; MSIE 5.0; Windows 98; DigExt)" -
211.75.91.2 - - [26/May/2004:00:52:51 +0800] "GET /~nghoongk/lyrics/singer122-1.html HTTP/1.0" 200 3363 "-" "Mozilla/3.01 (compatible;)" -
207.153.112.106 - - [26/May/2004:00:52:51 +0800] "GET /~tingyong/sv/LA.htm HTTP/1.0" 200 17725 "http://images.google.com/imgres?imgurl=www.comp.nus.edu.sg/~tingyong/sv/Small%2520Pics/DSC01552.jpg&imgrefurl=http://www.comp.nus.edu.sg/~tingyong/sv/LA.htm&h=384&w=288&sz=36&tbnid=DJg7mC9f9CkJ:&tbnh=118&tbnw=89&start=112&prev=/images%3Fq%3Dhollywood%2Bsign%26start%3D100%26hl%3Den%26lr%3D%26ie%3DUTF-8%26sa%3DN" "Mozilla/4.0 (compatible; MSIE 6.0; Windows NT 5.1; .NET CLR 1.1.4322)" -
207.153.112.106 - - [26/May/2004:00:52:51 +0800] "GET /~tingyong/sv/Small%20Pics/DSC01552.jpg HTTP/1.0" 200 36290 "http://images.google.com/imgres?imgurl=www.comp.nus.edu.sg/~tingyong/sv/Small%2520Pics/DSC01552.jpg&imgrefurl=http://www.comp.nus.edu.sg/~tingyong/sv/LA.htm&h=384&w=288&sz=36&tbnid=DJg7mC9f9CkJ:&tbnh=118&tbnw=89&prev=/images%3Fq%3Dhollywood%2Bsign%26start%3D100%26hl%3Den%26lr%3D%26ie%3DUTF-8%26sa%3DN&frame=small" "Mozilla/4.0 (compatible; MSIE 6.0; Windows NT 5.1; .NET CLR 1.1.4322)" -
a2113.upc-a.chello.nl - - [26/May/2004:00:52:53 +0800] "GET /~sunyuan/images/nemo.gif HTTP/1.1" 304 - "http://www.partypeeps2000.com/asp/AccountInfo.asp?user=Zoefie" "Mozilla/4.0 (compatible; MSIE 6.0; Windows NT 5.1; FunWebProducts)" -
207.153.112.106 - - [26/May/2004:00:52:55 +0800] "GET /~tingyong/sv/Small%20Pics/P8310041.jpg HTTP/1.0" 200 65655 "http://www.comp.nus.edu.sg/~tingyong/sv/LA.htm" "Mozilla/4.0 (compatible; MSIE 6.0; Windows NT 5.1; .NET CLR 1.1.4322)" -
207.153.112.106 - - [26/May/2004:00:52:55 +0800] "GET /~tingyong/sv/Small%20Pics/P8310051.jpg HTTP/1.0" 200 55982 "http://www.comp.nus.edu.sg/~tingyong/sv/LA.htm" "Mozilla/4.0 (compatible; MSIE 6.0; Windows NT 5.1; .NET CLR 1.1.4322)" -
207.153.112.106 - - [26/May/2004:00:52:56 +0800] "GET /~tingyong/sv/Small%20Pics/P8310042.jpg HTTP/1.0" 200 66157 "http://www.comp.nus.edu.sg/~tingyong/sv/LA.htm" "Mozilla/4.0 (compatible; MSIE 6.0; Windows NT 5.1; .NET CLR 1.1.4322)" -
207.153.112.106 - - [26/May/2004:00:52:56 +0800] "GET /~tingyong/sv/Small%20Pics/P8310040.jpg HTTP/1.0" 200 54797 "http://www.comp.nus.edu.sg/~tingyong/sv/LA.htm" "Mozilla/4.0 (compatible; MSIE 6.0; Windows NT 5.1; .NET CLR 1.1.4322)" -
211.22.33.2 - - [26/May/2004:00:52:57 +0800] "GET /~nghoongk/lyrics/favicon.ico HTTP/1.0" 404 298 "-" "Mozilla/4.0 (compatible; MSIE 5.0; Windows 98; DigExt)" -
207.153.112.106 - - [26/May/2004:00:52:57 +0800] "GET /~tingyong/sv/Small%20Pics/P8310049.jpg HTTP/1.0" 200 40247 "http://www.comp.nus.edu.sg/~tingyong/sv/LA.htm" "Mozilla/4.0 (compatible; MSIE 6.0; Windows NT 5.1; .NET CLR 1.1.4322)" -
200.56.173.82 - - [26/May/2004:00:52:57 +0800] "GET /~sunyuan/ HTTP/1.1" 200 3152 "http://images.google.com.mx/imgres?imgurl=www.comp.nus.edu.sg/~sunyuan/images/nemo.gif&imgrefurl=http://www.comp.nus.edu.sg/~sunyuan/&h=248&w=275&sz=97&tbnid=2kEH2rEHlHsJ:&tbnh=98&tbnw=108&start=9&prev=/images%3Fq%3Dnemo%26hl%3Des%26lr%3D%26ie%3DUTF-8%26sa%3DN" "Mozilla/4.0 (compatible; MSIE 5.0; Windows 98; DigExt)" -
211.22.33.2 - - [26/May/2004:00:52:58 +0800] "GET /favicon.ico HTTP/1.0" 404 281 "-" "Mozilla/4.0 (compatible; MSIE 5.0; Windows 98; DigExt)" -
lj1195.inktomisearch.com - - [26/May/2004:00:52:59 +0800] "GET /~fangll/jdk1.2.2/docs/api/javax/swing/class-use/ScrollPaneLayout.UIResource.html HTTP/1.0" 404 350 "-" "Mozilla/5.0 (compatible; Yahoo! Slurp; http://help.yahoo.com/help/us/ysearch/slurp)" -
200.52.167.4 - - [26/May/2004:00:52:59 +0800] "GET /~sunyuan/images/index_r1_c1.gif HTTP/1.0" 304 - "http://www.comp.nus.edu.sg/~sunyuan/" "Mozilla/4.0 (compatible; MSIE 5.0; Windows 98; DigExt)" unknown
200.52.167.4 - - [26/May/2004:00:52:59 +0800] "GET /~sunyuan/images/index_r2_c1.gif HTTP/1.0" 304 - "http://www.comp.nus.edu.sg/~sunyuan/" "Mozilla/4.0 (compatible; MSIE 5.0; Windows 98; DigExt)" unknown
200.52.167.4 - - [26/May/2004:00:53:00 +0800] "GET /~sunyuan/images/index_r2_c3.gif HTTP/1.0" 304 - "http://www.comp.nus.edu.sg/~sunyuan/" "Mozilla/4.0 (compatible; MSIE 5.0; Windows 98; DigExt)" unknown
akb145.neoplus.adsl.tpnet.pl - - [26/May/2004:00:53:00 +0800] "GET /~nghoongk/lyrics/singer15-1.html HTTP/1.1" 200 4949 "http://www.google.pl/search?q=%22sunday+girls%22&hl=pl&lr=&ie=UTF-8&start=50&sa=N" "Mozilla/4.0 (compatible; MSIE 6.0; Windows NT 5.1; Neostrada Plus 5.6)" -
pcd446201.netvigator.com - - [26/May/2004:00:53:00 +0800] "GET /~nghoongk/lyrics/singer229-1.html HTTP/1.1" 200 14165 "http://www.comp.nus.edu.sg/~nghoongk/lyrics/singer229-9.html" "Mozilla/4.0 (compatible; MSIE 6.0; Windows NT 5.1)" -
200.52.167.4 - - [26/May/2004:00:53:01 +0800] "GET /~sunyuan/images/index_r3_c2.gif HTTP/1.0" 200 8177 "http://www.comp.nus.edu.sg/~sunyuan/" "Mozilla/4.0 (compatible; MSIE 5.0; Windows 98; DigExt)" unknown
200.52.167.4 - - [26/May/2004:00:53:03 +0800] "GET /~sunyuan/images/index_r2_c2_f2.gif HTTP/1.0" 200 23678 "http://www.comp.nus.edu.sg/~sunyuan/" "Mozilla/4.0 (compatible; MSIE 5.0; Windows 98; DigExt)" unknown
akb145.neoplus.adsl.tpnet.pl - - [26/May/2004:00:53:04 +0800] "GET /~nghoongk/lyrics/o.gif HTTP/1.1" 200 907 "http://www.comp.nus.edu.sg/~nghoongk/lyrics/singer15-1.html" "Mozilla/4.0 (compatible; MSIE 6.0; Windows NT 5.1; Neostrada Plus 5.6)" -
165.21.154.11 - - [26/May/2004:00:53:05 +0800] "GET /images/nussocbanner.gif HTTP/1.1" 304 - "-" "Mozilla/3.01 (compatible;)" 165.21.154.151
165.21.154.17 - - [26/May/2004:00:53:05 +0800] "GET /images/facenghd.gif HTTP/1.1" 304 - "-" "Mozilla/3.01 (compatible;)" 165.21.154.144
165.21.154.11 - - [26/May/2004:00:53:05 +0800] "GET /images/recruitment.jpg HTTP/1.1" 304 - "-" "Mozilla/3.01 (compatible;)" 165.21.154.131
165.21.154.8 - - [26/May/2004:00:53:06 +0800] "GET /images/trans.gif HTTP/1.1" 304 - "-" "Mozilla/3.01 (compatible;)" 165.21.154.143
165.21.154.17 - - [26/May/2004:00:53:06 +0800] "GET /images/sip.gif HTTP/1.1" 304 - "-" "Mozilla/3.01 (compatible;)" 165.21.154.137
165.21.154.11 - - [26/May/2004:00:53:06 +0800] "GET /images/sem-events.gif HTTP/1.1" 304 - "-" "Mozilla/3.01 (compatible;)" 165.21.154.144
165.21.154.13 - - [26/May/2004:00:53:06 +0800] "GET /images/socimage.jpg HTTP/1.1" 304 - "-" "Mozilla/3.01 (compatible;)" 165.21.154.130
165.21.154.8 - - [26/May/2004:00:53:06 +0800] "GET /images/socmain_r7_c1.jpg HTTP/1.1" 304 - "-" "Mozilla/3.01 (compatible;)" 165.21.154.144
165.21.154.11 - - [26/May/2004:00:53:06 +0800] "GET /images/socmain_r7_c5.jpg HTTP/1.1" 304 - "-" "Mozilla/3.01 (compatible;)" 165.21.154.151
165.21.154.17 - - [26/May/2004:00:53:06 +0800] "GET /images/socmain_r7_c2.jpg HTTP/1.1" 304 - "-" "Mozilla/3.01 (compatible;)" 165.21.154.148
165.21.154.17 - - [26/May/2004:00:53:06 +0800] "GET /images/socmain_r7_c4.jpg HTTP/1.1" 304 - "-" "Mozilla/3.01 (compatible;)" 165.21.154.150
165.21.154.14 - - [26/May/2004:00:53:06 +0800] "GET /images/socmain_r7_c9f.jpg HTTP/1.1" 304 - "-" "Mozilla/3.01 (compatible;)" 165.21.154.137
200.52.167.4 - - [26/May/2004:00:53:07 +0800] "GET /~sunyuan/main.html HTTP/1.0" 200 18728 "http://www.comp.nus.edu.sg/~sunyuan/" "Mozilla/4.0 (compatible; MSIE 5.0; Windows 98; DigExt)" unknown
dhcp-158-133.fairgrove.hlpusd.k12.ca.us - - [26/May/2004:00:53:08 +0800] "GET /~sunyuan/images/nemo.gif HTTP/1.1" 200 0 "http://images.google.com/imgres?imgurl=www.comp.nus.edu.sg/~sunyuan/images/nemo.gif&imgrefurl=http://www.comp.nus.edu.sg/~sunyuan/&h=248&w=275&sz=97&tbnid=2kEH2rEHlHsJ:&tbnh=98&tbnw=108&prev=/images%3Fq%3Dnemo%26hl%3Den%26lr%3D%26ie%3DUTF-8&frame=small" "Mozilla/4.0 (compatible; MSIE 5.15; Mac_PowerPC)" -
dhcp-158-133.fairgrove.hlpusd.k12.ca.us - - [26/May/2004:00:53:08 +0800] "GET /~sunyuan/ HTTP/1.1" 200 3152 "-" "Mozilla/4.0 (compatible; MSIE 5.15; Mac_PowerPC)" -
pcd446201.netvigator.com - - [26/May/2004:00:53:13 +0800] "GET /~nghoongk/lyrics/singer229-2.html HTTP/1.1" 200 16157 "http://www.comp.nus.edu.sg/~nghoongk/lyrics/singer229-1.html" "Mozilla/4.0 (compatible; MSIE 6.0; Windows NT 5.1)" -
172.18.181.25 - - [26/May/2004:00:53:15 +0800] "GET / HTTP/1.1" 200 8789 "-" "Mozilla/4.0 (compatible; MSIE 6.0; Windows NT 5.1; Q312461; .NET CLR 1.0.3705)" -
172.18.181.25 - - [26/May/2004:00:53:15 +0800] "GET /nusstyles.css HTTP/1.1" 304 - "http://www.comp.nus.edu.sg/" "Mozilla/4.0 (compatible; MSIE 6.0; Windows NT 5.1; Q312461; .NET CLR 1.0.3705)" -
172.18.181.25 - - [26/May/2004:00:53:15 +0800] "GET /images/nussocbanner.gif HTTP/1.1" 304 - "http://www.comp.nus.edu.sg/" "Mozilla/4.0 (compatible; MSIE 6.0; Windows NT 5.1; Q312461; .NET CLR 1.0.3705)" -
172.18.181.25 - - [26/May/2004:00:53:15 +0800] "GET /images/facenghd.gif HTTP/1.1" 304 - "http://www.comp.nus.edu.sg/" "Mozilla/4.0 (compatible; MSIE 6.0; Windows NT 5.1; Q312461; .NET CLR 1.0.3705)" -
172.18.181.25 - - [26/May/2004:00:53:15 +0800] "GET /images/socmain_r3_c6.jpg HTTP/1.1" 304 - "http://www.comp.nus.edu.sg/" "Mozilla/4.0 (compatible; MSIE 6.0; Windows NT 5.1; Q312461; .NET CLR 1.0.3705)" -
cpc4-tall1-4-0-cust68.dbln.cable.ntl.com - - [26/May/2004:00:53:15 +0800] "GET /~ooibc/courses/sql/ddl_constraint.htm HTTP/1.1" 200 5631 "-" "Mozilla/4.0 (compatible; MSIE 6.0; Windows NT 5.1)" -
172.18.181.25 - - [26/May/2004:00:53:15 +0800] "GET /images/socmain_r3_c8.jpg HTTP/1.1" 304 - "http://www.comp.nus.edu.sg/" "Mozilla/4.0 (compatible; MSIE 6.0; Windows NT 5.1; Q312461; .NET CLR 1.0.3705)" -
172.18.181.25 - - [26/May/2004:00:53:15 +0800] "GET /images/socmain_r3_c10.jpg HTTP/1.1" 304 - "http://www.comp.nus.edu.sg/" "Mozilla/4.0 (compatible; MSIE 6.0; Windows NT 5.1; Q312461; .NET CLR 1.0.3705)" -
bbcache-14.singnet.com.sg - - [26/May/2004:00:53:15 +0800] "GET /~yuxiaoxu/Photos/Singapore/singapore.htm HTTP/1.1" 200 5812 "-" "Mozilla/4.0 (compatible;)" 165.21.154.158
172.18.181.25 - - [26/May/2004:00:53:15 +0800] "GET /images/socmain_r3_c11.jpg HTTP/1.1" 304 - "http://www.comp.nus.edu.sg/" "Mozilla/4.0 (compatible; MSIE 6.0; Windows NT 5.1; Q312461; .NET CLR 1.0.3705)" -
172.18.181.25 - - [26/May/2004:00:53:15 +0800] "GET /images/socmain_r3_c13.jpg HTTP/1.1" 304 - "http://www.comp.nus.edu.sg/" "Mozilla/4.0 (compatible; MSIE 6.0; Windows NT 5.1; Q312461; .NET CLR 1.0.3705)" -
172.18.181.25 - - [26/May/2004:00:53:15 +0800] "GET /images/recruitment.jpg HTTP/1.1" 304 - "http://www.comp.nus.edu.sg/" "Mozilla/4.0 (compatible; MSIE 6.0; Windows NT 5.1; Q312461; .NET CLR 1.0.3705)" -
172.18.181.25 - - [26/May/2004:00:53:15 +0800] "GET /images/socmain_r3_c15.jpg HTTP/1.1" 304 - "http://www.comp.nus.edu.sg/" "Mozilla/4.0 (compatible; MSIE 6.0; Windows NT 5.1; Q312461; .NET CLR 1.0.3705)" -
172.18.181.25 - - [26/May/2004:00:53:16 +0800] "GET /images/socmain_r3_c16.jpg HTTP/1.1" 304 - "http://www.comp.nus.edu.sg/" "Mozilla/4.0 (compatible; MSIE 6.0; Windows NT 5.1; Q312461; .NET CLR 1.0.3705)" -
172.18.181.25 - - [26/May/2004:00:53:16 +0800] "GET /images/socmain_r5_c12.jpg HTTP/1.1" 304 - "http://www.comp.nus.edu.sg/" "Mozilla/4.0 (compatible; MSIE 6.0; Windows NT 5.1; Q312461; .NET CLR 1.0.3705)" -
172.18.181.25 - - [26/May/2004:00:53:16 +0800] "GET /images/socmain_r5_c13.jpg HTTP/1.1" 304 - "http://www.comp.nus.edu.sg/" "Mozilla/4.0 (compatible; MSIE 6.0; Windows NT 5.1; Q312461; .NET CLR 1.0.3705)" -
172.18.181.25 - - [26/May/2004:00:53:16 +0800] "GET /images/socmain_r5_c14.jpg HTTP/1.1" 304 - "http://www.comp.nus.edu.sg/" "Mozilla/4.0 (compatible; MSIE 6.0; Windows NT 5.1; Q312461; .NET CLR 1.0.3705)" -
172.18.181.25 - - [26/May/2004:00:53:16 +0800] "GET /images/trans.gif HTTP/1.1" 304 - "http://www.comp.nus.edu.sg/" "Mozilla/4.0 (compatible; MSIE 6.0; Windows NT 5.1; Q312461; .NET CLR 1.0.3705)" -
172.18.181.25 - - [26/May/2004:00:53:16 +0800] "GET /images/sip.gif HTTP/1.1" 304 - "http://www.comp.nus.edu.sg/" "Mozilla/4.0 (compatible; MSIE 6.0; Windows NT 5.1; Q312461; .NET CLR 1.0.3705)" -
172.18.181.25 - - [26/May/2004:00:53:16 +0800] "GET /images/sem-events.gif HTTP/1.1" 304 - "http://www.comp.nus.edu.sg/" "Mozilla/4.0 (compatible; MSIE 6.0; Windows NT 5.1; Q312461; .NET CLR 1.0.3705)" -
172.18.181.25 - - [26/May/2004:00:53:16 +0800] "GET /images/socimage.jpg HTTP/1.1" 304 - "http://www.comp.nus.edu.sg/" "Mozilla/4.0 (compatible; MSIE 6.0; Windows NT 5.1; Q312461; .NET CLR 1.0.3705)" -
172.18.181.25 - - [26/May/2004:00:53:16 +0800] "GET /images/socmain_r7_c1.jpg HTTP/1.1" 304 - "http://www.comp.nus.edu.sg/" "Mozilla/4.0 (compatible; MSIE 6.0; Windows NT 5.1; Q312461; .NET CLR 1.0.3705)" -
172.18.181.25 - - [26/May/2004:00:53:16 +0800] "GET /images/socmain_r7_c2.jpg HTTP/1.1" 304 - "http://www.comp.nus.edu.sg/" "Mozilla/4.0 (compatible; MSIE 6.0; Windows NT 5.1; Q312461; .NET CLR 1.0.3705)" -
172.18.181.25 - - [26/May/2004:00:53:16 +0800] "GET /images/socmain_r7_c4.jpg HTTP/1.1" 304 - "http://www.comp.nus.edu.sg/" "Mozilla/4.0 (compatible; MSIE 6.0; Windows NT 5.1; Q312461; .NET CLR 1.0.3705)" -
172.18.181.25 - - [26/May/2004:00:53:16 +0800] "GET /images/socmain_r7_c5.jpg HTTP/1.1" 304 - "http://www.comp.nus.edu.sg/" "Mozilla/4.0 (compatible; MSIE 6.0; Windows NT 5.1; Q312461; .NET CLR 1.0.3705)" -
172.18.181.25 - - [26/May/2004:00:53:16 +0800] "GET /images/socmain_r7_c7.jpg HTTP/1.1" 304 - "http://www.comp.nus.edu.sg/" "Mozilla/4.0 (compatible; MSIE 6.0; Windows NT 5.1; Q312461; .NET CLR 1.0.3705)" -
172.18.181.25 - - [26/May/2004:00:53:16 +0800] "GET /images/socmain_r7_c9f.jpg HTTP/1.1" 304 - "http://www.comp.nus.edu.sg/" "Mozilla/4.0 (compatible; MSIE 6.0; Windows NT 5.1; Q312461; .NET CLR 1.0.3705)" -
172.18.181.25 - - [26/May/2004:00:53:16 +0800] "GET /images/grey.gif HTTP/1.1" 304 - "http://www.comp.nus.edu.sg/" "Mozilla/4.0 (compatible; MSIE 6.0; Windows NT 5.1; Q312461; .NET CLR 1.0.3705)" -
n219077020215.netvigator.com - - [26/May/2004:00:53:16 +0800] "GET /~nghoongk/lyrics/singer550-1.html HTTP/1.1" 200 2721 "http://search.hk.yahoo.com/yc/hk?tab=&p=%C5%CA%B7R%B1M%C2d&u=B&tx=d&s=-ut&k=%C5%CA%B7R%B1M%C2d" "Mozilla/4.0 (compatible; MSIE 6.0; Windows NT 5.1)" -
cpc1-cmbg3-5-0-cust99.cmbg.cable.ntl.com - - [26/May/2004:00:53:16 +0800] "GET /~keexuyua/pictures/skillz.gif HTTP/1.1" 200 5857 "http://www.koptalk.org/forums/showflat.php/Cat/0/Number/274120/page/0/view/collapsed/sb/5/o/all/fpart/1" "Mozilla/4.0 (compatible; MSIE 6.0; Windows 98)" -
163.150.231.129 - - [26/May/2004:00:53:17 +0800] "GET /~dcheong/ HTTP/1.1" 404 291 "http://images.google.com/imgres?imgurl=www.comp.nus.edu.sg/~dcheong/ghost.jpg&imgrefurl=http://www.comp.nus.edu.sg/~dcheong/&h=600&w=800&sz=74&tbnid=EqAVt3UWRtMJ:&tbnh=106&tbnw=141&start=3&prev=/images%3Fq%3Dghost%26hl%3Den%26lr%3D%26ie%3DUTF-8" "Mozilla/4.0 (compatible; MSIE 6.0; Windows 98)" -
n219077020215.netvigator.com - - [26/May/2004:00:53:17 +0800] "GET /~nghoongk/lyrics/c.gif HTTP/1.1" 200 870 "http://www.comp.nus.edu.sg/~nghoongk/lyrics/singer550-1.html" "Mozilla/4.0 (compatible; MSIE 6.0; Windows NT 5.1)" -
163.150.231.129 - - [26/May/2004:00:53:20 +0800] "GET /~dcheong/ghost.jpg HTTP/1.1" 404 300 "http://images.google.com/imgres?imgurl=www.comp.nus.edu.sg/~dcheong/ghost.jpg&imgrefurl=http://www.comp.nus.edu.sg/~dcheong/&h=600&w=800&sz=74&tbnid=EqAVt3UWRtMJ:&tbnh=106&tbnw=141&prev=/images%3Fq%3Dghost%26hl%3Den%26lr%3D%26ie%3DUTF-8&frame=small" "Mozilla/4.0 (compatible; MSIE 6.0; Windows 98)" -
pcd265200.netvigator.com - - [26/May/2004:00:53:23 +0800] "GET /~nghoongk/lyrics/c.gif HTTP/1.1" 200 870 "http://www.comp.nus.edu.sg/~nghoongk/lyrics/singer453-1.html" "Mozilla/4.0 (compatible; MSIE 6.0; Windows NT 5.1; .NET CLR 1.1.4322)" -
pcd265200.netvigator.com - - [26/May/2004:00:53:23 +0800] "GET /~nghoongk/lyrics/m.gif HTTP/1.1" 200 872 "http://www.comp.nus.edu.sg/~nghoongk/lyrics/singer453-1.html" "Mozilla/4.0 (compatible; MSIE 6.0; Windows NT 5.1; .NET CLR 1.1.4322)" -
pcd265200.netvigator.com - - [26/May/2004:00:53:23 +0800] "GET /~nghoongk/lyrics/singer453-1.html HTTP/1.1" 200 14211 "http://search.hk.yahoo.com/yc/hk?p=%bbP%c0s%a6@%bbR%2b%baq%b5%fc&u=B" "Mozilla/4.0 (compatible; MSIE 6.0; Windows NT 5.1; .NET CLR 1.1.4322)" -
163.150.231.129 - - [26/May/2004:00:53:23 +0800] "GET /~dcheong/ HTTP/1.1" 404 291 "http://images.google.com/imgres?imgurl=www.comp.nus.edu.sg/~dcheong/ghost.jpg&imgrefurl=http://www.comp.nus.edu.sg/~dcheong/&h=600&w=800&sz=74&tbnid=EqAVt3UWRtMJ:&tbnh=106&tbnw=141&start=3&prev=/images%3Fq%3Dghost%26hl%3Den%26lr%3D%26ie%3DUTF-8" "Mozilla/4.0 (compatible; MSIE 6.0; Windows 98)" -
pcd446201.netvigator.com - - [26/May/2004:00:53:24 +0800] "GET /~nghoongk/lyrics/singer229-3.html HTTP/1.1" 200 15066 "http://www.comp.nus.edu.sg/~nghoongk/lyrics/singer229-2.html" "Mozilla/4.0 (compatible; MSIE 6.0; Windows NT 5.1)" -
pwc2-hs-nk.bbnplanet.com - - [26/May/2004:00:53:25 +0800] "GET /~seojiayu/main.html HTTP/1.1" 200 6939 "http://www.comp.nus.edu.sg/~seojiayu/photos.html" "Mozilla/4.0 (compatible; MSIE 6.0; Windows NT 5.1; OPT-OUT; .NET CLR 1.1.4322)" -
163.150.231.129 - - [26/May/2004:00:53:25 +0800] "GET /~dcheong/ghost.jpg HTTP/1.1" 404 300 "http://images.google.com/imgres?imgurl=www.comp.nus.edu.sg/~dcheong/ghost.jpg&imgrefurl=http://www.comp.nus.edu.sg/~dcheong/&h=600&w=800&sz=74&tbnid=EqAVt3UWRtMJ:&tbnh=106&tbnw=141&prev=/images%3Fq%3Dghost%26hl%3Den%26lr%3D%26ie%3DUTF-8&frame=small" "Mozilla/4.0 (compatible; MSIE 6.0; Windows 98)" -
pwc2-hs-nk.bbnplanet.com - - [26/May/2004:00:53:25 +0800] "GET /~seojiayu/Images/logosmall.jpg HTTP/1.1" 304 - "http://www.comp.nus.edu.sg/~seojiayu/main.html" "Mozilla/4.0 (compatible; MSIE 6.0; Windows NT 5.1; OPT-OUT; .NET CLR 1.1.4322)" -
pwc2-hs-nk.bbnplanet.com - - [26/May/2004:00:53:26 +0800] "GET /~seojiayu/Images/bckgrd.jpg HTTP/1.1" 304 - "http://www.comp.nus.edu.sg/~seojiayu/main.html" "Mozilla/4.0 (compatible; MSIE 6.0; Windows NT 5.1; OPT-OUT; .NET CLR 1.1.4322)" -
pwc2-hs-nk.bbnplanet.com - - [26/May/2004:00:53:26 +0800] "GET /~seojiayu/Images/bckgrdb.jpg HTTP/1.1" 304 - "http://www.comp.nus.edu.sg/~seojiayu/main.html" "Mozilla/4.0 (compatible; MSIE 6.0; Windows NT 5.1; OPT-OUT; .NET CLR 1.1.4322)" -
pwc2-hs-nk.bbnplanet.com - - [26/May/2004:00:53:26 +0800] "GET /~seojiayu/Images/sif_logo.jpg HTTP/1.1" 304 - "http://www.comp.nus.edu.sg/~seojiayu/main.html" "Mozilla/4.0 (compatible; MSIE 6.0; Windows NT 5.1; OPT-OUT; .NET CLR 1.1.4322)" -
pwc2-hs-nk.bbnplanet.com - - [26/May/2004:00:53:26 +0800] "GET /~seojiayu/Images/BEMS.jpg HTTP/1.1" 304 - "http://www.comp.nus.edu.sg/~seojiayu/main.html" "Mozilla/4.0 (compatible; MSIE 6.0; Windows NT 5.1; OPT-OUT; .NET CLR 1.1.4322)" -
pwc2-hs-nk.bbnplanet.com - - [26/May/2004:00:53:26 +0800] "GET /~seojiayu/Images/YEPlogo.gif HTTP/1.1" 304 - "http://www.comp.nus.edu.sg/~seojiayu/main.html" "Mozilla/4.0 (compatible; MSIE 6.0; Windows NT 5.1; OPT-OUT; .NET CLR 1.1.4322)" -
pwc2-hs-nk.bbnplanet.com - - [26/May/2004:00:53:26 +0800] "GET /~seojiayu/Images/cinilogo.jpg HTTP/1.1" 304 - "http://www.comp.nus.edu.sg/~seojiayu/main.html" "Mozilla/4.0 (compatible; MSIE 6.0; Windows NT 5.1; OPT-OUT; .NET CLR 1.1.4322)" -
