hide.buchsdruck.ch - - [26/May/2004:00:27:48 +0800] "GET /~sunyuan/images/nemo.gif HTTP/1.1" 206 0 "http://www.mittelerde-fest.ch/ikonboard/ikonboard.cgi?s=bf54f3e29c0139fa36575c640a733e74;act=ST;f=1;t=141;st=170;&" "Mozilla/4.0 (compatible; MSIE 5.0; Mac_PowerPC)" -
cache8.156ce.maxonline.com.sg - - [26/May/2004:00:27:52 +0800] "GET /~levinhda/matlab/Dave%2520R.%2520Axe%2520kick%2520copy.jpg HTTP/1.1" 304 - "http://www.forum.vncnus.net/viewtopic.php?t=8048" "Mozilla/4.0 (compatible; MSIE 6.0; Windows NT 5.1)" 218.186.177.10
cache8.156ce.maxonline.com.sg - - [26/May/2004:00:27:52 +0800] "GET /~levinhda/matlab/Danaxe%2520TOUR.gif HTTP/1.1" 304 - "http://www.forum.vncnus.net/viewtopic.php?t=8048" "Mozilla/4.0 (compatible; MSIE 6.0; Windows NT 5.1)" 218.186.177.10
pdbn-d9bb9ea0.pool.mediaways.net - - [26/May/2004:00:27:53 +0800] "GET /~stevenha/_themes/blends/blen1010.css HTTP/1.1" 304 - "-" "Mozilla/4.0 (compatible; MSIE 6.0; Windows NT 5.0; QXW0335v; .NET CLR 1.1.4322)" -
pdbn-d9bb9ea0.pool.mediaways.net - - [26/May/2004:00:27:53 +0800] "GET /~stevenha/_borders/nuslogohome.gif HTTP/1.1" 304 - "-" "Mozilla/4.0 (compatible; MSIE 6.0; Windows NT 5.0; QXW0335v; .NET CLR 1.1.4322)" -
202.156.2.51 - - [26/May/2004:00:27:54 +0800] "GET /search.htm HTTP/1.1" 200 8415 "http://www.comp.nus.edu.sg/students/students.htm" "Mozilla/4.0 (compatible; MSIE 6.0; Windows NT 5.1; Q312461)" 218.212.68.173
202.156.2.51 - - [26/May/2004:00:27:54 +0800] "GET /nusstyles.css HTTP/1.1" 304 - "http://www.comp.nus.edu.sg/search.htm" "Mozilla/4.0 (compatible; MSIE 6.0; Windows NT 5.1; Q312461)" 218.212.68.173
202.156.2.51 - - [26/May/2004:00:27:54 +0800] "GET /images/nussocbanner.gif HTTP/1.1" 304 - "http://www.comp.nus.edu.sg/search.htm" "Mozilla/4.0 (compatible; MSIE 6.0; Windows NT 5.1; Q312461)" 218.212.68.173
cache4-nott.server.ntli.net - - [26/May/2004:00:27:54 +0800] "GET /~nghoongk/lyrics/singer237-1.html HTTP/1.1" 200 14676 "http://www.google.com/search?hl=zh-TW&inlang=zh-TW&ie=Big5&q=%A4%C0%A4%E2%A7%D6%BC%D6+%BAq%B5%FC&lr=" "Mozilla/4.0 (compatible; MSIE 5.01; Windows NT 5.0)" 81.102.213.177
cache4-nott.server.ntli.net - - [26/May/2004:00:27:54 +0800] "GET /~nghoongk/lyrics/m.gif HTTP/1.1" 304 - "http://www.comp.nus.edu.sg/~nghoongk/lyrics/singer237-1.html" "Mozilla/4.0 (compatible; MSIE 5.01; Windows NT 5.0)" 81.102.213.177
202.156.2.51 - - [26/May/2004:00:27:54 +0800] "GET /images/socmain_r7_c2.jpg HTTP/1.1" 304 - "http://www.comp.nus.edu.sg/search.htm" "Mozilla/4.0 (compatible; MSIE 6.0; Windows NT 5.1; Q312461)" 218.212.68.173
202.156.2.51 - - [26/May/2004:00:27:54 +0800] "GET /images/socmain_r7_c9f.jpg HTTP/1.1" 304 - "http://www.comp.nus.edu.sg/search.htm" "Mozilla/4.0 (compatible; MSIE 6.0; Windows NT 5.1; Q312461)" 218.212.68.173
pdbn-d9bb9ea0.pool.mediaways.net - - [26/May/2004:00:27:54 +0800] "GET /~stevenha/GIF/ds2.gif HTTP/1.1" 304 - "-" "Mozilla/4.0 (compatible; MSIE 6.0; Windows NT 5.0; QXW0335v; .NET CLR 1.1.4322)" -
202.156.2.51 - - [26/May/2004:00:27:54 +0800] "GET /images/socmain_r3_c8.jpg HTTP/1.1" 304 - "http://www.comp.nus.edu.sg/search.htm" "Mozilla/4.0 (compatible; MSIE 6.0; Windows NT 5.1; Q312461)" 218.212.68.173
202.156.2.51 - - [26/May/2004:00:27:54 +0800] "GET /images/socmain_r3_c10.jpg HTTP/1.1" 304 - "http://www.comp.nus.edu.sg/search.htm" "Mozilla/4.0 (compatible; MSIE 6.0; Windows NT 5.1; Q312461)" 218.212.68.173
202.156.2.51 - - [26/May/2004:00:27:54 +0800] "GET /images/socmain_r3_c11.jpg HTTP/1.1" 304 - "http://www.comp.nus.edu.sg/search.htm" "Mozilla/4.0 (compatible; MSIE 6.0; Windows NT 5.1; Q312461)" 218.212.68.173
202.156.2.51 - - [26/May/2004:00:27:54 +0800] "GET /images/socmain_r3_c13.jpg HTTP/1.1" 304 - "http://www.comp.nus.edu.sg/search.htm" "Mozilla/4.0 (compatible; MSIE 6.0; Windows NT 5.1; Q312461)" 218.212.68.173
202.156.2.51 - - [26/May/2004:00:27:54 +0800] "GET /images/recruitment.jpg HTTP/1.1" 304 - "http://www.comp.nus.edu.sg/search.htm" "Mozilla/4.0 (compatible; MSIE 6.0; Windows NT 5.1; Q312461)" 218.212.68.173
pdbn-d9bb9ea0.pool.mediaways.net - - [26/May/2004:00:27:54 +0800] "GET /~stevenha/programming/prog_datastructures1.html HTTP/1.1" 200 78491 "-" "Mozilla/4.0 (compatible; MSIE 6.0; Windows NT 5.0; QXW0335v; .NET CLR 1.1.4322)" -
202.156.2.51 - - [26/May/2004:00:27:54 +0800] "GET /images/socmain_r3_c15.jpg HTTP/1.1" 304 - "http://www.comp.nus.edu.sg/search.htm" "Mozilla/4.0 (compatible; MSIE 6.0; Windows NT 5.1; Q312461)" 218.212.68.173
202.156.2.51 - - [26/May/2004:00:27:54 +0800] "GET /images/socmain_r3_c16.jpg HTTP/1.1" 304 - "http://www.comp.nus.edu.sg/search.htm" "Mozilla/4.0 (compatible; MSIE 6.0; Windows NT 5.1; Q312461)" 218.212.68.173
202.156.2.51 - - [26/May/2004:00:27:55 +0800] "GET /images/socmain_r5_c12.jpg HTTP/1.1" 304 - "http://www.comp.nus.edu.sg/search.htm" "Mozilla/4.0 (compatible; MSIE 6.0; Windows NT 5.1; Q312461)" 218.212.68.173
202.156.2.51 - - [26/May/2004:00:27:55 +0800] "GET /images/socmain_r5_c13.jpg HTTP/1.1" 304 - "http://www.comp.nus.edu.sg/search.htm" "Mozilla/4.0 (compatible; MSIE 6.0; Windows NT 5.1; Q312461)" 218.212.68.173
pdbn-d9bb9ea0.pool.mediaways.net - - [26/May/2004:00:27:55 +0800] "GET /~stevenha/GIF/ds.gif HTTP/1.1" 304 - "-" "Mozilla/4.0 (compatible; MSIE 6.0; Windows NT 5.0; QXW0335v; .NET CLR 1.1.4322)" -
202.156.2.51 - - [26/May/2004:00:27:55 +0800] "GET /images/socmain_r5_c14.jpg HTTP/1.1" 304 - "http://www.comp.nus.edu.sg/search.htm" "Mozilla/4.0 (compatible; MSIE 6.0; Windows NT 5.1; Q312461)" 218.212.68.173
202.156.2.51 - - [26/May/2004:00:27:55 +0800] "GET /images/socmain_r7_c1.jpg HTTP/1.1" 304 - "http://www.comp.nus.edu.sg/search.htm" "Mozilla/4.0 (compatible; MSIE 6.0; Windows NT 5.1; Q312461)" 218.212.68.173
202.156.2.51 - - [26/May/2004:00:27:55 +0800] "GET /images/facenghd.gif HTTP/1.1" 304 - "http://www.comp.nus.edu.sg/search.htm" "Mozilla/4.0 (compatible; MSIE 6.0; Windows NT 5.1; Q312461)" 218.212.68.173
202.156.2.51 - - [26/May/2004:00:27:55 +0800] "GET /images/socmain_r7_c4.jpg HTTP/1.1" 304 - "http://www.comp.nus.edu.sg/search.htm" "Mozilla/4.0 (compatible; MSIE 6.0; Windows NT 5.1; Q312461)" 218.212.68.173
pdbn-d9bb9ea0.pool.mediaways.net - - [26/May/2004:00:27:55 +0800] "GET /~stevenha/GIF/ds1.gif HTTP/1.1" 304 - "-" "Mozilla/4.0 (compatible; MSIE 6.0; Windows NT 5.0; QXW0335v; .NET CLR 1.1.4322)" -
202.156.2.51 - - [26/May/2004:00:27:55 +0800] "GET /images/socmain_r7_c5.jpg HTTP/1.1" 304 - "http://www.comp.nus.edu.sg/search.htm" "Mozilla/4.0 (compatible; MSIE 6.0; Windows NT 5.1; Q312461)" 218.212.68.173
202.156.2.51 - - [26/May/2004:00:27:55 +0800] "GET /images/socmain_r7_c7.jpg HTTP/1.1" 304 - "http://www.comp.nus.edu.sg/search.htm" "Mozilla/4.0 (compatible; MSIE 6.0; Windows NT 5.1; Q312461)" 218.212.68.173
202.156.2.51 - - [26/May/2004:00:27:55 +0800] "GET /images/socmain_r3_c6.jpg HTTP/1.1" 304 - "http://www.comp.nus.edu.sg/search.htm" "Mozilla/4.0 (compatible; MSIE 6.0; Windows NT 5.1; Q312461)" 218.212.68.173
202.156.2.51 - - [26/May/2004:00:27:55 +0800] "GET /images/grey.gif HTTP/1.1" 304 - "http://www.comp.nus.edu.sg/search.htm" "Mozilla/4.0 (compatible; MSIE 6.0; Windows NT 5.1; Q312461)" 218.212.68.173
lj1047.inktomisearch.com - - [26/May/2004:00:27:55 +0800] "GET /~luajooha/right.htm HTTP/1.0" 200 3006 "-" "Mozilla/5.0 (compatible; Yahoo! Slurp; http://help.yahoo.com/help/us/ysearch/slurp)" -
62.68.228.155 - - [26/May/2004:00:27:56 +0800] "GET /~cs2102/slides/er.pdf HTTP/1.1" 206 247053 "-" "Mozilla/4.0 (compatible; MSIE 5.5; Windows 98; Win 9x 4.90)" -
lj1076.inktomisearch.com - - [26/May/2004:00:28:00 +0800] "GET /~fangll/jdk1.2.2/docs/api/javax/swing/undo/package-use.html HTTP/1.0" 404 329 "-" "Mozilla/5.0 (compatible; Yahoo! Slurp; http://help.yahoo.com/help/us/ysearch/slurp)" -
193-31.priv.nus.edu.sg - - [26/May/2004:00:28:01 +0800] "GET /~nguyentu/nhactac/mp3ss1d.swf HTTP/1.1" 304 - "-" "Mozilla/4.0 (compatible; MSIE 6.0; Windows NT 5.1)" -
193-31.priv.nus.edu.sg - - [26/May/2004:00:28:01 +0800] "GET /~nguyentu/nhactac/mp3ss2d.swf HTTP/1.1" 304 - "-" "Mozilla/4.0 (compatible; MSIE 6.0; Windows NT 5.1)" -
193-31.priv.nus.edu.sg - - [26/May/2004:00:28:01 +0800] "GET /~nguyentu/nhactac/mp3ss3d.swf HTTP/1.1" 304 - "-" "Mozilla/4.0 (compatible; MSIE 6.0; Windows NT 5.1)" -
193-31.priv.nus.edu.sg - - [26/May/2004:00:28:01 +0800] "GET /~nguyentu/nhactac/mp3ss4d.swf HTTP/1.1" 304 - "-" "Mozilla/4.0 (compatible; MSIE 6.0; Windows NT 5.1)" -
193-31.priv.nus.edu.sg - - [26/May/2004:00:28:02 +0800] "GET /~nguyentu/nhactac/mp3ss4d.swf HTTP/1.1" 304 - "-" "Mozilla/4.0 (compatible; MSIE 6.0; Windows NT 5.1)" -
193-31.priv.nus.edu.sg - - [26/May/2004:00:28:02 +0800] "GET /~nguyentu/nhactac/mp3ss4d.swf HTTP/1.1" 304 - "-" "Mozilla/4.0 (compatible; MSIE 6.0; Windows NT 5.1)" -
202.156.2.51 - - [26/May/2004:00:28:03 +0800] "GET /nusstyles.css HTTP/1.1" 304 - "http://www.comp.nus.edu.sg/cgi-bin/search.cgi?q=FFG" "Mozilla/4.0 (compatible; MSIE 6.0; Windows NT 5.1; Q312461)" 218.212.68.173
202.156.2.51 - - [26/May/2004:00:28:03 +0800] "GET /cgi-bin/search.cgi?q=FFG HTTP/1.1" 200 9586 "http://www.comp.nus.edu.sg/search.htm" "Mozilla/4.0 (compatible; MSIE 6.0; Windows NT 5.1; Q312461)" 218.212.68.173
202.156.2.51 - - [26/May/2004:00:28:03 +0800] "GET /images/nussocbanner.gif HTTP/1.1" 304 - "http://www.comp.nus.edu.sg/cgi-bin/search.cgi?q=FFG" "Mozilla/4.0 (compatible; MSIE 6.0; Windows NT 5.1; Q312461)" 218.212.68.173
202.156.2.51 - - [26/May/2004:00:28:03 +0800] "GET /images/facenghd.gif HTTP/1.1" 304 - "http://www.comp.nus.edu.sg/cgi-bin/search.cgi?q=FFG" "Mozilla/4.0 (compatible; MSIE 6.0; Windows NT 5.1; Q312461)" 218.212.68.173
202.156.2.51 - - [26/May/2004:00:28:03 +0800] "GET /images/socmain_r3_c6.jpg HTTP/1.1" 304 - "http://www.comp.nus.edu.sg/cgi-bin/search.cgi?q=FFG" "Mozilla/4.0 (compatible; MSIE 6.0; Windows NT 5.1; Q312461)" 218.212.68.173
220.73.165.17 - - [26/May/2004:00:28:03 +0800] "GET /robots.txt HTTP/1.0" 404 280 "-" "NaverBot-1.0 (NHN Corp. / +82-2-3011-1954 / nhnbot@naver.com)" -
202.156.2.51 - - [26/May/2004:00:28:03 +0800] "GET /images/socmain_r3_c8.jpg HTTP/1.1" 304 - "http://www.comp.nus.edu.sg/cgi-bin/search.cgi?q=FFG" "Mozilla/4.0 (compatible; MSIE 6.0; Windows NT 5.1; Q312461)" 218.212.68.173
202.156.2.51 - - [26/May/2004:00:28:03 +0800] "GET /images/socmain_r3_c10.jpg HTTP/1.1" 304 - "http://www.comp.nus.edu.sg/cgi-bin/search.cgi?q=FFG" "Mozilla/4.0 (compatible; MSIE 6.0; Windows NT 5.1; Q312461)" 218.212.68.173
202.156.2.51 - - [26/May/2004:00:28:03 +0800] "GET /images/socmain_r3_c11.jpg HTTP/1.1" 304 - "http://www.comp.nus.edu.sg/cgi-bin/search.cgi?q=FFG" "Mozilla/4.0 (compatible; MSIE 6.0; Windows NT 5.1; Q312461)" 218.212.68.173
202.156.2.51 - - [26/May/2004:00:28:03 +0800] "GET /images/socmain_r3_c13.jpg HTTP/1.1" 304 - "http://www.comp.nus.edu.sg/cgi-bin/search.cgi?q=FFG" "Mozilla/4.0 (compatible; MSIE 6.0; Windows NT 5.1; Q312461)" 218.212.68.173
202.156.2.51 - - [26/May/2004:00:28:03 +0800] "GET /images/recruitment.jpg HTTP/1.1" 304 - "http://www.comp.nus.edu.sg/cgi-bin/search.cgi?q=FFG" "Mozilla/4.0 (compatible; MSIE 6.0; Windows NT 5.1; Q312461)" 218.212.68.173
202.156.2.51 - - [26/May/2004:00:28:03 +0800] "GET /images/socmain_r3_c15.jpg HTTP/1.1" 304 - "http://www.comp.nus.edu.sg/cgi-bin/search.cgi?q=FFG" "Mozilla/4.0 (compatible; MSIE 6.0; Windows NT 5.1; Q312461)" 218.212.68.173
202.156.2.51 - - [26/May/2004:00:28:03 +0800] "GET /images/socmain_r3_c16.jpg HTTP/1.1" 304 - "http://www.comp.nus.edu.sg/cgi-bin/search.cgi?q=FFG" "Mozilla/4.0 (compatible; MSIE 6.0; Windows NT 5.1; Q312461)" 218.212.68.173
202.156.2.51 - - [26/May/2004:00:28:03 +0800] "GET /images/socmain_r5_c12.jpg HTTP/1.1" 304 - "http://www.comp.nus.edu.sg/cgi-bin/search.cgi?q=FFG" "Mozilla/4.0 (compatible; MSIE 6.0; Windows NT 5.1; Q312461)" 218.212.68.173
202.156.2.51 - - [26/May/2004:00:28:03 +0800] "GET /images/socmain_r5_c13.jpg HTTP/1.1" 304 - "http://www.comp.nus.edu.sg/cgi-bin/search.cgi?q=FFG" "Mozilla/4.0 (compatible; MSIE 6.0; Windows NT 5.1; Q312461)" 218.212.68.173
202.156.2.51 - - [26/May/2004:00:28:04 +0800] "GET /images/socmain_r5_c14.jpg HTTP/1.1" 304 - "http://www.comp.nus.edu.sg/cgi-bin/search.cgi?q=FFG" "Mozilla/4.0 (compatible; MSIE 6.0; Windows NT 5.1; Q312461)" 218.212.68.173
202.156.2.51 - - [26/May/2004:00:28:04 +0800] "GET /images/search_icon.gif HTTP/1.1" 200 20238 "http://www.comp.nus.edu.sg/cgi-bin/search.cgi?q=FFG" "Mozilla/4.0 (compatible; MSIE 6.0; Windows NT 5.1; Q312461)" 218.212.68.173
202.156.2.51 - - [26/May/2004:00:28:04 +0800] "GET /images/socmain_r7_c1.jpg HTTP/1.1" 304 - "http://www.comp.nus.edu.sg/cgi-bin/search.cgi?q=FFG" "Mozilla/4.0 (compatible; MSIE 6.0; Windows NT 5.1; Q312461)" 218.212.68.173
202.156.2.51 - - [26/May/2004:00:28:04 +0800] "GET /images/socmain_r7_c4.jpg HTTP/1.1" 304 - "http://www.comp.nus.edu.sg/cgi-bin/search.cgi?q=FFG" "Mozilla/4.0 (compatible; MSIE 6.0; Windows NT 5.1; Q312461)" 218.212.68.173
202.156.2.51 - - [26/May/2004:00:28:04 +0800] "GET /images/socmain_r7_c2.jpg HTTP/1.1" 304 - "http://www.comp.nus.edu.sg/cgi-bin/search.cgi?q=FFG" "Mozilla/4.0 (compatible; MSIE 6.0; Windows NT 5.1; Q312461)" 218.212.68.173
202.156.2.51 - - [26/May/2004:00:28:04 +0800] "GET /images/socmain_r7_c5.jpg HTTP/1.1" 304 - "http://www.comp.nus.edu.sg/cgi-bin/search.cgi?q=FFG" "Mozilla/4.0 (compatible; MSIE 6.0; Windows NT 5.1; Q312461)" 218.212.68.173
202.156.2.51 - - [26/May/2004:00:28:04 +0800] "GET /images/socmain_r7_c7.jpg HTTP/1.1" 304 - "http://www.comp.nus.edu.sg/cgi-bin/search.cgi?q=FFG" "Mozilla/4.0 (compatible; MSIE 6.0; Windows NT 5.1; Q312461)" 218.212.68.173
202.156.2.51 - - [26/May/2004:00:28:04 +0800] "GET /images/socmain_r7_c9f.jpg HTTP/1.1" 304 - "http://www.comp.nus.edu.sg/cgi-bin/search.cgi?q=FFG" "Mozilla/4.0 (compatible; MSIE 6.0; Windows NT 5.1; Q312461)" 218.212.68.173
202.156.2.51 - - [26/May/2004:00:28:04 +0800] "GET /images/grey.gif HTTP/1.1" 304 - "http://www.comp.nus.edu.sg/cgi-bin/search.cgi?q=FFG" "Mozilla/4.0 (compatible; MSIE 6.0; Windows NT 5.1; Q312461)" 218.212.68.173
80.44.223.150 - - [26/May/2004:00:28:06 +0800] "GET /~nghoongk/lyrics/singer139-1.html HTTP/1.1" 200 2452 "http://search.hk.yahoo.com/yc/hk?tab=&p=%A5u%B0O%A4%B5%B4%C2%AF%BA+%AAL%ABC%C1%F8&u=B&tx=d&s=-ut&k=%A5u%B0O%A4%B5%B4%C2%AF%BA+%AAL%ABC%C1%F8" "Mozilla/4.0 (compatible; MSIE 6.0; Windows NT 5.1; .NET CLR 1.0.3705; .NET CLR 1.1.4322)" -
bbcache-13.singnet.com.sg - - [26/May/2004:00:28:06 +0800] "GET /~hengak/quick.html HTTP/1.1" 200 1737 "-" "Mozilla/4.0 (compatible;)" 165.21.154.158
80.44.223.150 - - [26/May/2004:00:28:07 +0800] "GET /~nghoongk/lyrics/m.gif HTTP/1.1" 200 872 "http://www.comp.nus.edu.sg/~nghoongk/lyrics/singer139-1.html" "Mozilla/4.0 (compatible; MSIE 6.0; Windows NT 5.1; .NET CLR 1.0.3705; .NET CLR 1.1.4322)" -
220.73.165.17 - - [26/May/2004:00:28:08 +0800] "GET /%7Elingtw HTTP/1.0" 301 315 "-" "NaverBot-1.0 (NHN Corp. / +82-2-3011-1954 / nhnbot@naver.com)" -
202.156.2.51 - - [26/May/2004:00:28:09 +0800] "GET /~ffgv/ HTTP/1.1" 200 103 "http://www.comp.nus.edu.sg/cgi-bin/search.cgi?q=FFG" "Mozilla/4.0 (compatible; MSIE 6.0; Windows NT 5.1; Q312461)" 218.212.68.173
211.75.91.2 - - [26/May/2004:00:28:09 +0800] "GET /~nghoongk/lyrics/singer176-1.html HTTP/1.0" 200 15717 "-" "Mozilla/3.01 (compatible;)" -
211.75.91.2 - - [26/May/2004:00:28:09 +0800] "GET /~nghoongk/lyrics/singer337-1.html HTTP/1.0" 200 3174 "-" "Mozilla/3.01 (compatible;)" -
h00047616761f.ne.client2.attbi.com - - [26/May/2004:00:28:09 +0800] "GET /~xuemingq/style/cartoon.gif HTTP/1.0" 304 - "http://member-services.migente.com/Members/MyPage/personalpage_preview.html" "Mozilla/4.0 (compatible; MSIE 5.01; Windows 98)" -
cache154.156ce.maxonline.com.sg - - [26/May/2004:00:28:10 +0800] "GET /~nghoongk/lyrics/singer392-1.html HTTP/1.1" 200 10525 "-" "Mozilla/4.0 (compatible; MSIE 6.0; Windows NT 5.1; .NET CLR 1.1.4322)" 218.186.91.80
220.73.165.17 - - [26/May/2004:00:28:10 +0800] "GET /~lingtw/ HTTP/1.0" 200 7702 "-" "NaverBot-1.0 (NHN Corp. / +82-2-3011-1954 / nhnbot@naver.com)" -
64.114.134.52 - - [26/May/2004:00:28:12 +0800] "GET /~zhuxingl/Xinglei4.jpg HTTP/1.1" 200 22340 "http://www.yourblog.org/Blogger/20044/CKXP_10716.html" "Mozilla/4.0 (compatible; MSIE 6.0; Windows NT 5.0; .NET CLR 1.1.4322)" -
peseta.cs.nott.ac.uk - - [26/May/2004:00:28:13 +0800] "GET /~aplas/ HTTP/1.0" 200 374 "http://search.netscape.com/ns/boomframe.jsp?query=APLAS+2004&page=1&offset=0&result_url=redir%3Fsrc%3Dwebsearch%26requestId%3D502d79ce530bf12f%26clickedItemRank%3D1%26userQuery%3DAPLAS%2B2004%26clickedItemURN%3Dhttp%253A%252F%252Fwww.comp.nus.edu.sg%252F%257Eaplas%252F%26invocationType%3D-%26fromPage%3DnsBrowserRoll%26amp%3BampTest%3D1&remove_url=http%3A%2F%2Fwww.comp.nus.edu.sg%2F%7Eaplas%2F" "Mozilla/5.0 (X11; U; Linux i686; en-US; rv:1.4) Gecko/20030624 Netscape/7.1" 128.243.23.195
peseta.cs.nott.ac.uk - - [26/May/2004:00:28:14 +0800] "GET /~aplas/index-top.htm HTTP/1.0" 200 2560 "http://www.comp.nus.edu.sg/~aplas/" "Mozilla/5.0 (X11; U; Linux i686; en-US; rv:1.4) Gecko/20030624 Netscape/7.1" 128.243.23.195
peseta.cs.nott.ac.uk - - [26/May/2004:00:28:14 +0800] "GET /~aplas/main.htm HTTP/1.0" 200 15920 "http://www.comp.nus.edu.sg/~aplas/" "Mozilla/5.0 (X11; U; Linux i686; en-US; rv:1.4) Gecko/20030624 Netscape/7.1" 128.243.23.195
peseta.cs.nott.ac.uk - - [26/May/2004:00:28:15 +0800] "GET /~aplas/0,10855,1-0-16-94391-0,00.jpg HTTP/1.0" 304 - "http://www.comp.nus.edu.sg/~aplas/main.htm" "Mozilla/5.0 (X11; U; Linux i686; en-US; rv:1.4) Gecko/20030624 Netscape/7.1" 128.243.23.195
adsl-155-179-113.bct.bellsouth.net - - [26/May/2004:00:28:17 +0800] "GET /~cs3103/tutorials/tut9.pdf HTTP/1.1" 200 0 "http://www.google.com/search?hl=en&lr=&ie=UTF-8&q=consider+sending+an+object+of+size+O+%3D+100&btnG=Search" "Mozilla/4.0 (compatible; MSIE 6.0; Windows NT 5.0; .NET CLR 1.0.3705; .NET CLR 1.1.4322)" -
197-32.priv.nus.edu.sg - - [26/May/2004:00:28:17 +0800] "GET /~levinhda/matlab/Dave%2520R.%2520Axe%2520kick%2520copy.jpg HTTP/1.1" 304 - "http://forum.vncnus.net/viewtopic.php?t=8048" "Mozilla/4.0 (compatible; MSIE 6.0; Windows NT 5.1)" -
197-32.priv.nus.edu.sg - - [26/May/2004:00:28:17 +0800] "GET /~levinhda/matlab/Danaxe%2520TOUR.gif HTTP/1.1" 304 - "http://forum.vncnus.net/viewtopic.php?t=8048" "Mozilla/4.0 (compatible; MSIE 6.0; Windows NT 5.1)" -
bbcache-13.singnet.com.sg - - [26/May/2004:00:28:18 +0800] "GET /~tankeng2/images/title.jpg HTTP/1.1" 304 - "-" "Mozilla/3.01 (compatible;)" 165.21.154.150
bbcache-13.singnet.com.sg - - [26/May/2004:00:28:18 +0800] "GET /~tankeng2/images/Blog.jpg HTTP/1.1" 304 - "-" "Mozilla/3.01 (compatible;)" 165.21.154.134
bbcache-13.singnet.com.sg - - [26/May/2004:00:28:18 +0800] "GET /~tankeng2/images/TagBorder.JPG HTTP/1.1" 304 - "-" "Mozilla/3.01 (compatible;)" 165.21.154.138
bbcache-13.singnet.com.sg - - [26/May/2004:00:28:18 +0800] "GET /~tankeng2/images/Music.jpg HTTP/1.1" 304 - "-" "Mozilla/3.01 (compatible;)" 165.21.154.142
bbcache-14.singnet.com.sg - - [26/May/2004:00:28:18 +0800] "GET /~tankeng2/images/Profile.jpg HTTP/1.1" 304 - "-" "Mozilla/3.01 (compatible;)" 165.21.154.151
bbcache-12.singnet.com.sg - - [26/May/2004:00:28:18 +0800] "GET /~tankeng2/images/Mainborder.JPG HTTP/1.1" 304 - "-" "Mozilla/3.01 (compatible;)" 165.21.154.134
bbcache-13.singnet.com.sg - - [26/May/2004:00:28:19 +0800] "GET /~tankeng2/images/Links.jpg HTTP/1.1" 304 - "-" "Mozilla/3.01 (compatible;)" 165.21.154.150
bbcache-14.singnet.com.sg - - [26/May/2004:00:28:19 +0800] "GET /~tankeng2/images/QuotesBorder.JPG HTTP/1.1" 304 - "-" "Mozilla/3.01 (compatible;)" 165.21.154.150
peseta.cs.nott.ac.uk - - [26/May/2004:00:28:19 +0800] "GET /~aplas/main.htm HTTP/1.0" 200 15920 "-" "Mozilla/5.0 (X11; U; Linux i686; en-US; rv:1.4) Gecko/20030624 Netscape/7.1" 128.243.23.195
128.243.21.225 - - [26/May/2004:00:28:19 +0800] "GET /favicon.ico HTTP/1.0" 404 281 "-" "Mozilla/5.0 (X11; U; Linux i686; en-US; rv:1.4) Gecko/20030624 Netscape/7.1" 128.243.23.195
adsl-155-179-113.bct.bellsouth.net - - [26/May/2004:00:28:19 +0800] "GET /~cs3103/tutorials/tut9.pdf HTTP/1.1" 206 64678 "-" "Mozilla/4.0 (compatible; MSIE 6.0; Windows NT 5.0; .NET CLR 1.0.3705; .NET CLR 1.1.4322)" -
bbcache-14.singnet.com.sg - - [26/May/2004:00:28:20 +0800] "GET /~tankeng2/images/Underliner.JPG HTTP/1.1" 304 - "-" "Mozilla/3.01 (compatible;)" 165.21.154.146
ip-96-160.illinois.net - - [26/May/2004:00:28:21 +0800] "GET /~ooibc/courses/sql/dml_query_single.htm HTTP/1.1" 200 9822 "http://www.google.com/search?hl=en&lr=&ie=UTF-8&q=extract+case+sensitive+values+from+string" "Mozilla/4.0 (compatible; MSIE 6.0; Windows NT 5.0)" -
211.75.91.2 - - [26/May/2004:00:28:26 +0800] "GET /~nghoongk/lyrics/singer246-2.html HTTP/1.0" 200 7298 "-" "Mozilla/3.01 (compatible;)" -
peseta.cs.nott.ac.uk - - [26/May/2004:00:28:29 +0800] "GET /~aplas/main.htm HTTP/1.0" 200 15920 "http://www.comp.nus.edu.sg/~aplas/index-top.htm" "Mozilla/5.0 (X11; U; Linux i686; en-US; rv:1.4) Gecko/20030624 Netscape/7.1" 128.243.23.195
222.133.40.149 - - [26/May/2004:00:28:32 +0800] "GET /~xuemingq/style/topic.jpg HTTP/1.1" 206 427 "http://www.comp.nus.edu.sg/~xuemingq/articleCollection/wangzengqi.html" "Mozilla/4.0 (compatible; MSIE 6.0; Windows NT 5.1)" -
lj1073.inktomisearch.com - - [26/May/2004:00:28:32 +0800] "GET /~cs2104s/01-02-2/ProgAssgn/Phase1Submission/U008629M/StudentPPR.11 HTTP/1.0" 404 336 "-" "Mozilla/5.0 (compatible; Yahoo! Slurp; http://help.yahoo.com/help/us/ysearch/slurp)" -
204-162.priv20.nus.edu.sg - - [26/May/2004:00:28:32 +0800] "GET /~nguyentu/nhactac/mp3ss1d.swf HTTP/1.1" 304 - "-" "Mozilla/4.0 (compatible; MSIE 6.0; Windows NT 5.1; (R1 1.5))" -
ip-64-80-107-50-cust.roc.netacc.net - - [26/May/2004:00:28:32 +0800] "GET /~liuzhich/Calculus/Leibniz/Leibniz.htm HTTP/1.1" 200 13470 "-" "Mozilla/4.0 (compatible; MSIE 5.01; Windows 98)" -
199.184.247.102 - - [26/May/2004:00:28:32 +0800] "GET /~sunyuan/ HTTP/1.1" 200 3152 "http://images.google.com/imgres?imgurl=www.comp.nus.edu.sg/~sunyuan/images/nemo.gif&imgrefurl=http://www.comp.nus.edu.sg/~sunyuan/&h=248&w=275&sz=97&tbnid=2kEH2rEHlHsJ:&tbnh=98&tbnw=108&start=8&prev=/images%3Fq%3Dnemo%26hl%3Den%26lr%3D%26ie%3DUTF-8" "Mozilla/4.0 (compatible; MSIE 5.5; Windows 98)" -
ip-64-80-107-50-cust.roc.netacc.net - - [26/May/2004:00:28:32 +0800] "GET /~liuzhich/Calculus/bg_333.gif HTTP/1.1" 200 78 "-" "Mozilla/4.0 (compatible; MSIE 5.01; Windows 98)" -
ip-64-80-107-50-cust.roc.netacc.net - - [26/May/2004:00:28:33 +0800] "GET /~liuzhich/Calculus/descartes1%20copy.gif HTTP/1.1" 200 734 "-" "Mozilla/4.0 (compatible; MSIE 5.01; Windows 98)" -
ip-64-80-107-50-cust.roc.netacc.net - - [26/May/2004:00:28:33 +0800] "GET /~liuzhich/Calculus/archi0%20copy.gif HTTP/1.1" 200 827 "-" "Mozilla/4.0 (compatible; MSIE 5.01; Windows 98)" -
ip-64-80-107-50-cust.roc.netacc.net - - [26/May/2004:00:28:33 +0800] "GET /~liuzhich/Calculus/Newton1%20copy.gif HTTP/1.1" 200 624 "-" "Mozilla/4.0 (compatible; MSIE 5.01; Windows 98)" -
ip-64-80-107-50-cust.roc.netacc.net - - [26/May/2004:00:28:33 +0800] "GET /~liuzhich/Calculus/bu10.gif HTTP/1.1" 200 1275 "-" "Mozilla/4.0 (compatible; MSIE 5.01; Windows 98)" -
204-162.priv20.nus.edu.sg - - [26/May/2004:00:28:33 +0800] "GET /~nguyentu/nhactac/mp3ss2d.swf HTTP/1.1" 304 - "-" "Mozilla/4.0 (compatible; MSIE 6.0; Windows NT 5.1; (R1 1.5))" -
ip-64-80-107-50-cust.roc.netacc.net - - [26/May/2004:00:28:33 +0800] "GET /~liuzhich/Calculus/Leibniz/Leibniz.jpg HTTP/1.1" 200 9686 "-" "Mozilla/4.0 (compatible; MSIE 5.01; Windows 98)" -
204-162.priv20.nus.edu.sg - - [26/May/2004:00:28:33 +0800] "GET /~nguyentu/nhactac/mp3ss3d.swf HTTP/1.1" 304 - "-" "Mozilla/4.0 (compatible; MSIE 6.0; Windows NT 5.1; (R1 1.5))" -
204-162.priv20.nus.edu.sg - - [26/May/2004:00:28:33 +0800] "GET /~nguyentu/nhactac/mp3ss4d.swf HTTP/1.1" 304 - "-" "Mozilla/4.0 (compatible; MSIE 6.0; Windows NT 5.1; (R1 1.5))" -
62.68.228.155 - - [26/May/2004:00:28:34 +0800] "GET /~cs2102/slides/calculus.pdf HTTP/1.1" 200 0 "-" "Mozilla/4.0 (compatible; MSIE 5.5; Windows 98; Win 9x 4.90)" -
222.133.40.149 - - [26/May/2004:00:28:34 +0800] "GET /~xuemingq/articleCollection/wangzengqi.html HTTP/1.1" 200 26958 "http://seek.3721.com/right.htm?fw=cm2&name=%CD%F4%D4%F8%EC%F7&ff=1&pid=U_taijilian_48651&p=%CD%F4%D4%F8%EC%F7" "Mozilla/4.0 (compatible; MSIE 6.0; Windows NT 5.1)" -
ip-64-80-107-50-cust.roc.netacc.net - - [26/May/2004:00:28:34 +0800] "GET /~liuzhich/Calculus/archi2%20copy.gif HTTP/1.1" 200 827 "-" "Mozilla/4.0 (compatible; MSIE 5.01; Windows 98)" -
ip-64-80-107-50-cust.roc.netacc.net - - [26/May/2004:00:28:34 +0800] "GET /~liuzhich/Calculus/Descartes2%20copy.gif HTTP/1.1" 200 739 "-" "Mozilla/4.0 (compatible; MSIE 5.01; Windows 98)" -
ip-64-80-107-50-cust.roc.netacc.net - - [26/May/2004:00:28:35 +0800] "GET /~liuzhich/Calculus/newton2%20copy.gif HTTP/1.1" 200 624 "-" "Mozilla/4.0 (compatible; MSIE 5.01; Windows 98)" -
62.68.228.155 - - [26/May/2004:00:28:35 +0800] "GET /~cs2102/slides/calculus.pdf HTTP/1.1" 206 0 "-" "contype" -
66.196.90.117 - - [26/May/2004:00:28:35 +0800] "GET /~alim/teaching/Slide4/sld034.htm HTTP/1.0" 404 302 "-" "Mozilla/5.0 (compatible; Yahoo! Slurp; http://help.yahoo.com/help/us/ysearch/slurp)" -
222.133.40.149 - - [26/May/2004:00:28:36 +0800] "GET /~xuemingq/style/copyright.gif HTTP/1.1" 200 1401 "http://www.comp.nus.edu.sg/~xuemingq/articleCollection/wangzengqi.html" "Mozilla/4.0 (compatible; MSIE 6.0; Windows NT 5.1)" -
222.133.40.149 - - [26/May/2004:00:28:36 +0800] "GET /~xuemingq/style/gyfg.jpg HTTP/1.1" 206 42280 "http://www.comp.nus.edu.sg/~xuemingq/articleCollection/wangzengqi.html" "Mozilla/4.0 (compatible; MSIE 6.0; Windows NT 5.1)" -
222.133.40.149 - - [26/May/2004:00:28:37 +0800] "GET /~xuemingq/style/cartoon.gif HTTP/1.1" 200 1489 "http://www.comp.nus.edu.sg/~xuemingq/articleCollection/wangzengqi.html" "Mozilla/4.0 (compatible; MSIE 6.0; Windows NT 5.1)" -
so243195.bbo243.so-net.com.hk - - [26/May/2004:00:28:37 +0800] "GET /~cs5216/eclipse/doc/bips/kernel/externals/new_socket_server-3.html HTTP/1.1" 200 2344 "http://web.ask.com/redir?bpg=http%3a%2f%2fweb.ask.com%2fweb%3fq%3dhow%2bto%2bcreate%2ba%2bserver%2bsocket%2band%2bwhat%2bport%2bnumber%2bcan%2bbe%2bused%26o%3d0%26page%3d1&q=how+to+create+a+server+socket+and+what+port+number+can+be+used&u=http%3a%2f%2ftm.wc.ask.com%2fr%3ft%3dan%26s%3da6%26uid%3d0CA79047F0B273B04%26sid%3d1EF71147F0B273B04%26qid%3d6C68E7A17754724B8D7C1327804B623B%26io%3d0%26sv%3dza5cb0db1%26o%3d0%26ask%3dhow%2bto%2bcreate%2ba%2bserver%2bsocket%2band%2bwhat%2bport%2bnumber%2bcan%2bbe%2bused%26uip%3dcbb0f3c3%26en%3dte%26eo%3d-100%26pt%3dnew_socket_server(%253fSocket%252c%2b%253fAddress%252c%2b%252b%252bQueue)%26ac%3d6%26qs%3d1%26pg%3d1%26ep%3d1%26te_par%3d159%26te_id%3d%26u%3dhttp%3a%2f%2fwww.comp.nus.edu.sg%2f%7ecs5216%2feclipse%2fdoc%2fbips%2fkernel%2fexternals%2fnew_socket_server-3.html&s=a6&bu=http%3a%2f%2fwww.comp.nus.edu.sg%2f%7ecs5216%2feclipse%2fdoc%2fbips%2fkernel%2fexternals%2fnew_socket_server-3.html&qte=0&o=0" "Mozilla/4.0 (compatible; MSIE 6.0; Windows NT 5.1)" -
ip-64-80-107-50-cust.roc.netacc.net - - [26/May/2004:00:28:37 +0800] "GET /~liuzhich/Calculus/Leibniz/Leibniz.htm HTTP/1.1" 200 13470 "-" "Mozilla/4.0 (compatible; MSIE 5.01; Windows 98)" -
62.68.228.155 - - [26/May/2004:00:28:37 +0800] "GET /~cs2102/slides/calculus.pdf HTTP/1.1" 206 0 "-" "Mozilla/4.0 (compatible; MSIE 5.5; Windows 98; Win 9x 4.90)" -
203.162.142.56 - - [26/May/2004:00:28:37 +0800] "GET /~cs1101c/Lectures/chap2.ppt HTTP/1.1" 206 803796 "-" "Mozilla/4.0 (compatible; MSIE 6.0; Windows NT 5.1)" -
222.133.40.149 - - [26/May/2004:00:28:38 +0800] "GET /~xuemingq/style/cartoon1.gif HTTP/1.1" 200 919 "http://www.comp.nus.edu.sg/~xuemingq/articleCollection/wangzengqi.html" "Mozilla/4.0 (compatible; MSIE 6.0; Windows NT 5.1)" -
ip-64-80-107-50-cust.roc.netacc.net - - [26/May/2004:00:28:38 +0800] "GET /~liuzhich/Calculus/bg_333.gif HTTP/1.1" 304 - "-" "Mozilla/4.0 (compatible; MSIE 5.01; Windows 98)" -
ip-64-80-107-50-cust.roc.netacc.net - - [26/May/2004:00:28:39 +0800] "GET /~liuzhich/Calculus/archi0%20copy.gif HTTP/1.1" 304 - "-" "Mozilla/4.0 (compatible; MSIE 5.01; Windows 98)" -
199.184.247.102 - - [26/May/2004:00:28:39 +0800] "GET /~sunyuan/images/nemo.gif HTTP/1.1" 200 98407 "http://images.google.com/imgres?imgurl=www.comp.nus.edu.sg/~sunyuan/images/nemo.gif&imgrefurl=http://www.comp.nus.edu.sg/~sunyuan/&h=248&w=275&sz=97&tbnid=2kEH2rEHlHsJ:&tbnh=98&tbnw=108&prev=/images%3Fq%3Dnemo%26hl%3Den%26lr%3D%26ie%3DUTF-8&frame=small" "Mozilla/4.0 (compatible; MSIE 5.5; Windows 98)" -
ip-64-80-107-50-cust.roc.netacc.net - - [26/May/2004:00:28:39 +0800] "GET /~liuzhich/Calculus/descartes1%20copy.gif HTTP/1.1" 304 - "-" "Mozilla/4.0 (compatible; MSIE 5.01; Windows 98)" -
ip-64-80-107-50-cust.roc.netacc.net - - [26/May/2004:00:28:39 +0800] "GET /~liuzhich/Calculus/Newton1%20copy.gif HTTP/1.1" 304 - "-" "Mozilla/4.0 (compatible; MSIE 5.01; Windows 98)" -
ip-64-80-107-50-cust.roc.netacc.net - - [26/May/2004:00:28:40 +0800] "GET /~liuzhich/Calculus/bu10.gif HTTP/1.1" 304 - "-" "Mozilla/4.0 (compatible; MSIE 5.01; Windows 98)" -
ip-64-80-107-50-cust.roc.netacc.net - - [26/May/2004:00:28:40 +0800] "GET /~liuzhich/Calculus/Leibniz/Leibniz.jpg HTTP/1.1" 304 - "-" "Mozilla/4.0 (compatible; MSIE 5.01; Windows 98)" -
203-135.priv20.nus.edu.sg - - [26/May/2004:00:28:40 +0800] "GET /~nguyentr/Gar2.gif HTTP/1.1" 304 - "http://forum.vncnus.net/viewtopic.php?p=96593" "Mozilla/4.0 (compatible; MSIE 6.0; Windows NT 5.1; {44E023CA-DCE4-4433-AB54-CE9A74D99313}; .NET CLR 1.1.4322)" -
203-135.priv20.nus.edu.sg - - [26/May/2004:00:28:40 +0800] "GET /~lengocsa/kirimaru-s2.jpg HTTP/1.1" 304 - "http://forum.vncnus.net/viewtopic.php?p=96593" "Mozilla/4.0 (compatible; MSIE 6.0; Windows NT 5.1; {44E023CA-DCE4-4433-AB54-CE9A74D99313}; .NET CLR 1.1.4322)" -
ip-64-80-107-50-cust.roc.netacc.net - - [26/May/2004:00:28:40 +0800] "GET /~liuzhich/Calculus/archi2%20copy.gif HTTP/1.1" 304 - "-" "Mozilla/4.0 (compatible; MSIE 5.01; Windows 98)" -
ip-64-80-107-50-cust.roc.netacc.net - - [26/May/2004:00:28:40 +0800] "GET /~liuzhich/Calculus/Descartes2%20copy.gif HTTP/1.1" 304 - "-" "Mozilla/4.0 (compatible; MSIE 5.01; Windows 98)" -
ip-64-80-107-50-cust.roc.netacc.net - - [26/May/2004:00:28:41 +0800] "GET /~liuzhich/Calculus/newton2%20copy.gif HTTP/1.1" 304 - "-" "Mozilla/4.0 (compatible; MSIE 5.01; Windows 98)" -
199.184.247.102 - - [26/May/2004:00:28:41 +0800] "GET /~sunyuan/images/nemo.gif HTTP/1.1" 304 - "-" "Mozilla/4.0 (compatible; MSIE 5.5; Windows 98)" -
199.184.247.102 - - [26/May/2004:00:28:41 +0800] "GET /~sunyuan/images/nemo.gif HTTP/1.1" 304 - "-" "Mozilla/4.0 (compatible; MSIE 5.5; Windows 98)" -
203-135.priv20.nus.edu.sg - - [26/May/2004:00:28:41 +0800] "GET /~nguyentu/nhactac/mp3ss1d.swf HTTP/1.1" 304 - "-" "Mozilla/4.0 (compatible; MSIE 6.0; Windows NT 5.1; {44E023CA-DCE4-4433-AB54-CE9A74D99313}; .NET CLR 1.1.4322)" -
u922645.shin78.ab.nthu.edu.tw - - [26/May/2004:00:28:42 +0800] "GET /~nghoongk/lyrics/singer237-2.html HTTP/1.1" 200 6577 "http://tw.search.yahoo.com/search/kimo?p=fly+away%BAq%B5%FC&ykd=1" "Mozilla/4.0 (compatible; MSIE 6.0; Windows NT 5.1; Hotbar 4.4.2.0; KKman2.0)" -
203-135.priv20.nus.edu.sg - - [26/May/2004:00:28:42 +0800] "GET /~nguyentu/nhactac/mp3ss2d.swf HTTP/1.1" 304 - "-" "Mozilla/4.0 (compatible; MSIE 6.0; Windows NT 5.1; {44E023CA-DCE4-4433-AB54-CE9A74D99313}; .NET CLR 1.1.4322)" -
203-135.priv20.nus.edu.sg - - [26/May/2004:00:28:42 +0800] "GET /~nguyentu/nhactac/mp3ss3d.swf HTTP/1.1" 304 - "-" "Mozilla/4.0 (compatible; MSIE 6.0; Windows NT 5.1; {44E023CA-DCE4-4433-AB54-CE9A74D99313}; .NET CLR 1.1.4322)" -
203-135.priv20.nus.edu.sg - - [26/May/2004:00:28:42 +0800] "GET /~nguyentu/nhactac/mp3ss4d.swf HTTP/1.1" 304 - "-" "Mozilla/4.0 (compatible; MSIE 6.0; Windows NT 5.1; {44E023CA-DCE4-4433-AB54-CE9A74D99313}; .NET CLR 1.1.4322)" -
u922645.shin78.ab.nthu.edu.tw - - [26/May/2004:00:28:43 +0800] "GET /~nghoongk/lyrics/m.gif HTTP/1.1" 304 - "http://www.comp.nus.edu.sg/~nghoongk/lyrics/singer237-2.html" "Mozilla/4.0 (compatible; MSIE 6.0; Windows NT 5.1; Hotbar 4.4.2.0; KKman2.0)" -
dyn-83-152-195-31.ppp.tiscali.fr - - [26/May/2004:00:28:44 +0800] "GET /~sunyuan/ HTTP/1.1" 200 3152 "http://images.google.fr/imgres?imgurl=www.comp.nus.edu.sg/~sunyuan/images/nemo.gif&imgrefurl=http://www.comp.nus.edu.sg/~sunyuan/&h=248&w=275&sz=97&tbnid=2kEH2rEHlHsJ:&tbnh=98&tbnw=108&start=8&prev=/images%3Fq%3DNemo%26hl%3Dfr%26lr%3D%26ie%3DUTF-8" "Mozilla/4.0 (compatible; MSIE 6.0; Windows NT 5.1; .NET CLR 1.1.4322)" -
user-1052.l2.c1.dsl.pol.co.uk - - [26/May/2004:00:28:45 +0800] "GET /~wongwf/ring1.html HTTP/1.1" 200 196 "http://images.google.co.uk/imgres?imgurl=www.comp.nus.edu.sg/~wongwf/ring1.gif&imgrefurl=http://www.comp.nus.edu.sg/~wongwf/ring1.html&h=240&w=352&sz=72&tbnid=qhZ1v2X7nBgJ:&tbnh=79&tbnw=115&start=6&prev=/images%3Fq%3Dthe%2Bring%2Bthe%2Bmovie%26hl%3Den%26lr%3D%26ie%3DUTF-8%26edition%3Duk" "Mozilla/4.0 (compatible; MSIE 6.0; Windows NT 5.1; FunWebProducts; .NET CLR 1.1.4322)" -
dyn-83-152-195-31.ppp.tiscali.fr - - [26/May/2004:00:28:46 +0800] "GET /~sunyuan/images/index_r1_c1.gif HTTP/1.1" 200 1887 "http://www.comp.nus.edu.sg/~sunyuan/" "Mozilla/4.0 (compatible; MSIE 6.0; Windows NT 5.1; .NET CLR 1.1.4322)" -
dyn-83-152-195-31.ppp.tiscali.fr - - [26/May/2004:00:28:46 +0800] "GET /~sunyuan/images/nemo.gif HTTP/1.1" 200 0 "http://www.comp.nus.edu.sg/~sunyuan/" "Mozilla/4.0 (compatible; MSIE 6.0; Windows NT 5.1; .NET CLR 1.1.4322)" -
206.15.249.238 - - [26/May/2004:00:28:47 +0800] "GET /~sunyuan/ HTTP/1.1" 200 3152 "http://images.google.com/imgres?imgurl=www.comp.nus.edu.sg/~sunyuan/images/nemo.gif&imgrefurl=http://www.comp.nus.edu.sg/~sunyuan/&h=248&w=275&sz=97&tbnid=2kEH2rEHlHsJ:&tbnh=98&tbnw=108&start=9&prev=/images%3Fq%3Dnemo%26hl%3Den%26lr%3D%26ie%3DUTF-8" "Mozilla/4.0 (compatible; MSIE 6.0; Windows 98; .NET CLR 1.0.3705)" -
dyn-83-152-195-31.ppp.tiscali.fr - - [26/May/2004:00:28:47 +0800] "GET /~sunyuan/images/index_r2_c1.gif HTTP/1.1" 200 12459 "http://www.comp.nus.edu.sg/~sunyuan/" "Mozilla/4.0 (compatible; MSIE 6.0; Windows NT 5.1; .NET CLR 1.1.4322)" -
cache8.156ce.maxonline.com.sg - - [26/May/2004:00:28:48 +0800] "GET /~nguyentr/Gar2.gif HTTP/1.1" 304 - "http://forum.vncnus.net/viewtopic.php?t=8082&sid=1512b825c0db71a2520bc95673e97e68" "Mozilla/4.0 (compatible; MSIE 6.0; Windows NT 5.1; .NET CLR 1.1.4322)" 218.186.177.10
206.15.249.238 - - [26/May/2004:00:28:48 +0800] "GET /~sunyuan/images/index_r1_c1.gif HTTP/1.1" 200 1887 "http://www.comp.nus.edu.sg/~sunyuan/" "Mozilla/4.0 (compatible; MSIE 6.0; Windows 98; .NET CLR 1.0.3705)" -
dyn-83-152-195-31.ppp.tiscali.fr - - [26/May/2004:00:28:48 +0800] "GET /~sunyuan/images/index_r3_c2.gif HTTP/1.1" 200 8177 "http://www.comp.nus.edu.sg/~sunyuan/" "Mozilla/4.0 (compatible; MSIE 6.0; Windows NT 5.1; .NET CLR 1.1.4322)" -
dyn-83-152-195-31.ppp.tiscali.fr - - [26/May/2004:00:28:49 +0800] "GET /~sunyuan/images/index_r2_c3.gif HTTP/1.1" 200 11308 "http://www.comp.nus.edu.sg/~sunyuan/" "Mozilla/4.0 (compatible; MSIE 6.0; Windows NT 5.1; .NET CLR 1.1.4322)" -
206.15.249.238 - - [26/May/2004:00:28:49 +0800] "GET /~sunyuan/images/index_r2_c1.gif HTTP/1.1" 200 12459 "http://www.comp.nus.edu.sg/~sunyuan/" "Mozilla/4.0 (compatible; MSIE 6.0; Windows 98; .NET CLR 1.0.3705)" -
cache8.156ce.maxonline.com.sg - - [26/May/2004:00:28:49 +0800] "GET /~nguyentu/nhactac/mp3ss1d.swf HTTP/1.1" 304 - "-" "Mozilla/4.0 (compatible; MSIE 6.0; Windows NT 5.1; .NET CLR 1.1.4322)" 218.186.177.10
206.15.249.238 - - [26/May/2004:00:28:49 +0800] "GET /~sunyuan/images/index_r2_c3.gif HTTP/1.1" 200 11308 "http://www.comp.nus.edu.sg/~sunyuan/" "Mozilla/4.0 (compatible; MSIE 6.0; Windows 98; .NET CLR 1.0.3705)" -
cache8.156ce.maxonline.com.sg - - [26/May/2004:00:28:49 +0800] "GET /~nguyentu/nhactac/mp3ss2d.swf HTTP/1.1" 304 - "-" "Mozilla/4.0 (compatible; MSIE 6.0; Windows NT 5.1; .NET CLR 1.1.4322)" 218.186.177.10
cache8.156ce.maxonline.com.sg - - [26/May/2004:00:28:49 +0800] "GET /~nguyentu/nhactac/mp3ss3d.swf HTTP/1.1" 304 - "-" "Mozilla/4.0 (compatible; MSIE 6.0; Windows NT 5.1; .NET CLR 1.1.4322)" 218.186.177.10
206.15.249.238 - - [26/May/2004:00:28:50 +0800] "GET /~sunyuan/images/index_r3_c2.gif HTTP/1.1" 200 8177 "http://www.comp.nus.edu.sg/~sunyuan/" "Mozilla/4.0 (compatible; MSIE 6.0; Windows 98; .NET CLR 1.0.3705)" -
dyn-83-152-195-31.ppp.tiscali.fr - - [26/May/2004:00:28:50 +0800] "GET /~sunyuan/images/nemo.gif HTTP/1.1" 200 98407 "http://www.comp.nus.edu.sg/~sunyuan/" "Mozilla/4.0 (compatible; MSIE 6.0; Windows NT 5.1; .NET CLR 1.1.4322)" -
206.15.249.238 - - [26/May/2004:00:28:50 +0800] "GET /~sunyuan/images/nemo.gif HTTP/1.1" 200 65536 "http://www.comp.nus.edu.sg/~sunyuan/" "Mozilla/4.0 (compatible; MSIE 6.0; Windows 98; .NET CLR 1.0.3705)" -
user-1052.l2.c1.dsl.pol.co.uk - - [26/May/2004:00:28:51 +0800] "GET /~wongwf/ring1.gif HTTP/1.1" 200 73619 "http://images.google.co.uk/imgres?imgurl=www.comp.nus.edu.sg/~wongwf/ring1.gif&imgrefurl=http://www.comp.nus.edu.sg/~wongwf/ring1.html&h=240&w=352&sz=72&tbnid=qhZ1v2X7nBgJ:&tbnh=79&tbnw=115&prev=/images%3Fq%3Dthe%2Bring%2Bthe%2Bmovie%26hl%3Den%26lr%3D%26ie%3DUTF-8%26edition%3Duk&frame=small" "Mozilla/4.0 (compatible; MSIE 6.0; Windows NT 5.1; FunWebProducts; .NET CLR 1.1.4322)" -
cache8.156ce.maxonline.com.sg - - [26/May/2004:00:28:51 +0800] "GET /~nguyentu/nhactac/mp3ss4d.swf HTTP/1.1" 304 - "-" "Mozilla/4.0 (compatible; MSIE 6.0; Windows NT 5.1; .NET CLR 1.1.4322)" 218.186.177.10
cache8.156ce.maxonline.com.sg - - [26/May/2004:00:28:51 +0800] "GET /~lengocsa/kirimaru-s2.jpg HTTP/1.1" 304 - "http://forum.vncnus.net/viewtopic.php?t=8082&sid=1512b825c0db71a2520bc95673e97e68" "Mozilla/4.0 (compatible; MSIE 6.0; Windows NT 5.1; .NET CLR 1.1.4322)" 218.186.177.10
ip51ceca51.adsl-surfen.hetnet.nl - - [26/May/2004:00:28:51 +0800] "GET /~sunyuan/images/nemo.gif HTTP/1.1" 304 - "http://groups.msn.com/animatiewereld/findingnemonieuw.msnw" "Mozilla/4.0 (compatible; MSIE 6.0; Windows NT 5.1; Planet Internet PIM 2)" -
dyn-83-152-195-31.ppp.tiscali.fr - - [26/May/2004:00:28:51 +0800] "GET /~sunyuan/images/index_r2_c2_f2.gif HTTP/1.1" 200 23678 "http://www.comp.nus.edu.sg/~sunyuan/" "Mozilla/4.0 (compatible; MSIE 6.0; Windows NT 5.1; .NET CLR 1.1.4322)" -
206.15.249.238 - - [26/May/2004:00:28:53 +0800] "GET /~sunyuan/images/nemo.gif HTTP/1.1" 200 65536 "http://www.comp.nus.edu.sg/~sunyuan/" "Mozilla/4.0 (compatible; MSIE 6.0; Windows 98; .NET CLR 1.0.3705)" -
dyn-83-152-195-31.ppp.tiscali.fr - - [26/May/2004:00:28:53 +0800] "GET /~sunyuan/main.html HTTP/1.1" 200 18772 "http://www.comp.nus.edu.sg/~sunyuan/" "Mozilla/4.0 (compatible; MSIE 6.0; Windows NT 5.1; .NET CLR 1.1.4322)" -
c-24-0-240-24.client.comcast.net - - [26/May/2004:00:28:54 +0800] "GET /~ctank/recipes.htm HTTP/1.1" 200 3687 "http://www.google.com/search?q=chinese+vegetables+kailan+recipe&hl=en&lr=&ie=UTF-8" "Mozilla/4.0 (compatible; MSIE 6.0; Windows NT 5.1; .NET CLR 1.0.3705; .NET CLR 1.1.4322)" -
libproxy.ntu.edu.tw - - [26/May/2004:00:28:55 +0800] "GET /~cmcurric/AY2003_4/MICSindex.htm HTTP/1.0" 200 11148 "http://www.comp.nus.edu.sg/undergradprog/Min_intro.htm" "Mozilla/4.0 (compatible; MSIE 6.0; Windows NT 5.1; Q312461)" -
206.15.249.238 - - [26/May/2004:00:28:55 +0800] "GET /~sunyuan/images/nemo.gif HTTP/1.1" 206 27351 "http://www.comp.nus.edu.sg/~sunyuan/" "Mozilla/4.0 (compatible; MSIE 6.0; Windows 98; .NET CLR 1.0.3705)" -
206.15.249.238 - - [26/May/2004:00:28:56 +0800] "GET /~sunyuan/images/index_r2_c2_f2.gif HTTP/1.1" 200 23678 "http://www.comp.nus.edu.sg/~sunyuan/" "Mozilla/4.0 (compatible; MSIE 6.0; Windows 98; .NET CLR 1.0.3705)" -
dyn-83-152-195-31.ppp.tiscali.fr - - [26/May/2004:00:28:56 +0800] "GET /~sunyuan/images/main_r1_c1.gif HTTP/1.1" 200 155 "http://www.comp.nus.edu.sg/~sunyuan/main.html" "Mozilla/4.0 (compatible; MSIE 6.0; Windows NT 5.1; .NET CLR 1.1.4322)" -
dyn-83-152-195-31.ppp.tiscali.fr - - [26/May/2004:00:28:56 +0800] "GET /~sunyuan/images/main_r2_c1.gif HTTP/1.1" 200 226 "http://www.comp.nus.edu.sg/~sunyuan/main.html" "Mozilla/4.0 (compatible; MSIE 6.0; Windows NT 5.1; .NET CLR 1.1.4322)" -
206.15.249.238 - - [26/May/2004:00:28:56 +0800] "GET /~sunyuan/images/nemo.gif HTTP/1.1" 304 - "-" "Mozilla/4.0 (compatible; MSIE 6.0; Windows 98; .NET CLR 1.0.3705)" -
206.15.249.238 - - [26/May/2004:00:28:56 +0800] "GET /~sunyuan/images/nemo.gif HTTP/1.1" 304 - "-" "Mozilla/4.0 (compatible; MSIE 6.0; Windows 98; .NET CLR 1.0.3705)" -
dyn-83-152-195-31.ppp.tiscali.fr - - [26/May/2004:00:28:56 +0800] "GET /~sunyuan/images/main_r2_c6.gif HTTP/1.1" 200 1280 "http://www.comp.nus.edu.sg/~sunyuan/main.html" "Mozilla/4.0 (compatible; MSIE 6.0; Windows NT 5.1; .NET CLR 1.1.4322)" -
dyn-83-152-195-31.ppp.tiscali.fr - - [26/May/2004:00:28:57 +0800] "GET /~sunyuan/images/main_r2_c7.gif HTTP/1.1" 200 969 "http://www.comp.nus.edu.sg/~sunyuan/main.html" "Mozilla/4.0 (compatible; MSIE 6.0; Windows NT 5.1; .NET CLR 1.1.4322)" -
user-1052.l2.c1.dsl.pol.co.uk - - [26/May/2004:00:28:57 +0800] "GET /~wongwf/ring1.html HTTP/1.1" 200 196 "http://images.google.co.uk/imgres?imgurl=www.comp.nus.edu.sg/~wongwf/ring1.gif&imgrefurl=http://www.comp.nus.edu.sg/~wongwf/ring1.html&h=240&w=352&sz=72&tbnid=qhZ1v2X7nBgJ:&tbnh=79&tbnw=115&start=6&prev=/images%3Fq%3Dthe%2Bring%2Bthe%2Bmovie%26hl%3Den%26lr%3D%26ie%3DUTF-8%26edition%3Duk" "Mozilla/4.0 (compatible; MSIE 6.0; Windows NT 5.1; FunWebProducts; .NET CLR 1.1.4322)" -
dyn-83-152-195-31.ppp.tiscali.fr - - [26/May/2004:00:28:57 +0800] "GET /~sunyuan/images/main_r3_c1.gif HTTP/1.1" 200 13300 "http://www.comp.nus.edu.sg/~sunyuan/main.html" "Mozilla/4.0 (compatible; MSIE 6.0; Windows NT 5.1; .NET CLR 1.1.4322)" -
dyn-83-152-195-31.ppp.tiscali.fr - - [26/May/2004:00:28:57 +0800] "GET /~sunyuan/images/main_r4_c2.gif HTTP/1.1" 200 1757 "http://www.comp.nus.edu.sg/~sunyuan/main.html" "Mozilla/4.0 (compatible; MSIE 6.0; Windows NT 5.1; .NET CLR 1.1.4322)" -
dyn-83-152-195-31.ppp.tiscali.fr - - [26/May/2004:00:28:58 +0800] "GET /~sunyuan/images/main_r4_c1.gif HTTP/1.1" 200 629 "http://www.comp.nus.edu.sg/~sunyuan/main.html" "Mozilla/4.0 (compatible; MSIE 6.0; Windows NT 5.1; .NET CLR 1.1.4322)" -
dyn-83-152-195-31.ppp.tiscali.fr - - [26/May/2004:00:28:58 +0800] "GET /~sunyuan/images/main_r5_c2.gif HTTP/1.1" 200 1489 "http://www.comp.nus.edu.sg/~sunyuan/main.html" "Mozilla/4.0 (compatible; MSIE 6.0; Windows NT 5.1; .NET CLR 1.1.4322)" -
dyn-83-152-195-31.ppp.tiscali.fr - - [26/May/2004:00:28:58 +0800] "GET /~sunyuan/images/main_r6_c2.gif HTTP/1.1" 200 210 "http://www.comp.nus.edu.sg/~sunyuan/main.html" "Mozilla/4.0 (compatible; MSIE 6.0; Windows NT 5.1; .NET CLR 1.1.4322)" -
dyn-83-152-195-31.ppp.tiscali.fr - - [26/May/2004:00:28:58 +0800] "GET /~sunyuan/images/main_r4_c3.gif HTTP/1.1" 200 1481 "http://www.comp.nus.edu.sg/~sunyuan/main.html" "Mozilla/4.0 (compatible; MSIE 6.0; Windows NT 5.1; .NET CLR 1.1.4322)" -
dyn-83-152-195-31.ppp.tiscali.fr - - [26/May/2004:00:28:59 +0800] "GET /~sunyuan/images/main_r4_c4.gif HTTP/1.1" 200 9517 "http://www.comp.nus.edu.sg/~sunyuan/main.html" "Mozilla/4.0 (compatible; MSIE 6.0; Windows NT 5.1; .NET CLR 1.1.4322)" -
dyn-83-152-195-31.ppp.tiscali.fr - - [26/May/2004:00:29:00 +0800] "GET /~sunyuan/images/main_r4_c5.gif HTTP/1.1" 200 2230 "http://www.comp.nus.edu.sg/~sunyuan/main.html" "Mozilla/4.0 (compatible; MSIE 6.0; Windows NT 5.1; .NET CLR 1.1.4322)" -
dyn-83-152-195-31.ppp.tiscali.fr - - [26/May/2004:00:29:00 +0800] "GET /~sunyuan/images/main_r4_c6.gif HTTP/1.1" 200 2064 "http://www.comp.nus.edu.sg/~sunyuan/main.html" "Mozilla/4.0 (compatible; MSIE 6.0; Windows NT 5.1; .NET CLR 1.1.4322)" -
ip51cc7b3a.adsl-surfen.hetnet.nl - - [26/May/2004:00:29:02 +0800] "GET /~sunyuan/ HTTP/1.1" 200 3152 "http://images.google.com/imgres?imgurl=www.comp.nus.edu.sg/~sunyuan/images/nemo.gif&imgrefurl=http://www.comp.nus.edu.sg/~sunyuan/&h=248&w=275&sz=97&tbnid=2kEH2rEHlHsJ:&tbnh=98&tbnw=108&start=8&prev=/images%3Fq%3Dnemo%26hl%3Den%26lr%3D%26ie%3DUTF-8" "Mozilla/4.0 (compatible; MSIE 6.0; Windows 98; FunWebProducts)" -
e247053.upc-e.chello.nl - - [26/May/2004:00:29:04 +0800] "GET /~sunyuan/images/nemo.gif HTTP/1.1" 200 98407 "http://www.cu2.nl/browse.php?id=2657796" "Mozilla/4.0 (compatible; MSIE 6.0; Windows NT 5.1; .NET CLR 1.1.4322)" -
213-48-240-167.liv.cvx.blueyonder.co.uk - - [26/May/2004:00:29:05 +0800] "GET /~keexuyua/pictures/skillz.gif HTTP/1.1" 200 5857 "http://www.koptalk.org/forums/showflat.php/Cat/0/Number/274120/page/0/view/collapsed/sb/5/o/all/fpart/1" "Mozilla/4.0 (compatible; MSIE 6.0; Windows NT 5.1; provided by blueyonder)" -
061093184116.ctinets.com - - [26/May/2004:00:29:05 +0800] "GET /~nghoongk/lyrics/singer172-1.html HTTP/1.1" 200 6357 "http://search.hk.yahoo.com/yc/hk?p=%c1`%a6%b3%a7A%b9%aa%c0y&u=B&b=30&vs=&sym=" "Mozilla/4.0 (compatible; MSIE 6.0; Windows NT 5.1)" -
061093184116.ctinets.com - - [26/May/2004:00:29:06 +0800] "GET /~nghoongk/lyrics/c.gif HTTP/1.1" 200 870 "http://www.comp.nus.edu.sg/~nghoongk/lyrics/singer172-1.html" "Mozilla/4.0 (compatible; MSIE 6.0; Windows NT 5.1)" -
user-1052.l2.c1.dsl.pol.co.uk - - [26/May/2004:00:29:07 +0800] "GET /~wongwf/ring2.html HTTP/1.1" 200 196 "http://www.comp.nus.edu.sg/~wongwf/ring1.html" "Mozilla/4.0 (compatible; MSIE 6.0; Windows NT 5.1; FunWebProducts; .NET CLR 1.1.4322)" -
ip51cc7b3a.adsl-surfen.hetnet.nl - - [26/May/2004:00:29:09 +0800] "GET /~sunyuan/images/nemo.gif HTTP/1.1" 200 98407 "http://images.google.com/imgres?imgurl=www.comp.nus.edu.sg/~sunyuan/images/nemo.gif&imgrefurl=http://www.comp.nus.edu.sg/~sunyuan/&h=248&w=275&sz=97&tbnid=2kEH2rEHlHsJ:&tbnh=98&tbnw=108&prev=/images%3Fq%3Dnemo%26hl%3Den%26lr%3D%26ie%3DUTF-8&frame=small" "Mozilla/4.0 (compatible; MSIE 6.0; Windows 98; FunWebProducts)" -
user-1052.l2.c1.dsl.pol.co.uk - - [26/May/2004:00:29:10 +0800] "GET /~wongwf/ring2.jpg HTTP/1.1" 200 17677 "http://www.comp.nus.edu.sg/~wongwf/ring2.html" "Mozilla/4.0 (compatible; MSIE 6.0; Windows NT 5.1; FunWebProducts; .NET CLR 1.1.4322)" -
dyn-83-152-195-31.ppp.tiscali.fr - - [26/May/2004:00:29:11 +0800] "GET /~sunyuan/images/main_r4_c5.gif HTTP/1.1" 200 2230 "http://www.comp.nus.edu.sg/~sunyuan/" "Mozilla/4.0 (compatible; MSIE 6.0; Windows NT 5.1; .NET CLR 1.1.4322)" -
dyn-83-152-195-31.ppp.tiscali.fr - - [26/May/2004:00:29:11 +0800] "GET /~sunyuan/images/main_r4_c6.gif HTTP/1.1" 200 2064 "http://www.comp.nus.edu.sg/~sunyuan/" "Mozilla/4.0 (compatible; MSIE 6.0; Windows NT 5.1; .NET CLR 1.1.4322)" -
165.21.154.9 - - [26/May/2004:00:29:14 +0800] "GET / HTTP/1.1" 200 8789 "-" "Mozilla/4.0 (compatible; MSIE 6.0; Windows NT 5.0)" 202.166.29.193, 165.21.154.146
adsl70.dyn118.pacific.net.sg - - [26/May/2004:00:29:15 +0800] "GET /~thiohwee/photo_childhood.html HTTP/1.1" 200 3044 "http://www.cyxon.com/users/gracethio/photogallery.html" "Mozilla/4.0 (compatible; MSIE 6.0; Windows NT 5.0)" -
adsl70.dyn118.pacific.net.sg - - [26/May/2004:00:29:15 +0800] "GET /~thiohwee/include/style.css HTTP/1.1" 200 3400 "http://www.comp.nus.edu.sg/~thiohwee/photo_childhood.html" "Mozilla/4.0 (compatible; MSIE 6.0; Windows NT 5.0)" -
165.21.154.9 - - [26/May/2004:00:29:15 +0800] "GET /images/facenghd.gif HTTP/1.1" 304 - "-" "Mozilla/3.01 (compatible;)" 165.21.154.146
adsl70.dyn118.pacific.net.sg - - [26/May/2004:00:29:16 +0800] "GET /~thiohwee/images/grassbg.gif HTTP/1.1" 200 2286 "http://www.comp.nus.edu.sg/~thiohwee/photo_childhood.html" "Mozilla/4.0 (compatible; MSIE 6.0; Windows NT 5.0)" -
adsl70.dyn118.pacific.net.sg - - [26/May/2004:00:29:16 +0800] "GET /~thiohwee/images/previous.gif HTTP/1.1" 200 162 "http://www.comp.nus.edu.sg/~thiohwee/photo_childhood.html" "Mozilla/4.0 (compatible; MSIE 6.0; Windows NT 5.0)" -
62.68.228.155 - - [26/May/2004:00:29:16 +0800] "GET /~cs2102/slides/calculus.pdf HTTP/1.1" 206 59393 "-" "Mozilla/4.0 (compatible; MSIE 5.5; Windows 98; Win 9x 4.90)" -
adsl70.dyn118.pacific.net.sg - - [26/May/2004:00:29:16 +0800] "GET /~thiohwee/images/next.gif HTTP/1.1" 200 131 "http://www.comp.nus.edu.sg/~thiohwee/photo_childhood.html" "Mozilla/4.0 (compatible; MSIE 6.0; Windows NT 5.0)" -
165.21.154.9 - - [26/May/2004:00:29:16 +0800] "GET /images/socmain_r3_c6.jpg HTTP/1.1" 304 - "-" "Mozilla/3.01 (compatible;)" 165.21.154.152
adsl70.dyn118.pacific.net.sg - - [26/May/2004:00:29:16 +0800] "GET /~thiohwee/photos/childhood/family1.jpg HTTP/1.1" 200 38298 "http://www.comp.nus.edu.sg/~thiohwee/photo_childhood.html" "Mozilla/4.0 (compatible; MSIE 6.0; Windows NT 5.0)" -
206.176.100.20 - - [26/May/2004:00:29:16 +0800] "GET /~wongwf/ring1.html HTTP/1.0" 200 184 "-" "Mozilla/4.0 (compatible; MSIE 5.22; Mac_PowerPC)" 192.168.10.173
206.176.100.20 - - [26/May/2004:00:29:19 +0800] "GET /~wongwf/ring1.gif HTTP/1.0" 200 73619 "http://images.google.com/imgres?imgurl=www.comp.nus.edu.sg/~wongwf/ring1.gif&imgrefurl=http://www.comp.nus.edu.sg/~wongwf/ring1.html&h=240&w=352&sz=72&tbnid=qhZ1v2X7nBgJ:&tbnh=79&tbnw=115&prev=/images%3Fq%3Dthe%2Bring%2Bmovie%26hl%3Den%26lr%3D%26ie%3DUTF-8&frame=small" "Mozilla/4.0 (compatible; MSIE 5.22; Mac_PowerPC)" 192.168.10.173
200141127218.user.veloxzone.com.br - - [26/May/2004:00:29:19 +0800] "GET /~sunyuan/images/nemo.gif HTTP/1.1" 200 98407 "http://www.cinemaemcena.com.br/cinemacena/forum/forum_posts.asp?TID=3422&PN=1" "Mozilla/4.0 (compatible; MSIE 6.0; Windows NT 5.1)" -
ip68-226-29-229.tc.ph.cox.net - - [26/May/2004:00:29:19 +0800] "GET /~angpheng/rhwebsite/rev%20hard%20title%20alt%202.jpg HTTP/1.1" 200 52723 "http://forums.clubrsx.com/showthread.php?t=163410" "Mozilla/4.0 (compatible; MSIE 6.0; Windows NT 5.1; .NET CLR 1.0.3705)" -
24.51.132.200 - - [26/May/2004:00:29:20 +0800] "GET /~sunyuan/ HTTP/1.0" 200 3140 "http://images.google.com/imgres?imgurl=www.comp.nus.edu.sg/~sunyuan/images/nemo.gif&imgrefurl=http://www.comp.nus.edu.sg/~sunyuan/&h=248&w=275&sz=97&tbnid=2kEH2rEHlHsJ:&tbnh=98&tbnw=108&start=8&prev=/images%3Fq%3Dnemo%26hl%3Den%26lr%3D%26ie%3DUTF-8" "Mozilla/4.0 (compatible; MSIE 5.5; Windows 98; FunWebProducts)" 10.60.10.112
