cache8.156ce.maxonline.com.sg - - [26/May/2004:00:25:53 +0800] "GET /~nguyentu/nhactac/mp3ss3d.swf HTTP/1.1" 304 - "-" "Mozilla/4.0 (compatible; MSIE 6.0; Windows NT 5.1)" 218.186.177.10
199.72.117.52 - - [26/May/2004:00:25:53 +0800] "GET /~cs3235/2003-semesterI/tut1.pdf HTTP/1.1" 200 0 "http://www.google.com/search?hl=en&lr=&ie=UTF-8&q=Geoffrey+Pereira&btnG=Search" "Mozilla/4.0 (compatible; MSIE 6.0; Windows NT 5.1; .NET CLR 1.1.4322)" -
cache8.156ce.maxonline.com.sg - - [26/May/2004:00:25:53 +0800] "GET /~nguyentu/nhactac/mp3ss4d.swf HTTP/1.1" 304 - "-" "Mozilla/4.0 (compatible; MSIE 6.0; Windows NT 5.1)" 218.186.177.10
220.67.126.50 - - [26/May/2004:00:25:55 +0800] "GET /%7Etayyc/cbrp/ HTTP/1.1" 200 427 "http://web.syr.edu/~dchen02/resources.htm" "Mozilla/4.0 (compatible; MSIE 6.0; Windows NT 5.1)" -
bb220-255-63-77.singnet.com.sg - - [26/May/2004:00:25:55 +0800] "GET /~mmm/mmm95/mmm95.htm HTTP/1.1" 200 24864 "http://sg.search.yahoo.com/search/sg?p=Esprit+segmentation+in+Singapore&ei=UTF-8" "Mozilla/4.0 (compatible; MSIE 6.0; Windows NT 5.1; .NET CLR 1.1.4322)" -
199.72.117.52 - - [26/May/2004:00:25:55 +0800] "GET /~cs3235/2003-semesterI/tut1.pdf HTTP/1.1" 206 33358 "-" "Mozilla/4.0 (compatible; MSIE 6.0; Windows NT 5.1; .NET CLR 1.1.4322)" -
h64-42-226-13.gtconnect.net - - [26/May/2004:00:25:56 +0800] "GET /~sunyuan/ HTTP/1.0" 200 3140 "http://images.google.com/imgres?imgurl=www.comp.nus.edu.sg/~sunyuan/images/nemo.gif&imgrefurl=http://www.comp.nus.edu.sg/~sunyuan/&h=248&w=275&sz=97&tbnid=2kEH2rEHlHsJ:&tbnh=98&tbnw=108&start=9&prev=/images%3Fq%3Dnemo%26hl%3Den%26lr%3D%26ie%3DUTF-8" "Mozilla/4.0 (compatible; MSIE 6.0; Windows NT 5.1)" 10.24.1.10
lj1047.inktomisearch.com - - [26/May/2004:00:25:57 +0800] "GET /~luajooha/blank02.htm HTTP/1.0" 200 257 "-" "Mozilla/5.0 (compatible; Yahoo! Slurp; http://help.yahoo.com/help/us/ysearch/slurp)" -
h64-42-226-13.gtconnect.net - - [26/May/2004:00:25:57 +0800] "GET /~sunyuan/images/index_r3_c2.gif HTTP/1.0" 200 8177 "http://www.comp.nus.edu.sg/~sunyuan/" "Mozilla/4.0 (compatible; MSIE 6.0; Windows NT 5.1)" 10.24.1.10
199.72.117.52 - - [26/May/2004:00:25:57 +0800] "GET /~cs3235/2003-semesterI/tut1.pdf HTTP/1.1" 206 6335 "-" "Mozilla/4.0 (compatible; MSIE 6.0; Windows NT 5.1; .NET CLR 1.1.4322)" -
anancy-107-1-40-165.w81-53.abo.wanadoo.fr - - [26/May/2004:00:25:58 +0800] "GET /~sunyuan/ HTTP/1.1" 200 3152 "http://images.google.fr/imgres?imgurl=www.comp.nus.edu.sg/~sunyuan/images/nemo.gif&imgrefurl=http://www.comp.nus.edu.sg/~sunyuan/&h=248&w=275&sz=97&tbnid=2kEH2rEHlHsJ:&tbnh=98&tbnw=108&start=8&prev=/images%3Fq%3D%2Bnemo%2B%26hl%3Dfr%26lr%3D%26i" "Mozilla/4.0 (compatible; MSIE 6.0; Windows 98)" -
cm195.gamma151.maxonline.com.sg - - [26/May/2004:00:25:58 +0800] "GET /~cmcurric/AY2004_5/moddes2004_5.pdf HTTP/1.1" 200 0 "http://www.comp.nus.edu.sg/undergradprog/" "Mozilla/4.0 (compatible; MSIE 6.0; Windows NT 5.1)" -
cm195.gamma151.maxonline.com.sg - - [26/May/2004:00:25:58 +0800] "GET /~cmcurric/AY2004_5/moddes2004_5.pdf HTTP/1.1" 206 65536 "-" "Mozilla/4.0 (compatible; MSIE 6.0; Windows NT 5.1)" -
anancy-107-1-40-165.w81-53.abo.wanadoo.fr - - [26/May/2004:00:25:59 +0800] "GET /~sunyuan/images/index_r1_c1.gif HTTP/1.1" 200 1887 "http://www.comp.nus.edu.sg/~sunyuan/" "Mozilla/4.0 (compatible; MSIE 6.0; Windows 98)" -
cm195.gamma151.maxonline.com.sg - - [26/May/2004:00:25:59 +0800] "GET /~cmcurric/AY2004_5/moddes2004_5.pdf HTTP/1.1" 206 65401 "-" "Mozilla/4.0 (compatible; MSIE 6.0; Windows NT 5.1)" -
h64-42-226-13.gtconnect.net - - [26/May/2004:00:25:59 +0800] "GET /~sunyuan/images/nemo.gif HTTP/1.0" 200 98407 "http://images.google.com/imgres?imgurl=www.comp.nus.edu.sg/~sunyuan/images/nemo.gif&imgrefurl=http://www.comp.nus.edu.sg/~sunyuan/&h=248&w=275&sz=97&tbnid=2kEH2rEHlHsJ:&tbnh=98&tbnw=108&prev=/images%3Fq%3Dnemo%26hl%3Den%26lr%3D%26ie%3DUTF-8&frame=small" "Mozilla/4.0 (compatible; MSIE 6.0; Windows NT 5.1)" 10.24.1.10
cm195.gamma151.maxonline.com.sg - - [26/May/2004:00:25:59 +0800] "GET /~cmcurric/AY2004_5/moddes2004_5.pdf HTTP/1.1" 206 18325 "-" "Mozilla/4.0 (compatible; MSIE 6.0; Windows NT 5.1)" -
pcd626051.netvigator.com - - [26/May/2004:00:26:00 +0800] "GET /~nghoongk/lyrics/c.gif HTTP/1.1" 304 - "http://www.comp.nus.edu.sg/~nghoongk/lyrics/singer442-2.html" "Mozilla/4.0 (compatible; MSIE 6.0; Windows NT 5.1; .NET CLR 1.1.4322; .NET CLR 1.0.3705)" -
p3ee0d14c.dip.t-dialin.net - - [26/May/2004:00:26:00 +0800] "GET /~sunyuan/images/nemo.gif HTTP/1.1" 200 98407 "http://images.google.de/imgres?imgurl=www.comp.nus.edu.sg/~sunyuan/images/nemo.gif&imgrefurl=http://www.comp.nus.edu.sg/~sunyuan/&h=248&w=275&sz=97&tbnid=2kEH2rEHlHsJ:&tbnh=98&tbnw=108&prev=/images%3Fq%3Dnemo%26hl%3Dde%26lr%3D%26ie%3DUTF-8&frame=small" "Mozilla/4.0 (compatible; MSIE 5.0; Windows 98; DigExt)" -
pcd626051.netvigator.com - - [26/May/2004:00:26:00 +0800] "GET /~nghoongk/lyrics/singer442-2.html HTTP/1.1" 200 13730 "-" "Mozilla/4.0 (compatible; MSIE 6.0; Windows NT 5.1; .NET CLR 1.1.4322; .NET CLR 1.0.3705)" -
anancy-107-1-40-165.w81-53.abo.wanadoo.fr - - [26/May/2004:00:26:01 +0800] "GET /~sunyuan/images/index_r2_c1.gif HTTP/1.1" 200 12459 "http://www.comp.nus.edu.sg/~sunyuan/" "Mozilla/4.0 (compatible; MSIE 6.0; Windows 98)" -
cm195.gamma151.maxonline.com.sg - - [26/May/2004:00:26:01 +0800] "GET /~cmcurric/AY2004_5/moddes2004_5.pdf HTTP/1.1" 206 22937 "-" "Mozilla/4.0 (compatible; MSIE 6.0; Windows NT 5.1)" -
anancy-107-1-40-165.w81-53.abo.wanadoo.fr - - [26/May/2004:00:26:01 +0800] "GET /~sunyuan/images/index_r2_c3.gif HTTP/1.1" 200 11308 "http://www.comp.nus.edu.sg/~sunyuan/" "Mozilla/4.0 (compatible; MSIE 6.0; Windows 98)" -
203.117.33.25 - - [26/May/2004:00:26:02 +0800] "GET /~renlian/photo/1206_malaysia/KualaLumpur_t/page_04.htm HTTP/1.1" 200 6856 "http://sg.search.yahoo.com/search/sg?p=istana+negara&ei=UTF-8&y=All+the+Web" "Mozilla/4.0 (compatible; MSIE 6.0; Windows 98; Win 9x 4.90)" 203.117.47.140
220.67.126.50 - - [26/May/2004:00:26:02 +0800] "GET /%7Etayyc/cbrp/cbrp.tar.gz HTTP/1.1" 200 70404 "http://www.comp.nus.edu.sg/%7Etayyc/cbrp/" "Mozilla/4.0 (compatible; MSIE 6.0; Windows NT 5.1)" -
anancy-107-1-40-165.w81-53.abo.wanadoo.fr - - [26/May/2004:00:26:02 +0800] "GET /~sunyuan/images/index_r3_c2.gif HTTP/1.1" 200 8177 "http://www.comp.nus.edu.sg/~sunyuan/" "Mozilla/4.0 (compatible; MSIE 6.0; Windows 98)" -
203.117.33.25 - - [26/May/2004:00:26:03 +0800] "GET /~renlian/photo/1206_malaysia/KualaLumpur_t/TN_8_Gate%20of%20Istana%20Negara_02.JPG HTTP/1.1" 200 4310 "http://www.comp.nus.edu.sg/~renlian/photo/1206_malaysia/KualaLumpur_t/page_04.htm" "Mozilla/4.0 (compatible; MSIE 6.0; Windows 98; Win 9x 4.90)" 203.117.47.140
203.117.33.25 - - [26/May/2004:00:26:03 +0800] "GET /~renlian/photo/1206_malaysia/KualaLumpur_t/TN_8_Gate%20of%20Istana%20Negara_03.JPG HTTP/1.1" 200 3984 "http://www.comp.nus.edu.sg/~renlian/photo/1206_malaysia/KualaLumpur_t/page_04.htm" "Mozilla/4.0 (compatible; MSIE 6.0; Windows 98; Win 9x 4.90)" 203.117.47.140
203.117.33.25 - - [26/May/2004:00:26:03 +0800] "GET /~renlian/photo/1206_malaysia/KualaLumpur_t/TN_8_Gate%20of%20Istana%20Negara_04.JPG HTTP/1.1" 200 2713 "http://www.comp.nus.edu.sg/~renlian/photo/1206_malaysia/KualaLumpur_t/page_04.htm" "Mozilla/4.0 (compatible; MSIE 6.0; Windows 98; Win 9x 4.90)" 203.117.47.140
203.117.33.25 - - [26/May/2004:00:26:03 +0800] "GET /~renlian/photo/1206_malaysia/KualaLumpur_t/TN_8_Gate%20of%20Istana%20Negara_05.JPG HTTP/1.1" 200 3550 "http://www.comp.nus.edu.sg/~renlian/photo/1206_malaysia/KualaLumpur_t/page_04.htm" "Mozilla/4.0 (compatible; MSIE 6.0; Windows 98; Win 9x 4.90)" 203.117.47.140
cm195.gamma151.maxonline.com.sg - - [26/May/2004:00:26:03 +0800] "GET /~cmcurric/AY2004_5/moddes2004_5.pdf HTTP/1.1" 206 38848 "-" "Mozilla/4.0 (compatible; MSIE 6.0; Windows NT 5.1)" -
anancy-107-1-40-165.w81-53.abo.wanadoo.fr - - [26/May/2004:00:26:03 +0800] "GET /~sunyuan/images/index_r2_c1.gif HTTP/1.1" 200 12459 "http://www.comp.nus.edu.sg/~sunyuan/" "Mozilla/4.0 (compatible; MSIE 6.0; Windows 98)" -
anancy-107-1-40-165.w81-53.abo.wanadoo.fr - - [26/May/2004:00:26:04 +0800] "GET /~sunyuan/images/index_r2_c3.gif HTTP/1.1" 200 11308 "http://www.comp.nus.edu.sg/~sunyuan/" "Mozilla/4.0 (compatible; MSIE 6.0; Windows 98)" -
bbcache-13.singnet.com.sg - - [26/May/2004:00:26:04 +0800] "GET /~fongqiyu/cs3266_fongqiyu/biz_gifts.htm HTTP/1.1" 200 2295 "http://sg.search.yahoo.com/search/sg?p=customized+gifts&ei=UTF-8&y=Singapore" "Mozilla/4.0 (compatible; MSIE 6.0; Windows NT 5.1)" 219.74.66.87, 165.21.154.148
anancy-107-1-40-165.w81-53.abo.wanadoo.fr - - [26/May/2004:00:26:04 +0800] "GET /~sunyuan/images/nemo.gif HTTP/1.1" 200 98407 "http://www.comp.nus.edu.sg/~sunyuan/" "Mozilla/4.0 (compatible; MSIE 6.0; Windows 98)" -
h64-42-226-13.gtconnect.net - - [26/May/2004:00:26:04 +0800] "GET /~sunyuan/images/index_r2_c1.gif HTTP/1.0" 200 12459 "http://www.comp.nus.edu.sg/~sunyuan/" "Mozilla/4.0 (compatible; MSIE 6.0; Windows NT 5.1)" 10.24.1.10
bbcache-13.singnet.com.sg - - [26/May/2004:00:26:05 +0800] "GET /~fongqiyu/cs3266_fongqiyu/ChocChums.css HTTP/1.1" 200 2383 "http://www.comp.nus.edu.sg/~fongqiyu/cs3266_fongqiyu/biz_gifts.htm" "Mozilla/4.0 (compatible; MSIE 6.0; Windows NT 5.1)" 219.74.66.87, 165.21.154.143
h64-42-226-13.gtconnect.net - - [26/May/2004:00:26:05 +0800] "GET /~sunyuan/images/index_r1_c1.gif HTTP/1.0" 200 1887 "http://www.comp.nus.edu.sg/~sunyuan/" "Mozilla/4.0 (compatible; MSIE 6.0; Windows NT 5.1)" 10.24.1.10
h64-42-226-13.gtconnect.net - - [26/May/2004:00:26:05 +0800] "GET /~sunyuan/images/index_r3_c2.gif HTTP/1.0" 200 8177 "http://www.comp.nus.edu.sg/~sunyuan/" "Mozilla/4.0 (compatible; MSIE 6.0; Windows NT 5.1)" 10.24.1.10
cm195.gamma151.maxonline.com.sg - - [26/May/2004:00:26:05 +0800] "GET /~cmcurric/AY2004_5/moddes2004_5.pdf HTTP/1.1" 206 24128 "-" "Mozilla/4.0 (compatible; MSIE 6.0; Windows NT 5.1)" -
bbcache-13.singnet.com.sg - - [26/May/2004:00:26:05 +0800] "GET /~fongqiyu/cs3266_fongqiyu/Images/chocloversbox.jpg HTTP/1.1" 200 20560 "http://www.comp.nus.edu.sg/~fongqiyu/cs3266_fongqiyu/biz_gifts.htm" "Mozilla/4.0 (compatible; MSIE 6.0; Windows NT 5.1)" 219.74.66.87, 165.21.154.134
anancy-107-1-40-165.w81-53.abo.wanadoo.fr - - [26/May/2004:00:26:05 +0800] "GET /~sunyuan/images/index_r3_c2.gif HTTP/1.1" 200 8177 "http://www.comp.nus.edu.sg/~sunyuan/" "Mozilla/4.0 (compatible; MSIE 6.0; Windows 98)" -
iph-cache1.jaring.my - - [26/May/2004:00:26:05 +0800] "GET /~online/latestindex.html HTTP/1.1" 200 3613 "http://www.google.com/u/nusall?domains=nus.edu.sg&sitesearch=nus.edu.sg&q=streaming+results+2003%2F2004" "Mozilla/4.0 (compatible; MSIE 6.0; Windows NT 5.1)" 61.6.104.149
h64-42-226-13.gtconnect.net - - [26/May/2004:00:26:05 +0800] "GET /~sunyuan/images/index_r2_c3.gif HTTP/1.0" 200 11308 "http://www.comp.nus.edu.sg/~sunyuan/" "Mozilla/4.0 (compatible; MSIE 6.0; Windows NT 5.1)" 10.24.1.10
81.154.110.122 - - [26/May/2004:00:26:05 +0800] "GET /~dcheong/ HTTP/1.1" 404 291 "-" "Mozilla/4.0 (compatible; MSIE 6.0; Windows NT 5.1; Preload_01_07; FunWebProducts; .NET CLR 1.1.4322)" -
h64-42-226-13.gtconnect.net - - [26/May/2004:00:26:06 +0800] "GET /~sunyuan/images/index_r2_c2_f2.gif HTTP/1.0" 200 23678 "http://www.comp.nus.edu.sg/~sunyuan/" "Mozilla/4.0 (compatible; MSIE 6.0; Windows NT 5.1)" 10.24.1.10
203.117.33.25 - - [26/May/2004:00:26:06 +0800] "GET /~renlian/photo/1206_malaysia/KualaLumpur_t/TN_8_Gate%20of%20Istana%20Negara_06.JPG HTTP/1.1" 200 4756 "http://www.comp.nus.edu.sg/~renlian/photo/1206_malaysia/KualaLumpur_t/page_04.htm" "Mozilla/4.0 (compatible; MSIE 6.0; Windows 98; Win 9x 4.90)" 203.117.47.140
203.117.33.25 - - [26/May/2004:00:26:07 +0800] "GET /~renlian/photo/1206_malaysia/KualaLumpur_t/TN_8_Gate%20of%20Istana%20Negara_07.JPG HTTP/1.1" 200 4186 "http://www.comp.nus.edu.sg/~renlian/photo/1206_malaysia/KualaLumpur_t/page_04.htm" "Mozilla/4.0 (compatible; MSIE 6.0; Windows 98; Win 9x 4.90)" 203.117.47.140
cm195.gamma151.maxonline.com.sg - - [26/May/2004:00:26:07 +0800] "GET /~cmcurric/AY2004_5/moddes2004_5.pdf HTTP/1.1" 206 23895 "-" "Mozilla/4.0 (compatible; MSIE 6.0; Windows NT 5.1)" -
adsl-068-213-255-071.sip.mia.bellsouth.net - - [26/May/2004:00:26:07 +0800] "GET /~xuemingq/style/cartoon.gif HTTP/1.1" 200 1489 "http://members.migente.com/dymekisses/" "Mozilla/4.0 (compatible; MSIE 6.0; Windows NT 5.1)" -
203.117.33.25 - - [26/May/2004:00:26:08 +0800] "GET /~renlian/photo/1206_malaysia/KualaLumpur_t/TN_8_Gate%20of%20Istana%20Negara_08.JPG HTTP/1.1" 200 4651 "http://www.comp.nus.edu.sg/~renlian/photo/1206_malaysia/KualaLumpur_t/page_04.htm" "Mozilla/4.0 (compatible; MSIE 6.0; Windows 98; Win 9x 4.90)" 203.117.47.140
81.154.110.122 - - [26/May/2004:00:26:08 +0800] "GET /~dcheong/ghost.jpg HTTP/1.1" 404 300 "-" "Mozilla/4.0 (compatible; MSIE 6.0; Windows NT 5.1; Preload_01_07; FunWebProducts; .NET CLR 1.1.4322)" -
41-162.244.81.adsl.skynet.be - - [26/May/2004:00:26:08 +0800] "GET /~sunyuan/images/nemo.gif HTTP/1.1" 200 98407 "http://www.toietmoi.be/index.php?P=forum_last_messages" "Mozilla/4.0 (compatible; MSIE 6.0; Windows NT 5.1)" -
anancy-107-1-40-165.w81-53.abo.wanadoo.fr - - [26/May/2004:00:26:08 +0800] "GET /~sunyuan/images/index_r2_c2_f2.gif HTTP/1.1" 200 23678 "http://www.comp.nus.edu.sg/~sunyuan/" "Mozilla/4.0 (compatible; MSIE 6.0; Windows 98)" -
203.117.33.25 - - [26/May/2004:00:26:08 +0800] "GET /~renlian/photo/1206_malaysia/KualaLumpur_t/TN_8_Gate%20of%20Istana%20Negara_09.JPG HTTP/1.1" 200 3315 "http://www.comp.nus.edu.sg/~renlian/photo/1206_malaysia/KualaLumpur_t/page_04.htm" "Mozilla/4.0 (compatible; MSIE 6.0; Windows 98; Win 9x 4.90)" 203.117.47.140
220.67.126.50 - - [26/May/2004:00:26:09 +0800] "OPTIONS / HTTP/1.1" 200 - "-" "Microsoft Data Access Internet Publishing Provider Protocol Discovery" -
bb220-255-63-77.singnet.com.sg - - [26/May/2004:00:26:09 +0800] "GET /~mmm/mmm95/mmm95.htm HTTP/1.1" 200 24864 "http://sg.search.yahoo.com/search/sg?p=Esprit+segmentation+in+Singapore&ei=UTF-8" "Mozilla/4.0 (compatible; MSIE 6.0; Windows NT 5.1; .NET CLR 1.1.4322)" -
220.67.126.50 - - [26/May/2004:00:26:09 +0800] "OPTIONS /%7Etayyc/cbrp HTTP/1.1" 301 331 "-" "Microsoft Data Access Internet Publishing Provider Protocol Discovery" -
cm195.gamma151.maxonline.com.sg - - [26/May/2004:00:26:09 +0800] "GET /~cmcurric/AY2004_5/moddes2004_5.pdf HTTP/1.1" 206 23861 "-" "Mozilla/4.0 (compatible; MSIE 6.0; Windows NT 5.1)" -
220.67.126.50 - - [26/May/2004:00:26:09 +0800] "OPTIONS /%7Etayyc/cbrp/ HTTP/1.1" 200 - "-" "Microsoft Data Access Internet Publishing Provider Protocol Discovery" -
62.68.228.155 - - [26/May/2004:00:26:09 +0800] "GET /~cs2102/slides/sql.pdf HTTP/1.1" 206 227720 "-" "Mozilla/4.0 (compatible; MSIE 5.5; Windows 98; Win 9x 4.90)" -
220.67.126.50 - - [26/May/2004:00:26:09 +0800] "GET /_vti_inf.html HTTP/1.1" 404 295 "-" "Mozilla/2.0 (compatible; MS FrontPage 5.0)" -
220.67.126.50 - - [26/May/2004:00:26:09 +0800] "POST /_vti_bin/shtml.exe/_vti_rpc HTTP/1.1" 404 309 "-" "MSFrontPage/5.0" -
220.67.126.50 - - [26/May/2004:00:26:10 +0800] "OPTIONS / HTTP/1.1" 200 - "-" "Microsoft Data Access Internet Publishing Provider Protocol Discovery" -
220.67.126.50 - - [26/May/2004:00:26:10 +0800] "OPTIONS /%7Etayyc/cbrp HTTP/1.1" 301 331 "-" "Microsoft Data Access Internet Publishing Provider Protocol Discovery" -
220.67.126.50 - - [26/May/2004:00:26:10 +0800] "OPTIONS /%7Etayyc/cbrp/ HTTP/1.1" 200 - "-" "Microsoft Data Access Internet Publishing Provider Protocol Discovery" -
220.67.126.50 - - [26/May/2004:00:26:10 +0800] "GET /_vti_inf.html HTTP/1.1" 404 295 "-" "Mozilla/2.0 (compatible; MS FrontPage 5.0)" -
220.67.126.50 - - [26/May/2004:00:26:10 +0800] "POST /_vti_bin/shtml.exe/_vti_rpc HTTP/1.1" 404 309 "-" "MSFrontPage/5.0" -
220.67.126.50 - - [26/May/2004:00:26:10 +0800] "OPTIONS / HTTP/1.1" 200 - "-" "Microsoft Data Access Internet Publishing Provider Protocol Discovery" -
220.67.126.50 - - [26/May/2004:00:26:10 +0800] "OPTIONS /%7Etayyc/cbrp/hon.ppt HTTP/1.1" 200 - "-" "Microsoft Data Access Internet Publishing Provider Protocol Discovery" -
220.67.126.50 - - [26/May/2004:00:26:10 +0800] "GET /_vti_inf.html HTTP/1.1" 404 295 "-" "Mozilla/2.0 (compatible; MS FrontPage 5.0)" -
217.136.60.177 - - [26/May/2004:00:26:10 +0800] "GET /~dcheong/ HTTP/1.1" 404 291 "http://images.google.be/imgres?imgurl=www.comp.nus.edu.sg/~dcheong/ghost.jpg&imgrefurl=http://www.comp.nus.edu.sg/~dcheong/&h=600&w=800&sz=74&tbnid=EqAVt3UWRtMJ:&tbnh=106&tbnw=141&start=3&prev=/images%3Fq%3Dghost%26hl%3Dnl%26lr%3D%26ie%3DUTF-8" "Mozilla/4.0 (compatible; MSIE 6.0; Windows NT 5.1; FunWebProducts; Hotbar 4.4.6.0; .NET CLR 1.1.4322)" -
220.67.126.50 - - [26/May/2004:00:26:11 +0800] "POST /_vti_bin/shtml.exe/_vti_rpc HTTP/1.1" 404 309 "-" "MSFrontPage/5.0" -
cm195.gamma151.maxonline.com.sg - - [26/May/2004:00:26:11 +0800] "GET /~cmcurric/AY2004_5/moddes2004_5.pdf HTTP/1.1" 206 22583 "-" "Mozilla/4.0 (compatible; MSIE 6.0; Windows NT 5.1)" -
81.154.110.122 - - [26/May/2004:00:26:11 +0800] "GET /~dcheong/ HTTP/1.1" 404 291 "-" "Mozilla/4.0 (compatible; MSIE 6.0; Windows NT 5.1; Preload_01_07; FunWebProducts; .NET CLR 1.1.4322)" -
217.136.60.177 - - [26/May/2004:00:26:11 +0800] "GET /~dcheong/ghost.jpg HTTP/1.1" 404 300 "http://images.google.be/imgres?imgurl=www.comp.nus.edu.sg/~dcheong/ghost.jpg&imgrefurl=http://www.comp.nus.edu.sg/~dcheong/&h=600&w=800&sz=74&tbnid=EqAVt3UWRtMJ:&tbnh=106&tbnw=141&prev=/images%3Fq%3Dghost%26hl%3Dnl%26lr%3D%26ie%3DUTF-8&frame=small" "Mozilla/4.0 (compatible; MSIE 6.0; Windows NT 5.1; FunWebProducts; Hotbar 4.4.6.0; .NET CLR 1.1.4322)" -
adsl20.dyn239.pacific.net.sg - - [26/May/2004:00:26:12 +0800] "GET /~ngziming/Madonna%20-%20Die%20Another%20Day%20(CD%20QUALITY!!!).mp3 HTTP/1.1" 200 856148 "-" "Mozilla/4.0 (compatible; MSIE 6.0; Windows NT 5.1)" -
220.67.126.50 - - [26/May/2004:00:26:12 +0800] "GET /%7Etayyc/cbrp/hon.ppt HTTP/1.1" 200 203264 "-" "Mozilla/4.0 (compatible; MSIE 6.0; Windows NT 5.1)" -
anancy-107-1-40-165.w81-53.abo.wanadoo.fr - - [26/May/2004:00:26:12 +0800] "GET /~sunyuan/images/nemo.gif HTTP/1.1" 200 98407 "http://www.comp.nus.edu.sg/~sunyuan/" "Mozilla/4.0 (compatible; MSIE 6.0; Windows 98)" -
220.67.126.50 - - [26/May/2004:00:26:12 +0800] "GET /%7Etayyc/cbrp/hon.ppt HTTP/1.1" 200 65536 "http://www.comp.nus.edu.sg/%7Etayyc/cbrp/" "Mozilla/4.0 (compatible; MSIE 6.0; Windows NT 5.1)" -
81.154.110.122 - - [26/May/2004:00:26:12 +0800] "GET /~dcheong/ghost.jpg HTTP/1.1" 404 300 "-" "Mozilla/4.0 (compatible; MSIE 6.0; Windows NT 5.1; Preload_01_07; FunWebProducts; .NET CLR 1.1.4322)" -
ip68-101-182-177.sd.sd.cox.net - - [26/May/2004:00:26:12 +0800] "GET /~cs3281/2001f/00-admin/outline0.htm HTTP/1.1" 200 510 "-" "Mozilla/4.0 (compatible; grub-client-1.4.3; Crawl your own stuff with http://grub.org)" -
cm195.gamma151.maxonline.com.sg - - [26/May/2004:00:26:13 +0800] "GET /~cmcurric/AY2004_5/moddes2004_5.pdf HTTP/1.1" 206 30079 "-" "Mozilla/4.0 (compatible; MSIE 6.0; Windows NT 5.1)" -
203.117.33.25 - - [26/May/2004:00:26:13 +0800] "GET /~renlian/photo/1206_malaysia/KualaLumpur_t/TN_8_Gate%20of%20Istana%20Negara_10.JPG HTTP/1.1" 200 3216 "http://www.comp.nus.edu.sg/~renlian/photo/1206_malaysia/KualaLumpur_t/page_04.htm" "Mozilla/4.0 (compatible; MSIE 6.0; Windows 98; Win 9x 4.90)" 203.117.47.140
conexao.segura.nikity.68.predialnet.com.br - - [26/May/2004:00:26:14 +0800] "GET /~lowsokhu/images/lalaland/bachelor/contestant2/Iori%20Yagami1.jpg HTTP/1.1" 304 - "http://www.animetotal.com/forum/index.php?board=8;action=display;threadid=1708;start=80#msg41333" "Mozilla/4.0 (compatible; MSIE 6.0; Windows NT 5.1)" -
203.117.33.25 - - [26/May/2004:00:26:14 +0800] "GET /~renlian/photo/1206_malaysia/KualaLumpur_t/TN_8_Gate%20of%20Istana%20Negara_11.JPG HTTP/1.1" 200 4720 "http://www.comp.nus.edu.sg/~renlian/photo/1206_malaysia/KualaLumpur_t/page_04.htm" "Mozilla/4.0 (compatible; MSIE 6.0; Windows 98; Win 9x 4.90)" 203.117.47.140
cm195.gamma151.maxonline.com.sg - - [26/May/2004:00:26:14 +0800] "GET /undergradprog/ HTTP/1.1" 200 18965 "http://www.nus.edu.sg/oam/course/" "Mozilla/4.0 (compatible; MSIE 6.0; Windows NT 5.1)" -
pcd634126.netvigator.com - - [26/May/2004:00:26:14 +0800] "GET /~nghoongk/lyrics/singer215-3.html HTTP/1.1" 200 7996 "http://search.hk.yahoo.com/yc/hk?p=%b1i%abH%ad%f5%baq%b5%fc&u=B" "Mozilla/4.0 (compatible; MSIE 6.0; Windows NT 5.0; FunWebProducts; Crazy Browser 1.0.5; .NET CLR 1.1.4322)" -
202.156.151.195 - - [26/May/2004:00:26:14 +0800] "GET /images/recruitment.jpg HTTP/1.1" 304 - "http://www.comp.nus.edu.sg/undergradprog/" "Mozilla/4.0 (compatible; MSIE 6.0; Windows NT 5.1)" -
cm195.gamma151.maxonline.com.sg - - [26/May/2004:00:26:14 +0800] "GET /images/socmain_r5_c13.jpg HTTP/1.1" 304 - "http://www.comp.nus.edu.sg/undergradprog/" "Mozilla/4.0 (compatible; MSIE 6.0; Windows NT 5.1)" -
202.156.151.195 - - [26/May/2004:00:26:14 +0800] "GET /images/socmain_r7_c9f.jpg HTTP/1.1" 304 - "http://www.comp.nus.edu.sg/undergradprog/" "Mozilla/4.0 (compatible; MSIE 6.0; Windows NT 5.1)" -
203.117.33.25 - - [26/May/2004:00:26:14 +0800] "GET /~renlian/photo/1206_malaysia/KualaLumpur_t/TN_8_Gate%20of%20Istana%20Negara_12.JPG HTTP/1.1" 200 4547 "http://www.comp.nus.edu.sg/~renlian/photo/1206_malaysia/KualaLumpur_t/page_04.htm" "Mozilla/4.0 (compatible; MSIE 6.0; Windows 98; Win 9x 4.90)" 203.117.47.140
cm195.gamma151.maxonline.com.sg - - [26/May/2004:00:26:14 +0800] "GET /images/grey.gif HTTP/1.1" 304 - "http://www.comp.nus.edu.sg/undergradprog/" "Mozilla/4.0 (compatible; MSIE 6.0; Windows NT 5.1)" -
81.154.110.122 - - [26/May/2004:00:26:15 +0800] "GET /~dcheong/ HTTP/1.1" 404 291 "-" "Mozilla/4.0 (compatible; MSIE 6.0; Windows NT 5.1; Preload_01_07; FunWebProducts; .NET CLR 1.1.4322)" -
crawl22-public.alexa.com - - [26/May/2004:00:26:15 +0800] "GET /~teoym/cs6205/9900/L1/img009.GIF HTTP/1.0" 200 7365 "-" "ia_archiver" -
lj1233.inktomisearch.com - - [26/May/2004:00:26:15 +0800] "GET /~fangll/jdk1.2.2/docs/api/java/lang/reflect/class-use/Constructor.html HTTP/1.0" 404 340 "-" "Mozilla/5.0 (compatible; Yahoo! Slurp; http://help.yahoo.com/help/us/ysearch/slurp)" -
pcd634126.netvigator.com - - [26/May/2004:00:26:15 +0800] "GET /~nghoongk/lyrics/m.gif HTTP/1.1" 304 - "http://www.comp.nus.edu.sg/~nghoongk/lyrics/singer215-3.html" "Mozilla/4.0 (compatible; MSIE 6.0; Windows NT 5.0; FunWebProducts; Crazy Browser 1.0.5; .NET CLR 1.1.4322)" -
pcd634126.netvigator.com - - [26/May/2004:00:26:15 +0800] "GET /~nghoongk/lyrics/c.gif HTTP/1.1" 304 - "http://www.comp.nus.edu.sg/~nghoongk/lyrics/singer215-3.html" "Mozilla/4.0 (compatible; MSIE 6.0; Windows NT 5.0; FunWebProducts; Crazy Browser 1.0.5; .NET CLR 1.1.4322)" -
203.117.33.25 - - [26/May/2004:00:26:16 +0800] "GET /~renlian/photo/1206_malaysia/KualaLumpur_t/TN_8_Gate%20of%20Istana%20Negara_13.JPG HTTP/1.1" 200 4737 "http://www.comp.nus.edu.sg/~renlian/photo/1206_malaysia/KualaLumpur_t/page_04.htm" "Mozilla/4.0 (compatible; MSIE 6.0; Windows 98; Win 9x 4.90)" 203.117.47.140
cache218.156ce.maxonline.com.sg - - [26/May/2004:00:26:18 +0800] "GET /~tutorial/ACAD04/modules_1.htm HTTP/1.1" 200 45486 "-" "Mozilla/4.0 (compatible; MSIE 6.0; Windows NT 5.1; .NET CLR 1.1.4322)" 218.212.206.120
cache51.156ce.maxonline.com.sg - - [26/May/2004:00:26:19 +0800] "GET /~online/latestindex.html HTTP/1.1" 200 3613 "http://www.comp.nus.edu.sg/~online/nav_main.html" "Mozilla/4.0 (compatible; MSIE 6.0; Windows NT 5.1; Q312461)" 218.212.68.173
cpe-203-51-23-108.nsw.bigpond.net.au - - [26/May/2004:00:26:19 +0800] "GET /~angpheng/rhwebsite/rev%20hard%20title%20alt%202.jpg HTTP/1.1" 304 - "http://forums.clubrsx.com/showthread.php?t=157300&page=2" "Mozilla/4.0 (compatible; MSIE 6.0; Windows NT 5.1)" -
203.117.33.25 - - [26/May/2004:00:26:20 +0800] "GET /~renlian/photo/1206_malaysia/KualaLumpur_t/TN_8_Gate%20of%20Istana%20Negara_14.JPG HTTP/1.1" 200 4201 "http://www.comp.nus.edu.sg/~renlian/photo/1206_malaysia/KualaLumpur_t/page_04.htm" "Mozilla/4.0 (compatible; MSIE 6.0; Windows 98; Win 9x 4.90)" 203.117.47.140
anancy-107-1-40-165.w81-53.abo.wanadoo.fr - - [26/May/2004:00:26:20 +0800] "GET /~sunyuan/main.html HTTP/1.1" 200 18772 "http://www.comp.nus.edu.sg/~sunyuan/" "Mozilla/4.0 (compatible; MSIE 6.0; Windows 98)" -
130.160.186.195.cust.bluewin.ch - - [26/May/2004:00:26:21 +0800] "GET /~sunyuan/ HTTP/1.1" 200 3152 "http://images.google.ch/imgres?imgurl=www.comp.nus.edu.sg/~sunyuan/images/nemo.gif&imgrefurl=http://www.comp.nus.edu.sg/~sunyuan/&h=248&w=275&sz=97&tbnid=2kEH2rEHlHsJ:&tbnh=98&tbnw=108&start=3&prev=/images%3Fq%3Dn%25C3%25A9mo%26hl%3Dfr%26lr%3D%26ie%3DUTF-8%26sa%3DG" "Mozilla/4.0 (compatible; MSIE 6.0; Windows NT 5.1; FunWebProducts; .NET CLR 1.1.4322)" -
203.117.33.25 - - [26/May/2004:00:26:21 +0800] "GET /~renlian/photo/1206_malaysia/KualaLumpur_t/TN_8_Gate%20of%20Istana%20Negara_15.JPG HTTP/1.1" 200 4665 "http://www.comp.nus.edu.sg/~renlian/photo/1206_malaysia/KualaLumpur_t/page_04.htm" "Mozilla/4.0 (compatible; MSIE 6.0; Windows 98; Win 9x 4.90)" 203.117.47.140
pcd634126.netvigator.com - - [26/May/2004:00:26:21 +0800] "GET /~nghoongk/lyrics/singer215-1.html HTTP/1.1" 200 15114 "http://www.comp.nus.edu.sg/~nghoongk/lyrics/singer215-3.html" "Mozilla/4.0 (compatible; MSIE 6.0; Windows NT 5.0; FunWebProducts; Crazy Browser 1.0.5; .NET CLR 1.1.4322)" -
130.160.186.195.cust.bluewin.ch - - [26/May/2004:00:26:22 +0800] "GET /~sunyuan/images/index_r1_c1.gif HTTP/1.1" 200 1887 "http://www.comp.nus.edu.sg/~sunyuan/" "Mozilla/4.0 (compatible; MSIE 6.0; Windows NT 5.1; FunWebProducts; .NET CLR 1.1.4322)" -
203.117.33.25 - - [26/May/2004:00:26:22 +0800] "GET /~renlian/photo/1206_malaysia/KualaLumpur_t/TN_8_Gate%20of%20Istana%20Negara_16.JPG HTTP/1.1" 200 4353 "http://www.comp.nus.edu.sg/~renlian/photo/1206_malaysia/KualaLumpur_t/page_04.htm" "Mozilla/4.0 (compatible; MSIE 6.0; Windows 98; Win 9x 4.90)" 203.117.47.140
211.75.91.2 - - [26/May/2004:00:26:23 +0800] "GET /~nghoongk/lyrics/singer12-1.html HTTP/1.0" 200 2649 "-" "Mozilla/3.01 (compatible;)" -
130.160.186.195.cust.bluewin.ch - - [26/May/2004:00:26:23 +0800] "GET /~sunyuan/images/nemo.gif HTTP/1.1" 200 0 "http://www.comp.nus.edu.sg/~sunyuan/" "Mozilla/4.0 (compatible; MSIE 6.0; Windows NT 5.1; FunWebProducts; .NET CLR 1.1.4322)" -
cache8.156ce.maxonline.com.sg - - [26/May/2004:00:26:23 +0800] "GET /~zhangli/hobby.htm HTTP/1.1" 200 647 "http://www.comp.nus.edu.sg/~zhangli/index.htm" "Mozilla/4.0 (compatible; MSIE 6.0; Windows NT 5.1)" 218.186.176.228
cache-syd-aa03.proxy.aol.com - - [26/May/2004:00:26:23 +0800] "GET /~plim/personal/pljokes.html HTTP/1.1" 200 2214 "http://sg.search.yahoo.com/search/sg?p=ah+beng+jokes&y=Singapore&fr=fp-tab-web-t&tab=" "Mozilla/4.0 (compatible; MSIE 5.5; AOL 7.0; Windows NT 5.0; FunWebProducts)" -
cache8.156ce.maxonline.com.sg - - [26/May/2004:00:26:23 +0800] "GET /~zhangli/hobby_top.htm HTTP/1.1" 200 1897 "http://www.comp.nus.edu.sg/~zhangli/hobby.htm" "Mozilla/4.0 (compatible; MSIE 6.0; Windows NT 5.1)" 218.186.176.228
cache8.156ce.maxonline.com.sg - - [26/May/2004:00:26:23 +0800] "GET /~zhangli/hobby_left.htm HTTP/1.1" 200 3106 "http://www.comp.nus.edu.sg/~zhangli/hobby.htm" "Mozilla/4.0 (compatible; MSIE 6.0; Windows NT 5.1)" 218.186.176.228
130.160.186.195.cust.bluewin.ch - - [26/May/2004:00:26:24 +0800] "GET /~sunyuan/images/index_r2_c1.gif HTTP/1.1" 200 12459 "http://www.comp.nus.edu.sg/~sunyuan/" "Mozilla/4.0 (compatible; MSIE 6.0; Windows NT 5.1; FunWebProducts; .NET CLR 1.1.4322)" -
cache8.156ce.maxonline.com.sg - - [26/May/2004:00:26:24 +0800] "GET /~zhangli/hobby_main.htm HTTP/1.1" 200 2561 "http://www.comp.nus.edu.sg/~zhangli/hobby.htm" "Mozilla/4.0 (compatible; MSIE 6.0; Windows NT 5.1)" 218.186.176.228
cache51.156ce.maxonline.com.sg - - [26/May/2004:00:26:24 +0800] "GET /~online/nav_main.html HTTP/1.1" 200 2500 "http://www.comp.nus.edu.sg/~online/nav_side.html" "Mozilla/4.0 (compatible; MSIE 6.0; Windows NT 5.1; Q312461)" 218.212.68.173
cm195.gamma151.maxonline.com.sg - - [26/May/2004:00:26:24 +0800] "GET /~cmcurric/AY2004_5/soc45chap4_areas.pdf HTTP/1.1" 200 0 "http://www.comp.nus.edu.sg/undergradprog/" "Mozilla/4.0 (compatible; MSIE 6.0; Windows NT 5.1)" -
130.160.186.195.cust.bluewin.ch - - [26/May/2004:00:26:24 +0800] "GET /~sunyuan/images/index_r3_c2.gif HTTP/1.1" 200 8177 "http://www.comp.nus.edu.sg/~sunyuan/" "Mozilla/4.0 (compatible; MSIE 6.0; Windows NT 5.1; FunWebProducts; .NET CLR 1.1.4322)" -
cache8.156ce.maxonline.com.sg - - [26/May/2004:00:26:24 +0800] "GET /~nguyentr/Gar2.gif HTTP/1.1" 304 - "http://www.forum.vncnus.net/viewtopic.php?t=8082" "Mozilla/4.0 (compatible; MSIE 6.0; Windows NT 5.1)" 218.186.177.10
203.117.33.25 - - [26/May/2004:00:26:24 +0800] "GET /~renlian/photo/1206_malaysia/KualaLumpur_t/TN_8_Gate%20of%20Istana%20Negara_17.JPG HTTP/1.1" 200 4561 "http://www.comp.nus.edu.sg/~renlian/photo/1206_malaysia/KualaLumpur_t/page_04.htm" "Mozilla/4.0 (compatible; MSIE 6.0; Windows 98; Win 9x 4.90)" 203.117.47.140
cache8.156ce.maxonline.com.sg - - [26/May/2004:00:26:24 +0800] "GET /~zhangli/Image/imagegarden.jpg HTTP/1.1" 200 175169 "http://www.comp.nus.edu.sg/~zhangli/hobby_main.htm" "Mozilla/4.0 (compatible; MSIE 6.0; Windows NT 5.1)" 218.186.176.228
cm195.gamma151.maxonline.com.sg - - [26/May/2004:00:26:24 +0800] "GET /~cmcurric/AY2004_5/soc45chap4_areas.pdf HTTP/1.1" 206 140212 "-" "Mozilla/4.0 (compatible; MSIE 6.0; Windows NT 5.1)" -
203.117.33.25 - - [26/May/2004:00:26:24 +0800] "GET /~renlian/photo/1206_malaysia/KualaLumpur_t/TN_8_Gate%20of%20Istana%20Negara_18.JPG HTTP/1.1" 200 4184 "http://www.comp.nus.edu.sg/~renlian/photo/1206_malaysia/KualaLumpur_t/page_04.htm" "Mozilla/4.0 (compatible; MSIE 6.0; Windows 98; Win 9x 4.90)" 203.117.47.140
130.160.186.195.cust.bluewin.ch - - [26/May/2004:00:26:25 +0800] "GET /~sunyuan/images/index_r2_c3.gif HTTP/1.1" 200 11308 "http://www.comp.nus.edu.sg/~sunyuan/" "Mozilla/4.0 (compatible; MSIE 6.0; Windows NT 5.1; FunWebProducts; .NET CLR 1.1.4322)" -
203.117.33.25 - - [26/May/2004:00:26:25 +0800] "GET /~renlian/photo/1206_malaysia/KualaLumpur_t/TN_8_Gate%20of%20Istana%20Negara_19.JPG HTTP/1.1" 200 4738 "http://www.comp.nus.edu.sg/~renlian/photo/1206_malaysia/KualaLumpur_t/page_04.htm" "Mozilla/4.0 (compatible; MSIE 6.0; Windows 98; Win 9x 4.90)" 203.117.47.140
62.68.228.155 - - [26/May/2004:00:26:25 +0800] "GET /~cs2102/slides/er.pdf HTTP/1.1" 200 0 "-" "Mozilla/4.0 (compatible; MSIE 5.5; Windows 98; Win 9x 4.90)" -
cache-syd-aa02.proxy.aol.com - - [26/May/2004:00:26:26 +0800] "GET /~plim/personal/style.js HTTP/1.0" 200 1006 "http://www.comp.nus.edu.sg/~plim/personal/pljokes.html" "Mozilla/4.0 (compatible; MSIE 5.5; AOL 7.0; Windows NT 5.0; FunWebProducts)" -
cache8.156ce.maxonline.com.sg - - [26/May/2004:00:26:26 +0800] "GET /~zhangli/music/formylove.wma HTTP/1.1" 200 2607121 "-" "contype" 218.186.176.228
130.160.186.195.cust.bluewin.ch - - [26/May/2004:00:26:26 +0800] "GET /~sunyuan/images/nemo.gif HTTP/1.1" 200 65536 "http://www.comp.nus.edu.sg/~sunyuan/" "Mozilla/4.0 (compatible; MSIE 6.0; Windows NT 5.1; FunWebProducts; .NET CLR 1.1.4322)" -
anancy-107-1-40-165.w81-53.abo.wanadoo.fr - - [26/May/2004:00:26:26 +0800] "GET /~sunyuan/images/main_r1_c1.gif HTTP/1.1" 200 155 "http://www.comp.nus.edu.sg/~sunyuan/main.html" "Mozilla/4.0 (compatible; MSIE 6.0; Windows 98)" -
anancy-107-1-40-165.w81-53.abo.wanadoo.fr - - [26/May/2004:00:26:26 +0800] "GET /~sunyuan/images/main_r2_c1.gif HTTP/1.1" 200 226 "http://www.comp.nus.edu.sg/~sunyuan/main.html" "Mozilla/4.0 (compatible; MSIE 6.0; Windows 98)" -
njp.ses-americom.com - - [26/May/2004:00:26:26 +0800] "GET /~aurbinds/bollywood/Hritik2.JPG HTTP/1.1" 200 407044 "http://www.comp.nus.edu.sg/~aurbinds/bollywood/bollywood.html" "Mozilla/4.0 (compatible; MSIE 6.0; Windows NT 5.0; .NET CLR 1.1.4322)" -
203.117.33.25 - - [26/May/2004:00:26:27 +0800] "GET /~renlian/photo/1206_malaysia/KualaLumpur/8_Gate%20of%20Istana%20Negara_12.JPG HTTP/1.1" 404 353 "http://www.comp.nus.edu.sg/~renlian/photo/1206_malaysia/KualaLumpur_t/page_04.htm" "Mozilla/4.0 (compatible; MSIE 6.0; Windows 98; Win 9x 4.90)" 203.117.47.140
anancy-107-1-40-165.w81-53.abo.wanadoo.fr - - [26/May/2004:00:26:27 +0800] "GET /~sunyuan/images/main_r2_c6.gif HTTP/1.1" 200 1280 "http://www.comp.nus.edu.sg/~sunyuan/main.html" "Mozilla/4.0 (compatible; MSIE 6.0; Windows 98)" -
anancy-107-1-40-165.w81-53.abo.wanadoo.fr - - [26/May/2004:00:26:27 +0800] "GET /~sunyuan/images/main_r2_c7.gif HTTP/1.1" 200 969 "http://www.comp.nus.edu.sg/~sunyuan/main.html" "Mozilla/4.0 (compatible; MSIE 6.0; Windows 98)" -
anancy-107-1-40-165.w81-53.abo.wanadoo.fr - - [26/May/2004:00:26:27 +0800] "GET /~sunyuan/images/main_r3_c1.gif HTTP/1.1" 200 13300 "http://www.comp.nus.edu.sg/~sunyuan/main.html" "Mozilla/4.0 (compatible; MSIE 6.0; Windows 98)" -
cache51.156ce.maxonline.com.sg - - [26/May/2004:00:26:27 +0800] "GET /~online/sys/tutorial.html HTTP/1.1" 200 2992 "http://www.comp.nus.edu.sg/~online/nav_side.html" "Mozilla/4.0 (compatible; MSIE 6.0; Windows NT 5.1; Q312461)" 218.212.68.173
anancy-107-1-40-165.w81-53.abo.wanadoo.fr - - [26/May/2004:00:26:27 +0800] "GET /~sunyuan/images/main_r4_c1.gif HTTP/1.1" 200 629 "http://www.comp.nus.edu.sg/~sunyuan/main.html" "Mozilla/4.0 (compatible; MSIE 6.0; Windows 98)" -
anancy-107-1-40-165.w81-53.abo.wanadoo.fr - - [26/May/2004:00:26:28 +0800] "GET /~sunyuan/images/main_r4_c2.gif HTTP/1.1" 200 1757 "http://www.comp.nus.edu.sg/~sunyuan/main.html" "Mozilla/4.0 (compatible; MSIE 6.0; Windows 98)" -
172.18.178.87 - - [26/May/2004:00:26:28 +0800] "GET / HTTP/1.1" 200 8789 "-" "Mozilla/4.0 (compatible; MSIE 6.0; Windows NT 5.1; Q312461; .NET CLR 1.0.3705; .NET CLR 1.1.4322)" -
anancy-107-1-40-165.w81-53.abo.wanadoo.fr - - [26/May/2004:00:26:28 +0800] "GET /~sunyuan/images/main_r5_c2.gif HTTP/1.1" 200 1489 "http://www.comp.nus.edu.sg/~sunyuan/main.html" "Mozilla/4.0 (compatible; MSIE 6.0; Windows 98)" -
anancy-107-1-40-165.w81-53.abo.wanadoo.fr - - [26/May/2004:00:26:28 +0800] "GET /~sunyuan/images/main_r6_c2.gif HTTP/1.1" 200 210 "http://www.comp.nus.edu.sg/~sunyuan/main.html" "Mozilla/4.0 (compatible; MSIE 6.0; Windows 98)" -
cache-syd-aa03.proxy.aol.com - - [26/May/2004:00:26:28 +0800] "GET /~plim/personal/poohjump.gif HTTP/1.1" 200 15802 "http://www.comp.nus.edu.sg/~plim/personal/pljokes.html" "Mozilla/4.0 (compatible; MSIE 5.5; AOL 7.0; Windows NT 5.0; FunWebProducts)" -
62.68.228.155 - - [26/May/2004:00:26:28 +0800] "GET /~cs2102/slides/er.pdf HTTP/1.1" 206 0 "-" "contype" -
anancy-107-1-40-165.w81-53.abo.wanadoo.fr - - [26/May/2004:00:26:28 +0800] "GET /~sunyuan/images/main_r4_c3.gif HTTP/1.1" 200 1481 "http://www.comp.nus.edu.sg/~sunyuan/main.html" "Mozilla/4.0 (compatible; MSIE 6.0; Windows 98)" -
130.160.186.195.cust.bluewin.ch - - [26/May/2004:00:26:29 +0800] "GET /~sunyuan/images/nemo.gif HTTP/1.1" 206 98407 "http://www.comp.nus.edu.sg/~sunyuan/" "Mozilla/4.0 (compatible; MSIE 6.0; Windows NT 5.1; FunWebProducts; .NET CLR 1.1.4322)" -
anancy-107-1-40-165.w81-53.abo.wanadoo.fr - - [26/May/2004:00:26:29 +0800] "GET /~sunyuan/images/main_r4_c4.gif HTTP/1.1" 200 9517 "http://www.comp.nus.edu.sg/~sunyuan/main.html" "Mozilla/4.0 (compatible; MSIE 6.0; Windows 98)" -
anancy-107-1-40-165.w81-53.abo.wanadoo.fr - - [26/May/2004:00:26:29 +0800] "GET /~sunyuan/images/main_r4_c5.gif HTTP/1.1" 200 2230 "http://www.comp.nus.edu.sg/~sunyuan/main.html" "Mozilla/4.0 (compatible; MSIE 6.0; Windows 98)" -
130.160.186.195.cust.bluewin.ch - - [26/May/2004:00:26:29 +0800] "GET /~sunyuan/images/index_r2_c2_f2.gif HTTP/1.1" 200 23678 "http://www.comp.nus.edu.sg/~sunyuan/" "Mozilla/4.0 (compatible; MSIE 6.0; Windows NT 5.1; FunWebProducts; .NET CLR 1.1.4322)" -
65.92.224.121 - - [26/May/2004:00:26:29 +0800] "GET /is/bio/tankm.html HTTP/1.1" 200 3659 "http://www.google.ca/search?q=%22DBA+Brunel%22&btnG=Search&hl=en&ie=UTF-8" "Mozilla/5.0 (Windows; U; Windows NT 5.0; en-US; rv:1.4) Gecko/20030624 Netscape/7.1 (ax)" -
anancy-107-1-40-165.w81-53.abo.wanadoo.fr - - [26/May/2004:00:26:29 +0800] "GET /~sunyuan/images/main_r4_c6.gif HTTP/1.1" 200 2064 "http://www.comp.nus.edu.sg/~sunyuan/main.html" "Mozilla/4.0 (compatible; MSIE 6.0; Windows 98)" -
61.48.25.155 - - [26/May/2004:00:26:29 +0800] "GET /~nghoongk/lyrics/singer385-1.html HTTP/1.1" 200 2491 "http://www.google.com/search?q=%E6%BD%98%E5%8D%8F%E5%BA%86&ie=UTF-8&hl=zh-CN&btnG=Google%E6%90%9C%E7%B4%A2&lr=lang_zh-CN%7Clang_zh-TW" "Mozilla/4.0 (compatible; MSIE 6.0; Windows NT 5.0)" -
anancy-107-1-40-165.w81-53.abo.wanadoo.fr - - [26/May/2004:00:26:29 +0800] "GET /~sunyuan/images/main_r7_c2.gif HTTP/1.1" 200 116 "http://www.comp.nus.edu.sg/~sunyuan/main.html" "Mozilla/4.0 (compatible; MSIE 6.0; Windows 98)" -
172.18.178.87 - - [26/May/2004:00:26:29 +0800] "GET /nusstyles.css HTTP/1.1" 304 - "http://www.comp.nus.edu.sg/" "Mozilla/4.0 (compatible; MSIE 6.0; Windows NT 5.1; Q312461; .NET CLR 1.0.3705; .NET CLR 1.1.4322)" -
172.18.178.87 - - [26/May/2004:00:26:30 +0800] "GET /images/socmain_r3_c11.jpg HTTP/1.1" 304 - "http://www.comp.nus.edu.sg/" "Mozilla/4.0 (compatible; MSIE 6.0; Windows NT 5.1; Q312461; .NET CLR 1.0.3705; .NET CLR 1.1.4322)" -
172.18.178.87 - - [26/May/2004:00:26:30 +0800] "GET /images/nussocbanner.gif HTTP/1.1" 304 - "http://www.comp.nus.edu.sg/" "Mozilla/4.0 (compatible; MSIE 6.0; Windows NT 5.1; Q312461; .NET CLR 1.0.3705; .NET CLR 1.1.4322)" -
172.18.178.87 - - [26/May/2004:00:26:30 +0800] "GET /images/socmain_r3_c13.jpg HTTP/1.1" 304 - "http://www.comp.nus.edu.sg/" "Mozilla/4.0 (compatible; MSIE 6.0; Windows NT 5.1; Q312461; .NET CLR 1.0.3705; .NET CLR 1.1.4322)" -
172.18.178.87 - - [26/May/2004:00:26:30 +0800] "GET /images/recruitment.jpg HTTP/1.1" 304 - "http://www.comp.nus.edu.sg/" "Mozilla/4.0 (compatible; MSIE 6.0; Windows NT 5.1; Q312461; .NET CLR 1.0.3705; .NET CLR 1.1.4322)" -
172.18.178.87 - - [26/May/2004:00:26:30 +0800] "GET /images/socmain_r3_c15.jpg HTTP/1.1" 304 - "http://www.comp.nus.edu.sg/" "Mozilla/4.0 (compatible; MSIE 6.0; Windows NT 5.1; Q312461; .NET CLR 1.0.3705; .NET CLR 1.1.4322)" -
172.18.178.87 - - [26/May/2004:00:26:30 +0800] "GET /images/socmain_r3_c16.jpg HTTP/1.1" 304 - "http://www.comp.nus.edu.sg/" "Mozilla/4.0 (compatible; MSIE 6.0; Windows NT 5.1; Q312461; .NET CLR 1.0.3705; .NET CLR 1.1.4322)" -
172.18.178.87 - - [26/May/2004:00:26:30 +0800] "GET /images/socmain_r5_c12.jpg HTTP/1.1" 304 - "http://www.comp.nus.edu.sg/" "Mozilla/4.0 (compatible; MSIE 6.0; Windows NT 5.1; Q312461; .NET CLR 1.0.3705; .NET CLR 1.1.4322)" -
172.18.178.87 - - [26/May/2004:00:26:30 +0800] "GET /images/socmain_r5_c13.jpg HTTP/1.1" 304 - "http://www.comp.nus.edu.sg/" "Mozilla/4.0 (compatible; MSIE 6.0; Windows NT 5.1; Q312461; .NET CLR 1.0.3705; .NET CLR 1.1.4322)" -
172.18.178.87 - - [26/May/2004:00:26:30 +0800] "GET /images/facenghd.gif HTTP/1.1" 304 - "http://www.comp.nus.edu.sg/" "Mozilla/4.0 (compatible; MSIE 6.0; Windows NT 5.1; Q312461; .NET CLR 1.0.3705; .NET CLR 1.1.4322)" -
172.18.178.87 - - [26/May/2004:00:26:30 +0800] "GET /images/socmain_r5_c14.jpg HTTP/1.1" 304 - "http://www.comp.nus.edu.sg/" "Mozilla/4.0 (compatible; MSIE 6.0; Windows NT 5.1; Q312461; .NET CLR 1.0.3705; .NET CLR 1.1.4322)" -
172.18.178.87 - - [26/May/2004:00:26:30 +0800] "GET /images/trans.gif HTTP/1.1" 304 - "http://www.comp.nus.edu.sg/" "Mozilla/4.0 (compatible; MSIE 6.0; Windows NT 5.1; Q312461; .NET CLR 1.0.3705; .NET CLR 1.1.4322)" -
172.18.178.87 - - [26/May/2004:00:26:30 +0800] "GET /images/sem-events.gif HTTP/1.1" 304 - "http://www.comp.nus.edu.sg/" "Mozilla/4.0 (compatible; MSIE 6.0; Windows NT 5.1; Q312461; .NET CLR 1.0.3705; .NET CLR 1.1.4322)" -
172.18.178.87 - - [26/May/2004:00:26:30 +0800] "GET /images/sip.gif HTTP/1.1" 304 - "http://www.comp.nus.edu.sg/" "Mozilla/4.0 (compatible; MSIE 6.0; Windows NT 5.1; Q312461; .NET CLR 1.0.3705; .NET CLR 1.1.4322)" -
anancy-107-1-40-165.w81-53.abo.wanadoo.fr - - [26/May/2004:00:26:30 +0800] "GET /~sunyuan/images/main_r7_c4.gif HTTP/1.1" 200 97 "http://www.comp.nus.edu.sg/~sunyuan/main.html" "Mozilla/4.0 (compatible; MSIE 6.0; Windows 98)" -
65.92.224.121 - - [26/May/2004:00:26:30 +0800] "GET /favicon.ico HTTP/1.1" 404 293 "-" "Mozilla/5.0 (Windows; U; Windows NT 5.0; en-US; rv:1.4) Gecko/20030624 Netscape/7.1 (ax)" -
172.18.178.87 - - [26/May/2004:00:26:30 +0800] "GET /images/socmain_r3_c6.jpg HTTP/1.1" 304 - "http://www.comp.nus.edu.sg/" "Mozilla/4.0 (compatible; MSIE 6.0; Windows NT 5.1; Q312461; .NET CLR 1.0.3705; .NET CLR 1.1.4322)" -
172.18.178.87 - - [26/May/2004:00:26:30 +0800] "GET /images/socimage.jpg HTTP/1.1" 304 - "http://www.comp.nus.edu.sg/" "Mozilla/4.0 (compatible; MSIE 6.0; Windows NT 5.1; Q312461; .NET CLR 1.0.3705; .NET CLR 1.1.4322)" -
172.18.178.87 - - [26/May/2004:00:26:30 +0800] "GET /images/socmain_r7_c1.jpg HTTP/1.1" 304 - "http://www.comp.nus.edu.sg/" "Mozilla/4.0 (compatible; MSIE 6.0; Windows NT 5.1; Q312461; .NET CLR 1.0.3705; .NET CLR 1.1.4322)" -
172.18.178.87 - - [26/May/2004:00:26:30 +0800] "GET /images/socmain_r7_c2.jpg HTTP/1.1" 304 - "http://www.comp.nus.edu.sg/" "Mozilla/4.0 (compatible; MSIE 6.0; Windows NT 5.1; Q312461; .NET CLR 1.0.3705; .NET CLR 1.1.4322)" -
172.18.178.87 - - [26/May/2004:00:26:30 +0800] "GET /images/socmain_r7_c4.jpg HTTP/1.1" 304 - "http://www.comp.nus.edu.sg/" "Mozilla/4.0 (compatible; MSIE 6.0; Windows NT 5.1; Q312461; .NET CLR 1.0.3705; .NET CLR 1.1.4322)" -
172.18.178.87 - - [26/May/2004:00:26:30 +0800] "GET /images/socmain_r3_c8.jpg HTTP/1.1" 304 - "http://www.comp.nus.edu.sg/" "Mozilla/4.0 (compatible; MSIE 6.0; Windows NT 5.1; Q312461; .NET CLR 1.0.3705; .NET CLR 1.1.4322)" -
172.18.178.87 - - [26/May/2004:00:26:30 +0800] "GET /images/socmain_r7_c5.jpg HTTP/1.1" 304 - "http://www.comp.nus.edu.sg/" "Mozilla/4.0 (compatible; MSIE 6.0; Windows NT 5.1; Q312461; .NET CLR 1.0.3705; .NET CLR 1.1.4322)" -
172.18.178.87 - - [26/May/2004:00:26:30 +0800] "GET /images/socmain_r7_c7.jpg HTTP/1.1" 304 - "http://www.comp.nus.edu.sg/" "Mozilla/4.0 (compatible; MSIE 6.0; Windows NT 5.1; Q312461; .NET CLR 1.0.3705; .NET CLR 1.1.4322)" -
172.18.178.87 - - [26/May/2004:00:26:31 +0800] "GET /images/socmain_r7_c9f.jpg HTTP/1.1" 304 - "http://www.comp.nus.edu.sg/" "Mozilla/4.0 (compatible; MSIE 6.0; Windows NT 5.1; Q312461; .NET CLR 1.0.3705; .NET CLR 1.1.4322)" -
172.18.178.87 - - [26/May/2004:00:26:31 +0800] "GET /images/socmain_r3_c10.jpg HTTP/1.1" 304 - "http://www.comp.nus.edu.sg/" "Mozilla/4.0 (compatible; MSIE 6.0; Windows NT 5.1; Q312461; .NET CLR 1.0.3705; .NET CLR 1.1.4322)" -
172.18.178.87 - - [26/May/2004:00:26:31 +0800] "GET /images/grey.gif HTTP/1.1" 304 - "http://www.comp.nus.edu.sg/" "Mozilla/4.0 (compatible; MSIE 6.0; Windows NT 5.1; Q312461; .NET CLR 1.0.3705; .NET CLR 1.1.4322)" -
62.68.228.155 - - [26/May/2004:00:26:31 +0800] "GET /~cs2102/slides/er.pdf HTTP/1.1" 206 0 "-" "Mozilla/4.0 (compatible; MSIE 5.5; Windows 98; Win 9x 4.90)" -
61.48.25.155 - - [26/May/2004:00:26:31 +0800] "GET /~nghoongk/lyrics/m.gif HTTP/1.1" 200 872 "http://www.comp.nus.edu.sg/~nghoongk/lyrics/singer385-1.html" "Mozilla/4.0 (compatible; MSIE 6.0; Windows NT 5.0)" -
cache8.156ce.maxonline.com.sg - - [26/May/2004:00:26:31 +0800] "GET /~nguyentu/nhactac/mp3ss1d.swf HTTP/1.1" 304 - "-" "Mozilla/4.0 (compatible; MSIE 6.0; Windows NT 5.1)" 218.186.180.42
cache8.156ce.maxonline.com.sg - - [26/May/2004:00:26:31 +0800] "GET /~nguyentu/nhactac/mp3ss2d.swf HTTP/1.1" 304 - "-" "Mozilla/4.0 (compatible; MSIE 6.0; Windows NT 5.1)" 218.186.180.42
cache218.156ce.maxonline.com.sg - - [26/May/2004:00:26:31 +0800] "GET /~tutorial/ACAD04/modules_1_files/acad01_2_9521_image001.gif HTTP/1.1" 304 - "-" "Mozilla/4.0 (compatible; MSIE 6.0; Windows NT 5.1; .NET CLR 1.1.4322)" 218.212.206.120
206-18.priv.nus.edu.sg - - [26/May/2004:00:26:31 +0800] "GET /~huynhthi/chickendance.gif HTTP/1.1" 304 - "http://forum.vncnus.net/viewtopic.php?t=7939&postdays=0&postorder=asc&start=0" "Mozilla/4.0 (compatible; MSIE 6.0; Windows NT 5.1)" -
cache8.156ce.maxonline.com.sg - - [26/May/2004:00:26:31 +0800] "GET /~nguyentu/nhactac/mp3ss3d.swf HTTP/1.1" 304 - "-" "Mozilla/4.0 (compatible; MSIE 6.0; Windows NT 5.1)" 218.186.180.42
cache8.156ce.maxonline.com.sg - - [26/May/2004:00:26:31 +0800] "GET /~nguyentu/nhactac/mp3ss4d.swf HTTP/1.1" 304 - "-" "Mozilla/4.0 (compatible; MSIE 6.0; Windows NT 5.1)" 218.186.180.42
193-31.priv.nus.edu.sg - - [26/May/2004:00:26:31 +0800] "GET /~nguyentr/Gar2.gif HTTP/1.1" 200 1497 "http://forum.vncnus.net/viewtopic.php?t=8047" "Mozilla/4.0 (compatible; MSIE 6.0; Windows NT 5.1)" -
206-18.priv.nus.edu.sg - - [26/May/2004:00:26:31 +0800] "GET /~lengocsa/kirimaru-s2.jpg HTTP/1.1" 304 - "http://forum.vncnus.net/viewtopic.php?t=7939&postdays=0&postorder=asc&start=0" "Mozilla/4.0 (compatible; MSIE 6.0; Windows NT 5.1)" -
n218103184251.netvigator.com - - [26/May/2004:00:26:32 +0800] "GET /~nghoongk/lyrics/m.gif HTTP/1.1" 200 872 "-" "Mozilla/4.0 (compatible; MSIE 6.0; Windows NT 5.1; Q312461; .NET CLR 1.1.4322)" -
cache-syd-aa01.proxy.aol.com - - [26/May/2004:00:26:32 +0800] "GET /~plim/personal/underoneroof.html HTTP/1.1" 200 894 "http://www.comp.nus.edu.sg/~plim/personal/pljokes.html" "Mozilla/4.0 (compatible; MSIE 5.5; AOL 7.0; Windows NT 5.0; FunWebProducts)" -
203.116.59.28 - - [26/May/2004:00:26:34 +0800] "GET /~kohkokwe/email/middle.gif HTTP/1.1" 200 351 "http://sg.f603.mail.yahoo.com/ym/ShowLetter?MsgId=1058_234573_11372_3301_90972_0_10390_137408_3653812067&YY=29745&inc=100&order=down&sort=date&pos=0&view=&head=&box=Inbox" "Mozilla/4.0 (compatible; MSIE 6.0; Windows NT 5.1)" -
ip503de5cf.speed.planet.nl - - [26/May/2004:00:26:35 +0800] "GET /~sunyuan/images/nemo.gif HTTP/1.1" 200 98407 "http://harryweb.proboards21.com/index.cgi?board=harryjudd&action=display&num=1085181459" "Mozilla/4.0 (compatible; MSIE 6.0; Windows NT 5.1; FunWebProducts; Hotbar 4.4.6.0)" -
80.58.50.109 - - [26/May/2004:00:26:35 +0800] "GET /~lowsokhu/images/lalaland/bachelor/contestant5/Mitsui%20Hisashi1.jpg HTTP/1.0" 304 - "-" "Mozilla/4.0 (compatible; MSIE 6.0; Windows NT 5.1)" 81.37.140.96
80.58.50.109 - - [26/May/2004:00:26:35 +0800] "GET /~lowsokhu/images/lalaland/bachelor/contestant5/Mitsui%20Hisashi2.gif HTTP/1.0" 304 - "-" "Mozilla/4.0 (compatible; MSIE 6.0; Windows NT 5.1)" 81.37.140.96
203.117.33.25 - - [26/May/2004:00:26:36 +0800] "GET /~renlian/photo/1206_malaysia/KualaLumpur_t/page_01.htm HTTP/1.1" 200 6254 "http://www.comp.nus.edu.sg/~renlian/photo/1206_malaysia/KualaLumpur_t/page_04.htm" "Mozilla/4.0 (compatible; MSIE 6.0; Windows 98; Win 9x 4.90)" 203.117.47.140
cache154.156ce.maxonline.com.sg - - [26/May/2004:00:26:36 +0800] "GET /~nghoongk/lyrics HTTP/1.1" 301 336 "-" "Mozilla/4.0 (compatible; MSIE 6.0; Windows NT 5.1; .NET CLR 1.1.4322)" 218.186.91.80
cache154.156ce.maxonline.com.sg - - [26/May/2004:00:26:36 +0800] "GET /~nghoongk/lyrics/ HTTP/1.1" 200 59710 "-" "Mozilla/4.0 (compatible; MSIE 6.0; Windows NT 5.1; .NET CLR 1.1.4322)" 218.186.91.80
cache154.156ce.maxonline.com.sg - - [26/May/2004:00:26:36 +0800] "GET /~nghoongk/lyrics/m.gif HTTP/1.1" 304 - "-" "Mozilla/4.0 (compatible; MSIE 6.0; Windows NT 5.1; .NET CLR 1.1.4322)" 218.186.91.80
203.117.33.25 - - [26/May/2004:00:26:37 +0800] "GET /~renlian/photo/1206_malaysia/KualaLumpur_t/TN_1_bus%20to%20KL_01.JPG HTTP/1.1" 200 3809 "http://www.comp.nus.edu.sg/~renlian/photo/1206_malaysia/KualaLumpur_t/page_01.htm" "Mozilla/4.0 (compatible; MSIE 6.0; Windows 98; Win 9x 4.90)" 203.117.47.140
203.117.33.25 - - [26/May/2004:00:26:37 +0800] "GET /~renlian/photo/1206_malaysia/KualaLumpur_t/TN_1_bus%20to%20KL_02.JPG HTTP/1.1" 200 3936 "http://www.comp.nus.edu.sg/~renlian/photo/1206_malaysia/KualaLumpur_t/page_01.htm" "Mozilla/4.0 (compatible; MSIE 6.0; Windows 98; Win 9x 4.90)" 203.117.47.140
cache154.156ce.maxonline.com.sg - - [26/May/2004:00:26:37 +0800] "GET /~nghoongk/lyrics/c.gif HTTP/1.1" 200 870 "-" "Mozilla/4.0 (compatible; MSIE 6.0; Windows NT 5.1; .NET CLR 1.1.4322)" 218.186.91.80
203.117.33.25 - - [26/May/2004:00:26:37 +0800] "GET /~renlian/photo/1206_malaysia/KualaLumpur_t/TN_1_bus%20to%20KL_04.JPG HTTP/1.1" 200 1839 "http://www.comp.nus.edu.sg/~renlian/photo/1206_malaysia/KualaLumpur_t/page_01.htm" "Mozilla/4.0 (compatible; MSIE 6.0; Windows 98; Win 9x 4.90)" 203.117.47.140
203.117.33.25 - - [26/May/2004:00:26:37 +0800] "GET /~renlian/photo/1206_malaysia/KualaLumpur_t/TN_1_bus%20to%20KL_03.JPG HTTP/1.1" 200 2950 "http://www.comp.nus.edu.sg/~renlian/photo/1206_malaysia/KualaLumpur_t/page_01.htm" "Mozilla/4.0 (compatible; MSIE 6.0; Windows 98; Win 9x 4.90)" 203.117.47.140
cache154.156ce.maxonline.com.sg - - [26/May/2004:00:26:37 +0800] "GET /~nghoongk/lyrics/o.gif HTTP/1.1" 200 907 "-" "Mozilla/4.0 (compatible; MSIE 6.0; Windows NT 5.1; .NET CLR 1.1.4322)" 218.186.91.80
80.58.50.109 - - [26/May/2004:00:26:37 +0800] "GET /~lowsokhu/images/lalaland/bachelor/contestant5/Mitsui%20Hisashi5.jpg HTTP/1.1" 304 - "-" "Mozilla/4.0 (compatible; MSIE 6.0; Windows NT 5.1)" 81.37.140.96
203.117.33.25 - - [26/May/2004:00:26:39 +0800] "GET /~renlian/photo/1206_malaysia/KualaLumpur_t/TN_1_bus%20to%20KL_05.JPG HTTP/1.1" 200 4334 "http://www.comp.nus.edu.sg/~renlian/photo/1206_malaysia/KualaLumpur_t/page_01.htm" "Mozilla/4.0 (compatible; MSIE 6.0; Windows 98; Win 9x 4.90)" 203.117.47.140
061093053080.ctinets.com - - [26/May/2004:00:26:39 +0800] "GET /~nghoongk/lyrics/singer150-1.html HTTP/1.1" 200 3911 "http://search.hk.yahoo.com/yc/hk?p=%b0%ed%ab%f9%a8%ec%a9%b3&u=B&b=345&vs=&sym=" "Mozilla/4.0 (compatible; MSIE 6.0; Windows 98; Win 9x 4.90; SEARCHALOT.COM)" -
cache154.156ce.maxonline.com.sg - - [26/May/2004:00:26:39 +0800] "GET /~nghoongk/lyrics/million.gif HTTP/1.1" 200 1162 "-" "Mozilla/4.0 (compatible; MSIE 6.0; Windows NT 5.1; .NET CLR 1.1.4322)" 218.186.91.80
bb220-255-27-205.singnet.com.sg - - [26/May/2004:00:26:40 +0800] "GET /~leonghw/Admin/SPD/T-shirt/comment2.html HTTP/1.1" 200 407 "http://sg.search.yahoo.com/search/sg?p=t+shirt&y=Singapore&fr=fp-tab-web-t&tab=" "Mozilla/5.0 (Macintosh; U; PPC Mac OS X; en) AppleWebKit/85.7 (KHTML, like Gecko) Safari/85" -
